74.7.227.32 - - [04/Dec/2025:01:40:51 -0800] "GET /item_support/what_is_item_support/8988002?fileloc=//sys/class/net/teql0/phys_switch_id&path=//sys/class/net/teql0 HTTP/2.0" 200 2598 "-" "Mozilla/5.0 AppleWebKit/537.36 (KHTML, like Gecko; compatible; GPTBot/1.3; +https://openai.com/gptbot)"
74.7.242.13 - - [04/Dec/2025:01:40:51 -0800] "GET /property/beautiful-5bhk-semi-attached-villa-with-burj-al-arab-view-for-rent-in-umm-suqeim-2/?path=//sys/devices/pci0000:40/firmware_node/device:ac/device:ad/subsystem/devices/device:cc/device:cd/device:cf/subsystem/devices/device:ac/device:ad/subsystem/devices/device:ee/subsystem/devices/device:bc/device:be/subsystem/devices/device:cb/device:cc/device:cd/device:ce/subsystem/devices/device:ec HTTP/2.0" 200 3527 "-" "Mozilla/5.0 AppleWebKit/537.36 (KHTML, like Gecko; compatible; GPTBot/1.3; +https://openai.com/gptbot)"
43.173.173.110 - - [04/Dec/2025:01:40:52 -0800] "GET /terms-and-conditions/?path=//sys/bus/platform/drivers/ipmi HTTP/1.1" 200 6661 "-" "Mozilla/5.0 (Windows NT 6.1; Win64; x64) AppleWebKit/537.36 (KHTML, like Gecko) Chrome/126.0.6478.114 Safari/537.36"
18.206.47.187 - - [04/Dec/2025:01:40:52 -0800] "GET /property/brand-new-villa-2/?path=//sys/devices/platform/reg-dummy/driver/reg-dummy/subsystem/devices/reg-dummy/subsystem/devices/reg-dummy/subsystem/drivers/PCCT/PCCT/driver/PCCT/driver/PCCT/subsystem/drivers HTTP/1.1" 200 7438 "-" "Mozilla/5.0 AppleWebKit/537.36 (KHTML, like Gecko; compatible; Amazonbot/0.1; +https://developer.amazon.com/support/amazonbot) Chrome/119.0.6045.214 Safari/537.36"
43.173.181.145 - - [04/Dec/2025:01:40:52 -0800] "GET /terms-and-conditions/?fileloc=//var/log/dist-upgrade/main.log&path=//var/log/dist-upgrade HTTP/1.1" 200 49832 "-" "Mozilla/5.0 (Windows NT 6.1; Win64; x64) AppleWebKit/537.36 (KHTML, like Gecko) Chrome/126.0.6478.114 Safari/537.36"
216.73.216.116 - - [04/Dec/2025:01:40:53 -0800] "GET /property/best-deal-2br-apartment-fully-furnished-burj-khalifa-view?fileloc=%2F%2Fusr%2Finclude%2Flinux%2Ffsl_hypervisor.h&path=%2F%2Fusr%2Finclude%2Flinux HTTP/2.0" 200 4941 "-" "Mozilla/5.0 AppleWebKit/537.36 (KHTML, like Gecko; compatible; ClaudeBot/1.0; +claudebot@anthropic.com)"
54.166.126.132 - - [04/Dec/2025:01:40:54 -0800] "GET /property-type/penthouse/?path=//sys/bus/platform/devices/reg-dummy/subsystem/drivers/reg-dummy/reg-dummy/subsystem/devices/PCCT/driver/PCCT/driver/PCCT/subsystem/devices/PCCT/subsystem/drivers HTTP/1.1" 200 7431 "-" "Mozilla/5.0 AppleWebKit/537.36 (KHTML, like Gecko; compatible; Amazonbot/0.1; +https://developer.amazon.com/support/amazonbot) Chrome/119.0.6045.214 Safari/537.36"
74.7.227.32 - - [04/Dec/2025:01:40:54 -0800] "GET /item_support/what_is_item_support/8988002?fileloc=//sys/class/net/eth1/gro_flush_timeout&path=//sys/class/net/eth1 HTTP/2.0" 200 2599 "-" "Mozilla/5.0 AppleWebKit/537.36 (KHTML, like Gecko; compatible; GPTBot/1.3; +https://openai.com/gptbot)"
144.76.19.157 - - [04/Dec/2025:01:40:55 -0800] "GET /feature/balcony/?path=/lib/postgresql/14/lib HTTP/1.1" 200 3498 "-" "Mozilla/5.0 (compatible; SERankingBacklinksBot/1.0; +https://seranking.com/backlinks-crawler)"
74.7.242.13 - - [04/Dec/2025:01:40:54 -0800] "GET /property/beautiful-5bhk-semi-attached-villa-with-burj-al-arab-view-for-rent-in-umm-suqeim-2/?fileloc=//sys/devices/pci0000:40/firmware_node/device:ac/device:ad/subsystem/devices/device:cc/device:cd/device:cf/subsystem/devices/device:ac/device:ad/subsystem/devices/device:ee/subsystem/devices/device:bc/device:be/subsystem/devices/device:cb/device:cc/device:cd/device:ce/subsystem/devices/device:ba/path&path=//sys/devices/pci0000:40/firmware_node/device:ac/device:ad/subsystem/devices/device:cc/device:cd/device:cf/subsystem/devices/device:ac/device:ad/subsystem/devices/device:ee/subsystem/devices/device:bc/device:be/subsystem/devices/device:cb/device:cc/device:cd/device:ce/subsystem/devices/device:ba HTTP/2.0" 200 2847 "-" "Mozilla/5.0 AppleWebKit/537.36 (KHTML, like Gecko; compatible; GPTBot/1.3; +https://openai.com/gptbot)"
217.113.194.96 - - [04/Dec/2025:01:40:56 -0800] "GET /city/dubai/page/6/?path=/home/dh_hwg2wc/fnaluxury.com/wp-includes/blocks/quote HTTP/1.1" 200 3953 "-" "Mozilla/5.0 (compatible; Barkrowler/0.9; +https://babbar.tech/crawler)"
216.73.216.116 - - [04/Dec/2025:01:40:56 -0800] "GET /property/best-deal-2br-apartment-fully-furnished-burj-khalifa-view?path=%2Fhome%2Fdh_hwg2wc%2Ffnaluxury.com%2Fwp-content%2Fplugins%2Fwpforms-lite%2Fassets%2Fjs%2Fadmin%2Fsplash HTTP/2.0" 200 3116 "-" "Mozilla/5.0 AppleWebKit/537.36 (KHTML, like Gecko; compatible; ClaudeBot/1.0; +claudebot@anthropic.com)"
74.7.227.32 - - [04/Dec/2025:01:40:57 -0800] "GET /item_support/what_is_item_support/8988002?fileloc=//sys/class/net/phy1/phys_switch_id&path=//sys/class/net/phy1 HTTP/2.0" 200 2596 "-" "Mozilla/5.0 AppleWebKit/537.36 (KHTML, like Gecko; compatible; GPTBot/1.3; +https://openai.com/gptbot)"
74.7.242.13 - - [04/Dec/2025:01:40:57 -0800] "GET /property/beautiful-5bhk-semi-attached-villa-with-burj-al-arab-view-for-rent-in-umm-suqeim-2/?path=//sys/devices/pci0000:40/firmware_node/device:ac/device:ad/subsystem/devices/device:cc/device:cd/device:cf/subsystem/devices/device:ac/device:ad/subsystem/devices/device:ee/subsystem/devices/device:bc/device:be/subsystem/devices/device:cb/device:cc/device:cd/device:ce/subsystem/devices/device:aa HTTP/2.0" 200 3498 "-" "Mozilla/5.0 AppleWebKit/537.36 (KHTML, like Gecko; compatible; GPTBot/1.3; +https://openai.com/gptbot)"
3.226.34.98 - - [04/Dec/2025:01:40:58 -0800] "GET /property-type/apartment/?path=//sys/devices/platform/reg-dummy/subsystem/drivers/reg-dummy/reg-dummy/subsystem/devices/PCCT/driver/PCCT/driver/PCCT/driver/PCCT/subsystem/devices/reg-dummy/subsystem/drivers/timeriomem_rng HTTP/1.1" 200 6540 "-" "Mozilla/5.0 AppleWebKit/537.36 (KHTML, like Gecko; compatible; Amazonbot/0.1; +https://developer.amazon.com/support/amazonbot) Chrome/119.0.6045.214 Safari/537.36"
216.73.216.116 - - [04/Dec/2025:01:40:59 -0800] "GET /property/best-deal-2br-apartment-fully-furnished-burj-khalifa-view?fileloc=%2F%2Flib%2Fx86_64-linux-gnu%2Fliblua5.2-socket-unix.so.2.0.0&path=%2F%2Flib%2Fx86_64-linux-gnu HTTP/2.0" 200 14177 "-" "Mozilla/5.0 AppleWebKit/537.36 (KHTML, like Gecko; compatible; ClaudeBot/1.0; +claudebot@anthropic.com)"
74.7.227.32 - - [04/Dec/2025:01:41:00 -0800] "GET /item_support/what_is_item_support/8988002?fileloc=//sys/class/net/teql0/carrier_up_count&path=//sys/class/net/teql0 HTTP/2.0" 200 2600 "-" "Mozilla/5.0 AppleWebKit/537.36 (KHTML, like Gecko; compatible; GPTBot/1.3; +https://openai.com/gptbot)"
74.7.242.13 - - [04/Dec/2025:01:41:01 -0800] "GET /property/beautiful-5bhk-semi-attached-villa-with-burj-al-arab-view-for-rent-in-umm-suqeim-2/?path=//sys/devices/pci0000:40/firmware_node/device:ac/device:ad/subsystem/devices/device:cc/device:cd/device:cf/subsystem/devices/device:ac/device:ad/subsystem/devices/device:ee/subsystem/devices/device:bc/device:be/subsystem/devices/device:cb/device:cc/device:cd/device:ce/subsystem/devices/device:ed HTTP/2.0" 200 3409 "-" "Mozilla/5.0 AppleWebKit/537.36 (KHTML, like Gecko; compatible; GPTBot/1.3; +https://openai.com/gptbot)"
216.73.216.116 - - [04/Dec/2025:01:41:02 -0800] "GET /property/best-deal-2br-apartment-fully-furnished-burj-khalifa-view?fileloc=%2F%2Fusr%2Finclude%2Flinux%2Fatmapi.h&path=%2F%2Fusr%2Finclude%2Flinux HTTP/2.0" 200 3185 "-" "Mozilla/5.0 AppleWebKit/537.36 (KHTML, like Gecko; compatible; ClaudeBot/1.0; +claudebot@anthropic.com)"
74.7.227.32 - - [04/Dec/2025:01:41:03 -0800] "GET /item_support/what_is_item_support/8988002?fileloc=//sys/class/net/teql0/addr_assign_type&path=//sys/class/net/teql0 HTTP/2.0" 200 2599 "-" "Mozilla/5.0 AppleWebKit/537.36 (KHTML, like Gecko; compatible; GPTBot/1.3; +https://openai.com/gptbot)"
74.7.242.13 - - [04/Dec/2025:01:41:04 -0800] "GET /property/beautiful-5bhk-semi-attached-villa-with-burj-al-arab-view-for-rent-in-umm-suqeim-2/?path=//sys/devices/pci0000:40/firmware_node/device:ac/device:ad/subsystem/devices/device:cc/device:cd/device:cf/subsystem/devices/device:ac/device:ad/subsystem/devices/device:ee/subsystem/devices/device:bc/device:be/subsystem/devices/device:cb/device:cc/device:cd/device:ce/subsystem/devices/device:fd HTTP/2.0" 200 3456 "-" "Mozilla/5.0 AppleWebKit/537.36 (KHTML, like Gecko; compatible; GPTBot/1.3; +https://openai.com/gptbot)"
216.73.216.116 - - [04/Dec/2025:01:41:05 -0800] "GET /property/best-deal-2br-apartment-fully-furnished-burj-khalifa-view?fileloc=%2F%2Fusr%2Finclude%2Flinux%2Fdqblk_xfs.h&path=%2F%2Fusr%2Finclude%2Flinux HTTP/2.0" 200 5762 "-" "Mozilla/5.0 AppleWebKit/537.36 (KHTML, like Gecko; compatible; ClaudeBot/1.0; +claudebot@anthropic.com)"
23.23.104.107 - - [04/Dec/2025:01:41:04 -0800] "GET /property-type/studio/?path=//sys/devices/platform/pcspkr/subsystem/devices/reg-dummy/driver/reg-dummy/subsystem/devices/PCCT/driver/PCCT/driver/PCCT/subsystem/drivers/reg-dummy/reg-dummy/subsystem/devices/IPI0001:00/driver HTTP/1.1" 200 6701 "-" "Mozilla/5.0 AppleWebKit/537.36 (KHTML, like Gecko; compatible; Amazonbot/0.1; +https://developer.amazon.com/support/amazonbot) Chrome/119.0.6045.214 Safari/537.36"
52.45.194.165 - - [04/Dec/2025:01:41:06 -0800] "GET /property-type/penthouse/?path=//sys/devices/platform/reg-dummy/driver/reg-dummy/subsystem/devices/microcode/subsystem/drivers/reg-dummy/reg-dummy/subsystem/drivers/PCCT/PCCT/driver/PCCT/driver/PCCT/subsystem/drivers/isch_smbus HTTP/1.1" 200 6557 "-" "Mozilla/5.0 AppleWebKit/537.36 (KHTML, like Gecko; compatible; Amazonbot/0.1; +https://developer.amazon.com/support/amazonbot) Chrome/119.0.6045.214 Safari/537.36"
144.76.19.157 - - [04/Dec/2025:01:41:06 -0800] "GET /hello-world/?path=/sys/block/nbd1/mq/0/cpu33 HTTP/1.1" 200 3268 "-" "Mozilla/5.0 (compatible; SERankingBacklinksBot/1.0; +https://seranking.com/backlinks-crawler)"
74.7.227.32 - - [04/Dec/2025:01:41:06 -0800] "GET /item_support/what_is_item_support/8988002?fileloc=//sys/class/net/teql0/gro_flush_timeout&path=//sys/class/net/teql0 HTTP/2.0" 200 2601 "-" "Mozilla/5.0 AppleWebKit/537.36 (KHTML, like Gecko; compatible; GPTBot/1.3; +https://openai.com/gptbot)"
74.7.242.13 - - [04/Dec/2025:01:41:07 -0800] "GET /property/beautiful-5bhk-semi-attached-villa-with-burj-al-arab-view-for-rent-in-umm-suqeim-2/?path=//sys/devices/pci0000:40/firmware_node/device:ac/device:ad/subsystem/devices/device:cc/device:cd/device:cf/subsystem/devices/device:ac/device:ad/subsystem/devices/device:ee/subsystem/devices/device:bc/device:be/subsystem/devices/device:cb/device:cc/device:cd/device:ce/subsystem/devices/device:ac HTTP/2.0" 200 3494 "-" "Mozilla/5.0 AppleWebKit/537.36 (KHTML, like Gecko; compatible; GPTBot/1.3; +https://openai.com/gptbot)"
216.73.216.116 - - [04/Dec/2025:01:41:08 -0800] "GET /property/best-deal-2br-apartment-fully-furnished-burj-khalifa-view?fileloc=%2F%2Flib%2Fpython3.10%2F__pycache__%2F_bootsubprocess.cpython-310.pyc&path=%2F%2Flib%2Fpython3.10%2F__pycache__ HTTP/2.0" 200 4038 "-" "Mozilla/5.0 AppleWebKit/537.36 (KHTML, like Gecko; compatible; ClaudeBot/1.0; +claudebot@anthropic.com)"
74.7.227.32 - - [04/Dec/2025:01:41:09 -0800] "GET /item_support/what_is_item_support/8988002?fileloc=//sys/class/net/phy1/carrier_up_count&path=//sys/class/net/phy1 HTTP/2.0" 200 2599 "-" "Mozilla/5.0 AppleWebKit/537.36 (KHTML, like Gecko; compatible; GPTBot/1.3; +https://openai.com/gptbot)"
144.76.19.157 - - [04/Dec/2025:01:41:10 -0800] "GET /feature/balcony/?path=/lib/python2.7/logging HTTP/1.1" 200 3433 "-" "Mozilla/5.0 (compatible; SERankingBacklinksBot/1.0; +https://seranking.com/backlinks-crawler)"
74.7.242.13 - - [04/Dec/2025:01:41:10 -0800] "GET /property/beautiful-5bhk-semi-attached-villa-with-burj-al-arab-view-for-rent-in-umm-suqeim-2/?path=//sys/devices/pci0000:40/firmware_node/device:ac/device:ad/subsystem/devices/device:cc/device:cd/device:cf/subsystem/devices/device:ac/device:ad/subsystem/devices/device:ee/subsystem/devices/device:bc/device:be/subsystem/devices/device:cb/device:cc/device:cd/device:ce/subsystem/devices/device:cc HTTP/2.0" 200 3619 "-" "Mozilla/5.0 AppleWebKit/537.36 (KHTML, like Gecko; compatible; GPTBot/1.3; +https://openai.com/gptbot)"
216.73.216.116 - - [04/Dec/2025:01:41:11 -0800] "GET /property/best-deal-2br-apartment-fully-furnished-burj-khalifa-view?fileloc=%2F%2Flib%2Fpython3.10%2F_pydecimal.py&path=%2F%2Flib%2Fpython3.10 HTTP/2.0" 200 53937 "-" "Mozilla/5.0 AppleWebKit/537.36 (KHTML, like Gecko; compatible; ClaudeBot/1.0; +claudebot@anthropic.com)"
57.141.6.84 - - [04/Dec/2025:01:41:11 -0800] "GET /?items=99448666 HTTP/2.0" 429 351 "-" "meta-externalagent/1.1 (+https://developers.facebook.com/docs/sharing/webmasters/crawler)"
217.113.194.101 - - [04/Dec/2025:01:41:11 -0800] "GET /city/dubai/page/6/?fileloc=//lib/mutt/debian-ldap-query&path=//lib/mutt HTTP/1.1" 200 3992 "-" "Mozilla/5.0 (compatible; Barkrowler/0.9; +https://babbar.tech/crawler)"
34.206.193.60 - - [04/Dec/2025:01:41:12 -0800] "GET /property-type/villa/?path=//sys/bus/platform/devices/reg-dummy/driver/reg-dummy/subsystem/devices/PCCT/subsystem/drivers/reg-dummy/reg-dummy/regulator/regulator.0/device/subsystem/devices/PCCT/subsystem/drivers/PCCT HTTP/1.1" 200 6554 "-" "Mozilla/5.0 AppleWebKit/537.36 (KHTML, like Gecko; compatible; Amazonbot/0.1; +https://developer.amazon.com/support/amazonbot) Chrome/119.0.6045.214 Safari/537.36"
74.7.227.32 - - [04/Dec/2025:01:41:12 -0800] "GET /item_support/what_is_item_support/8988002?fileloc=//sys/class/net/phy1/phys_port_name&path=//sys/class/net/phy1 HTTP/2.0" 200 2595 "-" "Mozilla/5.0 AppleWebKit/537.36 (KHTML, like Gecko; compatible; GPTBot/1.3; +https://openai.com/gptbot)"
74.7.242.13 - - [04/Dec/2025:01:41:13 -0800] "GET /property/beautiful-5bhk-semi-attached-villa-with-burj-al-arab-view-for-rent-in-umm-suqeim-2/?path=//sys/devices/pci0000:40/firmware_node/device:ac/device:ad/subsystem/devices/device:cc/device:cd/device:cf/subsystem/devices/device:ac/device:ad/subsystem/devices/device:ee/subsystem/devices/device:bc/device:be/subsystem/devices/device:cb/device:cc/device:cd/device:ce/subsystem/devices/device:fe HTTP/2.0" 200 3451 "-" "Mozilla/5.0 AppleWebKit/537.36 (KHTML, like Gecko; compatible; GPTBot/1.3; +https://openai.com/gptbot)"
216.73.216.116 - - [04/Dec/2025:01:41:14 -0800] "GET /property/best-deal-2br-apartment-fully-furnished-burj-khalifa-view?fileloc=%2F%2Fusr%2Finclude%2Flinux%2Fcdrom.h&path=%2F%2Fusr%2Finclude%2Flinux HTTP/2.0" 200 11692 "-" "Mozilla/5.0 AppleWebKit/537.36 (KHTML, like Gecko; compatible; ClaudeBot/1.0; +claudebot@anthropic.com)"
144.76.19.157 - - [04/Dec/2025:01:41:14 -0800] "GET /hello-world/?path=/sys/block/nbd1/mq/0/cpu34 HTTP/1.1" 200 2921 "-" "Mozilla/5.0 (compatible; SERankingBacklinksBot/1.0; +https://seranking.com/backlinks-crawler)"
23.21.228.180 - - [04/Dec/2025:01:41:14 -0800] "GET /property-type/residential/?path=//sys/devices/platform/reg-dummy/driver/reg-dummy/subsystem/devices/pcspkr/subsystem/devices/reg-dummy/subsystem/drivers/PCCT/PCCT/driver/PCCT/driver/PCCT/subsystem/devices HTTP/1.1" 200 7047 "-" "Mozilla/5.0 AppleWebKit/537.36 (KHTML, like Gecko; compatible; Amazonbot/0.1; +https://developer.amazon.com/support/amazonbot) Chrome/119.0.6045.214 Safari/537.36"
74.7.227.32 - - [04/Dec/2025:01:41:16 -0800] "GET /item_support/what_is_item_support/8988002?fileloc=//sys/class/net/phy0/master/mtu&path=//sys/class/net/phy0/master HTTP/2.0" 200 2663 "-" "Mozilla/5.0 AppleWebKit/537.36 (KHTML, like Gecko; compatible; GPTBot/1.3; +https://openai.com/gptbot)"
74.7.242.13 - - [04/Dec/2025:01:41:16 -0800] "GET /property/beautiful-5bhk-semi-attached-villa-with-burj-al-arab-view-for-rent-in-umm-suqeim-2/?path=//sys/devices/pci0000:40/firmware_node/device:ac/device:ad/subsystem/devices/device:cc/device:cd/device:cf/subsystem/devices/device:ac/device:ad/subsystem/devices/device:ee/subsystem/devices/device:bc/device:be/subsystem/devices/device:cb/device:cc/device:cd/device:ce/subsystem/devices/device:fc HTTP/2.0" 200 3457 "-" "Mozilla/5.0 AppleWebKit/537.36 (KHTML, like Gecko; compatible; GPTBot/1.3; +https://openai.com/gptbot)"
216.73.216.116 - - [04/Dec/2025:01:41:17 -0800] "GET /property/best-deal-2br-apartment-fully-furnished-burj-khalifa-view?fileloc=%2F%2Fusr%2Finclude%2Flinux%2Fphonet.h&path=%2F%2Fusr%2Finclude%2Flinux HTTP/2.0" 200 4280 "-" "Mozilla/5.0 AppleWebKit/537.36 (KHTML, like Gecko; compatible; ClaudeBot/1.0; +claudebot@anthropic.com)"
144.76.19.157 - - [04/Dec/2025:01:41:18 -0800] "GET /feature/balcony/?path=/lib/python3.10/ctypes HTTP/1.1" 200 3480 "-" "Mozilla/5.0 (compatible; SERankingBacklinksBot/1.0; +https://seranking.com/backlinks-crawler)"
74.7.227.32 - - [04/Dec/2025:01:41:19 -0800] "GET /item_support/what_is_item_support/8988002?fileloc=//sys/class/net/phy0/master/speed&path=//sys/class/net/phy0/master HTTP/2.0" 200 2607 "-" "Mozilla/5.0 AppleWebKit/537.36 (KHTML, like Gecko; compatible; GPTBot/1.3; +https://openai.com/gptbot)"
44.205.74.196 - - [04/Dec/2025:01:41:19 -0800] "GET /property-type/residential/?path=//sys/bus/platform/drivers/reg-dummy/reg-dummy/driver/reg-dummy/driver/reg-dummy/subsystem/devices/microcode/subsystem/drivers/PCCT/PCCT/subsystem/drivers/PCCT HTTP/1.1" 200 6511 "-" "Mozilla/5.0 AppleWebKit/537.36 (KHTML, like Gecko; compatible; Amazonbot/0.1; +https://developer.amazon.com/support/amazonbot) Chrome/119.0.6045.214 Safari/537.36"
216.73.216.116 - - [04/Dec/2025:01:41:20 -0800] "GET /property/best-deal-2br-apartment-fully-furnished-burj-khalifa-view?fileloc=%2F%2Fusr%2Finclude%2Fx86_64-linux-gnu%2Fbits%2Fwchar2.h&path=%2F%2Fusr%2Finclude%2Fx86_64-linux-gnu%2Fbits HTTP/2.0" 200 5409 "-" "Mozilla/5.0 AppleWebKit/537.36 (KHTML, like Gecko; compatible; ClaudeBot/1.0; +claudebot@anthropic.com)"
74.7.242.13 - - [04/Dec/2025:01:41:20 -0800] "GET /property/beautiful-5bhk-semi-attached-villa-with-burj-al-arab-view-for-rent-in-umm-suqeim-2/?path=//sys/devices/pci0000:40/firmware_node/device:ac/device:ad/subsystem/devices/device:cc/device:cd/device:cf/subsystem/devices/device:ac/device:ad/subsystem/devices/device:ee/subsystem/devices/device:bc/device:be/subsystem/devices/device:cb/device:cc/device:cd/device:ce/subsystem/devices/device:ce HTTP/2.0" 200 3509 "-" "Mozilla/5.0 AppleWebKit/537.36 (KHTML, like Gecko; compatible; GPTBot/1.3; +https://openai.com/gptbot)"
74.7.227.32 - - [04/Dec/2025:01:41:22 -0800] "GET /item_support/what_is_item_support/8988002?fileloc=//sys/class/net/phy1/carrier_changes&path=//sys/class/net/phy1 HTTP/2.0" 200 2597 "-" "Mozilla/5.0 AppleWebKit/537.36 (KHTML, like Gecko; compatible; GPTBot/1.3; +https://openai.com/gptbot)"
216.73.216.116 - - [04/Dec/2025:01:41:23 -0800] "GET /property/best-deal-2br-apartment-fully-furnished-burj-khalifa-view?fileloc=%2F%2Fusr%2Finclude%2Fx86_64-linux-gnu%2Fbits%2Fsigstksz.h&path=%2F%2Fusr%2Finclude%2Fx86_64-linux-gnu%2Fbits HTTP/2.0" 200 3288 "-" "Mozilla/5.0 AppleWebKit/537.36 (KHTML, like Gecko; compatible; ClaudeBot/1.0; +claudebot@anthropic.com)"
74.7.242.13 - - [04/Dec/2025:01:41:23 -0800] "GET /property/beautiful-5bhk-semi-attached-villa-with-burj-al-arab-view-for-rent-in-umm-suqeim-2/?path=//sys/devices/pci0000:40/firmware_node/device:ac/device:ad/subsystem/devices/device:cc/device:cd/device:cf/subsystem/devices/device:ac/device:ad/subsystem/devices/device:ee/subsystem/devices/device:bc/device:be/subsystem/devices/device:cb/device:cc/device:cd/device:ce/subsystem/drivers/hpet HTTP/2.0" 200 3322 "-" "Mozilla/5.0 AppleWebKit/537.36 (KHTML, like Gecko; compatible; GPTBot/1.3; +https://openai.com/gptbot)"
52.2.58.41 - - [04/Dec/2025:01:41:25 -0800] "GET /property-type/villa/?path=//sys/devices/platform/microcode/subsystem/drivers/reg-dummy/reg-dummy/driver/reg-dummy/driver/reg-dummy/subsystem/devices/IPI0001:00/subsystem/devices/pcspkr/subsystem/devices/PCCT/driver/PCCT/driver HTTP/1.1" 200 6563 "-" "Mozilla/5.0 AppleWebKit/537.36 (KHTML, like Gecko; compatible; Amazonbot/0.1; +https://developer.amazon.com/support/amazonbot) Chrome/119.0.6045.214 Safari/537.36"
74.7.227.32 - - [04/Dec/2025:01:41:25 -0800] "GET /item_support/what_is_item_support/8988002?fileloc=//sys/class/net/eth1/carrier_changes&path=//sys/class/net/eth1 HTTP/2.0" 200 2596 "-" "Mozilla/5.0 AppleWebKit/537.36 (KHTML, like Gecko; compatible; GPTBot/1.3; +https://openai.com/gptbot)"
216.73.216.116 - - [04/Dec/2025:01:41:26 -0800] "GET /property/best-deal-2br-apartment-fully-furnished-burj-khalifa-view?fileloc=%2F%2Fusr%2Finclude%2Flinux%2Fioctl.h&path=%2F%2Fusr%2Finclude%2Flinux HTTP/2.0" 200 2694 "-" "Mozilla/5.0 AppleWebKit/537.36 (KHTML, like Gecko; compatible; ClaudeBot/1.0; +claudebot@anthropic.com)"
74.7.242.13 - - [04/Dec/2025:01:41:26 -0800] "GET /property/beautiful-5bhk-semi-attached-villa-with-burj-al-arab-view-for-rent-in-umm-suqeim-2/?path=//sys/devices/pci0000:40/firmware_node/device:ac/device:ad/subsystem/devices/device:cc/device:cd/device:cf/subsystem/devices/device:ac/device:ad/subsystem/devices/device:ee/subsystem/devices/device:bc/device:be/subsystem/devices/device:cb/device:cc/device:cd/device:cf/subsystem/drivers/ec HTTP/2.0" 200 3320 "-" "Mozilla/5.0 AppleWebKit/537.36 (KHTML, like Gecko; compatible; GPTBot/1.3; +https://openai.com/gptbot)"
98.82.214.73 - - [04/Dec/2025:01:41:27 -0800] "GET /property-type/full-floor/?path=//sys/devices/platform/pcspkr/subsystem/devices/reg-dummy/driver/reg-dummy/driver/reg-dummy/driver/reg-dummy/subsystem/devices/pcspkr/subsystem/drivers/PCCT/PCCT/subsystem/devices/PCCT/driver HTTP/1.1" 200 6545 "-" "Mozilla/5.0 AppleWebKit/537.36 (KHTML, like Gecko; compatible; Amazonbot/0.1; +https://developer.amazon.com/support/amazonbot) Chrome/119.0.6045.214 Safari/537.36"
217.113.194.100 - - [04/Dec/2025:01:41:27 -0800] "GET /city/dubai/page/6/?fileloc=//etc/php71/php.ini&path=//etc/php71 HTTP/1.1" 200 4003 "-" "Mozilla/5.0 (compatible; Barkrowler/0.9; +https://babbar.tech/crawler)"
74.7.227.32 - - [04/Dec/2025:01:41:28 -0800] "GET /item_support/what_is_item_support/8988002?fileloc=//sys/class/net/teql0/carrier_changes&path=//sys/class/net/teql0 HTTP/2.0" 200 2598 "-" "Mozilla/5.0 AppleWebKit/537.36 (KHTML, like Gecko; compatible; GPTBot/1.3; +https://openai.com/gptbot)"
216.73.216.116 - - [04/Dec/2025:01:41:29 -0800] "GET /property/best-deal-2br-apartment-fully-furnished-burj-khalifa-view?fileloc=%2F%2Fusr%2Finclude%2Flinux%2Fppp-comp.h&path=%2F%2Fusr%2Finclude%2Flinux HTTP/2.0" 200 3584 "-" "Mozilla/5.0 AppleWebKit/537.36 (KHTML, like Gecko; compatible; ClaudeBot/1.0; +claudebot@anthropic.com)"
74.7.242.13 - - [04/Dec/2025:01:41:29 -0800] "GET /property/beautiful-5bhk-semi-attached-villa-with-burj-al-arab-view-for-rent-in-umm-suqeim-2/?path=//sys/devices/pci0000:40/firmware_node/device:ac/device:ad/subsystem/devices/device:cc/device:cd/device:cf/subsystem/devices/device:ac/device:ad/subsystem/devices/device:ee/subsystem/devices/device:bc/device:be/subsystem/devices/device:cb/device:cc/device:cd/device:ce/subsystem/devices/device:fb HTTP/2.0" 200 3540 "-" "Mozilla/5.0 AppleWebKit/537.36 (KHTML, like Gecko; compatible; GPTBot/1.3; +https://openai.com/gptbot)"
74.7.227.32 - - [04/Dec/2025:01:41:31 -0800] "GET /item_support/what_is_item_support/8988002?fileloc=//sys/class/net/phy0/master/carrier&path=//sys/class/net/phy0/master HTTP/2.0" 200 2603 "-" "Mozilla/5.0 AppleWebKit/537.36 (KHTML, like Gecko; compatible; GPTBot/1.3; +https://openai.com/gptbot)"
98.83.226.125 - - [04/Dec/2025:01:41:32 -0800] "GET /property-type/commercial/?path=//sys/devices/platform/reg-dummy/subsystem/devices/reg-dummy/subsystem/devices/reg-dummy/driver/reg-dummy/subsystem/devices/microcode/subsystem/drivers/PCCT/PCCT/driver/PCCT/driver HTTP/1.1" 200 6523 "-" "Mozilla/5.0 AppleWebKit/537.36 (KHTML, like Gecko; compatible; Amazonbot/0.1; +https://developer.amazon.com/support/amazonbot) Chrome/119.0.6045.214 Safari/537.36"
216.73.216.116 - - [04/Dec/2025:01:41:32 -0800] "GET /property/best-deal-2br-apartment-fully-furnished-burj-khalifa-view?fileloc=%2Fhome%2Fdh_hwg2wc%2Ffnaluxury.com%2Fwp-content%2Fthemes%2Ftwentytwentyfive%2Fpatterns%2Ffooter.php&path=%2Fhome%2Fdh_hwg2wc%2Ffnaluxury.com%2Fwp-content%2Fthemes%2Ftwentytwentyfive%2Fpatterns HTTP/2.0" 200 3715 "-" "Mozilla/5.0 AppleWebKit/537.36 (KHTML, like Gecko; compatible; ClaudeBot/1.0; +claudebot@anthropic.com)"
74.7.242.13 - - [04/Dec/2025:01:41:32 -0800] "GET /property/beautiful-5bhk-semi-attached-villa-with-burj-al-arab-view-for-rent-in-umm-suqeim-2/?path=//sys/devices/pci0000:40/firmware_node/device:ac/device:ad/subsystem/devices/device:cc/device:cd/device:cf/subsystem/devices/device:ac/device:ad/subsystem/devices/device:ee/subsystem/devices/device:bc/device:be/subsystem/devices/device:cb/device:cc/device:cd/device:ce/subsystem/devices/device:bb HTTP/2.0" 200 3410 "-" "Mozilla/5.0 AppleWebKit/537.36 (KHTML, like Gecko; compatible; GPTBot/1.3; +https://openai.com/gptbot)"
144.76.19.157 - - [04/Dec/2025:01:41:33 -0800] "GET /feature/balcony/?path=/lib/python3.10/curses HTTP/1.1" 200 3830 "-" "Mozilla/5.0 (compatible; SERankingBacklinksBot/1.0; +https://seranking.com/backlinks-crawler)"
216.73.216.116 - - [04/Dec/2025:01:41:35 -0800] "GET /property/best-deal-2br-apartment-fully-furnished-burj-khalifa-view?fileloc=%2Fhome%2Fdh_hwg2wc%2Ffnaluxury.com%2Fwp-content%2Fplugins%2Funder-construction-page%2Fthemes%2Flaptop%2Findex.php&path=%2Fhome%2Fdh_hwg2wc%2Ffnaluxury.com%2Fwp-content%2Fplugins%2Funder-construction-page%2Fthemes%2Flaptop HTTP/2.0" 200 3290 "-" "Mozilla/5.0 AppleWebKit/537.36 (KHTML, like Gecko; compatible; ClaudeBot/1.0; +claudebot@anthropic.com)"
74.7.227.32 - - [04/Dec/2025:01:41:35 -0800] "GET /item_support/what_is_item_support/8988002?fileloc=//sys/class/net/phy0/master/ifalias&path=//sys/class/net/phy0/master HTTP/2.0" 200 2602 "-" "Mozilla/5.0 AppleWebKit/537.36 (KHTML, like Gecko; compatible; GPTBot/1.3; +https://openai.com/gptbot)"
52.200.58.199 - - [04/Dec/2025:01:41:35 -0800] "GET /property/brand-new-villa-2/?path=//sys/devices/platform/reg-dummy/driver/reg-dummy/subsystem/devices/reg-dummy/driver/reg-dummy/subsystem/drivers/PCCT/PCCT/subsystem/drivers/PCCT/PCCT/subsystem/drivers/isch_smbus HTTP/1.1" 200 6524 "-" "Mozilla/5.0 AppleWebKit/537.36 (KHTML, like Gecko; compatible; Amazonbot/0.1; +https://developer.amazon.com/support/amazonbot) Chrome/119.0.6045.214 Safari/537.36"
74.7.242.13 - - [04/Dec/2025:01:41:35 -0800] "GET /property/beautiful-5bhk-semi-attached-villa-with-burj-al-arab-view-for-rent-in-umm-suqeim-2/?path=//sys/devices/pci0000:40/firmware_node/device:ac/device:ad/subsystem/devices/device:cc/device:cd/device:cf/subsystem/devices/device:ac/device:ad/subsystem/devices/device:ee/subsystem/devices/device:ec/device:ed/subsystem/devices/device:cb/device:cc/device:cd/device:ce/subsystem HTTP/2.0" 200 3441 "-" "Mozilla/5.0 AppleWebKit/537.36 (KHTML, like Gecko; compatible; GPTBot/1.3; +https://openai.com/gptbot)"
144.76.19.157 - - [04/Dec/2025:01:41:36 -0800] "GET /hello-world/?path=/sys/block/nbd1/mq/0/cpu35 HTTP/1.1" 200 2921 "-" "Mozilla/5.0 (compatible; SERankingBacklinksBot/1.0; +https://seranking.com/backlinks-crawler)"
216.73.216.116 - - [04/Dec/2025:01:41:38 -0800] "GET /property/best-deal-2br-apartment-fully-furnished-burj-khalifa-view?fileloc=%2F%2Fusr%2Finclude%2Flinux%2Fmptcp.h&path=%2F%2Fusr%2Finclude%2Flinux HTTP/2.0" 200 4956 "-" "Mozilla/5.0 AppleWebKit/537.36 (KHTML, like Gecko; compatible; ClaudeBot/1.0; +claudebot@anthropic.com)"
74.7.227.32 - - [04/Dec/2025:01:41:38 -0800] "GET /item_support/what_is_item_support/8988002?fileloc=//sys/class/net/phy0/master/proto_down&path=//sys/class/net/phy0/master HTTP/2.0" 200 2606 "-" "Mozilla/5.0 AppleWebKit/537.36 (KHTML, like Gecko; compatible; GPTBot/1.3; +https://openai.com/gptbot)"
74.7.242.13 - - [04/Dec/2025:01:41:39 -0800] "GET /property/beautiful-5bhk-semi-attached-villa-with-burj-al-arab-view-for-rent-in-umm-suqeim-2/?path=//sys/devices/pci0000:40/firmware_node/device:ac/device:ad/subsystem/devices/device:cc/device:cd/device:cf/subsystem/devices/device:ac/device:ad/subsystem/devices/device:ee/subsystem/devices/device:ec/device:ed/subsystem/devices/device:cb/device:cc/device:cd/device:cf/subsystem HTTP/2.0" 200 3429 "-" "Mozilla/5.0 AppleWebKit/537.36 (KHTML, like Gecko; compatible; GPTBot/1.3; +https://openai.com/gptbot)"
216.73.216.116 - - [04/Dec/2025:01:41:41 -0800] "GET /property/best-deal-2br-apartment-fully-furnished-burj-khalifa-view?fileloc=%2F%2Fusr%2Finclude%2Flinux%2Fseg6_hmac.h&path=%2F%2Fusr%2Finclude%2Flinux HTTP/2.0" 200 2826 "-" "Mozilla/5.0 AppleWebKit/537.36 (KHTML, like Gecko; compatible; ClaudeBot/1.0; +claudebot@anthropic.com)"
74.7.227.32 - - [04/Dec/2025:01:41:41 -0800] "GET /item_support/what_is_item_support/8988002?fileloc=//sys/class/net/phy0/master/dev_port&path=//sys/class/net/phy0/master HTTP/2.0" 200 2606 "-" "Mozilla/5.0 AppleWebKit/537.36 (KHTML, like Gecko; compatible; GPTBot/1.3; +https://openai.com/gptbot)"
54.204.12.115 - - [04/Dec/2025:01:41:41 -0800] "GET /property-type/building/?path=//sys/bus/platform/devices/reg-dummy/driver/reg-dummy/subsystem/devices/microcode/subsystem/devices/reg-dummy/subsystem/drivers/PCCT/PCCT/subsystem/devices/pcspkr HTTP/1.1" 200 6642 "-" "Mozilla/5.0 AppleWebKit/537.36 (KHTML, like Gecko; compatible; Amazonbot/0.1; +https://developer.amazon.com/support/amazonbot) Chrome/119.0.6045.214 Safari/537.36"
74.7.242.13 - - [04/Dec/2025:01:41:42 -0800] "GET /property/beautiful-5bhk-semi-attached-villa-with-burj-al-arab-view-for-rent-in-umm-suqeim-2/?path=//sys/devices/pci0000:40/firmware_node/device:ac/device:ad/subsystem/devices/device:cc/device:cd/device:cf/subsystem/devices/device:ac/device:ad/subsystem/devices/device:ee/subsystem/devices/device:bc/device:be/subsystem/devices/device:cb/device:cc/device:cd/device:ce/subsystem/devices/device:bd HTTP/2.0" 200 3456 "-" "Mozilla/5.0 AppleWebKit/537.36 (KHTML, like Gecko; compatible; GPTBot/1.3; +https://openai.com/gptbot)"
44.208.193.63 - - [04/Dec/2025:01:41:41 -0800] "GET /property-type/full-floor/?path=//sys/bus/platform/drivers/reg-dummy/reg-dummy/driver/reg-dummy/subsystem/drivers/PCCT/PCCT/driver/PCCT/subsystem/devices/pcspkr/subsystem/devices/reg-dummy/subsystem/drivers/amd-pmf HTTP/1.1" 200 6545 "-" "Mozilla/5.0 AppleWebKit/537.36 (KHTML, like Gecko; compatible; Amazonbot/0.1; +https://developer.amazon.com/support/amazonbot) Chrome/119.0.6045.214 Safari/537.36"
217.113.194.94 - - [04/Dec/2025:01:41:43 -0800] "GET /label/hot-offer/?fileloc=//etc/cgsnapshot_blacklist.conf&path=//etc HTTP/1.1" 200 3182 "-" "Mozilla/5.0 (compatible; Barkrowler/0.9; +https://babbar.tech/crawler)"
216.73.216.116 - - [04/Dec/2025:01:41:44 -0800] "GET /property/best-deal-2br-apartment-fully-furnished-burj-khalifa-view?fileloc=%2F%2Fusr%2Finclude%2Flinux%2Fremoteproc_cdev.h&path=%2F%2Fusr%2Finclude%2Flinux HTTP/2.0" 200 3110 "-" "Mozilla/5.0 AppleWebKit/537.36 (KHTML, like Gecko; compatible; ClaudeBot/1.0; +claudebot@anthropic.com)"
74.7.227.32 - - [04/Dec/2025:01:41:44 -0800] "GET /item_support/what_is_item_support/8988002?fileloc=//sys/class/net/phy0/master/addr_len&path=//sys/class/net/phy0/master HTTP/2.0" 200 2604 "-" "Mozilla/5.0 AppleWebKit/537.36 (KHTML, like Gecko; compatible; GPTBot/1.3; +https://openai.com/gptbot)"
74.7.242.13 - - [04/Dec/2025:01:41:45 -0800] "GET /property/beautiful-5bhk-semi-attached-villa-with-burj-al-arab-view-for-rent-in-umm-suqeim-2/?path=//sys/devices/pci0000:40/firmware_node/device:ac/device:ad/subsystem/devices/device:cc/device:cd/device:cf/subsystem/devices/device:ac/device:ad/subsystem/devices/device:ee/subsystem/devices/device:bc/device:be/subsystem/devices/device:cb/device:cc/device:cd/device:ce/subsystem/devices/device:bc HTTP/2.0" 200 3567 "-" "Mozilla/5.0 AppleWebKit/537.36 (KHTML, like Gecko; compatible; GPTBot/1.3; +https://openai.com/gptbot)"
216.73.216.116 - - [04/Dec/2025:01:41:47 -0800] "GET /property/best-deal-2br-apartment-fully-furnished-burj-khalifa-view?fileloc=%2Fhome%2Fdh_hwg2wc%2Ffnaluxury.com%2Fwp-content%2Fplugins%2Fchaty-pro%2Fadmin%2Fassets%2Fimages%2Fagent-section.jpeg&path=%2Fhome%2Fdh_hwg2wc%2Ffnaluxury.com%2Fwp-content%2Fplugins%2Fchaty-pro%2Fadmin%2Fassets%2Fimages HTTP/2.0" 200 17072 "-" "Mozilla/5.0 AppleWebKit/537.36 (KHTML, like Gecko; compatible; ClaudeBot/1.0; +claudebot@anthropic.com)"
3.232.39.98 - - [04/Dec/2025:01:41:47 -0800] "GET /property-type/full-floor/?path=//sys/bus/platform/devices/reg-dummy/driver/reg-dummy/subsystem/devices/PCCT/subsystem/devices/reg-dummy/subsystem/drivers/PCCT/PCCT/driver/PCCT/subsystem/drivers/timeriomem_rng HTTP/1.1" 200 6540 "-" "Mozilla/5.0 AppleWebKit/537.36 (KHTML, like Gecko; compatible; Amazonbot/0.1; +https://developer.amazon.com/support/amazonbot) Chrome/119.0.6045.214 Safari/537.36"
74.7.227.32 - - [04/Dec/2025:01:41:47 -0800] "GET /item_support/what_is_item_support/8988002?fileloc=//sys/class/net/phy0/device/class&path=//sys/class/net/phy0/device HTTP/2.0" 200 2599 "-" "Mozilla/5.0 AppleWebKit/537.36 (KHTML, like Gecko; compatible; GPTBot/1.3; +https://openai.com/gptbot)"
144.76.19.157 - - [04/Dec/2025:01:41:48 -0800] "GET /feature/balcony/?path=/lib/python3.10/urllib HTTP/1.1" 200 3870 "-" "Mozilla/5.0 (compatible; SERankingBacklinksBot/1.0; +https://seranking.com/backlinks-crawler)"
74.7.242.13 - - [04/Dec/2025:01:41:48 -0800] "GET /property/beautiful-5bhk-semi-attached-villa-with-burj-al-arab-view-for-rent-in-umm-suqeim-2/?path=//sys/devices/pci0000:40/firmware_node/device:ac/device:ad/subsystem/devices/device:cc/device:cd/device:cf/subsystem/devices/device:ac/device:ad/subsystem/devices/device:ee/subsystem/devices/device:bc/device:be/subsystem/devices/device:cb/device:cc/device:cd/device:ce/subsystem/devices/device:db HTTP/2.0" 200 3411 "-" "Mozilla/5.0 AppleWebKit/537.36 (KHTML, like Gecko; compatible; GPTBot/1.3; +https://openai.com/gptbot)"
216.73.216.116 - - [04/Dec/2025:01:41:50 -0800] "GET /property/best-deal-2br-apartment-fully-furnished-burj-khalifa-view?path=%2Fhome%2Fdh_hwg2wc%2Ffnaluxury.com%2Fwp-content%2Fplugins%2Fwp-file-manager%2Flib%2Fjs%2Fi18n%2Fhelp HTTP/2.0" 200 3470 "-" "Mozilla/5.0 AppleWebKit/537.36 (KHTML, like Gecko; compatible; ClaudeBot/1.0; +claudebot@anthropic.com)"
74.7.227.32 - - [04/Dec/2025:01:41:50 -0800] "GET /item_support/what_is_item_support/8988002?fileloc=//sys/class/net/phy0/device/local_cpus&path=//sys/class/net/phy0/device HTTP/2.0" 200 2604 "-" "Mozilla/5.0 AppleWebKit/537.36 (KHTML, like Gecko; compatible; GPTBot/1.3; +https://openai.com/gptbot)"
74.7.242.13 - - [04/Dec/2025:01:41:51 -0800] "GET /property/beautiful-5bhk-semi-attached-villa-with-burj-al-arab-view-for-rent-in-umm-suqeim-2/?path=//sys/devices/pci0000:40/firmware_node/device:ac/device:ad/subsystem/devices/device:cc/device:cd/device:cf/subsystem/devices/device:ac/device:ad/subsystem/devices/device:ee/subsystem/devices/device:bc/device:be/subsystem/devices/device:cb/device:cc/device:cd/device:ce/subsystem/devices/device:ee HTTP/2.0" 200 3407 "-" "Mozilla/5.0 AppleWebKit/537.36 (KHTML, like Gecko; compatible; GPTBot/1.3; +https://openai.com/gptbot)"
144.76.19.157 - - [04/Dec/2025:01:41:51 -0800] "GET /hello-world/?path=/sys/block/nbd1/mq/0/cpu36 HTTP/1.1" 200 2921 "-" "Mozilla/5.0 (compatible; SERankingBacklinksBot/1.0; +https://seranking.com/backlinks-crawler)"
54.157.84.74 - - [04/Dec/2025:01:41:52 -0800] "GET /property-type/townhouse/?path=//sys/devices/platform/reg-dummy/driver/reg-dummy/subsystem/devices/reg-dummy/subsystem/drivers/PCCT/PCCT/subsystem/devices/pcspkr/subsystem/drivers/isch_smbus HTTP/1.1" 200 6519 "-" "Mozilla/5.0 AppleWebKit/537.36 (KHTML, like Gecko; compatible; Amazonbot/0.1; +https://developer.amazon.com/support/amazonbot) Chrome/119.0.6045.214 Safari/537.36"
216.73.216.116 - - [04/Dec/2025:01:41:53 -0800] "GET /property/best-deal-2br-apartment-fully-furnished-burj-khalifa-view?fileloc=%2F%2Flib%2Fpython3.10%2F__pycache__%2Ftelnetlib.cpython-310.pyc&path=%2F%2Flib%2Fpython3.10%2F__pycache__ HTTP/2.0" 200 10813 "-" "Mozilla/5.0 AppleWebKit/537.36 (KHTML, like Gecko; compatible; ClaudeBot/1.0; +claudebot@anthropic.com)"
74.7.227.32 - - [04/Dec/2025:01:41:53 -0800] "GET /item_support/what_is_item_support/8988002?fileloc=//sys/class/net/phy0/device/rom&path=//sys/class/net/phy0/device HTTP/2.0" 200 2599 "-" "Mozilla/5.0 AppleWebKit/537.36 (KHTML, like Gecko; compatible; GPTBot/1.3; +https://openai.com/gptbot)"
43.173.178.40 - - [04/Dec/2025:01:41:54 -0800] "GET /rent/?path=//sys/block/nvme7n1/subsystem/nvme4n1/queue HTTP/1.1" 200 8122 "-" "Mozilla/5.0 (Windows NT 6.1; Win64; x64) AppleWebKit/537.36 (KHTML, like Gecko) Chrome/126.0.6478.114 Safari/537.36"
43.173.178.231 - - [04/Dec/2025:01:41:54 -0800] "GET /feature/wifi/?path=//sys/kernel/mm/ksm HTTP/1.1" 200 7103 "-" "Mozilla/5.0 (Windows NT 6.1; Win64; x64) AppleWebKit/537.36 (KHTML, like Gecko) Chrome/126.0.6478.114 Safari/537.36"
54.156.248.117 - - [04/Dec/2025:01:41:54 -0800] "GET /property/brand-new-villa-2/?path=//sys/bus/platform/drivers/reg-dummy/reg-dummy/subsystem/devices/pcspkr/subsystem/drivers/reg-dummy/reg-dummy/subsystem/devices/PCCT/driver/PCCT/subsystem/devices/pcspkr HTTP/1.1" 200 6640 "-" "Mozilla/5.0 AppleWebKit/537.36 (KHTML, like Gecko; compatible; Amazonbot/0.1; +https://developer.amazon.com/support/amazonbot) Chrome/119.0.6045.214 Safari/537.36"
74.7.242.13 - - [04/Dec/2025:01:41:54 -0800] "GET /property/beautiful-5bhk-semi-attached-villa-with-burj-al-arab-view-for-rent-in-umm-suqeim-2/?path=//sys/devices/pci0000:40/firmware_node/device:ac/device:ad/subsystem/devices/device:cc/device:cd/device:cf/subsystem/devices/device:ac/device:ad/subsystem/devices/device:ee/subsystem/devices/device:bc/device:be/subsystem/devices/device:cb/device:cc/device:cd/device:ce/subsystem/devices/device:ca HTTP/2.0" 200 3456 "-" "Mozilla/5.0 AppleWebKit/537.36 (KHTML, like Gecko; compatible; GPTBot/1.3; +https://openai.com/gptbot)"
216.73.216.116 - - [04/Dec/2025:01:41:56 -0800] "GET /property/best-deal-2br-apartment-fully-furnished-burj-khalifa-view?fileloc=%2F%2Flib%2Fx86_64-linux-gnu%2Fliblua5.4-socket-unix.so.2.0.0&path=%2F%2Flib%2Fx86_64-linux-gnu HTTP/2.0" 200 14158 "-" "Mozilla/5.0 AppleWebKit/537.36 (KHTML, like Gecko; compatible; ClaudeBot/1.0; +claudebot@anthropic.com)"
43.173.179.247 - - [04/Dec/2025:01:41:55 -0800] "GET /home-with-video/?fileloc=//sys/devices/pci0000:80/0000:80:03.3/current_link_width&path=//sys/devices/pci0000:80/0000:80:03.3 HTTP/1.1" 200 6156 "-" "Mozilla/5.0 (Windows NT 6.1; Win64; x64) AppleWebKit/537.36 (KHTML, like Gecko) Chrome/126.0.6478.114 Safari/537.36"
43.173.182.153 - - [04/Dec/2025:01:41:57 -0800] "GET /property-type/plot/?path=//sys/dev/block/43:32/holders HTTP/1.1" 200 6206 "-" "Mozilla/5.0 (Windows NT 6.1; Win64; x64) AppleWebKit/537.36 (KHTML, like Gecko) Chrome/126.0.6478.114 Safari/537.36"
74.7.227.32 - - [04/Dec/2025:01:41:56 -0800] "GET /item_support/what_is_item_support/8988002?fileloc=//sys/class/net/phy0/device/pools&path=//sys/class/net/phy0/device HTTP/2.0" 200 2601 "-" "Mozilla/5.0 AppleWebKit/537.36 (KHTML, like Gecko; compatible; GPTBot/1.3; +https://openai.com/gptbot)"
43.173.177.105 - - [04/Dec/2025:01:41:57 -0800] "GET /rent/?path=/home/dh_hwg2wc/fnaluxury.com/wp-content/plugins/file-manager-advanced/application/pages HTTP/1.1" 200 6819 "-" "Mozilla/5.0 (Windows NT 6.1; Win64; x64) AppleWebKit/537.36 (KHTML, like Gecko) Chrome/126.0.6478.114 Safari/537.36"
74.7.242.13 - - [04/Dec/2025:01:41:58 -0800] "GET /property/beautiful-5bhk-semi-attached-villa-with-burj-al-arab-view-for-rent-in-umm-suqeim-2/?path=//sys/devices/pci0000:40/firmware_node/device:ac/device:ad/subsystem/devices/device:cc/device:cd/device:cf/subsystem/devices/device:ac/device:ad/subsystem/devices/device:ee/subsystem/devices/device:bc/device:be/subsystem/devices/device:cb/device:cc/device:cd/device:ce/subsystem/devices/device:af HTTP/2.0" 200 3410 "-" "Mozilla/5.0 AppleWebKit/537.36 (KHTML, like Gecko; compatible; GPTBot/1.3; +https://openai.com/gptbot)"
3.81.253.213 - - [04/Dec/2025:01:41:58 -0800] "GET /property-type/villa/?path=//sys/bus/platform/devices/reg-dummy/subsystem/devices/reg-dummy/driver/reg-dummy/subsystem/drivers/PCCT/PCCT/subsystem/devices/IPI0001:00/subsystem/drivers/isch_smbus HTTP/1.1" 200 6533 "-" "Mozilla/5.0 AppleWebKit/537.36 (KHTML, like Gecko; compatible; Amazonbot/0.1; +https://developer.amazon.com/support/amazonbot) Chrome/119.0.6045.214 Safari/537.36"
216.73.216.116 - - [04/Dec/2025:01:41:59 -0800] "GET /property/best-deal-2br-apartment-fully-furnished-burj-khalifa-view?path=%2Fhome%2Fdh_hwg2wc%2Ffnaluxury.com%2Fwp-content%2Fplugins%2Ffile-manager-advanced%2Fapplication%2Flibrary%2Fjs HTTP/2.0" 200 4015 "-" "Mozilla/5.0 AppleWebKit/537.36 (KHTML, like Gecko; compatible; ClaudeBot/1.0; +claudebot@anthropic.com)"
144.76.19.157 - - [04/Dec/2025:01:41:59 -0800] "GET /hello-world/?path=/sys/block/nbd1/mq/0/cpu37 HTTP/1.1" 200 3268 "-" "Mozilla/5.0 (compatible; SERankingBacklinksBot/1.0; +https://seranking.com/backlinks-crawler)"
74.7.227.32 - - [04/Dec/2025:01:41:59 -0800] "GET /item_support/what_is_item_support/8988002?fileloc=//sys/class/net/phy0/master/tx_queue_len&path=//sys/class/net/phy0/master HTTP/2.0" 200 2608 "-" "Mozilla/5.0 AppleWebKit/537.36 (KHTML, like Gecko; compatible; GPTBot/1.3; +https://openai.com/gptbot)"
43.173.181.36 - - [04/Dec/2025:01:42:00 -0800] "GET /home-with-video/?fileloc=//sys/devices/amd_iommu_3/events/mem_pass_pretrans&path=//sys/devices/amd_iommu_3/events HTTP/1.1" 200 6157 "-" "Mozilla/5.0 (Windows NT 6.1; Win64; x64) AppleWebKit/537.36 (KHTML, like Gecko) Chrome/126.0.6478.114 Safari/537.36"
217.113.194.100 - - [04/Dec/2025:01:42:00 -0800] "GET /label/hot-offer/?fileloc=//lib/git-core/git-difftool&path=//lib/git-core HTTP/1.1" 500 1268917 "-" "Mozilla/5.0 (compatible; Barkrowler/0.9; +https://babbar.tech/crawler)"
74.7.242.13 - - [04/Dec/2025:01:42:01 -0800] "GET /property/beautiful-5bhk-semi-attached-villa-with-burj-al-arab-view-for-rent-in-umm-suqeim-2/?path=//sys/devices/pci0000:40/firmware_node/device:ac/device:ad/subsystem/devices/device:cc/device:cd/device:cf/subsystem/devices/device:ac/device:ad/subsystem/devices/device:ee/subsystem/devices/device:bc/device:be/subsystem/devices/device:cb/device:cc/device:cd/device:ce/subsystem/devices/device:ad HTTP/2.0" 200 3407 "-" "Mozilla/5.0 AppleWebKit/537.36 (KHTML, like Gecko; compatible; GPTBot/1.3; +https://openai.com/gptbot)"
52.0.105.244 - - [04/Dec/2025:01:42:02 -0800] "GET /property/building-for-sale-in-dubailand/?path=//sys/bus/platform/drivers/reg-dummy/reg-dummy/subsystem/devices/reg-dummy/subsystem/devices/reg-dummy/subsystem/devices/IPI0001:00/subsystem/drivers/PCCT HTTP/1.1" 200 6501 "-" "Mozilla/5.0 AppleWebKit/537.36 (KHTML, like Gecko; compatible; Amazonbot/0.1; +https://developer.amazon.com/support/amazonbot) Chrome/119.0.6045.214 Safari/537.36"
216.73.216.116 - - [04/Dec/2025:01:42:02 -0800] "GET /property/best-deal-2br-apartment-fully-furnished-burj-khalifa-view?fileloc=%2F%2Fusr%2Finclude%2Flinux%2Fipc.h&path=%2F%2Fusr%2Finclude%2Flinux HTTP/2.0" 200 3608 "-" "Mozilla/5.0 AppleWebKit/537.36 (KHTML, like Gecko; compatible; ClaudeBot/1.0; +claudebot@anthropic.com)"
74.7.227.32 - - [04/Dec/2025:01:42:03 -0800] "GET /item_support/what_is_item_support/8988002?fileloc=//sys/class/net/phy0/master/link_mode&path=//sys/class/net/phy0/master HTTP/2.0" 200 2604 "-" "Mozilla/5.0 AppleWebKit/537.36 (KHTML, like Gecko; compatible; GPTBot/1.3; +https://openai.com/gptbot)"
74.7.242.13 - - [04/Dec/2025:01:42:04 -0800] "GET /property/beautiful-5bhk-semi-attached-villa-with-burj-al-arab-view-for-rent-in-umm-suqeim-2/?path=//sys/devices/pci0000:40/firmware_node/device:ac/device:ad/subsystem/devices/device:cc/device:cd/device:cf/subsystem/devices/device:ac/device:ad/subsystem/devices/device:ee/subsystem/devices/device:bc/device:be/subsystem/devices/device:cb/device:cc/device:cd/device:ce/subsystem/devices/device:cb HTTP/2.0" 200 3492 "-" "Mozilla/5.0 AppleWebKit/537.36 (KHTML, like Gecko; compatible; GPTBot/1.3; +https://openai.com/gptbot)"
216.73.216.116 - - [04/Dec/2025:01:42:05 -0800] "GET /property/best-deal-2br-apartment-fully-furnished-burj-khalifa-view?fileloc=%2F%2Fusr%2Finclude%2Flinux%2Fvm_sockets.h&path=%2F%2Fusr%2Finclude%2Flinux HTTP/2.0" 200 5265 "-" "Mozilla/5.0 AppleWebKit/537.36 (KHTML, like Gecko; compatible; ClaudeBot/1.0; +claudebot@anthropic.com)"
43.173.174.72 - - [04/Dec/2025:01:42:06 -0800] "GET /property/penthouse-4bhk-panoramic-and-sea-view/?path=//etc/ca-certificates HTTP/1.1" 200 6446 "-" "Mozilla/5.0 (Windows NT 10.0; Win64; x64) AppleWebKit/537.36 (KHTML, like Gecko) Chrome/133.0.0.0 Safari/537.36"
74.7.227.32 - - [04/Dec/2025:01:42:06 -0800] "GET /item_support/what_is_item_support/8988002?fileloc=//sys/class/net/phy0/device/reset&path=//sys/class/net/phy0/device HTTP/2.0" 200 2601 "-" "Mozilla/5.0 AppleWebKit/537.36 (KHTML, like Gecko; compatible; GPTBot/1.3; +https://openai.com/gptbot)"
74.7.242.13 - - [04/Dec/2025:01:42:07 -0800] "GET /property/beautiful-5bhk-semi-attached-villa-with-burj-al-arab-view-for-rent-in-umm-suqeim-2/?path=//sys/devices/pci0000:40/firmware_node/device:ac/device:ad/subsystem/devices/device:cc/device:cd/device:cf/subsystem/devices/device:ac/device:ad/subsystem/devices/device:ee/subsystem/devices/device:bc/device:be/subsystem/devices/device:cb/device:cc/device:cd/device:ce/subsystem/devices/device:df HTTP/2.0" 200 3410 "-" "Mozilla/5.0 AppleWebKit/537.36 (KHTML, like Gecko; compatible; GPTBot/1.3; +https://openai.com/gptbot)"
3.216.227.216 - - [04/Dec/2025:01:42:07 -0800] "GET /property/brand-new-villa-2/?path=//sys/devices/platform/reg-dummy/subsystem/devices/microcode/subsystem/drivers/reg-dummy/reg-dummy/driver/reg-dummy/subsystem/drivers/PCCT/PCCT/driver/PCCT/driver/PCCT/subsystem/drivers/acpi-fan HTTP/1.1" 200 6552 "-" "Mozilla/5.0 AppleWebKit/537.36 (KHTML, like Gecko; compatible; Amazonbot/0.1; +https://developer.amazon.com/support/amazonbot) Chrome/119.0.6045.214 Safari/537.36"
114.119.154.200 - - [04/Dec/2025:01:42:07 -0800] "GET /status/for-rent/page/6?path=//sys/module/libceph HTTP/1.1" 200 6568 "https://www.fnaluxury.com/status/for-rent/page/6?path=//sys/module" "Mozilla/5.0 (Linux; Android 7.0;) AppleWebKit/537.36 (KHTML, like Gecko) Mobile Safari/537.36 (compatible; PetalBot;+https://webmaster.petalsearch.com/site/petalbot)"
216.73.216.116 - - [04/Dec/2025:01:42:08 -0800] "GET /property/best-deal-2br-apartment-fully-furnished-burj-khalifa-view?fileloc=%2F%2Fusr%2Finclude%2Flinux%2Fnfs.h&path=%2F%2Fusr%2Finclude%2Flinux HTTP/2.0" 200 4095 "-" "Mozilla/5.0 AppleWebKit/537.36 (KHTML, like Gecko; compatible; ClaudeBot/1.0; +claudebot@anthropic.com)"
74.7.227.32 - - [04/Dec/2025:01:42:09 -0800] "GET /item_support/what_is_item_support/8988002?fileloc=//sys/class/net/phy0/device/vpd&path=//sys/class/net/phy0/device HTTP/2.0" 200 2599 "-" "Mozilla/5.0 AppleWebKit/537.36 (KHTML, like Gecko; compatible; GPTBot/1.3; +https://openai.com/gptbot)"
44.217.255.167 - - [04/Dec/2025:01:42:10 -0800] "GET /property/brand-new-villa-2/?path=//sys/bus/platform/drivers/reg-dummy/reg-dummy/driver/reg-dummy/subsystem/devices/reg-dummy/subsystem/devices/PCCT/subsystem/devices/IPI0001:00/subsystem/drivers/acpi-fan HTTP/1.1" 200 6525 "-" "Mozilla/5.0 AppleWebKit/537.36 (KHTML, like Gecko; compatible; Amazonbot/0.1; +https://developer.amazon.com/support/amazonbot) Chrome/119.0.6045.214 Safari/537.36"
144.76.19.157 - - [04/Dec/2025:01:42:10 -0800] "GET /feature/balcony/?path=/lib/python3.10/xmlrpc HTTP/1.1" 200 3731 "-" "Mozilla/5.0 (compatible; SERankingBacklinksBot/1.0; +https://seranking.com/backlinks-crawler)"
216.73.216.116 - - [04/Dec/2025:01:42:11 -0800] "GET /property/best-deal-2br-apartment-fully-furnished-burj-khalifa-view?fileloc=%2Fhome%2Fdh_hwg2wc%2Ffnaluxury.com%2Fwp-content%2Fplugins%2Fwordfence%2Fviews%2Fscanner%2Fscanner-status.php&path=%2Fhome%2Fdh_hwg2wc%2Ffnaluxury.com%2Fwp-content%2Fplugins%2Fwordfence%2Fviews%2Fscanner HTTP/2.0" 200 4043 "-" "Mozilla/5.0 AppleWebKit/537.36 (KHTML, like Gecko; compatible; ClaudeBot/1.0; +claudebot@anthropic.com)"
74.7.242.13 - - [04/Dec/2025:01:42:10 -0800] "GET /property/beautiful-5bhk-semi-attached-villa-with-burj-al-arab-view-for-rent-in-umm-suqeim-2/?path=//sys/devices/pci0000:40/firmware_node/device:ac/device:ad/subsystem/devices/device:cc/device:cd/device:cf/subsystem/devices/device:ac/device:ad/subsystem/devices/device:ee/subsystem/devices/device:ec/device:ed/subsystem/devices/device:cb/device:cc/device:cd/device:ce/subsystem/devices HTTP/2.0" 200 24528 "-" "Mozilla/5.0 AppleWebKit/537.36 (KHTML, like Gecko; compatible; GPTBot/1.3; +https://openai.com/gptbot)"
74.7.227.32 - - [04/Dec/2025:01:42:12 -0800] "GET /item_support/what_is_item_support/8988002?fileloc=//sys/class/net/phy0/master/dev_id&path=//sys/class/net/phy0/master HTTP/2.0" 200 2603 "-" "Mozilla/5.0 AppleWebKit/537.36 (KHTML, like Gecko; compatible; GPTBot/1.3; +https://openai.com/gptbot)"
74.7.242.13 - - [04/Dec/2025:01:42:13 -0800] "GET /property/beautiful-5bhk-semi-attached-villa-with-burj-al-arab-view-for-rent-in-umm-suqeim-2/?path=//sys/devices/pci0000:40/firmware_node/device:ac/device:ad/subsystem/devices/device:cc/device:cd/device:cf/subsystem/devices/device:ac/device:ad/subsystem/devices/device:ee/subsystem/devices/device:ec/device:ed/subsystem/devices/device:cb/device:cc/device:cd/device:ce/subsystem/drivers HTTP/2.0" 200 3324 "-" "Mozilla/5.0 AppleWebKit/537.36 (KHTML, like Gecko; compatible; GPTBot/1.3; +https://openai.com/gptbot)"
216.73.216.116 - - [04/Dec/2025:01:42:14 -0800] "GET /property/best-deal-2br-apartment-fully-furnished-burj-khalifa-view?fileloc=%2F%2Flib%2Fpython3.10%2F__pycache__%2Fargparse.cpython-310.pyc&path=%2F%2Flib%2Fpython3.10%2F__pycache__ HTTP/2.0" 200 27982 "-" "Mozilla/5.0 AppleWebKit/537.36 (KHTML, like Gecko; compatible; ClaudeBot/1.0; +claudebot@anthropic.com)"
