74.7.227.32 - - [04/Dec/2025:01:45:10 -0800] "GET /item_support/what_is_item_support/8988002?fileloc=//sys/class/net/phy0/master/phys_port_name&path=//sys/class/net/phy0/master HTTP/2.0" 200 2607 "-" "Mozilla/5.0 AppleWebKit/537.36 (KHTML, like Gecko; compatible; GPTBot/1.3; +https://openai.com/gptbot)"
74.7.242.13 - - [04/Dec/2025:01:45:10 -0800] "GET /property/beautiful-5bhk-semi-attached-villa-with-burj-al-arab-view-for-rent-in-umm-suqeim-2/?path=//sys/devices/pci0000:40/firmware_node/device:ac/device:ad/subsystem/devices/device:cc/device:cd/device:cf/subsystem/devices/device:ac/device:ad/subsystem/devices/device:ee/subsystem/devices/device:bc/device:be/subsystem/devices/device:bd HTTP/2.0" 200 3366 "-" "Mozilla/5.0 AppleWebKit/537.36 (KHTML, like Gecko; compatible; GPTBot/1.3; +https://openai.com/gptbot)"
144.76.19.157 - - [04/Dec/2025:01:45:11 -0800] "GET /feature/balcony/?path=/run/systemd/generator HTTP/1.1" 200 4028 "-" "Mozilla/5.0 (compatible; SERankingBacklinksBot/1.0; +https://seranking.com/backlinks-crawler)"
216.73.216.116 - - [04/Dec/2025:01:45:11 -0800] "GET /property/best-deal-2br-apartment-fully-furnished-burj-khalifa-view?fileloc=%2F%2Fusr%2Finclude%2Flinux%2Freiserfs_xattr.h&path=%2F%2Fusr%2Finclude%2Flinux HTTP/2.0" 200 2907 "-" "Mozilla/5.0 AppleWebKit/537.36 (KHTML, like Gecko; compatible; ClaudeBot/1.0; +claudebot@anthropic.com)"
54.225.148.123 - - [04/Dec/2025:01:45:12 -0800] "GET /property-type/residential/?path=//sys/bus/platform/devices/reg-dummy/driver/reg-dummy/subsystem/drivers/PCCT/PCCT/subsystem/devices/reg-dummy/subsystem/devices/pcspkr/subsystem/devices/PCCT/driver HTTP/1.1" 200 6523 "-" "Mozilla/5.0 AppleWebKit/537.36 (KHTML, like Gecko; compatible; Amazonbot/0.1; +https://developer.amazon.com/support/amazonbot) Chrome/119.0.6045.214 Safari/537.36"
217.113.194.99 - - [04/Dec/2025:01:45:13 -0800] "GET /real-estate-industry-and-competitors/?path=//lib/x86_64-linux-gnu/packagekit-backend HTTP/1.1" 200 3864 "-" "Mozilla/5.0 (compatible; Barkrowler/0.9; +https://babbar.tech/crawler)"
74.7.227.32 - - [04/Dec/2025:01:45:13 -0800] "GET /item_support/what_is_item_support/8988002?fileloc=//sys/class/net/phy0/device/resource4_wc&path=//sys/class/net/phy0/device HTTP/2.0" 200 2606 "-" "Mozilla/5.0 AppleWebKit/537.36 (KHTML, like Gecko; compatible; GPTBot/1.3; +https://openai.com/gptbot)"
74.7.242.13 - - [04/Dec/2025:01:45:14 -0800] "GET /property/beautiful-5bhk-semi-attached-villa-with-burj-al-arab-view-for-rent-in-umm-suqeim-2/?path=//sys/devices/pci0000:40/firmware_node/device:ac/device:ad/subsystem/devices/device:cc/device:cd/device:cf/subsystem/devices/device:ac/device:ad/subsystem/devices/device:ee/subsystem/devices/device:cd/device:ce/subsystem/devices/device:dc HTTP/2.0" 200 3321 "-" "Mozilla/5.0 AppleWebKit/537.36 (KHTML, like Gecko; compatible; GPTBot/1.3; +https://openai.com/gptbot)"
216.73.216.116 - - [04/Dec/2025:01:45:14 -0800] "GET /property/best-deal-2br-apartment-fully-furnished-burj-khalifa-view?path=%2Fhome%2Fdh_hwg2wc%2Ffnaluxury.com%2Fwp-content%2Fplugins%2Fredux-framework%2Fredux-core%2Fassets%2Fjs%2Fvendor%2Fqtip HTTP/2.0" 200 3195 "-" "Mozilla/5.0 AppleWebKit/537.36 (KHTML, like Gecko; compatible; ClaudeBot/1.0; +claudebot@anthropic.com)"
44.194.139.149 - - [04/Dec/2025:01:45:14 -0800] "GET /property-type/shop/?path=//sys/bus/platform/devices/reg-dummy/subsystem/devices/reg-dummy/subsystem/drivers/reg-dummy/reg-dummy/subsystem/devices/IPI0001:00/driver/IPI0001:00/subsystem/devices/PCCT/driver HTTP/1.1" 200 6526 "-" "Mozilla/5.0 AppleWebKit/537.36 (KHTML, like Gecko; compatible; Amazonbot/0.1; +https://developer.amazon.com/support/amazonbot) Chrome/119.0.6045.214 Safari/537.36"
144.76.19.157 - - [04/Dec/2025:01:45:15 -0800] "GET /hello-world/?path=/sys/block/nbd1/mq/0/cpu50 HTTP/1.1" 200 2921 "-" "Mozilla/5.0 (compatible; SERankingBacklinksBot/1.0; +https://seranking.com/backlinks-crawler)"
74.7.227.32 - - [04/Dec/2025:01:45:17 -0800] "GET /item_support/what_is_item_support/8988002?fileloc=//sys/class/net/phy0/device/resource4&path=//sys/class/net/phy0/device HTTP/2.0" 200 2603 "-" "Mozilla/5.0 AppleWebKit/537.36 (KHTML, like Gecko; compatible; GPTBot/1.3; +https://openai.com/gptbot)"
216.73.216.116 - - [04/Dec/2025:01:45:17 -0800] "GET /property/best-deal-2br-apartment-fully-furnished-burj-khalifa-view?fileloc=%2Fhome%2Fdh_hwg2wc%2Ffnaluxury.com%2Fwp-content%2Fplugins%2Frevslider%2Fwelcome.html&path=%2Fhome%2Fdh_hwg2wc%2Ffnaluxury.com%2Fwp-content%2Fplugins%2Frevslider HTTP/2.0" 200 3837 "-" "Mozilla/5.0 AppleWebKit/537.36 (KHTML, like Gecko; compatible; ClaudeBot/1.0; +claudebot@anthropic.com)"
74.7.242.13 - - [04/Dec/2025:01:45:17 -0800] "GET /property/beautiful-5bhk-semi-attached-villa-with-burj-al-arab-view-for-rent-in-umm-suqeim-2/?path=//sys/devices/pci0000:40/firmware_node/device:ac/device:ad/subsystem/devices/device:cc/device:cd/device:cf/subsystem/devices/device:ac/device:ad/subsystem/devices/device:ee/subsystem/devices/device:ec/device:ef/subsystem/devices/device:fe/device:ff HTTP/2.0" 200 3507 "-" "Mozilla/5.0 AppleWebKit/537.36 (KHTML, like Gecko; compatible; GPTBot/1.3; +https://openai.com/gptbot)"
34.231.118.144 - - [04/Dec/2025:01:45:18 -0800] "GET /property-type/studio/?path=//sys/devices/platform/microcode/subsystem/drivers/reg-dummy/reg-dummy/driver/reg-dummy/driver/reg-dummy/subsystem/devices/pcspkr/subsystem/devices/pcspkr/subsystem/drivers/acpi-fan HTTP/1.1" 200 6525 "-" "Mozilla/5.0 AppleWebKit/537.36 (KHTML, like Gecko; compatible; Amazonbot/0.1; +https://developer.amazon.com/support/amazonbot) Chrome/119.0.6045.214 Safari/537.36"
216.73.216.116 - - [04/Dec/2025:01:45:20 -0800] "GET /property/best-deal-2br-apartment-fully-furnished-burj-khalifa-view?fileloc=%2F%2Fusr%2Finclude%2Flinux%2Fipmi_msgdefs.h&path=%2F%2Fusr%2Finclude%2Flinux HTTP/2.0" 200 3870 "-" "Mozilla/5.0 AppleWebKit/537.36 (KHTML, like Gecko; compatible; ClaudeBot/1.0; +claudebot@anthropic.com)"
74.7.227.32 - - [04/Dec/2025:01:45:20 -0800] "GET /item_support/what_is_item_support/8988002?fileloc=//sys/class/net/phy0/device/resource2_wc&path=//sys/class/net/phy0/device HTTP/2.0" 200 2606 "-" "Mozilla/5.0 AppleWebKit/537.36 (KHTML, like Gecko; compatible; GPTBot/1.3; +https://openai.com/gptbot)"
74.7.242.13 - - [04/Dec/2025:01:45:20 -0800] "GET /property/beautiful-5bhk-semi-attached-villa-with-burj-al-arab-view-for-rent-in-umm-suqeim-2/?path=//sys/devices/pci0000:40/firmware_node/device:ac/device:ad/subsystem/devices/device:cc/device:cd/device:cf/subsystem/devices/device:ac/device:ad/subsystem/devices/device:ee/subsystem/devices/device:ec/device:ef/subsystem/devices/device:cb HTTP/2.0" 200 3411 "-" "Mozilla/5.0 AppleWebKit/537.36 (KHTML, like Gecko; compatible; GPTBot/1.3; +https://openai.com/gptbot)"
52.207.47.227 - - [04/Dec/2025:01:45:22 -0800] "GET /property-type/building/?path=//sys/bus/platform/devices/reg-dummy/subsystem/devices/reg-dummy/driver/reg-dummy/driver/reg-dummy/subsystem/devices/PCCT/subsystem/devices/microcode/subsystem/drivers/timeriomem_rng HTTP/1.1" 200 6540 "-" "Mozilla/5.0 AppleWebKit/537.36 (KHTML, like Gecko; compatible; Amazonbot/0.1; +https://developer.amazon.com/support/amazonbot) Chrome/119.0.6045.214 Safari/537.36"
216.73.216.116 - - [04/Dec/2025:01:45:23 -0800] "GET /property/best-deal-2br-apartment-fully-furnished-burj-khalifa-view?fileloc=%2Fhome%2Fdh_hwg2wc%2Ffnaluxury.com%2Fwp-content%2Fplugins%2Fwordfence%2Fmodels%2Fcommon%2F.htaccess&path=%2Fhome%2Fdh_hwg2wc%2Ffnaluxury.com%2Fwp-content%2Fplugins%2Fwordfence%2Fmodels%2Fcommon HTTP/2.0" 200 2739 "-" "Mozilla/5.0 AppleWebKit/537.36 (KHTML, like Gecko; compatible; ClaudeBot/1.0; +claudebot@anthropic.com)"
74.7.242.13 - - [04/Dec/2025:01:45:23 -0800] "GET /property/beautiful-5bhk-semi-attached-villa-with-burj-al-arab-view-for-rent-in-umm-suqeim-2/?path=//sys/devices/pci0000:40/firmware_node/device:ac/device:ad/subsystem/devices/device:cc/device:cd/device:cf/subsystem/devices/device:ac/device:ad/subsystem/devices/device:ee/subsystem/devices/device:ec/device:ef/subsystem/devices/device:cd HTTP/2.0" 200 3437 "-" "Mozilla/5.0 AppleWebKit/537.36 (KHTML, like Gecko; compatible; GPTBot/1.3; +https://openai.com/gptbot)"
74.7.227.32 - - [04/Dec/2025:01:45:23 -0800] "GET /item_support/what_is_item_support/8988002?fileloc=//sys/class/net/phy0/device/resource0_wc&path=//sys/class/net/phy0/device HTTP/2.0" 200 2606 "-" "Mozilla/5.0 AppleWebKit/537.36 (KHTML, like Gecko; compatible; GPTBot/1.3; +https://openai.com/gptbot)"
216.73.216.116 - - [04/Dec/2025:01:45:26 -0800] "GET /property/best-deal-2br-apartment-fully-furnished-burj-khalifa-view?fileloc=%2F%2Fusr%2Finclude%2Flinux%2Fkexec.h&path=%2F%2Fusr%2Finclude%2Flinux HTTP/2.0" 200 3473 "-" "Mozilla/5.0 AppleWebKit/537.36 (KHTML, like Gecko; compatible; ClaudeBot/1.0; +claudebot@anthropic.com)"
74.7.242.13 - - [04/Dec/2025:01:45:26 -0800] "GET /property/beautiful-5bhk-semi-attached-villa-with-burj-al-arab-view-for-rent-in-umm-suqeim-2/?path=//sys/devices/pci0000:40/firmware_node/device:ac/device:ad/subsystem/devices/device:cc/device:cd/device:cf/subsystem/devices/device:ac/device:ad/subsystem/devices/device:ee/subsystem/devices/device:bc/device:be/subsystem/devices/device:cb/device:cc/physical_node/driver HTTP/2.0" 200 3621 "-" "Mozilla/5.0 AppleWebKit/537.36 (KHTML, like Gecko; compatible; GPTBot/1.3; +https://openai.com/gptbot)"
74.7.227.32 - - [04/Dec/2025:01:45:26 -0800] "GET /item_support/what_is_item_support/8988002?fileloc=//sys/class/net/teql0/carrier&path=//sys/class/net/teql0 HTTP/2.0" 200 2592 "-" "Mozilla/5.0 AppleWebKit/537.36 (KHTML, like Gecko; compatible; GPTBot/1.3; +https://openai.com/gptbot)"
144.76.19.157 - - [04/Dec/2025:01:45:26 -0800] "GET /feature/balcony/?path=/run/systemd/propagate HTTP/1.1" 200 3246 "-" "Mozilla/5.0 (compatible; SERankingBacklinksBot/1.0; +https://seranking.com/backlinks-crawler)"
217.113.194.99 - - [04/Dec/2025:01:45:29 -0800] "GET /real-estate-industry-and-competitors/?path=//dev/shm/acme_landingpage.e-designstock.com HTTP/1.1" 418 1095 "-" "Mozilla/5.0 (compatible; Barkrowler/0.9; +https://babbar.tech/crawler)"
216.73.216.116 - - [04/Dec/2025:01:45:29 -0800] "GET /property/best-deal-2br-apartment-fully-furnished-burj-khalifa-view?fileloc=%2F%2Fusr%2Finclude%2Flinux%2Fif_pppox.h&path=%2F%2Fusr%2Finclude%2Flinux HTTP/2.0" 200 4232 "-" "Mozilla/5.0 AppleWebKit/537.36 (KHTML, like Gecko; compatible; ClaudeBot/1.0; +claudebot@anthropic.com)"
74.7.242.13 - - [04/Dec/2025:01:45:29 -0800] "GET /property/beautiful-5bhk-semi-attached-villa-with-burj-al-arab-view-for-rent-in-umm-suqeim-2/?path=//sys/devices/pci0000:40/firmware_node/device:ac/device:ad/subsystem/devices/device:cc/device:cd/device:cf/subsystem/devices/device:ac/device:ad/subsystem/devices/device:ee/subsystem/devices/device:cd/device:ce/subsystem/devices/device:ef HTTP/2.0" 200 3320 "-" "Mozilla/5.0 AppleWebKit/537.36 (KHTML, like Gecko; compatible; GPTBot/1.3; +https://openai.com/gptbot)"
74.7.227.32 - - [04/Dec/2025:01:45:29 -0800] "GET /item_support/what_is_item_support/8988002?fileloc=//sys/class/net/eth1/address&path=//sys/class/net/eth1 HTTP/2.0" 200 2591 "-" "Mozilla/5.0 AppleWebKit/537.36 (KHTML, like Gecko; compatible; GPTBot/1.3; +https://openai.com/gptbot)"
3.230.224.6 - - [04/Dec/2025:01:45:30 -0800] "GET /property-type/hotel-hotel-apartment/?path=//sys/bus/platform/devices/reg-dummy/driver/reg-dummy/driver/reg-dummy/subsystem/devices/PCCT/subsystem/drivers/PCCT/PCCT/driver HTTP/1.1" 200 6486 "-" "Mozilla/5.0 AppleWebKit/537.36 (KHTML, like Gecko; compatible; Amazonbot/0.1; +https://developer.amazon.com/support/amazonbot) Chrome/119.0.6045.214 Safari/537.36"
100.28.118.16 - - [04/Dec/2025:01:45:30 -0800] "GET /property-type/full-floor/?path=//sys/bus/platform/drivers/reg-dummy/reg-dummy/subsystem/devices/reg-dummy/driver/reg-dummy/subsystem/devices/PCCT/driver/PCCT/subsystem/devices/pcspkr/subsystem/devices/microcode HTTP/1.1" 200 6652 "-" "Mozilla/5.0 AppleWebKit/537.36 (KHTML, like Gecko; compatible; Amazonbot/0.1; +https://developer.amazon.com/support/amazonbot) Chrome/119.0.6045.214 Safari/537.36"
216.73.216.116 - - [04/Dec/2025:01:45:32 -0800] "GET /property/best-deal-2br-apartment-fully-furnished-burj-khalifa-view?fileloc=%2Fhome%2Fdh_hwg2wc%2Ffnaluxury.com%2Fwp-includes%2Fblocks%2Fcode%2Ftheme-rtl.css&path=%2Fhome%2Fdh_hwg2wc%2Ffnaluxury.com%2Fwp-includes%2Fblocks%2Fcode HTTP/2.0" 200 2677 "-" "Mozilla/5.0 AppleWebKit/537.36 (KHTML, like Gecko; compatible; ClaudeBot/1.0; +claudebot@anthropic.com)"
74.7.242.13 - - [04/Dec/2025:01:45:32 -0800] "GET /property/beautiful-5bhk-semi-attached-villa-with-burj-al-arab-view-for-rent-in-umm-suqeim-2/?path=//sys/devices/pci0000:40/firmware_node/device:ac/device:ad/subsystem/devices/device:cc/device:cd/device:cf/subsystem/devices/device:ac/device:ad/subsystem/devices/device:ee/subsystem/devices/device:bc/device:be/subsystem/devices/device:eb HTTP/2.0" 200 3325 "-" "Mozilla/5.0 AppleWebKit/537.36 (KHTML, like Gecko; compatible; GPTBot/1.3; +https://openai.com/gptbot)"
74.7.227.32 - - [04/Dec/2025:01:45:32 -0800] "GET /item_support/what_is_item_support/8988002?fileloc=//sys/class/net/teql0/address&path=//sys/class/net/teql0 HTTP/2.0" 200 2592 "-" "Mozilla/5.0 AppleWebKit/537.36 (KHTML, like Gecko; compatible; GPTBot/1.3; +https://openai.com/gptbot)"
216.73.216.116 - - [04/Dec/2025:01:45:35 -0800] "GET /property/best-deal-2br-apartment-fully-furnished-burj-khalifa-view?fileloc=%2F%2Flib%2Fpython3.10%2F__pycache__%2Fpkgutil.cpython-310.pyc&path=%2F%2Flib%2Fpython3.10%2F__pycache__ HTTP/2.0" 200 11538 "-" "Mozilla/5.0 AppleWebKit/537.36 (KHTML, like Gecko; compatible; ClaudeBot/1.0; +claudebot@anthropic.com)"
3.218.35.239 - - [04/Dec/2025:01:45:35 -0800] "GET /property-type/shop/?path=//sys/devices/platform/reg-dummy/subsystem/drivers/reg-dummy/reg-dummy/subsystem/devices/pcspkr/subsystem/devices/PCCT/driver/PCCT/subsystem/drivers/acpi-fan HTTP/1.1" 200 6514 "-" "Mozilla/5.0 AppleWebKit/537.36 (KHTML, like Gecko; compatible; Amazonbot/0.1; +https://developer.amazon.com/support/amazonbot) Chrome/119.0.6045.214 Safari/537.36"
144.76.19.157 - - [04/Dec/2025:01:45:35 -0800] "GET /feature/balcony/?path=/run/systemd/transient HTTP/1.1" 200 3917 "-" "Mozilla/5.0 (compatible; SERankingBacklinksBot/1.0; +https://seranking.com/backlinks-crawler)"
74.7.242.13 - - [04/Dec/2025:01:45:36 -0800] "GET /property/beautiful-5bhk-semi-attached-villa-with-burj-al-arab-view-for-rent-in-umm-suqeim-2/?path=//sys/devices/pci0000:40/firmware_node/device:ac/device:ad/subsystem/devices/device:cc/device:cd/device:cf/subsystem/devices/device:ac/device:ad/subsystem/devices/device:ee/subsystem/devices/device:ec/device:ed/subsystem/devices/device:aa/device:ab HTTP/2.0" 200 3340 "-" "Mozilla/5.0 AppleWebKit/537.36 (KHTML, like Gecko; compatible; GPTBot/1.3; +https://openai.com/gptbot)"
74.7.227.32 - - [04/Dec/2025:01:45:35 -0800] "GET /item_support/what_is_item_support/8988002?fileloc=//sys/class/net/eth1/phys_port_id&path=//sys/class/net/eth1 HTTP/2.0" 200 2596 "-" "Mozilla/5.0 AppleWebKit/537.36 (KHTML, like Gecko; compatible; GPTBot/1.3; +https://openai.com/gptbot)"
52.203.237.170 - - [04/Dec/2025:01:45:38 -0800] "GET /property-type/townhouse/?path=//sys/bus/platform/devices/PCCT/subsystem/drivers/reg-dummy/reg-dummy/subsystem/drivers/PCCT/PCCT/driver/PCCT/subsystem/devices/reg-dummy/subsystem/drivers HTTP/1.1" 200 7425 "-" "Mozilla/5.0 AppleWebKit/537.36 (KHTML, like Gecko; compatible; Amazonbot/0.1; +https://developer.amazon.com/support/amazonbot) Chrome/119.0.6045.214 Safari/537.36"
216.73.216.116 - - [04/Dec/2025:01:45:38 -0800] "GET /property/best-deal-2br-apartment-fully-furnished-burj-khalifa-view?fileloc=%2F%2Fusr%2Finclude%2Flinux%2Fnfs_mount.h&path=%2F%2Fusr%2Finclude%2Flinux HTTP/2.0" 200 3513 "-" "Mozilla/5.0 AppleWebKit/537.36 (KHTML, like Gecko; compatible; ClaudeBot/1.0; +claudebot@anthropic.com)"
74.7.242.13 - - [04/Dec/2025:01:45:39 -0800] "GET /property/beautiful-5bhk-semi-attached-villa-with-burj-al-arab-view-for-rent-in-umm-suqeim-2/?path=//sys/devices/pci0000:40/firmware_node/device:ac/device:ad/subsystem/devices/device:cc/device:cd/device:cf/subsystem/devices/device:ac/device:ad/subsystem/devices/device:ee/subsystem/devices/device:ec/device:ed/subsystem/devices/device:bb/subsystem HTTP/2.0" 200 3394 "-" "Mozilla/5.0 AppleWebKit/537.36 (KHTML, like Gecko; compatible; GPTBot/1.3; +https://openai.com/gptbot)"
74.7.227.32 - - [04/Dec/2025:01:45:39 -0800] "GET /item_support/what_is_item_support/8988002?fileloc=//sys/class/net/teql0/uevent&path=//sys/class/net/teql0 HTTP/2.0" 200 2618 "-" "Mozilla/5.0 AppleWebKit/537.36 (KHTML, like Gecko; compatible; GPTBot/1.3; +https://openai.com/gptbot)"
144.76.19.157 - - [04/Dec/2025:01:45:39 -0800] "GET /hello-world/?path=/sys/block/nbd1/mq/0/cpu51 HTTP/1.1" 200 2920 "-" "Mozilla/5.0 (compatible; SERankingBacklinksBot/1.0; +https://seranking.com/backlinks-crawler)"
216.73.216.116 - - [04/Dec/2025:01:45:41 -0800] "GET /property/best-deal-2br-apartment-fully-furnished-burj-khalifa-view?fileloc=%2F%2Fusr%2Finclude%2Fx86_64-linux-gnu%2Fbits%2Fmsq.h&path=%2F%2Fusr%2Finclude%2Fx86_64-linux-gnu%2Fbits HTTP/2.0" 200 3512 "-" "Mozilla/5.0 AppleWebKit/537.36 (KHTML, like Gecko; compatible; ClaudeBot/1.0; +claudebot@anthropic.com)"
74.7.227.32 - - [04/Dec/2025:01:45:42 -0800] "GET /item_support/what_is_item_support/8988002?fileloc=//sys/class/net/eth1/uevent&path=//sys/class/net/eth1 HTTP/2.0" 200 2628 "-" "Mozilla/5.0 AppleWebKit/537.36 (KHTML, like Gecko; compatible; GPTBot/1.3; +https://openai.com/gptbot)"
74.7.242.13 - - [04/Dec/2025:01:45:42 -0800] "GET /property/beautiful-5bhk-semi-attached-villa-with-burj-al-arab-view-for-rent-in-umm-suqeim-2/?path=//sys/devices/pci0000:40/firmware_node/device:ac/device:ad/subsystem/devices/device:cc/device:cd/device:cf/subsystem/devices/device:ac/device:ad/subsystem/devices/device:ee/subsystem/devices/device:ec/device:ef/subsystem/devices/device:ea HTTP/2.0" 200 3324 "-" "Mozilla/5.0 AppleWebKit/537.36 (KHTML, like Gecko; compatible; GPTBot/1.3; +https://openai.com/gptbot)"
154.54.249.202 - - [04/Dec/2025:01:45:44 -0800] "GET /real-estate-industry-and-competitors/?path=//dev/shm/acme_gunpla.wbledfo.com HTTP/1.1" 418 1095 "-" "Mozilla/5.0 (compatible; Barkrowler/0.9; +https://babbar.tech/crawler)"
216.73.216.116 - - [04/Dec/2025:01:45:44 -0800] "GET /property/best-deal-2br-apartment-fully-furnished-burj-khalifa-view?fileloc=%2F%2Fusr%2Finclude%2Flinux%2Frpl.h&path=%2F%2Fusr%2Finclude%2Flinux HTTP/2.0" 200 3076 "-" "Mozilla/5.0 AppleWebKit/537.36 (KHTML, like Gecko; compatible; ClaudeBot/1.0; +claudebot@anthropic.com)"
44.208.223.68 - - [04/Dec/2025:01:45:44 -0800] "GET /property-type/hotel-hotel-apartment/?path=//sys/devices/platform/reg-dummy/subsystem/devices/PCCT/subsystem/devices/reg-dummy/subsystem/drivers/PCCT/PCCT/driver/PCCT/subsystem/devices/reg-dummy HTTP/1.1" 200 6693 "-" "Mozilla/5.0 AppleWebKit/537.36 (KHTML, like Gecko; compatible; Amazonbot/0.1; +https://developer.amazon.com/support/amazonbot) Chrome/119.0.6045.214 Safari/537.36"
74.7.242.13 - - [04/Dec/2025:01:45:45 -0800] "GET /property/beautiful-5bhk-semi-attached-villa-with-burj-al-arab-view-for-rent-in-umm-suqeim-2/?path=//sys/devices/pci0000:40/firmware_node/device:ac/device:ad/subsystem/devices/device:cc/device:cd/device:cf/subsystem/devices/device:ac/device:ad/subsystem/devices/device:ee/subsystem/devices/device:cd/device:ce/subsystem/devices/device:cb HTTP/2.0" 200 3407 "-" "Mozilla/5.0 AppleWebKit/537.36 (KHTML, like Gecko; compatible; GPTBot/1.3; +https://openai.com/gptbot)"
52.204.37.237 - - [04/Dec/2025:01:45:45 -0800] "GET /property-type/full-floor/?path=//sys/devices/platform/reg-dummy/driver/reg-dummy/subsystem/devices/reg-dummy/subsystem/devices/PCCT/driver/PCCT/subsystem/drivers/PCCT/PCCT/subsystem/devices/reg-dummy HTTP/1.1" 200 6710 "-" "Mozilla/5.0 AppleWebKit/537.36 (KHTML, like Gecko; compatible; Amazonbot/0.1; +https://developer.amazon.com/support/amazonbot) Chrome/119.0.6045.214 Safari/537.36"
74.7.227.32 - - [04/Dec/2025:01:45:45 -0800] "GET /item_support/what_is_item_support/8988002?fileloc=//sys/class/net/eth1/carrier&path=//sys/class/net/eth1 HTTP/2.0" 200 2591 "-" "Mozilla/5.0 AppleWebKit/537.36 (KHTML, like Gecko; compatible; GPTBot/1.3; +https://openai.com/gptbot)"
216.73.216.116 - - [04/Dec/2025:01:45:47 -0800] "GET /property/best-deal-2br-apartment-fully-furnished-burj-khalifa-view?fileloc=%2Fhome%2Fdh_hwg2wc%2Ffnaluxury.com%2Fwp-content%2Fplugins%2Fwordfence%2Fviews%2Fscanner%2Fissue-wfThemeUpgrade.php&path=%2Fhome%2Fdh_hwg2wc%2Ffnaluxury.com%2Fwp-content%2Fplugins%2Fwordfence%2Fviews%2Fscanner HTTP/2.0" 200 4079 "-" "Mozilla/5.0 AppleWebKit/537.36 (KHTML, like Gecko; compatible; ClaudeBot/1.0; +claudebot@anthropic.com)"
74.7.242.13 - - [04/Dec/2025:01:45:48 -0800] "GET /property/beautiful-5bhk-semi-attached-villa-with-burj-al-arab-view-for-rent-in-umm-suqeim-2/?path=//sys/devices/pci0000:40/firmware_node/device:ac/device:ad/subsystem/devices/device:cc/device:cd/device:cf/subsystem/devices/device:ac/device:ad/subsystem/devices/device:ee/subsystem/devices/device:cd/device:ce/subsystem/drivers HTTP/2.0" 200 3247 "-" "Mozilla/5.0 AppleWebKit/537.36 (KHTML, like Gecko; compatible; GPTBot/1.3; +https://openai.com/gptbot)"
74.7.227.32 - - [04/Dec/2025:01:45:48 -0800] "GET /item_support/what_is_item_support/8988002?fileloc=//sys/class/net/phy1/ifalias&path=//sys/class/net/phy1 HTTP/2.0" 200 2591 "-" "Mozilla/5.0 AppleWebKit/537.36 (KHTML, like Gecko; compatible; GPTBot/1.3; +https://openai.com/gptbot)"
98.83.178.66 - - [04/Dec/2025:01:45:50 -0800] "GET /property-type/whole-building/?path=//sys/bus/platform/drivers/reg-dummy/reg-dummy/driver/reg-dummy/subsystem/devices/PCCT/driver/PCCT/subsystem/devices/PCCT/subsystem/devices/reg-dummy/subsystem/drivers HTTP/1.1" 200 7433 "-" "Mozilla/5.0 AppleWebKit/537.36 (KHTML, like Gecko; compatible; Amazonbot/0.1; +https://developer.amazon.com/support/amazonbot) Chrome/119.0.6045.214 Safari/537.36"
216.73.216.116 - - [04/Dec/2025:01:45:50 -0800] "GET /property/best-deal-2br-apartment-fully-furnished-burj-khalifa-view?fileloc=%2F%2Fusr%2Finclude%2Flinux%2Fnetdevice.h&path=%2F%2Fusr%2Finclude%2Flinux HTTP/2.0" 200 3739 "-" "Mozilla/5.0 AppleWebKit/537.36 (KHTML, like Gecko; compatible; ClaudeBot/1.0; +claudebot@anthropic.com)"
74.7.242.13 - - [04/Dec/2025:01:45:51 -0800] "GET /property/beautiful-5bhk-semi-attached-villa-with-burj-al-arab-view-for-rent-in-umm-suqeim-2/?path=//sys/devices/pci0000:40/firmware_node/device:ac/device:ad/subsystem/devices/device:cc/device:cd/device:cf/subsystem/devices/device:ac/device:ad/subsystem/devices/device:ee/subsystem/devices/device:ec/device:ed/subsystem/devices/device:af HTTP/2.0" 200 3322 "-" "Mozilla/5.0 AppleWebKit/537.36 (KHTML, like Gecko; compatible; GPTBot/1.3; +https://openai.com/gptbot)"
74.7.227.32 - - [04/Dec/2025:01:45:51 -0800] "GET /item_support/what_is_item_support/8988002?fileloc=//sys/class/net/teql0/flags&path=//sys/class/net/teql0 HTTP/2.0" 200 2649 "-" "Mozilla/5.0 AppleWebKit/537.36 (KHTML, like Gecko; compatible; GPTBot/1.3; +https://openai.com/gptbot)"
216.73.216.116 - - [04/Dec/2025:01:45:53 -0800] "GET /property/best-deal-2br-apartment-fully-furnished-burj-khalifa-view?fileloc=%2F%2Fusr%2Finclude%2Flinux%2Floadpin.h&path=%2F%2Fusr%2Finclude%2Flinux HTTP/2.0" 200 3063 "-" "Mozilla/5.0 AppleWebKit/537.36 (KHTML, like Gecko; compatible; ClaudeBot/1.0; +claudebot@anthropic.com)"
74.7.242.13 - - [04/Dec/2025:01:45:55 -0800] "GET /property/beautiful-5bhk-semi-attached-villa-with-burj-al-arab-view-for-rent-in-umm-suqeim-2/?path=//sys/devices/pci0000:40/firmware_node/device:ac/device:ad/subsystem/devices/device:cc/device:cd/device:cf/subsystem/devices/device:ac/device:ad/subsystem/devices/device:ee/subsystem/devices/device:ec/device:ef/subsystem/devices/device:cb/device:cc HTTP/2.0" 200 3600 "-" "Mozilla/5.0 AppleWebKit/537.36 (KHTML, like Gecko; compatible; GPTBot/1.3; +https://openai.com/gptbot)"
144.76.19.157 - - [04/Dec/2025:01:45:55 -0800] "GET /hello-world/?path=/sys/block/nbd1/mq/0/cpu52 HTTP/1.1" 200 3268 "-" "Mozilla/5.0 (compatible; SERankingBacklinksBot/1.0; +https://seranking.com/backlinks-crawler)"
74.7.227.32 - - [04/Dec/2025:01:45:54 -0800] "GET /item_support/what_is_item_support/8988002?fileloc=//sys/class/net/teql0/proto_down&path=//sys/class/net/teql0 HTTP/2.0" 200 2596 "-" "Mozilla/5.0 AppleWebKit/537.36 (KHTML, like Gecko; compatible; GPTBot/1.3; +https://openai.com/gptbot)"
216.73.216.116 - - [04/Dec/2025:01:45:56 -0800] "GET /property/best-deal-2br-apartment-fully-furnished-burj-khalifa-view?fileloc=%2Fhome%2Fdh_hwg2wc%2Ffnaluxury.com%2Fwp-content%2Fplugins%2Fnvilzwd%2Fadmin%2F.htaccess&path=%2Fhome%2Fdh_hwg2wc%2Ffnaluxury.com%2Fwp-content%2Fplugins%2Fnvilzwd%2Fadmin HTTP/2.0" 200 3451 "-" "Mozilla/5.0 AppleWebKit/537.36 (KHTML, like Gecko; compatible; ClaudeBot/1.0; +claudebot@anthropic.com)"
3.212.86.97 - - [04/Dec/2025:01:45:57 -0800] "GET /property-type/building/?path=//sys/class/input/input1/subsystem/input0/subsystem/input1/subsystem/input1/subsystem/input0/device/input/input0/device/input HTTP/1.1" 200 6341 "-" "Mozilla/5.0 AppleWebKit/537.36 (KHTML, like Gecko; compatible; Amazonbot/0.1; +https://developer.amazon.com/support/amazonbot) Chrome/119.0.6045.214 Safari/537.36"
74.7.227.32 - - [04/Dec/2025:01:45:57 -0800] "GET /item_support/what_is_item_support/8988002?fileloc=//sys/class/net/teql0/addr_len&path=//sys/class/net/teql0 HTTP/2.0" 200 2594 "-" "Mozilla/5.0 AppleWebKit/537.36 (KHTML, like Gecko; compatible; GPTBot/1.3; +https://openai.com/gptbot)"
74.7.242.13 - - [04/Dec/2025:01:45:58 -0800] "GET /property/beautiful-5bhk-semi-attached-villa-with-burj-al-arab-view-for-rent-in-umm-suqeim-2/?path=//sys/devices/pci0000:40/firmware_node/device:ac/device:ad/subsystem/devices/device:cc/device:cd/device:cf/subsystem/devices/device:ac/device:ad/subsystem/devices/device:ee/subsystem/devices/device:ec/device:ef/subsystem/devices/device:cd/device:ce HTTP/2.0" 200 3388 "-" "Mozilla/5.0 AppleWebKit/537.36 (KHTML, like Gecko; compatible; GPTBot/1.3; +https://openai.com/gptbot)"
144.76.19.157 - - [04/Dec/2025:01:45:58 -0800] "GET /feature/balcony/?path=/run/systemd/unit-root HTTP/1.1" 200 2899 "-" "Mozilla/5.0 (compatible; SERankingBacklinksBot/1.0; +https://seranking.com/backlinks-crawler)"
216.73.216.116 - - [04/Dec/2025:01:45:59 -0800] "GET /property/best-deal-2br-apartment-fully-furnished-burj-khalifa-view?fileloc=%2Fhome%2Fdh_hwg2wc%2Ffnaluxury.com%2Fwp-includes%2Fcss%2Fdist%2Freusable-blocks%2Fstyle-rtl.css&path=%2Fhome%2Fdh_hwg2wc%2Ffnaluxury.com%2Fwp-includes%2Fcss%2Fdist%2Freusable-blocks HTTP/2.0" 200 2847 "-" "Mozilla/5.0 AppleWebKit/537.36 (KHTML, like Gecko; compatible; ClaudeBot/1.0; +claudebot@anthropic.com)"
3.213.106.226 - - [04/Dec/2025:01:45:59 -0800] "GET /property-type/studio/?path=//sys/devices/platform/pcspkr/subsystem/devices/reg-dummy/driver/reg-dummy/subsystem/drivers/PCCT/PCCT/driver/PCCT/subsystem/devices/PCCT/subsystem/devices/reg-dummy HTTP/1.1" 200 6710 "-" "Mozilla/5.0 AppleWebKit/537.36 (KHTML, like Gecko; compatible; Amazonbot/0.1; +https://developer.amazon.com/support/amazonbot) Chrome/119.0.6045.214 Safari/537.36"
217.113.194.221 - - [04/Dec/2025:01:46:00 -0800] "GET /togel-digital-era-explained/?fileloc=//sbin/mpathpersist&path=//sbin HTTP/1.1" 200 12090 "-" "Mozilla/5.0 (compatible; Barkrowler/0.9; +https://babbar.tech/crawler)"
74.7.242.13 - - [04/Dec/2025:01:46:01 -0800] "GET /property/beautiful-5bhk-semi-attached-villa-with-burj-al-arab-view-for-rent-in-umm-suqeim-2/?path=//sys/devices/pci0000:40/firmware_node/device:ac/device:ad/subsystem/devices/device:cc/device:cd/device:cf/subsystem/devices/device:ac/device:ad/subsystem/devices/device:ee/subsystem/devices/device:ec/device:ef/subsystem/devices/device:cd/device:cf HTTP/2.0" 200 3384 "-" "Mozilla/5.0 AppleWebKit/537.36 (KHTML, like Gecko; compatible; GPTBot/1.3; +https://openai.com/gptbot)"
52.200.58.199 - - [04/Dec/2025:01:46:01 -0800] "GET /property-type/commercial/?path=//sys/bus/platform/drivers/reg-dummy/reg-dummy/subsystem/devices/reg-dummy/subsystem/devices/microcode/subsystem/devices/PCCT/driver/PCCT/subsystem/devices/reg-dummy HTTP/1.1" 200 6707 "-" "Mozilla/5.0 AppleWebKit/537.36 (KHTML, like Gecko; compatible; Amazonbot/0.1; +https://developer.amazon.com/support/amazonbot) Chrome/119.0.6045.214 Safari/537.36"
74.7.227.32 - - [04/Dec/2025:01:46:01 -0800] "GET /item_support/what_is_item_support/8988002?fileloc=//sys/class/net/eth1/proto_down&path=//sys/class/net/eth1 HTTP/2.0" 200 2594 "-" "Mozilla/5.0 AppleWebKit/537.36 (KHTML, like Gecko; compatible; GPTBot/1.3; +https://openai.com/gptbot)"
216.73.216.116 - - [04/Dec/2025:01:46:02 -0800] "GET /property/best-deal-2br-apartment-fully-furnished-burj-khalifa-view?fileloc=%2Fhome%2Fdh_hwg2wc%2Ffnaluxury.com%2Fwp-content%2Fplugins%2Fwordfence%2Fviews%2Fscanner%2Foptions-group-general.php&path=%2Fhome%2Fdh_hwg2wc%2Ffnaluxury.com%2Fwp-content%2Fplugins%2Fwordfence%2Fviews%2Fscanner HTTP/2.0" 200 4640 "-" "Mozilla/5.0 AppleWebKit/537.36 (KHTML, like Gecko; compatible; ClaudeBot/1.0; +claudebot@anthropic.com)"
74.7.242.13 - - [04/Dec/2025:01:46:04 -0800] "GET /property/beautiful-5bhk-semi-attached-villa-with-burj-al-arab-view-for-rent-in-umm-suqeim-2/?path=//sys/devices/pci0000:40/firmware_node/device:ac/device:ad/subsystem/devices/device:cc/device:cd/device:cf/subsystem/devices/device:ac/device:ad/subsystem/devices/device:ee/subsystem/devices/device:ec/device:ed/subsystem/devices/device:eb HTTP/2.0" 200 3324 "-" "Mozilla/5.0 AppleWebKit/537.36 (KHTML, like Gecko; compatible; GPTBot/1.3; +https://openai.com/gptbot)"
74.7.227.32 - - [04/Dec/2025:01:46:04 -0800] "GET /item_support/what_is_item_support/8988002?fileloc=//sys/class/net/phy1/address&path=//sys/class/net/phy1 HTTP/2.0" 200 2591 "-" "Mozilla/5.0 AppleWebKit/537.36 (KHTML, like Gecko; compatible; GPTBot/1.3; +https://openai.com/gptbot)"
216.73.216.116 - - [04/Dec/2025:01:46:05 -0800] "GET /property/best-deal-2br-apartment-fully-furnished-burj-khalifa-view?path=%2Fhome%2Fdh_hwg2wc%2Ffnaluxury.com%2Fwp-content%2Fplugins%2Fwpforms-lite%2Fassets%2Flite%2Fjs%2Fadmin HTTP/2.0" 200 3387 "-" "Mozilla/5.0 AppleWebKit/537.36 (KHTML, like Gecko; compatible; ClaudeBot/1.0; +claudebot@anthropic.com)"
144.76.19.157 - - [04/Dec/2025:01:46:07 -0800] "GET /feature/balcony/?path=/run/udev/tags/systemd HTTP/1.1" 200 11215 "-" "Mozilla/5.0 (compatible; SERankingBacklinksBot/1.0; +https://seranking.com/backlinks-crawler)"
74.7.242.13 - - [04/Dec/2025:01:46:07 -0800] "GET /property/beautiful-5bhk-semi-attached-villa-with-burj-al-arab-view-for-rent-in-umm-suqeim-2/?path=//sys/devices/pci0000:40/firmware_node/device:ac/device:ad/subsystem/devices/device:cc/device:cd/device:cf/subsystem/devices/device:ac/device:ad/subsystem/devices/device:ee/subsystem/devices/device:cd/device:ce/subsystem/devices/device:df HTTP/2.0" 200 3321 "-" "Mozilla/5.0 AppleWebKit/537.36 (KHTML, like Gecko; compatible; GPTBot/1.3; +https://openai.com/gptbot)"
74.7.227.32 - - [04/Dec/2025:01:46:07 -0800] "GET /item_support/what_is_item_support/8988002?fileloc=//sys/class/net/teql0/iflink&path=//sys/class/net/teql0 HTTP/2.0" 200 2591 "-" "Mozilla/5.0 AppleWebKit/537.36 (KHTML, like Gecko; compatible; GPTBot/1.3; +https://openai.com/gptbot)"
216.73.216.116 - - [04/Dec/2025:01:46:08 -0800] "GET /property/best-deal-2br-apartment-fully-furnished-burj-khalifa-view?fileloc=%2F%2Flib%2Fpython3.10%2Fxmlrpc%2Fserver.py&path=%2F%2Flib%2Fpython3.10%2Fxmlrpc HTTP/2.0" 200 12393 "-" "Mozilla/5.0 AppleWebKit/537.36 (KHTML, like Gecko; compatible; ClaudeBot/1.0; +claudebot@anthropic.com)"
52.202.52.82 - - [04/Dec/2025:01:46:07 -0800] "GET /property-type/townhouse/?path=//sys/class/mdio_bus/fixed-0/device/subsystem/devices/reg-dummy/driver/reg-dummy/driver/reg-dummy/subsystem/devices/PCCT/subsystem/devices/PCCT/driver/PCCT/subsystem/drivers/reg-dummy HTTP/1.1" 200 6636 "-" "Mozilla/5.0 AppleWebKit/537.36 (KHTML, like Gecko; compatible; Amazonbot/0.1; +https://developer.amazon.com/support/amazonbot) Chrome/119.0.6045.214 Safari/537.36"
44.205.192.249 - - [04/Dec/2025:01:46:09 -0800] "GET /property-type/residential/?path=//sys/bus/platform/devices/reg-dummy/driver/reg-dummy/subsystem/devices/pcspkr/subsystem/devices/reg-dummy/subsystem/drivers/PCCT/PCCT/driver/PCCT/subsystem/devices/reg-dummy HTTP/1.1" 200 6731 "-" "Mozilla/5.0 AppleWebKit/537.36 (KHTML, like Gecko; compatible; Amazonbot/0.1; +https://developer.amazon.com/support/amazonbot) Chrome/119.0.6045.214 Safari/537.36"
66.249.75.39 - - [04/Dec/2025:01:46:10 -0800] "GET /?items=170124288 HTTP/1.1" 200 34602 "-" "Mozilla/5.0 (Linux; Android 6.0.1; Nexus 5X Build/MMB29P) AppleWebKit/537.36 (KHTML, like Gecko) Chrome/141.0.7390.122 Mobile Safari/537.36 (compatible; Googlebot/2.1; +http://www.google.com/bot.html)"
74.7.227.32 - - [04/Dec/2025:01:46:10 -0800] "GET /item_support/what_is_item_support/8988002?fileloc=//sys/class/net/teql0/dev_port&path=//sys/class/net/teql0 HTTP/2.0" 200 2596 "-" "Mozilla/5.0 AppleWebKit/537.36 (KHTML, like Gecko; compatible; GPTBot/1.3; +https://openai.com/gptbot)"
74.7.242.13 - - [04/Dec/2025:01:46:10 -0800] "GET /property/beautiful-5bhk-semi-attached-villa-with-burj-al-arab-view-for-rent-in-umm-suqeim-2/?path=//sys/devices/pci0000:40/firmware_node/device:ac/device:ad/subsystem/devices/device:cc/device:cd/device:ce/subsystem/devices/device:ac/device:ad/subsystem/devices/device:ac/subsystem/devices/device:cb/device:cc/device:cd/subsystem/devices/device:ca/physical_node/peer/peer/peer/peer/peer/peer/firmware_node HTTP/2.0" 200 3462 "-" "Mozilla/5.0 AppleWebKit/537.36 (KHTML, like Gecko; compatible; GPTBot/1.3; +https://openai.com/gptbot)"
216.73.216.116 - - [04/Dec/2025:01:46:11 -0800] "GET /property/best-deal-2br-apartment-fully-furnished-burj-khalifa-view?fileloc=%2Fhome%2Fdh_hwg2wc%2Ffnaluxury.com%2Fwp-content%2Fplugins%2Fdkkcekz%2Flanguages%2Findex.php&path=%2Fhome%2Fdh_hwg2wc%2Ffnaluxury.com%2Fwp-content%2Fplugins%2Fdkkcekz%2Flanguages HTTP/2.0" 200 2656 "-" "Mozilla/5.0 AppleWebKit/537.36 (KHTML, like Gecko; compatible; ClaudeBot/1.0; +claudebot@anthropic.com)"
144.76.19.157 - - [04/Dec/2025:01:46:11 -0800] "GET /hello-world/?path=/sys/block/nbd1/mq/0/cpu53 HTTP/1.1" 200 2921 "-" "Mozilla/5.0 (compatible; SERankingBacklinksBot/1.0; +https://seranking.com/backlinks-crawler)"
43.173.175.227 - - [04/Dec/2025:01:46:12 -0800] "GET /property-type/plot/?path=//usr/src/python3.10/Grammar HTTP/1.1" 200 6478 "-" "Mozilla/5.0 (Windows NT 6.1; Win64; x64) AppleWebKit/537.36 (KHTML, like Gecko) Chrome/126.0.6478.114 Safari/537.36"
43.173.177.147 - - [04/Dec/2025:01:46:12 -0800] "GET /terms-and-conditions/?fileloc=//sys/block/nvme0n1/integrity/format&path=//sys/block/nvme0n1/integrity HTTP/1.1" 200 6147 "-" "Mozilla/5.0 (Windows NT 6.1; Win64; x64) AppleWebKit/537.36 (KHTML, like Gecko) Chrome/126.0.6478.114 Safari/537.36"
74.7.242.13 - - [04/Dec/2025:01:46:13 -0800] "GET /property/beautiful-5bhk-semi-attached-villa-with-burj-al-arab-view-for-rent-in-umm-suqeim-2/?path=//sys/devices/pci0000:40/firmware_node/device:ac/device:ad/subsystem/devices/device:cc/device:cd/device:cf/subsystem/devices/device:ac/device:ad/subsystem/devices/device:ee/subsystem/devices/device:bc/device:be/subsystem/devices/device:bc HTTP/2.0" 200 3467 "-" "Mozilla/5.0 AppleWebKit/537.36 (KHTML, like Gecko; compatible; GPTBot/1.3; +https://openai.com/gptbot)"
3.225.45.252 - - [04/Dec/2025:01:46:14 -0800] "GET /property-type/penthouse/?path=//sys/bus/platform/drivers/reg-dummy/reg-dummy/subsystem/devices/PCCT/subsystem/devices/reg-dummy/subsystem/drivers/PCCT/PCCT/driver/PCCT/subsystem/devices/reg-dummy HTTP/1.1" 200 6708 "-" "Mozilla/5.0 AppleWebKit/537.36 (KHTML, like Gecko; compatible; Amazonbot/0.1; +https://developer.amazon.com/support/amazonbot) Chrome/119.0.6045.214 Safari/537.36"
74.7.227.32 - - [04/Dec/2025:01:46:13 -0800] "GET /item_support/what_is_item_support/8988002?fileloc=//sys/class/net/eth1/tx_queue_len&path=//sys/class/net/eth1 HTTP/2.0" 200 2596 "-" "Mozilla/5.0 AppleWebKit/537.36 (KHTML, like Gecko; compatible; GPTBot/1.3; +https://openai.com/gptbot)"
216.73.216.116 - - [04/Dec/2025:01:46:14 -0800] "GET /property/best-deal-2br-apartment-fully-furnished-burj-khalifa-view?path=%2Fhome%2Fdh_hwg2wc%2Ffnaluxury.com%2Fwp-content%2Fplugins%2Fwpforms-lite%2Fassets%2Fjs%2Fadmin%2Fpayments HTTP/2.0" 200 3286 "-" "Mozilla/5.0 AppleWebKit/537.36 (KHTML, like Gecko; compatible; ClaudeBot/1.0; +claudebot@anthropic.com)"
217.113.194.94 - - [04/Dec/2025:01:46:16 -0800] "GET /togel-digital-era-explained/?fileloc=//sbin/fstab-decode&path=//sbin HTTP/1.1" 200 5427 "-" "Mozilla/5.0 (compatible; Barkrowler/0.9; +https://babbar.tech/crawler)"
74.7.242.13 - - [04/Dec/2025:01:46:16 -0800] "GET /property/beautiful-5bhk-semi-attached-villa-with-burj-al-arab-view-for-rent-in-umm-suqeim-2/?path=//sys/devices/pci0000:40/firmware_node/device:ac/device:ad/subsystem/devices/device:cc/device:cd/device:cf/subsystem/devices/device:ac/device:ad/subsystem/devices/device:ee/subsystem/devices/device:cd/device:ce/subsystem/devices/device:ad HTTP/2.0" 200 3318 "-" "Mozilla/5.0 AppleWebKit/537.36 (KHTML, like Gecko; compatible; GPTBot/1.3; +https://openai.com/gptbot)"
216.73.216.116 - - [04/Dec/2025:01:46:17 -0800] "GET /property/best-deal-2br-apartment-fully-furnished-burj-khalifa-view?fileloc=%2Fhome%2Fdh_hwg2wc%2Ffnaluxury.com%2Fwp-includes%2Fjs%2Fdist%2Fvendor%2Fwp-polyfill.min.js&path=%2Fhome%2Fdh_hwg2wc%2Ffnaluxury.com%2Fwp-includes%2Fjs%2Fdist%2Fvendor HTTP/2.0" 200 17873 "-" "Mozilla/5.0 AppleWebKit/537.36 (KHTML, like Gecko; compatible; ClaudeBot/1.0; +claudebot@anthropic.com)"
74.7.227.32 - - [04/Dec/2025:01:46:16 -0800] "GET /item_support/what_is_item_support/8988002?fileloc=//sys/class/net/phy1/carrier&path=//sys/class/net/phy1 HTTP/2.0" 200 2591 "-" "Mozilla/5.0 AppleWebKit/537.36 (KHTML, like Gecko; compatible; GPTBot/1.3; +https://openai.com/gptbot)"
52.204.37.237 - - [04/Dec/2025:01:46:17 -0800] "GET /property-type/shop/?path=//sys/devices/platform/acpi-cpufreq/subsystem/drivers/reg-dummy/reg-dummy/subsystem/devices/reg-dummy/subsystem/devices/PCCT/driver/PCCT/driver/PCCT/subsystem/devices/reg-dummy/driver HTTP/1.1" 200 6623 "-" "Mozilla/5.0 AppleWebKit/537.36 (KHTML, like Gecko; compatible; Amazonbot/0.1; +https://developer.amazon.com/support/amazonbot) Chrome/119.0.6045.214 Safari/537.36"
114.119.131.116 - - [04/Dec/2025:01:46:18 -0800] "GET /status/for-rent/page/6?path=//etc/vim HTTP/1.1" 200 6505 "https://www.fnaluxury.com/status/for-rent/page/6?path=//etc/vim" "Mozilla/5.0 (Linux; Android 7.0;) AppleWebKit/537.36 (KHTML, like Gecko) Mobile Safari/537.36 (compatible; PetalBot;+https://webmaster.petalsearch.com/site/petalbot)"
74.7.242.13 - - [04/Dec/2025:01:46:20 -0800] "GET /property/beautiful-5bhk-semi-attached-villa-with-burj-al-arab-view-for-rent-in-umm-suqeim-2/?path=//sys/devices/pci0000:40/firmware_node/device:ac/device:ad/subsystem/devices/device:cc/device:cd/device:cf/subsystem/devices/device:ac/device:ad/subsystem/devices/device:ee/subsystem/devices/device:cd/device:ce/subsystem/devices/device:cb/device:cc HTTP/2.0" 200 3536 "-" "Mozilla/5.0 AppleWebKit/537.36 (KHTML, like Gecko; compatible; GPTBot/1.3; +https://openai.com/gptbot)"
74.7.227.32 - - [04/Dec/2025:01:46:20 -0800] "GET /item_support/what_is_item_support/8988002?fileloc=//sys/class/net/eth1/duplex&path=//sys/class/net/eth1 HTTP/2.0" 200 2590 "-" "Mozilla/5.0 AppleWebKit/537.36 (KHTML, like Gecko; compatible; GPTBot/1.3; +https://openai.com/gptbot)"
216.73.216.116 - - [04/Dec/2025:01:46:20 -0800] "GET /property/best-deal-2br-apartment-fully-furnished-burj-khalifa-view?fileloc=%2F%2Fusr%2Finclude%2Flinux%2Fptp_clock.h&path=%2F%2Fusr%2Finclude%2Flinux HTTP/2.0" 200 5020 "-" "Mozilla/5.0 AppleWebKit/537.36 (KHTML, like Gecko; compatible; ClaudeBot/1.0; +claudebot@anthropic.com)"
43.173.169.178 - - [04/Dec/2025:01:46:22 -0800] "GET /property/penthouse-4bhk-panoramic-and-sea-view/?fileloc=//hs_err_pid1666955.log&path=/ HTTP/1.1" 200 14040 "-" "Mozilla/5.0 (Windows NT 10.0; Win64; x64) AppleWebKit/537.36 (KHTML, like Gecko) Chrome/112.0.0.0 Safari/537.36"
144.76.19.157 - - [04/Dec/2025:01:46:22 -0800] "GET /feature/balcony/?path=/sys/block/md0/holders HTTP/1.1" 200 3250 "-" "Mozilla/5.0 (compatible; SERankingBacklinksBot/1.0; +https://seranking.com/backlinks-crawler)"
74.7.242.13 - - [04/Dec/2025:01:46:23 -0800] "GET /property/beautiful-5bhk-semi-attached-villa-with-burj-al-arab-view-for-rent-in-umm-suqeim-2/?path=//sys/devices/pci0000:40/firmware_node/device:ac/device:ad/subsystem/devices/device:cc/device:cd/device:cf/subsystem/devices/device:ac/device:ad/subsystem/devices/device:ee/subsystem/devices/device:cd/device:ce/subsystem/drivers/ec HTTP/2.0" 200 3240 "-" "Mozilla/5.0 AppleWebKit/537.36 (KHTML, like Gecko; compatible; GPTBot/1.3; +https://openai.com/gptbot)"
216.73.216.116 - - [04/Dec/2025:01:46:23 -0800] "GET /property/best-deal-2br-apartment-fully-furnished-burj-khalifa-view?fileloc=%2Fhome%2Fdh_hwg2wc%2Ffnaluxury.com%2Fwp-content%2Fplugins%2Fwordfence%2Fviews%2Fscanner%2Fissue-wfUpgrade.php&path=%2Fhome%2Fdh_hwg2wc%2Ffnaluxury.com%2Fwp-content%2Fplugins%2Fwordfence%2Fviews%2Fscanner HTTP/2.0" 200 4220 "-" "Mozilla/5.0 AppleWebKit/537.36 (KHTML, like Gecko; compatible; ClaudeBot/1.0; +claudebot@anthropic.com)"
52.22.87.224 - - [04/Dec/2025:01:46:24 -0800] "GET /property-type/townhouse/?path=//sys/devices/platform/vesa-framebuffer.0/subsystem/drivers/reg-dummy/reg-dummy/subsystem/devices/reg-dummy/subsystem/drivers/PCCT/PCCT/driver/PCCT/driver/PCCT/subsystem/drivers HTTP/1.1" 200 7431 "-" "Mozilla/5.0 AppleWebKit/537.36 (KHTML, like Gecko; compatible; Amazonbot/0.1; +https://developer.amazon.com/support/amazonbot) Chrome/119.0.6045.214 Safari/537.36"
74.7.227.32 - - [04/Dec/2025:01:46:23 -0800] "GET /item_support/what_is_item_support/8988002?fileloc=//sys/class/net/teql0/dev_id&path=//sys/class/net/teql0 HTTP/2.0" 200 2593 "-" "Mozilla/5.0 AppleWebKit/537.36 (KHTML, like Gecko; compatible; GPTBot/1.3; +https://openai.com/gptbot)"
216.73.216.116 - - [04/Dec/2025:01:46:26 -0800] "GET /property/best-deal-2br-apartment-fully-furnished-burj-khalifa-view?fileloc=%2Fhome%2Fdh_hwg2wc%2Ffnaluxury.com%2Fwp-content%2Fplugins%2Fwordfence%2Fviews%2Fonboarding%2Ffresh-install.php&path=%2Fhome%2Fdh_hwg2wc%2Ffnaluxury.com%2Fwp-content%2Fplugins%2Fwordfence%2Fviews%2Fonboarding HTTP/2.0" 200 3292 "-" "Mozilla/5.0 AppleWebKit/537.36 (KHTML, like Gecko; compatible; ClaudeBot/1.0; +claudebot@anthropic.com)"
74.7.242.13 - - [04/Dec/2025:01:46:26 -0800] "GET /property/beautiful-5bhk-semi-attached-villa-with-burj-al-arab-view-for-rent-in-umm-suqeim-2/?path=//sys/devices/pci0000:40/firmware_node/device:ac/device:ad/subsystem/devices/device:cc/device:cd/device:cf/subsystem/devices/device:ac/device:ad/subsystem/devices/device:ee/subsystem/devices/device:ec/device:ed/subsystem/devices/device:ce HTTP/2.0" 200 3363 "-" "Mozilla/5.0 AppleWebKit/537.36 (KHTML, like Gecko; compatible; GPTBot/1.3; +https://openai.com/gptbot)"
74.7.227.32 - - [04/Dec/2025:01:46:26 -0800] "GET /item_support/what_is_item_support/8988002?fileloc=//sys/class/net/eth1/iflink&path=//sys/class/net/eth1 HTTP/2.0" 200 2589 "-" "Mozilla/5.0 AppleWebKit/537.36 (KHTML, like Gecko; compatible; GPTBot/1.3; +https://openai.com/gptbot)"
52.2.58.41 - - [04/Dec/2025:01:46:27 -0800] "GET /property-type/villa/?path=//sys/bus/platform/devices/reg-dummy/driver/reg-dummy/driver/reg-dummy/driver/reg-dummy/subsystem/drivers/PCCT/PCCT/subsystem/devices/pcspkr/subsystem/devices/PCCT/subsystem/drivers/PCCT HTTP/1.1" 200 6548 "-" "Mozilla/5.0 AppleWebKit/537.36 (KHTML, like Gecko; compatible; Amazonbot/0.1; +https://developer.amazon.com/support/amazonbot) Chrome/119.0.6045.214 Safari/537.36"
144.76.19.157 - - [04/Dec/2025:01:46:26 -0800] "GET /hello-world/?path=/sys/block/nbd1/mq/0/cpu54 HTTP/1.1" 200 2921 "-" "Mozilla/5.0 (compatible; SERankingBacklinksBot/1.0; +https://seranking.com/backlinks-crawler)"
34.199.252.22 - - [04/Dec/2025:01:46:29 -0800] "GET /property-type/villa/?path=//sys/bus/platform/drivers/reg-dummy/reg-dummy/subsystem/devices/pcspkr/subsystem/drivers/reg-dummy/reg-dummy/regulator/regulator.0/device/subsystem/drivers/PCCT/PCCT/subsystem/devices HTTP/1.1" 200 7075 "-" "Mozilla/5.0 AppleWebKit/537.36 (KHTML, like Gecko; compatible; Amazonbot/0.1; +https://developer.amazon.com/support/amazonbot) Chrome/119.0.6045.214 Safari/537.36"
216.73.216.116 - - [04/Dec/2025:01:46:29 -0800] "GET /property/best-deal-2br-apartment-fully-furnished-burj-khalifa-view?fileloc=%2Fhome%2Fdh_hwg2wc%2Ffnaluxury.com%2Fwp-content%2Fplugins%2Fwordfence%2Fviews%2Foptions%2Foption-toggled-select.php&path=%2Fhome%2Fdh_hwg2wc%2Ffnaluxury.com%2Fwp-content%2Fplugins%2Fwordfence%2Fviews%2Foptions HTTP/2.0" 200 3929 "-" "Mozilla/5.0 AppleWebKit/537.36 (KHTML, like Gecko; compatible; ClaudeBot/1.0; +claudebot@anthropic.com)"
74.7.227.32 - - [04/Dec/2025:01:46:29 -0800] "GET /item_support/what_is_item_support/8988002?fileloc=//sys/class/net/eth1/flags&path=//sys/class/net/eth1 HTTP/2.0" 200 2589 "-" "Mozilla/5.0 AppleWebKit/537.36 (KHTML, like Gecko; compatible; GPTBot/1.3; +https://openai.com/gptbot)"
74.7.242.13 - - [04/Dec/2025:01:46:29 -0800] "GET /property/beautiful-5bhk-semi-attached-villa-with-burj-al-arab-view-for-rent-in-umm-suqeim-2/?path=//sys/devices/pci0000:40/firmware_node/device:ac/device:ad/subsystem/devices/device:cc/device:cd/device:cf/subsystem/devices/device:ac/device:ad/subsystem/devices/device:ee/subsystem/devices/device:ec/device:ef/subsystem/devices/device:cb/device:cc/device:d0 HTTP/2.0" 200 3479 "-" "Mozilla/5.0 AppleWebKit/537.36 (KHTML, like Gecko; compatible; GPTBot/1.3; +https://openai.com/gptbot)"
216.73.216.116 - - [04/Dec/2025:01:46:32 -0800] "GET /property/best-deal-2br-apartment-fully-furnished-burj-khalifa-view?fileloc=%2Fhome%2Fdh_hwg2wc%2Ffnaluxury.com%2Fwp-content%2Fplugins%2Fwordfence%2Fviews%2Foptions%2Foption-label.php&path=%2Fhome%2Fdh_hwg2wc%2Ffnaluxury.com%2Fwp-content%2Fplugins%2Fwordfence%2Fviews%2Foptions HTTP/2.0" 200 3265 "-" "Mozilla/5.0 AppleWebKit/537.36 (KHTML, like Gecko; compatible; ClaudeBot/1.0; +claudebot@anthropic.com)"
74.7.227.32 - - [04/Dec/2025:01:46:32 -0800] "GET /item_support/what_is_item_support/8988002?fileloc=//sys/class/net/phy1/speed&path=//sys/class/net/phy1 HTTP/2.0" 200 2595 "-" "Mozilla/5.0 AppleWebKit/537.36 (KHTML, like Gecko; compatible; GPTBot/1.3; +https://openai.com/gptbot)"
74.7.242.13 - - [04/Dec/2025:01:46:32 -0800] "GET /property/beautiful-5bhk-semi-attached-villa-with-burj-al-arab-view-for-rent-in-umm-suqeim-2/?path=//sys/devices/pci0000:40/firmware_node/device:ac/device:ad/subsystem/devices/device:cc/device:cd/device:cf/subsystem/devices/device:ac/device:ad/subsystem/devices/device:ee/subsystem/devices/device:ec/device:ef/subsystem/devices/device:cb/device:cc/LNXPOWER:0c HTTP/2.0" 200 3501 "-" "Mozilla/5.0 AppleWebKit/537.36 (KHTML, like Gecko; compatible; GPTBot/1.3; +https://openai.com/gptbot)"
217.113.194.221 - - [04/Dec/2025:01:46:32 -0800] "GET /togel-digital-era-explained/?fileloc=//lib/pkg-config.multiarch&path=//lib HTTP/1.1" 200 3188 "-" "Mozilla/5.0 (compatible; Barkrowler/0.9; +https://babbar.tech/crawler)"
44.215.210.112 - - [04/Dec/2025:01:46:34 -0800] "GET /property-type/penthouse/?path=//sys/devices/platform/reg-dummy/driver/reg-dummy/subsystem/drivers/reg-dummy/reg-dummy/subsystem/drivers/PCCT/PCCT/driver/PCCT/driver/PCCT/subsystem/drivers HTTP/1.1" 200 7420 "-" "Mozilla/5.0 AppleWebKit/537.36 (KHTML, like Gecko; compatible; Amazonbot/0.1; +https://developer.amazon.com/support/amazonbot) Chrome/119.0.6045.214 Safari/537.36"
144.76.19.157 - - [04/Dec/2025:01:46:35 -0800] "GET /hello-world/?path=/sys/block/nbd1/mq/0/cpu55 HTTP/1.1" 200 3268 "-" "Mozilla/5.0 (compatible; SERankingBacklinksBot/1.0; +https://seranking.com/backlinks-crawler)"
74.7.242.13 - - [04/Dec/2025:01:46:35 -0800] "GET /property/beautiful-5bhk-semi-attached-villa-with-burj-al-arab-view-for-rent-in-umm-suqeim-2/?path=//sys/devices/pci0000:40/firmware_node/device:ac/device:ad/subsystem/devices/device:cc/device:cd/device:cf/subsystem/devices/device:ac/device:ad/subsystem/devices/device:ee/subsystem/devices/device:ec/device:ef/subsystem/devices/device:cb/device:cc/device:cd HTTP/2.0" 200 3475 "-" "Mozilla/5.0 AppleWebKit/537.36 (KHTML, like Gecko; compatible; GPTBot/1.3; +https://openai.com/gptbot)"
74.7.227.32 - - [04/Dec/2025:01:46:35 -0800] "GET /item_support/what_is_item_support/8988002?fileloc=//sys/class/net/phy1/flags&path=//sys/class/net/phy1 HTTP/2.0" 200 2590 "-" "Mozilla/5.0 AppleWebKit/537.36 (KHTML, like Gecko; compatible; GPTBot/1.3; +https://openai.com/gptbot)"
216.73.216.116 - - [04/Dec/2025:01:46:36 -0800] "GET /property/best-deal-2br-apartment-fully-furnished-burj-khalifa-view?fileloc=%2F%2Fbin%2FX11%2Flist-unreleased&path=%2F%2Fbin%2FX11 HTTP/2.0" 200 3689 "-" "Mozilla/5.0 AppleWebKit/537.36 (KHTML, like Gecko; compatible; ClaudeBot/1.0; +claudebot@anthropic.com)"
74.7.242.13 - - [04/Dec/2025:01:46:39 -0800] "GET /property/beautiful-5bhk-semi-attached-villa-with-burj-al-arab-view-for-rent-in-umm-suqeim-2/?path=//sys/devices/pci0000:40/firmware_node/device:ac/device:ad/subsystem/devices/device:cc/device:cd/device:cf/subsystem/devices/device:ac/device:ad/subsystem/devices/device:ee/subsystem/devices/device:ec/device:ef/subsystem/devices/device:cb/device:cc/physical_node HTTP/2.0" 200 5289 "-" "Mozilla/5.0 AppleWebKit/537.36 (KHTML, like Gecko; compatible; GPTBot/1.3; +https://openai.com/gptbot)"
74.7.227.32 - - [04/Dec/2025:01:46:38 -0800] "GET /item_support/what_is_item_support/8988002?fileloc=//sys/class/net/teql0/dormant&path=//sys/class/net/teql0 HTTP/2.0" 200 2592 "-" "Mozilla/5.0 AppleWebKit/537.36 (KHTML, like Gecko; compatible; GPTBot/1.3; +https://openai.com/gptbot)"
