144.76.19.157 - - [04/Dec/2025:00:55:56 -0800] "GET /hello-world/?path=/sys/dev/block/259:0/mq/4 HTTP/1.1" 200 3716 "-" "Mozilla/5.0 (compatible; SERankingBacklinksBot/1.0; +https://seranking.com/backlinks-crawler)"
44.195.145.102 - - [04/Dec/2025:00:55:57 -0800] "GET /property-type/shop/?path=//sys/devices/platform/reg-dummy/subsystem/devices/reg-dummy/subsystem/devices/PCCT/subsystem/drivers/PCCT/PCCT/subsystem/drivers/PCCT HTTP/1.1" 200 6476 "-" "Mozilla/5.0 AppleWebKit/537.36 (KHTML, like Gecko; compatible; Amazonbot/0.1; +https://developer.amazon.com/support/amazonbot) Chrome/119.0.6045.214 Safari/537.36"
74.7.227.32 - - [04/Dec/2025:00:55:58 -0800] "GET /item_support/what_is_item_support/8988002?path=//sys/class/tty/ptyvc/subsystem/ptyxf/subsystem/ttyr7 HTTP/2.0" 200 3101 "-" "Mozilla/5.0 AppleWebKit/537.36 (KHTML, like Gecko; compatible; GPTBot/1.3; +https://openai.com/gptbot)"
74.7.242.13 - - [04/Dec/2025:00:55:58 -0800] "GET /property/beautiful-5bhk-semi-attached-villa-with-burj-al-arab-view-for-rent-in-umm-suqeim-2/?path=//sys/devices/pci0000:40/firmware_node/device:ac/device:ad/subsystem/devices/device:cc/device:cd/device:ce/subsystem/devices/device:ac/device:ad/subsystem/devices/device:ac/subsystem/devices/device:cb/device:cc/device:cd/subsystem/devices/device:ec/device:ee/subsystem HTTP/2.0" 200 3418 "-" "Mozilla/5.0 AppleWebKit/537.36 (KHTML, like Gecko; compatible; GPTBot/1.3; +https://openai.com/gptbot)"
74.7.227.32 - - [04/Dec/2025:00:56:01 -0800] "GET /item_support/what_is_item_support/8988002?path=//sys/class/tty/ttyxf/subsystem/ptyqd/subsystem/tty6 HTTP/2.0" 200 3098 "-" "Mozilla/5.0 AppleWebKit/537.36 (KHTML, like Gecko; compatible; GPTBot/1.3; +https://openai.com/gptbot)"
54.210.155.69 - - [04/Dec/2025:00:56:01 -0800] "GET /property-type/townhouse/?path=//sys/devices/platform/PCCT/driver/PCCT/subsystem/drivers/reg-dummy/reg-dummy/subsystem/devices/reg-dummy/driver/reg-dummy/subsystem/devices/IPI0001:00/driver/IPI0001:00/subsystem/drivers/acpi-ged HTTP/1.1" 200 6557 "-" "Mozilla/5.0 AppleWebKit/537.36 (KHTML, like Gecko; compatible; Amazonbot/0.1; +https://developer.amazon.com/support/amazonbot) Chrome/119.0.6045.214 Safari/537.36"
74.7.242.13 - - [04/Dec/2025:00:56:01 -0800] "GET /property/beautiful-5bhk-semi-attached-villa-with-burj-al-arab-view-for-rent-in-umm-suqeim-2/?path=//sys/devices/pci0000:40/firmware_node/device:ac/device:ad/subsystem/devices/device:cc/device:cd/device:ce/subsystem/devices/device:ac/device:ad/subsystem/devices/device:ac/subsystem/devices/device:cb/device:cc/device:cd/subsystem/devices/device:ee HTTP/2.0" 200 3334 "-" "Mozilla/5.0 AppleWebKit/537.36 (KHTML, like Gecko; compatible; GPTBot/1.3; +https://openai.com/gptbot)"
74.7.227.32 - - [04/Dec/2025:00:56:04 -0800] "GET /item_support/what_is_item_support/8988002?path=//sys/class/tty/ptyvc/subsystem/ptydf/subsystem/ttys4 HTTP/2.0" 200 3100 "-" "Mozilla/5.0 AppleWebKit/537.36 (KHTML, like Gecko; compatible; GPTBot/1.3; +https://openai.com/gptbot)"
144.76.19.157 - - [04/Dec/2025:00:56:04 -0800] "GET /hello-world/?path=/sys/dev/block/259:0/mq/5 HTTP/1.1" 200 3716 "-" "Mozilla/5.0 (compatible; SERankingBacklinksBot/1.0; +https://seranking.com/backlinks-crawler)"
74.7.242.13 - - [04/Dec/2025:00:56:05 -0800] "GET /property/beautiful-5bhk-semi-attached-villa-with-burj-al-arab-view-for-rent-in-umm-suqeim-2/?path=//sys/devices/pci0000:40/firmware_node/device:ac/device:ad/subsystem/devices/device:cc/device:cd/device:ce/subsystem/devices/device:ac/device:ad/subsystem/devices/device:ac/subsystem/devices/device:cb/device:cc/device:cd/subsystem/devices/device:ec/device:ef/subsystem HTTP/2.0" 200 3415 "-" "Mozilla/5.0 AppleWebKit/537.36 (KHTML, like Gecko; compatible; GPTBot/1.3; +https://openai.com/gptbot)"
54.156.55.147 - - [04/Dec/2025:00:56:05 -0800] "GET /property-type/full-floor/?path=//sys/devices/platform/PCCT/subsystem/devices/reg-dummy/driver/reg-dummy/driver/reg-dummy/subsystem/devices/PNP0800:00/subsystem/devices/PCCT/subsystem HTTP/1.1" 200 6648 "-" "Mozilla/5.0 AppleWebKit/537.36 (KHTML, like Gecko; compatible; Amazonbot/0.1; +https://developer.amazon.com/support/amazonbot) Chrome/119.0.6045.214 Safari/537.36"
114.119.136.243 - - [04/Dec/2025:00:56:07 -0800] "GET /status/for-sale?fileloc=//etc/fail2ban/action.d/route.conf&path=//etc/fail2ban/action.d HTTP/1.1" 200 6724 "https://www.fnaluxury.com/status/for-sale?path=//etc/fail2ban/action.d" "Mozilla/5.0 (Linux; Android 7.0;) AppleWebKit/537.36 (KHTML, like Gecko) Mobile Safari/537.36 (compatible; PetalBot;+https://webmaster.petalsearch.com/site/petalbot)"
74.7.227.32 - - [04/Dec/2025:00:56:07 -0800] "GET /item_support/what_is_item_support/8988002?path=//sys/class/tty/ptyvc/subsystem/ptyxf/subsystem/ttyz2 HTTP/2.0" 200 3101 "-" "Mozilla/5.0 AppleWebKit/537.36 (KHTML, like Gecko; compatible; GPTBot/1.3; +https://openai.com/gptbot)"
74.7.242.13 - - [04/Dec/2025:00:56:08 -0800] "GET /property/beautiful-5bhk-semi-attached-villa-with-burj-al-arab-view-for-rent-in-umm-suqeim-2/?path=//sys/devices/pci0000:40/firmware_node/device:ac/device:ad/subsystem/devices/device:cc/device:cd/device:ce/subsystem/devices/device:ac/device:ad/subsystem/devices/device:ac/subsystem/devices/device:cb/device:cc/device:cd/subsystem/devices/device:bf HTTP/2.0" 200 3385 "-" "Mozilla/5.0 AppleWebKit/537.36 (KHTML, like Gecko; compatible; GPTBot/1.3; +https://openai.com/gptbot)"
144.76.19.157 - - [04/Dec/2025:00:56:08 -0800] "GET /hello-world/?path=/sys/dev/block/259:0/mq/6 HTTP/1.1" 200 3369 "-" "Mozilla/5.0 (compatible; SERankingBacklinksBot/1.0; +https://seranking.com/backlinks-crawler)"
23.21.225.190 - - [04/Dec/2025:00:56:09 -0800] "GET /property-type/townhouse/?path=//sys/bus/platform/drivers/reg-dummy/reg-dummy/subsystem/devices/reg-dummy/subsystem/devices/pcspkr/subsystem/drivers/PCCT/PCCT/driver/PCCT/subsystem/drivers/PCCT HTTP/1.1" 200 6515 "-" "Mozilla/5.0 AppleWebKit/537.36 (KHTML, like Gecko; compatible; Amazonbot/0.1; +https://developer.amazon.com/support/amazonbot) Chrome/119.0.6045.214 Safari/537.36"
74.7.227.32 - - [04/Dec/2025:00:56:10 -0800] "GET /item_support/what_is_item_support/8988002?path=//sys/class/tty/ptyvc/subsystem/ptydf/subsystem/ttye6 HTTP/2.0" 200 3099 "-" "Mozilla/5.0 AppleWebKit/537.36 (KHTML, like Gecko; compatible; GPTBot/1.3; +https://openai.com/gptbot)"
74.7.242.13 - - [04/Dec/2025:00:56:11 -0800] "GET /property/beautiful-5bhk-semi-attached-villa-with-burj-al-arab-view-for-rent-in-umm-suqeim-2/?path=//sys/devices/pci0000:40/firmware_node/device:ac/device:ad/subsystem/devices/device:cc/device:cd/device:ce/subsystem/devices/device:ac/device:ad/subsystem/devices/device:ac/subsystem/devices/device:cb/device:cc/device:cd/subsystem/devices/device:cc HTTP/2.0" 200 3531 "-" "Mozilla/5.0 AppleWebKit/537.36 (KHTML, like Gecko; compatible; GPTBot/1.3; +https://openai.com/gptbot)"
18.213.240.226 - - [04/Dec/2025:00:56:13 -0800] "GET /property-type/villa/?path=//sys/bus/platform/devices/reg-dummy/subsystem/devices/pcspkr/subsystem/drivers/reg-dummy/reg-dummy/subsystem/devices/microcode/subsystem/devices/PCCT/driver/PCCT/driver/PCCT HTTP/1.1" 200 6686 "-" "Mozilla/5.0 AppleWebKit/537.36 (KHTML, like Gecko; compatible; Amazonbot/0.1; +https://developer.amazon.com/support/amazonbot) Chrome/119.0.6045.214 Safari/537.36"
74.7.227.32 - - [04/Dec/2025:00:56:13 -0800] "GET /item_support/what_is_item_support/8988002?path=//sys/class/tty/ttyxf/subsystem/ttyqd/subsystem/tty18 HTTP/2.0" 200 3097 "-" "Mozilla/5.0 AppleWebKit/537.36 (KHTML, like Gecko; compatible; GPTBot/1.3; +https://openai.com/gptbot)"
74.7.242.13 - - [04/Dec/2025:00:56:14 -0800] "GET /property/beautiful-5bhk-semi-attached-villa-with-burj-al-arab-view-for-rent-in-umm-suqeim-2/?path=//sys/devices/pci0000:40/firmware_node/device:ac/device:ad/subsystem/devices/device:cc/device:cd/device:ce/subsystem/devices/device:ac/device:ad/subsystem/devices/device:ac/subsystem/devices/device:cb/device:cc/device:cd/subsystem/devices/device:ce HTTP/2.0" 200 3374 "-" "Mozilla/5.0 AppleWebKit/537.36 (KHTML, like Gecko; compatible; GPTBot/1.3; +https://openai.com/gptbot)"
74.7.227.32 - - [04/Dec/2025:00:56:17 -0800] "GET /item_support/what_is_item_support/8988002?path=//sys/class/tty/ttyxf/subsystem/ttyqd/subsystem/tty10 HTTP/2.0" 200 3097 "-" "Mozilla/5.0 AppleWebKit/537.36 (KHTML, like Gecko; compatible; GPTBot/1.3; +https://openai.com/gptbot)"
34.206.193.60 - - [04/Dec/2025:00:56:17 -0800] "GET /property-type/full-floor/?path=//sys/bus/platform/devices/reg-dummy/driver/reg-dummy/subsystem/devices/PCCT/subsystem/drivers/reg-dummy/reg-dummy/subsystem/drivers/PCCT/PCCT/driver/PCCT/subsystem/drivers/ehci-platform HTTP/1.1" 200 6537 "-" "Mozilla/5.0 AppleWebKit/537.36 (KHTML, like Gecko; compatible; Amazonbot/0.1; +https://developer.amazon.com/support/amazonbot) Chrome/119.0.6045.214 Safari/537.36"
74.7.242.13 - - [04/Dec/2025:00:56:17 -0800] "GET /property/beautiful-5bhk-semi-attached-villa-with-burj-al-arab-view-for-rent-in-umm-suqeim-2/?path=//sys/devices/pci0000:40/firmware_node/device:ac/device:ad/subsystem/devices/device:cc/device:cd/device:ce/subsystem/devices/device:ac/device:ad/subsystem/devices/device:ac/subsystem/devices/device:cb/device:cc/device:cd/subsystem/devices/device:cb/device:cc HTTP/2.0" 200 3546 "-" "Mozilla/5.0 AppleWebKit/537.36 (KHTML, like Gecko; compatible; GPTBot/1.3; +https://openai.com/gptbot)"
144.76.19.157 - - [04/Dec/2025:00:56:19 -0800] "GET /hello-world/?path=/sys/dev/block/259:0/mq/7 HTTP/1.1" 200 3717 "-" "Mozilla/5.0 (compatible; SERankingBacklinksBot/1.0; +https://seranking.com/backlinks-crawler)"
74.7.227.32 - - [04/Dec/2025:00:56:20 -0800] "GET /item_support/what_is_item_support/8988002?path=//sys/class/tty/ttyxf/subsystem/ttyqd/subsystem/tty21 HTTP/2.0" 200 3097 "-" "Mozilla/5.0 AppleWebKit/537.36 (KHTML, like Gecko; compatible; GPTBot/1.3; +https://openai.com/gptbot)"
74.7.242.13 - - [04/Dec/2025:00:56:20 -0800] "GET /property/beautiful-5bhk-semi-attached-villa-with-burj-al-arab-view-for-rent-in-umm-suqeim-2/?path=//sys/devices/pci0000:40/firmware_node/device:ac/device:ad/subsystem/devices/device:cc/device:cd/device:ce/subsystem/devices/device:ac/device:ad/subsystem/devices/device:ac/subsystem/devices/device:cb/device:cc/device:cd/subsystem/devices/device:bc/device:bf HTTP/2.0" 200 3399 "-" "Mozilla/5.0 AppleWebKit/537.36 (KHTML, like Gecko; compatible; GPTBot/1.3; +https://openai.com/gptbot)"
52.202.233.37 - - [04/Dec/2025:00:56:21 -0800] "GET /property-type/townhouse/?path=//sys/class/mdio_bus/fixed-0/device/subsystem/devices/reg-dummy/driver/reg-dummy/subsystem/drivers/PCCT/PCCT/subsystem/drivers/reg-dummy/reg-dummy/subsystem/devices/IPI0001:00 HTTP/1.1" 200 6742 "-" "Mozilla/5.0 AppleWebKit/537.36 (KHTML, like Gecko; compatible; Amazonbot/0.1; +https://developer.amazon.com/support/amazonbot) Chrome/119.0.6045.214 Safari/537.36"
74.7.227.32 - - [04/Dec/2025:00:56:23 -0800] "GET /item_support/what_is_item_support/8988002?path=//sys/class/tty/ptyab/subsystem/ttydc/subsystem/tty16 HTTP/2.0" 200 3096 "-" "Mozilla/5.0 AppleWebKit/537.36 (KHTML, like Gecko; compatible; GPTBot/1.3; +https://openai.com/gptbot)"
74.7.242.13 - - [04/Dec/2025:00:56:23 -0800] "GET /property/beautiful-5bhk-semi-attached-villa-with-burj-al-arab-view-for-rent-in-umm-suqeim-2/?path=//sys/devices/pci0000:40/firmware_node/device:ac/device:ad/subsystem/devices/device:cc/device:cd/device:ce/subsystem/devices/device:ac/device:ad/subsystem/devices/device:ac/subsystem/devices/device:cb/device:cc/device:cd/subsystem/devices/device:fb/device:fd HTTP/2.0" 200 3397 "-" "Mozilla/5.0 AppleWebKit/537.36 (KHTML, like Gecko; compatible; GPTBot/1.3; +https://openai.com/gptbot)"
52.45.29.57 - - [04/Dec/2025:00:56:25 -0800] "GET /property-type/full-floor/?path=//sys/devices/platform/reg-dummy/driver/reg-dummy/subsystem/devices/reg-dummy/driver/reg-dummy/subsystem/drivers/PCCT/PCCT/subsystem/devices/IPI0001:00/subsystem/devices/pcspkr HTTP/1.1" 200 6650 "-" "Mozilla/5.0 AppleWebKit/537.36 (KHTML, like Gecko; compatible; Amazonbot/0.1; +https://developer.amazon.com/support/amazonbot) Chrome/119.0.6045.214 Safari/537.36"
74.7.227.32 - - [04/Dec/2025:00:56:26 -0800] "GET /item_support/what_is_item_support/8988002?path=//sys/class/tty/ttyxf/subsystem/ttyqd/subsystem/tty11 HTTP/2.0" 200 3097 "-" "Mozilla/5.0 AppleWebKit/537.36 (KHTML, like Gecko; compatible; GPTBot/1.3; +https://openai.com/gptbot)"
74.7.242.13 - - [04/Dec/2025:00:56:26 -0800] "GET /property/beautiful-5bhk-semi-attached-villa-with-burj-al-arab-view-for-rent-in-umm-suqeim-2/?path=//sys/devices/pci0000:40/firmware_node/device:ac/device:ad/subsystem/devices/device:cc/device:cd/device:ce/subsystem/devices/device:ac/device:ad/subsystem/devices/device:ac/subsystem/devices/device:cb/device:cc/device:cd/subsystem/devices/device:bd HTTP/2.0" 200 3384 "-" "Mozilla/5.0 AppleWebKit/537.36 (KHTML, like Gecko; compatible; GPTBot/1.3; +https://openai.com/gptbot)"
144.76.19.157 - - [04/Dec/2025:00:56:27 -0800] "GET /hello-world/?path=/sys/dev/block/259:0/mq/8 HTTP/1.1" 200 3715 "-" "Mozilla/5.0 (compatible; SERankingBacklinksBot/1.0; +https://seranking.com/backlinks-crawler)"
3.81.253.213 - - [04/Dec/2025:00:56:29 -0800] "GET /property-type/hotel-hotel-apartment/?path=//sys/bus/platform/drivers/reg-dummy/reg-dummy/driver/reg-dummy/subsystem/devices/reg-dummy/subsystem/devices/PCCT/driver/PCCT/subsystem/devices/PCCT/driver/PCCT/driver HTTP/1.1" 200 6513 "-" "Mozilla/5.0 AppleWebKit/537.36 (KHTML, like Gecko; compatible; Amazonbot/0.1; +https://developer.amazon.com/support/amazonbot) Chrome/119.0.6045.214 Safari/537.36"
74.7.227.32 - - [04/Dec/2025:00:56:29 -0800] "GET /item_support/what_is_item_support/8988002?path=//sys/class/tty/ptyvc/subsystem/ptydf/subsystem/ptyra HTTP/2.0" 200 3097 "-" "Mozilla/5.0 AppleWebKit/537.36 (KHTML, like Gecko; compatible; GPTBot/1.3; +https://openai.com/gptbot)"
47.128.56.61 - - [04/Dec/2025:00:56:29 -0800] "GET /property-type/apartment/?fileloc=%2Fhome%2Fdh_hwg2wc%2Ffnaluxury.com%2Fwp-includes%2FIXR%2Fclass-IXR-value.php&path=%2Fhome%2Fdh_hwg2wc%2Ffnaluxury.com%2Fwp-includes%2FIXR HTTP/2.0" 200 3771 "-" "Mozilla/5.0 (Linux; Android 5.0) AppleWebKit/537.36 (KHTML, like Gecko) Mobile Safari/537.36 (compatible; Bytespider; spider-feedback@bytedance.com)"
74.7.242.13 - - [04/Dec/2025:00:56:29 -0800] "GET /property/beautiful-5bhk-semi-attached-villa-with-burj-al-arab-view-for-rent-in-umm-suqeim-2/?path=//sys/devices/pci0000:40/firmware_node/device:ac/device:ad/subsystem/devices/device:cc/device:cd/device:ce/subsystem/devices/device:ac/device:ad/subsystem/devices/device:ac/subsystem/devices/device:cb/device:cc/device:cd/subsystem/devices/device:bc/device:bd HTTP/2.0" 200 3399 "-" "Mozilla/5.0 AppleWebKit/537.36 (KHTML, like Gecko; compatible; GPTBot/1.3; +https://openai.com/gptbot)"
47.128.16.194 - - [04/Dec/2025:00:56:30 -0800] "GET /feature/maidsroom/?fileloc=%2Fhome%2Fdh_hwg2wc%2Ffnaluxury.com%2Fxmlrpc.php&path=%2Fhome%2Fdh_hwg2wc%2Ffnaluxury.com HTTP/2.0" 200 4111 "-" "Mozilla/5.0 (Linux; Android 5.0) AppleWebKit/537.36 (KHTML, like Gecko) Mobile Safari/537.36 (compatible; Bytespider; spider-feedback@bytedance.com)"
144.76.19.157 - - [04/Dec/2025:00:56:31 -0800] "GET /hello-world/?path=/sys/dev/block/259:0/mq/9 HTTP/1.1" 200 3369 "-" "Mozilla/5.0 (compatible; SERankingBacklinksBot/1.0; +https://seranking.com/backlinks-crawler)"
74.7.242.13 - - [04/Dec/2025:00:56:33 -0800] "GET /property/beautiful-5bhk-semi-attached-villa-with-burj-al-arab-view-for-rent-in-umm-suqeim-2/?path=//sys/devices/pci0000:40/firmware_node/device:ac/device:ad/subsystem/devices/device:cc/device:cd/device:ce/subsystem/devices/device:ac/device:ad/subsystem/devices/device:ac/subsystem/devices/device:cb/device:cc/device:cd/subsystem/devices/device:aa/device:ab HTTP/2.0" 200 3350 "-" "Mozilla/5.0 AppleWebKit/537.36 (KHTML, like Gecko; compatible; GPTBot/1.3; +https://openai.com/gptbot)"
74.7.227.32 - - [04/Dec/2025:00:56:33 -0800] "GET /item_support/what_is_item_support/8988002?path=//sys/class/tty/ptyab/subsystem/ttydc/subsystem/ttybf HTTP/2.0" 200 3096 "-" "Mozilla/5.0 AppleWebKit/537.36 (KHTML, like Gecko; compatible; GPTBot/1.3; +https://openai.com/gptbot)"
54.197.82.195 - - [04/Dec/2025:00:56:33 -0800] "GET /property-type/apartment/?path=//sys/devices/platform/reg-dummy/driver/reg-dummy/subsystem/drivers/reg-dummy/reg-dummy/subsystem/drivers/PCCT/PCCT/subsystem/devices/microcode/subsystem/drivers/acpi-ged HTTP/1.1" 200 6521 "-" "Mozilla/5.0 AppleWebKit/537.36 (KHTML, like Gecko; compatible; Amazonbot/0.1; +https://developer.amazon.com/support/amazonbot) Chrome/119.0.6045.214 Safari/537.36"
74.7.242.13 - - [04/Dec/2025:00:56:36 -0800] "GET /property/beautiful-5bhk-semi-attached-villa-with-burj-al-arab-view-for-rent-in-umm-suqeim-2/?path=//sys/devices/pci0000:40/firmware_node/device:ac/device:ad/subsystem/devices/device:cc/device:cd/device:ce/subsystem/devices/device:ac/device:ad/subsystem/devices/device:ac/subsystem/devices/device:cb/device:cc/device:cd/subsystem/devices/device:ae HTTP/2.0" 200 3333 "-" "Mozilla/5.0 AppleWebKit/537.36 (KHTML, like Gecko; compatible; GPTBot/1.3; +https://openai.com/gptbot)"
74.7.227.32 - - [04/Dec/2025:00:56:36 -0800] "GET /item_support/what_is_item_support/8988002?path=//sys/class/tty/ptyvc/subsystem/ptyqf/subsystem/ptyuf HTTP/2.0" 200 3098 "-" "Mozilla/5.0 AppleWebKit/537.36 (KHTML, like Gecko; compatible; GPTBot/1.3; +https://openai.com/gptbot)"
3.212.219.113 - - [04/Dec/2025:00:56:37 -0800] "GET /property-type/full-floor/?path=//sys/devices/platform/reg-dummy/driver/reg-dummy/subsystem/drivers/reg-dummy/reg-dummy/subsystem/devices/microcode/subsystem/drivers/PCCT/PCCT/subsystem/drivers/isch_smbus HTTP/1.1" 200 6524 "-" "Mozilla/5.0 AppleWebKit/537.36 (KHTML, like Gecko; compatible; Amazonbot/0.1; +https://developer.amazon.com/support/amazonbot) Chrome/119.0.6045.214 Safari/537.36"
157.55.39.62 - - [04/Dec/2025:00:56:38 -0800] "GET /?items=574909 HTTP/2.0" 200 30867 "-" "Mozilla/5.0 AppleWebKit/537.36 (KHTML, like Gecko; compatible; bingbot/2.0; +http://www.bing.com/bingbot.htm) Chrome/116.0.1938.76 Safari/537.36"
144.76.19.157 - - [04/Dec/2025:00:56:38 -0800] "GET /hello-world/?path=/sys/dev/block/259:1/mq/0 HTTP/1.1" 200 3757 "-" "Mozilla/5.0 (compatible; SERankingBacklinksBot/1.0; +https://seranking.com/backlinks-crawler)"
74.7.242.13 - - [04/Dec/2025:00:56:39 -0800] "GET /property/beautiful-5bhk-semi-attached-villa-with-burj-al-arab-view-for-rent-in-umm-suqeim-2/?path=//sys/devices/pci0000:40/firmware_node/device:ac/device:ad/subsystem/devices/device:cc/device:cd/device:ce/subsystem/devices/device:ac/device:ad/subsystem/devices/device:ac/subsystem/devices/device:cb/device:cc/device:cd/subsystem/devices/device:cf HTTP/2.0" 200 3379 "-" "Mozilla/5.0 AppleWebKit/537.36 (KHTML, like Gecko; compatible; GPTBot/1.3; +https://openai.com/gptbot)"
74.7.227.32 - - [04/Dec/2025:00:56:39 -0800] "GET /item_support/what_is_item_support/8988002?path=//sys/class/tty/ptyvc/subsystem/ptyqf/subsystem/ptyab HTTP/2.0" 200 3099 "-" "Mozilla/5.0 AppleWebKit/537.36 (KHTML, like Gecko; compatible; GPTBot/1.3; +https://openai.com/gptbot)"
54.166.126.132 - - [04/Dec/2025:00:56:41 -0800] "GET /property-type/townhouse/?path=//sys/bus/platform/devices/PCCT/subsystem/drivers/reg-dummy/reg-dummy/subsystem/devices/reg-dummy/driver/reg-dummy/subsystem/devices/acpi-cpufreq/subsystem/drivers/PCCT/PCCT HTTP/1.1" 200 6682 "-" "Mozilla/5.0 AppleWebKit/537.36 (KHTML, like Gecko; compatible; Amazonbot/0.1; +https://developer.amazon.com/support/amazonbot) Chrome/119.0.6045.214 Safari/537.36"
216.73.216.116 - - [04/Dec/2025:00:56:41 -0800] "GET /property/best-deal-2br-apartment-fully-furnished-burj-khalifa-view?fileloc=%2Fhome%2Fdh_hwg2wc%2Ffnaluxury.com%2Fwp-content%2Fplugins%2Fdkkcekz%2Fadmin%2Fassets%2Fcss%2F.htaccess&path=%2Fhome%2Fdh_hwg2wc%2Ffnaluxury.com%2Fwp-content%2Fplugins%2Fdkkcekz%2Fadmin%2Fassets%2Fcss HTTP/2.0" 200 2806 "-" "Mozilla/5.0 AppleWebKit/537.36 (KHTML, like Gecko; compatible; ClaudeBot/1.0; +claudebot@anthropic.com)"
43.173.180.17 - - [04/Dec/2025:00:56:41 -0800] "GET /blog/?path=//sys/block/nbd0/subsystem/nbd2/queue HTTP/1.1" 200 8204 "-" "Mozilla/5.0 (Windows NT 6.1; Win64; x64) AppleWebKit/537.36 (KHTML, like Gecko) Chrome/126.0.6478.114 Safari/537.36"
74.7.242.13 - - [04/Dec/2025:00:56:42 -0800] "GET /property/beautiful-5bhk-semi-attached-villa-with-burj-al-arab-view-for-rent-in-umm-suqeim-2/?path=//sys/devices/pci0000:40/firmware_node/device:ac/device:ad/subsystem/devices/device:cc/device:cd/device:ce/subsystem/devices/device:ac/device:ad/subsystem/devices/device:ac/subsystem/devices/device:cb/device:cc/device:cd/subsystem/devices/device:fe HTTP/2.0" 200 3378 "-" "Mozilla/5.0 AppleWebKit/537.36 (KHTML, like Gecko; compatible; GPTBot/1.3; +https://openai.com/gptbot)"
74.7.227.32 - - [04/Dec/2025:00:56:42 -0800] "GET /item_support/what_is_item_support/8988002?path=//sys/class/tty/ptyvc/subsystem/ptyxf/subsystem/ttyvc HTTP/2.0" 200 3097 "-" "Mozilla/5.0 AppleWebKit/537.36 (KHTML, like Gecko; compatible; GPTBot/1.3; +https://openai.com/gptbot)"
43.173.174.59 - - [04/Dec/2025:00:56:41 -0800] "GET /property-type/plot/?path=//sys/class/ata_device/dev10.0/subsystem/dev10.0 HTTP/1.1" 200 6983 "-" "Mozilla/5.0 (Windows NT 6.1; Win64; x64) AppleWebKit/537.36 (KHTML, like Gecko) Chrome/126.0.6478.114 Safari/537.36"
43.173.176.97 - - [04/Dec/2025:00:56:43 -0800] "GET /property-type/plot/?path=//usr/local/dh/apache2/logs HTTP/1.1" 200 6460 "-" "Mozilla/5.0 (Windows NT 6.1; Win64; x64) AppleWebKit/537.36 (KHTML, like Gecko) Chrome/126.0.6478.114 Safari/537.36"
216.73.216.116 - - [04/Dec/2025:00:56:44 -0800] "GET /property/best-deal-2br-apartment-fully-furnished-burj-khalifa-view?fileloc=%2Fhome%2Fdh_hwg2wc%2Ffnaluxury.com%2Fwp-includes%2FSimplePie%2Flibrary%2FSimplePie%2FContent%2F.htaccess&path=%2Fhome%2Fdh_hwg2wc%2Ffnaluxury.com%2Fwp-includes%2FSimplePie%2Flibrary%2FSimplePie%2FContent HTTP/2.0" 200 2735 "-" "Mozilla/5.0 AppleWebKit/537.36 (KHTML, like Gecko; compatible; ClaudeBot/1.0; +claudebot@anthropic.com)"
3.209.174.110 - - [04/Dec/2025:00:56:45 -0800] "GET /property-type/townhouse/?path=//sys/devices/platform/microcode/subsystem/devices/reg-dummy/driver/reg-dummy/driver/reg-dummy/driver/reg-dummy/subsystem/devices/acpi-cpufreq/subsystem/drivers/acpi-ged HTTP/1.1" 200 6519 "-" "Mozilla/5.0 AppleWebKit/537.36 (KHTML, like Gecko; compatible; Amazonbot/0.1; +https://developer.amazon.com/support/amazonbot) Chrome/119.0.6045.214 Safari/537.36"
74.7.242.13 - - [04/Dec/2025:00:56:45 -0800] "GET /property/beautiful-5bhk-semi-attached-villa-with-burj-al-arab-view-for-rent-in-umm-suqeim-2/?path=//sys/devices/pci0000:40/firmware_node/device:ac/device:ad/subsystem/devices/device:cc/device:cd/device:ce/subsystem/devices/device:ac/device:ad/subsystem/devices/device:ac/subsystem/devices/device:cb/device:cc/device:cd/subsystem/devices/device:cc/device:cd HTTP/2.0" 200 3460 "-" "Mozilla/5.0 AppleWebKit/537.36 (KHTML, like Gecko; compatible; GPTBot/1.3; +https://openai.com/gptbot)"
74.7.227.32 - - [04/Dec/2025:00:56:45 -0800] "GET /item_support/what_is_item_support/8988002?path=//sys/class/tty/ptyvc/subsystem/ptyxf/subsystem/ttyqa HTTP/2.0" 200 3101 "-" "Mozilla/5.0 AppleWebKit/537.36 (KHTML, like Gecko; compatible; GPTBot/1.3; +https://openai.com/gptbot)"
216.73.216.116 - - [04/Dec/2025:00:56:47 -0800] "GET /property/best-deal-2br-apartment-fully-furnished-burj-khalifa-view?fileloc=%2Fhome%2Fdh_hwg2wc%2Ffnaluxury.com%2Fwp-content%2Fplugins%2Funder-construction-page%2Fthemes%2Fcss%2Fcommon.css&path=%2Fhome%2Fdh_hwg2wc%2Ffnaluxury.com%2Fwp-content%2Fplugins%2Funder-construction-page%2Fthemes%2Fcss HTTP/2.0" 200 2982 "-" "Mozilla/5.0 AppleWebKit/537.36 (KHTML, like Gecko; compatible; ClaudeBot/1.0; +claudebot@anthropic.com)"
74.7.227.32 - - [04/Dec/2025:00:56:48 -0800] "GET /item_support/what_is_item_support/8988002?path=//sys/class/tty/ptyvc/subsystem/ptydf/subsystem/ttyqa HTTP/2.0" 200 3101 "-" "Mozilla/5.0 AppleWebKit/537.36 (KHTML, like Gecko; compatible; GPTBot/1.3; +https://openai.com/gptbot)"
74.7.242.13 - - [04/Dec/2025:00:56:48 -0800] "GET /property/beautiful-5bhk-semi-attached-villa-with-burj-al-arab-view-for-rent-in-umm-suqeim-2/?path=//sys/devices/pci0000:40/firmware_node/device:ac/device:ad/subsystem/devices/device:cc/device:cd/device:ce/subsystem/devices/device:ac/device:ad/subsystem/devices/device:ac/subsystem/devices/device:cb/device:cc/device:cd/subsystem/devices/device:dc HTTP/2.0" 200 3333 "-" "Mozilla/5.0 AppleWebKit/537.36 (KHTML, like Gecko; compatible; GPTBot/1.3; +https://openai.com/gptbot)"
18.215.77.19 - - [04/Dec/2025:00:56:49 -0800] "GET /property/brand-new-villa-2/?path=//sys/bus/platform/devices/PCCT/subsystem/devices/reg-dummy/subsystem/devices/reg-dummy/driver/reg-dummy/subsystem/devices/PCCT/driver/PCCT/subsystem/drivers/acpi-fan HTTP/1.1" 200 6519 "-" "Mozilla/5.0 AppleWebKit/537.36 (KHTML, like Gecko; compatible; Amazonbot/0.1; +https://developer.amazon.com/support/amazonbot) Chrome/119.0.6045.214 Safari/537.36"
144.76.19.157 - - [04/Dec/2025:00:56:50 -0800] "GET /hello-world/?path=/sys/dev/block/259:1/mq/1 HTTP/1.1" 200 3714 "-" "Mozilla/5.0 (compatible; SERankingBacklinksBot/1.0; +https://seranking.com/backlinks-crawler)"
216.73.216.116 - - [04/Dec/2025:00:56:50 -0800] "GET /property/best-deal-2br-apartment-fully-furnished-burj-khalifa-view?fileloc=%2Fhome%2Fdh_hwg2wc%2Ffnaluxury.com%2Fwp-content%2Fplugins%2Felementor%2Fvendor_prefixed%2Ftwig%2F.htaccess&path=%2Fhome%2Fdh_hwg2wc%2Ffnaluxury.com%2Fwp-content%2Fplugins%2Felementor%2Fvendor_prefixed%2Ftwig HTTP/2.0" 200 2745 "-" "Mozilla/5.0 AppleWebKit/537.36 (KHTML, like Gecko; compatible; ClaudeBot/1.0; +claudebot@anthropic.com)"
74.7.227.32 - - [04/Dec/2025:00:56:51 -0800] "GET /item_support/what_is_item_support/8988002?path=//sys/class/tty/ptyab/subsystem/ttydc/subsystem/ptyrc HTTP/2.0" 200 3096 "-" "Mozilla/5.0 AppleWebKit/537.36 (KHTML, like Gecko; compatible; GPTBot/1.3; +https://openai.com/gptbot)"
74.7.242.13 - - [04/Dec/2025:00:56:52 -0800] "GET /property/beautiful-5bhk-semi-attached-villa-with-burj-al-arab-view-for-rent-in-umm-suqeim-2/?path=//sys/devices/pci0000:40/firmware_node/device:ac/device:ad/subsystem/devices/device:cc/device:cd/device:ce/subsystem/devices/device:ac/device:ad/subsystem/devices/device:ac/subsystem/devices/device:cb/device:cc/device:cd/subsystem/devices/device:cb/device:cc/device:cd HTTP/2.0" 200 3471 "-" "Mozilla/5.0 AppleWebKit/537.36 (KHTML, like Gecko; compatible; GPTBot/1.3; +https://openai.com/gptbot)"
44.223.115.10 - - [04/Dec/2025:00:56:53 -0800] "GET /property-type/studio/?path=//sys/devices/platform/PCCT/subsystem/drivers/reg-dummy/reg-dummy/driver/reg-dummy/driver/reg-dummy/subsystem/devices/microcode/subsystem/devices/pcspkr/subsystem/drivers/PCCT/PCCT/driver HTTP/1.1" 200 6544 "-" "Mozilla/5.0 AppleWebKit/537.36 (KHTML, like Gecko; compatible; Amazonbot/0.1; +https://developer.amazon.com/support/amazonbot) Chrome/119.0.6045.214 Safari/537.36"
216.73.216.116 - - [04/Dec/2025:00:56:53 -0800] "GET /property/best-deal-2br-apartment-fully-furnished-burj-khalifa-view?fileloc=%2Fhome%2Fdh_hwg2wc%2Ffnaluxury.com%2Fwp-content%2Fplugins%2Fdkkcekz%2Fadmin%2Fassets%2Fcss%2Fprotect-uploads-admin.css&path=%2Fhome%2Fdh_hwg2wc%2Ffnaluxury.com%2Fwp-content%2Fplugins%2Fdkkcekz%2Fadmin%2Fassets%2Fcss HTTP/2.0" 200 2812 "-" "Mozilla/5.0 AppleWebKit/537.36 (KHTML, like Gecko; compatible; ClaudeBot/1.0; +claudebot@anthropic.com)"
43.173.180.126 - - [04/Dec/2025:00:56:53 -0800] "GET /feature/barbecue-area/?fileloc=/home/dh_hwg2wc/fnaluxury.com/wp-content/plugins/wpforms/templates/admin/promotion.php&path=/home/dh_hwg2wc/fnaluxury.com/wp-content/plugins/wpforms/templates/admin HTTP/1.1" 200 7993 "-" "Mozilla/5.0 (Windows NT 10.0; Win64; x64) AppleWebKit/537.36 (KHTML, like Gecko) Chrome/109.0.0.0 Safari/537.36"
74.7.227.32 - - [04/Dec/2025:00:56:55 -0800] "GET /item_support/what_is_item_support/8988002?path=//sys/class/tty/ptyvc/subsystem/ptydf/subsystem/ttyS12 HTTP/2.0" 200 3698 "-" "Mozilla/5.0 AppleWebKit/537.36 (KHTML, like Gecko; compatible; GPTBot/1.3; +https://openai.com/gptbot)"
74.7.242.13 - - [04/Dec/2025:00:56:55 -0800] "GET /property/beautiful-5bhk-semi-attached-villa-with-burj-al-arab-view-for-rent-in-umm-suqeim-2/?path=//sys/devices/pci0000:40/firmware_node/device:ac/device:ad/subsystem/devices/device:cc/device:cd/device:ce/subsystem/devices/device:ac/device:ad/subsystem/devices/device:ac/subsystem/devices/device:cb/device:cc/subsystem/devices/device:cb/device:cc/device:cd HTTP/2.0" 200 3464 "-" "Mozilla/5.0 AppleWebKit/537.36 (KHTML, like Gecko; compatible; GPTBot/1.3; +https://openai.com/gptbot)"
216.73.216.116 - - [04/Dec/2025:00:56:56 -0800] "GET /property/best-deal-2br-apartment-fully-furnished-burj-khalifa-view?fileloc=%2Fhome%2Fdh_hwg2wc%2Ffnaluxury.com%2Fwp-content%2Fplugins%2Felementor%2Fdata%2F.htaccess&path=%2Fhome%2Fdh_hwg2wc%2Ffnaluxury.com%2Fwp-content%2Fplugins%2Felementor%2Fdata HTTP/2.0" 200 2727 "-" "Mozilla/5.0 AppleWebKit/537.36 (KHTML, like Gecko; compatible; ClaudeBot/1.0; +claudebot@anthropic.com)"
54.235.172.108 - - [04/Dec/2025:00:56:57 -0800] "GET /property-type/studio/?path=//sys/bus/platform/devices/reg-dummy/driver/reg-dummy/subsystem/devices/pcspkr/subsystem/devices/reg-dummy/subsystem/drivers/PCCT/PCCT/subsystem/devices/pcspkr HTTP/1.1" 200 6633 "-" "Mozilla/5.0 AppleWebKit/537.36 (KHTML, like Gecko; compatible; Amazonbot/0.1; +https://developer.amazon.com/support/amazonbot) Chrome/119.0.6045.214 Safari/537.36"
144.76.19.157 - - [04/Dec/2025:00:56:57 -0800] "GET /hello-world/?path=/sys/dev/block/259:1/mq/2 HTTP/1.1" 200 3715 "-" "Mozilla/5.0 (compatible; SERankingBacklinksBot/1.0; +https://seranking.com/backlinks-crawler)"
74.7.242.13 - - [04/Dec/2025:00:56:58 -0800] "GET /property/beautiful-5bhk-semi-attached-villa-with-burj-al-arab-view-for-rent-in-umm-suqeim-2/?path=//sys/devices/pci0000:40/firmware_node/device:ac/device:ad/subsystem/devices/device:cc/device:cd/device:ce/subsystem/devices/device:ac/device:ad/subsystem/devices/device:ac/subsystem/devices/device:cb/device:cc/device:cd/subsystem/devices/device:dd HTTP/2.0" 200 3333 "-" "Mozilla/5.0 AppleWebKit/537.36 (KHTML, like Gecko; compatible; GPTBot/1.3; +https://openai.com/gptbot)"
74.7.227.32 - - [04/Dec/2025:00:56:58 -0800] "GET /item_support/what_is_item_support/8988002?path=//sys/class/tty/ptyvc/subsystem/ptyxf/subsystem/ttyt0/subsystem HTTP/2.0" 200 17480 "-" "Mozilla/5.0 AppleWebKit/537.36 (KHTML, like Gecko; compatible; GPTBot/1.3; +https://openai.com/gptbot)"
216.73.216.116 - - [04/Dec/2025:00:56:59 -0800] "GET /property/best-deal-2br-apartment-fully-furnished-burj-khalifa-view?fileloc=%2Fhome%2Fdh_hwg2wc%2Ffnaluxury.com%2Fwp-content%2Fplugins%2Felementor%2Fdata%2Fmanager.php&path=%2Fhome%2Fdh_hwg2wc%2Ffnaluxury.com%2Fwp-content%2Fplugins%2Felementor%2Fdata HTTP/2.0" 200 5213 "-" "Mozilla/5.0 AppleWebKit/537.36 (KHTML, like Gecko; compatible; ClaudeBot/1.0; +claudebot@anthropic.com)"
144.76.19.157 - - [04/Dec/2025:00:57:01 -0800] "GET /hello-world/?path=/sys/dev/block/259:1/mq/3 HTTP/1.1" 200 3369 "-" "Mozilla/5.0 (compatible; SERankingBacklinksBot/1.0; +https://seranking.com/backlinks-crawler)"
54.209.100.30 - - [04/Dec/2025:00:57:01 -0800] "GET /property-type/commercial/?path=//sys/devices/platform/reg-dummy/subsystem/devices/PCCT/subsystem/devices/reg-dummy/driver/reg-dummy/subsystem/devices/PCCT/driver/PCCT/driver/PCCT/subsystem/drivers/acpi-ged HTTP/1.1" 200 6525 "-" "Mozilla/5.0 AppleWebKit/537.36 (KHTML, like Gecko; compatible; Amazonbot/0.1; +https://developer.amazon.com/support/amazonbot) Chrome/119.0.6045.214 Safari/537.36"
74.7.227.32 - - [04/Dec/2025:00:57:01 -0800] "GET /item_support/what_is_item_support/8988002?path=//sys/class/tty/ttyxf/subsystem/ptyqd/subsystem/tty62 HTTP/2.0" 200 3101 "-" "Mozilla/5.0 AppleWebKit/537.36 (KHTML, like Gecko; compatible; GPTBot/1.3; +https://openai.com/gptbot)"
74.7.242.13 - - [04/Dec/2025:00:57:01 -0800] "GET /property/beautiful-5bhk-semi-attached-villa-with-burj-al-arab-view-for-rent-in-umm-suqeim-2/?path=//sys/devices/pci0000:40/firmware_node/device:ac/device:ad/subsystem/devices/device:cc/device:cd/device:ce/subsystem/devices/device:ac/device:ad/subsystem/devices/device:ac/subsystem/devices/device:cb/device:cc/device:cd/subsystem/devices/device:cd HTTP/2.0" 200 3447 "-" "Mozilla/5.0 AppleWebKit/537.36 (KHTML, like Gecko; compatible; GPTBot/1.3; +https://openai.com/gptbot)"
74.7.227.32 - - [04/Dec/2025:00:57:04 -0800] "GET /item_support/what_is_item_support/8988002?path=//sys/class/tty/ttyxf/subsystem/ptyqd/subsystem/tty30 HTTP/2.0" 200 3101 "-" "Mozilla/5.0 AppleWebKit/537.36 (KHTML, like Gecko; compatible; GPTBot/1.3; +https://openai.com/gptbot)"
74.7.242.13 - - [04/Dec/2025:00:57:04 -0800] "GET /property/beautiful-5bhk-semi-attached-villa-with-burj-al-arab-view-for-rent-in-umm-suqeim-2/?path=//sys/devices/pci0000:40/firmware_node/device:ac/device:ad/subsystem/devices/device:cc/device:cd/device:ce/subsystem/devices/device:ac/device:ad/subsystem/devices/device:ae/subsystem/devices/device:ca/physical_node/peer/peer/peer/peer/peer/peer/peer/peer/firmware_node/subsystem/devices/device:bd HTTP/2.0" 200 3449 "-" "Mozilla/5.0 AppleWebKit/537.36 (KHTML, like Gecko; compatible; GPTBot/1.3; +https://openai.com/gptbot)"
98.84.131.195 - - [04/Dec/2025:00:57:05 -0800] "GET /property-type/studio/?path=//sys/bus/platform/devices/reg-dummy/subsystem/devices/reg-dummy/driver/reg-dummy/driver/reg-dummy/subsystem/drivers/PCCT/PCCT/subsystem/drivers/PCCT/PCCT/subsystem/devices/pcspkr HTTP/1.1" 200 6645 "-" "Mozilla/5.0 AppleWebKit/537.36 (KHTML, like Gecko; compatible; Amazonbot/0.1; +https://developer.amazon.com/support/amazonbot) Chrome/119.0.6045.214 Safari/537.36"
74.7.227.32 - - [04/Dec/2025:00:57:07 -0800] "GET /item_support/what_is_item_support/8988002?path=//sys/class/tty/ptyvc/subsystem/ptydf/subsystem/ptyd5 HTTP/2.0" 200 3096 "-" "Mozilla/5.0 AppleWebKit/537.36 (KHTML, like Gecko; compatible; GPTBot/1.3; +https://openai.com/gptbot)"
74.7.242.13 - - [04/Dec/2025:00:57:08 -0800] "GET /property/beautiful-5bhk-semi-attached-villa-with-burj-al-arab-view-for-rent-in-umm-suqeim-2/?path=//sys/devices/pci0000:40/firmware_node/device:ac/device:ad/subsystem/devices/device:cc/device:cd/device:ce/subsystem/devices/device:ac/device:ad/subsystem/devices/device:ac/subsystem/devices/device:cb/device:cc/device:cd/subsystem/devices/device:bc/device:bd/physical_node HTTP/2.0" 200 4981 "-" "Mozilla/5.0 AppleWebKit/537.36 (KHTML, like Gecko; compatible; GPTBot/1.3; +https://openai.com/gptbot)"
54.90.244.132 - - [04/Dec/2025:00:57:09 -0800] "GET /property-type/shop/?path=//sys/bus/platform/devices/reg-dummy/driver/reg-dummy/driver/reg-dummy/subsystem/devices/microcode/subsystem/devices/reg-dummy/subsystem/devices/IPI0001:00/subsystem/drivers/PCCT/PCCT/driver HTTP/1.1" 200 6557 "-" "Mozilla/5.0 AppleWebKit/537.36 (KHTML, like Gecko; compatible; Amazonbot/0.1; +https://developer.amazon.com/support/amazonbot) Chrome/119.0.6045.214 Safari/537.36"
74.7.227.32 - - [04/Dec/2025:00:57:11 -0800] "GET /item_support/what_is_item_support/8988002?path=//sys/class/tty/ptyvc/subsystem/ptydf/subsystem/tty HTTP/2.0" 200 3091 "-" "Mozilla/5.0 AppleWebKit/537.36 (KHTML, like Gecko; compatible; GPTBot/1.3; +https://openai.com/gptbot)"
74.7.242.13 - - [04/Dec/2025:00:57:11 -0800] "GET /property/beautiful-5bhk-semi-attached-villa-with-burj-al-arab-view-for-rent-in-umm-suqeim-2/?path=//sys/devices/pci0000:40/firmware_node/device:ac/device:ad/subsystem/devices/device:cc/device:cd/device:ce/subsystem/devices/device:ac/device:ad/subsystem/devices/device:ae/subsystem/devices/device:ca/physical_node/peer/peer/peer/peer/peer/peer/peer/peer/firmware_node/subsystem/devices/device:fb HTTP/2.0" 200 3537 "-" "Mozilla/5.0 AppleWebKit/537.36 (KHTML, like Gecko; compatible; GPTBot/1.3; +https://openai.com/gptbot)"
144.76.19.157 - - [04/Dec/2025:00:57:12 -0800] "GET /hello-world/?path=/sys/dev/block/259:1/mq/4 HTTP/1.1" 200 3716 "-" "Mozilla/5.0 (compatible; SERankingBacklinksBot/1.0; +https://seranking.com/backlinks-crawler)"
52.71.216.196 - - [04/Dec/2025:00:57:13 -0800] "GET /property-type/townhouse/?path=//sys/devices/platform/pcspkr/subsystem/drivers/reg-dummy/reg-dummy/subsystem/devices/reg-dummy/subsystem/devices/PCCT/driver/PCCT/driver/PCCT/subsystem/devices/pcspkr HTTP/1.1" 200 6623 "-" "Mozilla/5.0 AppleWebKit/537.36 (KHTML, like Gecko; compatible; Amazonbot/0.1; +https://developer.amazon.com/support/amazonbot) Chrome/119.0.6045.214 Safari/537.36"
74.7.227.32 - - [04/Dec/2025:00:57:14 -0800] "GET /item_support/what_is_item_support/8988002?path=//sys/class/tty/ptyvc/subsystem/ptyxf/subsystem/tty HTTP/2.0" 200 3091 "-" "Mozilla/5.0 AppleWebKit/537.36 (KHTML, like Gecko; compatible; GPTBot/1.3; +https://openai.com/gptbot)"
74.7.242.13 - - [04/Dec/2025:00:57:14 -0800] "GET /property/beautiful-5bhk-semi-attached-villa-with-burj-al-arab-view-for-rent-in-umm-suqeim-2/?fileloc=//sys/devices/pci0000:40/firmware_node/device:ac/device:ad/subsystem/devices/device:cc/device:cd/device:ce/subsystem/devices/device:ac/device:ad/subsystem/devices/device:ac/subsystem/devices/device:cb/device:cc/device:cd/subsystem/devices/device:cf/status&path=//sys/devices/pci0000:40/firmware_node/device:ac/device:ad/subsystem/devices/device:cc/device:cd/device:ce/subsystem/devices/device:ac/device:ad/subsystem/devices/device:ac/subsystem/devices/device:cb/device:cc/device:cd/subsystem/devices/device:cf HTTP/2.0" 200 2788 "-" "Mozilla/5.0 AppleWebKit/537.36 (KHTML, like Gecko; compatible; GPTBot/1.3; +https://openai.com/gptbot)"
144.76.19.157 - - [04/Dec/2025:00:57:16 -0800] "GET /hello-world/?path=/sys/dev/block/259:1/mq/5 HTTP/1.1" 200 3369 "-" "Mozilla/5.0 (compatible; SERankingBacklinksBot/1.0; +https://seranking.com/backlinks-crawler)"
34.234.206.30 - - [04/Dec/2025:00:57:17 -0800] "GET /property-type/whole-building/?path=//sys/bus/platform/devices/reg-dummy/driver/reg-dummy/subsystem/drivers/reg-dummy/reg-dummy/subsystem/devices/PCCT/driver/PCCT/driver/PCCT/subsystem/devices/PCCT/driver HTTP/1.1" 200 6516 "-" "Mozilla/5.0 AppleWebKit/537.36 (KHTML, like Gecko; compatible; Amazonbot/0.1; +https://developer.amazon.com/support/amazonbot) Chrome/119.0.6045.214 Safari/537.36"
74.7.227.32 - - [04/Dec/2025:00:57:17 -0800] "GET /item_support/what_is_item_support/8988002?path=//sys/class/tty/ttyxf/subsystem/ptyqd/subsystem/tty HTTP/2.0" 200 3149 "-" "Mozilla/5.0 AppleWebKit/537.36 (KHTML, like Gecko; compatible; GPTBot/1.3; +https://openai.com/gptbot)"
74.7.242.13 - - [04/Dec/2025:00:57:17 -0800] "GET /property/beautiful-5bhk-semi-attached-villa-with-burj-al-arab-view-for-rent-in-umm-suqeim-2/?path=//sys/devices/pci0000:40/firmware_node/device:ac/device:ad/subsystem/devices/device:cc/device:cd/device:ce/subsystem/devices/device:ac/device:ad/subsystem/devices/device:ac/subsystem/devices/device:cb/device:cc/device:cd/subsystem/devices/device:fe/device:ff HTTP/2.0" 200 3515 "-" "Mozilla/5.0 AppleWebKit/537.36 (KHTML, like Gecko; compatible; GPTBot/1.3; +https://openai.com/gptbot)"
74.7.227.32 - - [04/Dec/2025:00:57:20 -0800] "GET /item_support/what_is_item_support/8988002?path=//sys/class/tty/ptyvc/subsystem/ptyqf/subsystem/tty HTTP/2.0" 200 3092 "-" "Mozilla/5.0 AppleWebKit/537.36 (KHTML, like Gecko; compatible; GPTBot/1.3; +https://openai.com/gptbot)"
74.7.242.13 - - [04/Dec/2025:00:57:20 -0800] "GET /property/beautiful-5bhk-semi-attached-villa-with-burj-al-arab-view-for-rent-in-umm-suqeim-2/?path=//sys/devices/pci0000:40/firmware_node/device:ac/device:ad/subsystem/devices/device:cc/device:cd/device:ce/subsystem/devices/device:ac/device:ad/subsystem/devices/device:ac/subsystem/devices/device:cb/device:cc/device:cd/subsystem/devices/device:bc/device:bf/physical_node HTTP/2.0" 200 5129 "-" "Mozilla/5.0 AppleWebKit/537.36 (KHTML, like Gecko; compatible; GPTBot/1.3; +https://openai.com/gptbot)"
34.225.24.180 - - [04/Dec/2025:00:57:21 -0800] "GET /property-type/townhouse/?path=//sys/bus/platform/drivers/reg-dummy/reg-dummy/subsystem/devices/pcspkr/subsystem/drivers/reg-dummy/reg-dummy/subsystem/devices/IPI0001:00/subsystem/devices/PCCT/driver/PCCT/driver/PCCT/driver/PCCT HTTP/1.1" 200 6705 "-" "Mozilla/5.0 AppleWebKit/537.36 (KHTML, like Gecko; compatible; Amazonbot/0.1; +https://developer.amazon.com/support/amazonbot) Chrome/119.0.6045.214 Safari/537.36"
74.7.227.32 - - [04/Dec/2025:00:57:23 -0800] "GET /item_support/what_is_item_support/8988002?path=//sys/class/tty/ptyvc/subsystem/ptyzd/subsystem HTTP/2.0" 200 16233 "-" "Mozilla/5.0 AppleWebKit/537.36 (KHTML, like Gecko; compatible; GPTBot/1.3; +https://openai.com/gptbot)"
74.7.242.13 - - [04/Dec/2025:00:57:24 -0800] "GET /property/beautiful-5bhk-semi-attached-villa-with-burj-al-arab-view-for-rent-in-umm-suqeim-2/?path=//sys/devices/pci0000:40/firmware_node/device:ac/device:ad/subsystem/devices/device:cc/device:cd/device:ce/subsystem/devices/device:ac/device:ad/subsystem/devices/device:ac/subsystem/devices/device:cb/device:cc/device:cd/subsystem/devices/device:bc/device:bf/subsystem HTTP/2.0" 200 3415 "-" "Mozilla/5.0 AppleWebKit/537.36 (KHTML, like Gecko; compatible; GPTBot/1.3; +https://openai.com/gptbot)"
18.214.186.220 - - [04/Dec/2025:00:57:25 -0800] "GET /property-type/townhouse/?path=//sys/devices/platform/reg-dummy/driver/reg-dummy/subsystem/devices/PCCT/subsystem/devices/reg-dummy/driver/reg-dummy/subsystem/devices/IPI0001:00/driver/IPI0001:00/subsystem/drivers/acpi-ged HTTP/1.1" 200 6556 "-" "Mozilla/5.0 AppleWebKit/537.36 (KHTML, like Gecko; compatible; Amazonbot/0.1; +https://developer.amazon.com/support/amazonbot) Chrome/119.0.6045.214 Safari/537.36"
74.7.242.13 - - [04/Dec/2025:00:57:27 -0800] "GET /property/beautiful-5bhk-semi-attached-villa-with-burj-al-arab-view-for-rent-in-umm-suqeim-2/?path=//sys/devices/pci0000:40/firmware_node/device:ac/device:ad/subsystem/devices/device:cc/device:cd/device:ce/subsystem/devices/device:ac/device:ad/subsystem/devices/device:ae/subsystem/devices/device:ca/physical_node/peer/peer/peer/peer/peer/peer/peer/peer/firmware_node/subsystem/devices/device:ab HTTP/2.0" 200 3410 "-" "Mozilla/5.0 AppleWebKit/537.36 (KHTML, like Gecko; compatible; GPTBot/1.3; +https://openai.com/gptbot)"
74.7.227.32 - - [04/Dec/2025:00:57:27 -0800] "GET /item_support/what_is_item_support/8988002?path=//sys/class/tty/ttyxf/subsystem/ptyzd/subsystem HTTP/2.0" 200 16233 "-" "Mozilla/5.0 AppleWebKit/537.36 (KHTML, like Gecko; compatible; GPTBot/1.3; +https://openai.com/gptbot)"
144.76.19.157 - - [04/Dec/2025:00:57:27 -0800] "GET /hello-world/?path=/sys/dev/block/259:1/mq/6 HTTP/1.1" 200 3716 "-" "Mozilla/5.0 (compatible; SERankingBacklinksBot/1.0; +https://seranking.com/backlinks-crawler)"
34.194.226.74 - - [04/Dec/2025:00:57:29 -0800] "GET /property-type/townhouse/?path=//sys/class/mdio_bus/fixed-0/device/subsystem/devices/reg-dummy/driver/reg-dummy/subsystem/drivers/reg-dummy/reg-dummy/subsystem/devices/acpi-cpufreq/subsystem/devices/pcspkr HTTP/1.1" 200 6654 "-" "Mozilla/5.0 AppleWebKit/537.36 (KHTML, like Gecko; compatible; Amazonbot/0.1; +https://developer.amazon.com/support/amazonbot) Chrome/119.0.6045.214 Safari/537.36"
74.7.242.13 - - [04/Dec/2025:00:57:30 -0800] "GET /property/beautiful-5bhk-semi-attached-villa-with-burj-al-arab-view-for-rent-in-umm-suqeim-2/?path=//sys/devices/pci0000:40/firmware_node/device:ac/device:ad/subsystem/devices/device:cc/device:cd/device:ce/subsystem/devices/device:ac/device:ad/subsystem/devices/device:ac/subsystem/devices/device:cb/device:cc/subsystem/devices/device:cb/device:cc/device:cd/device:cf HTTP/2.0" 200 3400 "-" "Mozilla/5.0 AppleWebKit/537.36 (KHTML, like Gecko; compatible; GPTBot/1.3; +https://openai.com/gptbot)"
114.119.154.200 - - [04/Dec/2025:00:57:30 -0800] "GET /status/for-sale?fileloc=//etc/fail2ban/action.d/failcentral-dreamhost.conf&path=//etc/fail2ban/action.d HTTP/1.1" 200 6428 "https://www.fnaluxury.com/status/for-sale?path=//etc/fail2ban/action.d" "Mozilla/5.0 (Linux; Android 7.0;) AppleWebKit/537.36 (KHTML, like Gecko) Mobile Safari/537.36 (compatible; PetalBot;+https://webmaster.petalsearch.com/site/petalbot)"
74.7.227.32 - - [04/Dec/2025:00:57:30 -0800] "GET /item_support/what_is_item_support/8988002?path=//sys/class/tty/ttyxf/subsystem/ttyzd/subsystem HTTP/2.0" 200 16236 "-" "Mozilla/5.0 AppleWebKit/537.36 (KHTML, like Gecko; compatible; GPTBot/1.3; +https://openai.com/gptbot)"
74.7.227.32 - - [04/Dec/2025:00:57:33 -0800] "GET /item_support/what_is_item_support/8988002?path=//sys/class/tty/ptyvc/subsystem/ptyxf/subsystem/ttyt0/subsystem/ptyp3 HTTP/2.0" 200 3120 "-" "Mozilla/5.0 AppleWebKit/537.36 (KHTML, like Gecko; compatible; GPTBot/1.3; +https://openai.com/gptbot)"
184.73.195.18 - - [04/Dec/2025:00:57:33 -0800] "GET /property-type/townhouse/?path=//sys/class/tty/ttyS2/device/subsystem/devices/reg-dummy/subsystem/devices/reg-dummy/driver/reg-dummy/driver/reg-dummy/subsystem/devices/PNP0C33:00/subsystem/drivers/isch_smbus HTTP/1.1" 200 6539 "-" "Mozilla/5.0 AppleWebKit/537.36 (KHTML, like Gecko; compatible; Amazonbot/0.1; +https://developer.amazon.com/support/amazonbot) Chrome/119.0.6045.214 Safari/537.36"
74.7.242.13 - - [04/Dec/2025:00:57:33 -0800] "GET /property/beautiful-5bhk-semi-attached-villa-with-burj-al-arab-view-for-rent-in-umm-suqeim-2/?path=//sys/devices/pci0000:40/firmware_node/device:ac/device:ad/subsystem/devices/device:cc/device:cd/device:ce/subsystem/devices/device:ac/device:ad/subsystem/devices/device:ac/subsystem/devices/device:cb/device:cc/subsystem/devices/device:cb/device:cc/device:cd/device:ce HTTP/2.0" 200 3394 "-" "Mozilla/5.0 AppleWebKit/537.36 (KHTML, like Gecko; compatible; GPTBot/1.3; +https://openai.com/gptbot)"
144.76.19.157 - - [04/Dec/2025:00:57:35 -0800] "GET /hello-world/?path=/sys/dev/block/259:1/mq/7 HTTP/1.1" 200 3717 "-" "Mozilla/5.0 (compatible; SERankingBacklinksBot/1.0; +https://seranking.com/backlinks-crawler)"
74.7.227.32 - - [04/Dec/2025:00:57:36 -0800] "GET /item_support/what_is_item_support/8988002?path=//sys/class/tty/ptyvc/subsystem/ptyxf/subsystem/ttyt0/subsystem/ttyv5 HTTP/2.0" 200 3119 "-" "Mozilla/5.0 AppleWebKit/537.36 (KHTML, like Gecko; compatible; GPTBot/1.3; +https://openai.com/gptbot)"
74.7.242.13 - - [04/Dec/2025:00:57:36 -0800] "GET /property/beautiful-5bhk-semi-attached-villa-with-burj-al-arab-view-for-rent-in-umm-suqeim-2/?path=//sys/devices/pci0000:40/firmware_node/device:ac/device:ad/subsystem/devices/device:cc/device:cd/device:ce/subsystem/devices/device:ac/device:ad/subsystem/devices/device:ac/subsystem/devices/device:cb/device:cc/device:cd/subsystem/devices/device:cd/device:ce HTTP/2.0" 200 3388 "-" "Mozilla/5.0 AppleWebKit/537.36 (KHTML, like Gecko; compatible; GPTBot/1.3; +https://openai.com/gptbot)"
98.82.38.120 - - [04/Dec/2025:00:57:37 -0800] "GET /property-type/whole-building/?path=//sys/bus/platform/devices/reg-dummy/subsystem/drivers/reg-dummy/reg-dummy/driver/reg-dummy/subsystem/devices/PCCT/subsystem/drivers/PCCT/PCCT/subsystem/drivers/isch_smbus HTTP/1.1" 200 6519 "-" "Mozilla/5.0 AppleWebKit/537.36 (KHTML, like Gecko; compatible; Amazonbot/0.1; +https://developer.amazon.com/support/amazonbot) Chrome/119.0.6045.214 Safari/537.36"
144.76.19.157 - - [04/Dec/2025:00:57:39 -0800] "GET /hello-world/?path=/sys/dev/block/259:1/mq/8 HTTP/1.1" 200 3368 "-" "Mozilla/5.0 (compatible; SERankingBacklinksBot/1.0; +https://seranking.com/backlinks-crawler)"
74.7.227.32 - - [04/Dec/2025:00:57:39 -0800] "GET /item_support/what_is_item_support/8988002?path=//sys/class/tty/ptyvc/subsystem/ptyxf/subsystem/ttyt0/subsystem/ptyx0 HTTP/2.0" 200 3117 "-" "Mozilla/5.0 AppleWebKit/537.36 (KHTML, like Gecko; compatible; GPTBot/1.3; +https://openai.com/gptbot)"
74.7.242.13 - - [04/Dec/2025:00:57:39 -0800] "GET /property/beautiful-5bhk-semi-attached-villa-with-burj-al-arab-view-for-rent-in-umm-suqeim-2/?path=//sys/devices/pci0000:40/firmware_node/device:ac/device:ad/subsystem/devices/device:cc/device:cd/device:ce/subsystem/devices/device:ac/device:ad/subsystem/devices/device:ac/subsystem/devices/device:cb/device:cc/device:cd/subsystem/devices/device:cd/device:cf HTTP/2.0" 200 3393 "-" "Mozilla/5.0 AppleWebKit/537.36 (KHTML, like Gecko; compatible; GPTBot/1.3; +https://openai.com/gptbot)"
18.235.81.246 - - [04/Dec/2025:00:57:41 -0800] "GET /property-type/full-floor/?path=//sys/devices/platform/pcspkr/subsystem/devices/reg-dummy/subsystem/drivers/reg-dummy/reg-dummy/subsystem/devices/PCCT/driver/PCCT/driver/PCCT/driver/PCCT/subsystem/devices/microcode HTTP/1.1" 200 6651 "-" "Mozilla/5.0 AppleWebKit/537.36 (KHTML, like Gecko; compatible; Amazonbot/0.1; +https://developer.amazon.com/support/amazonbot) Chrome/119.0.6045.214 Safari/537.36"
74.7.227.32 - - [04/Dec/2025:00:57:43 -0800] "GET /item_support/what_is_item_support/8988002?path=//sys/class/tty/ptyvc/subsystem/ptyxf/subsystem/ttyt0/subsystem/ttyxb HTTP/2.0" 200 3120 "-" "Mozilla/5.0 AppleWebKit/537.36 (KHTML, like Gecko; compatible; GPTBot/1.3; +https://openai.com/gptbot)"
74.7.242.13 - - [04/Dec/2025:00:57:43 -0800] "GET /property/beautiful-5bhk-semi-attached-villa-with-burj-al-arab-view-for-rent-in-umm-suqeim-2/?fileloc=//sys/devices/pci0000:40/firmware_node/device:ac/device:ad/subsystem/devices/device:cc/device:cd/device:ce/subsystem/devices/device:ac/device:ad/subsystem/devices/device:ac/subsystem/devices/device:cb/device:cc/device:cd/subsystem/devices/device:bc/device:bd/physical_node/vendor&path=//sys/devices/pci0000:40/firmware_node/device:ac/device:ad/subsystem/devices/device:cc/device:cd/device:ce/subsystem/devices/device:ac/device:ad/subsystem/devices/device:ac/subsystem/devices/device:cb/device:cc/device:cd/subsystem/devices/device:bc/device:bd/physical_node HTTP/2.0" 200 2827 "-" "Mozilla/5.0 AppleWebKit/537.36 (KHTML, like Gecko; compatible; GPTBot/1.3; +https://openai.com/gptbot)"
