74.7.242.13 - - [04/Dec/2025:01:39:26 -0800] "GET /property/beautiful-5bhk-semi-attached-villa-with-burj-al-arab-view-for-rent-in-umm-suqeim-2/?path=//sys/devices/pci0000:40/firmware_node/device:ac/device:ad/subsystem/devices/device:cc/device:cd/device:cf/subsystem/devices/device:ac/device:ad/subsystem/devices/device:ee/subsystem/devices/device:bc/device:be/subsystem/devices/device:cb/device:cc/device:cd/device:ce/subsystem/devices/PNP0B00:00 HTTP/2.0" 200 3510 "-" "Mozilla/5.0 AppleWebKit/537.36 (KHTML, like Gecko; compatible; GPTBot/1.3; +https://openai.com/gptbot)"
3.231.193.38 - - [04/Dec/2025:01:39:28 -0800] "GET /property-type/apartment/?path=//sys/devices/platform/reg-dummy/driver/reg-dummy/subsystem/devices/reg-dummy/driver/reg-dummy/subsystem/devices/microcode/subsystem/drivers/PCCT/PCCT/subsystem/devices HTTP/1.1" 200 7097 "-" "Mozilla/5.0 AppleWebKit/537.36 (KHTML, like Gecko; compatible; Amazonbot/0.1; +https://developer.amazon.com/support/amazonbot) Chrome/119.0.6045.214 Safari/537.36"
216.73.216.116 - - [04/Dec/2025:01:39:29 -0800] "GET /property/best-deal-2br-apartment-fully-furnished-burj-khalifa-view?fileloc=%2F%2Fusr%2Finclude%2Flinux%2Fseccomp.h&path=%2F%2Fusr%2Finclude%2Flinux HTTP/2.0" 200 4820 "-" "Mozilla/5.0 AppleWebKit/537.36 (KHTML, like Gecko; compatible; ClaudeBot/1.0; +claudebot@anthropic.com)"
74.7.227.32 - - [04/Dec/2025:01:39:29 -0800] "GET /item_support/what_is_item_support/8988002?fileloc=//sys/class/net/phy0/type&path=//sys/class/net/phy0 HTTP/2.0" 200 2589 "-" "Mozilla/5.0 AppleWebKit/537.36 (KHTML, like Gecko; compatible; GPTBot/1.3; +https://openai.com/gptbot)"
74.7.242.13 - - [04/Dec/2025:01:39:30 -0800] "GET /property/beautiful-5bhk-semi-attached-villa-with-burj-al-arab-view-for-rent-in-umm-suqeim-2/?path=//sys/devices/pci0000:40/firmware_node/device:ac/device:ad/subsystem/devices/device:cc/device:cd/device:cf/subsystem/devices/device:ac/device:ad/subsystem/devices/device:ee/subsystem/devices/device:bc/device:be/subsystem/devices/device:cb/device:cc/device:cd/device:ce/subsystem/devices/ACPI0007:05 HTTP/2.0" 200 3600 "-" "Mozilla/5.0 AppleWebKit/537.36 (KHTML, like Gecko; compatible; GPTBot/1.3; +https://openai.com/gptbot)"
216.73.216.116 - - [04/Dec/2025:01:39:32 -0800] "GET /property/best-deal-2br-apartment-fully-furnished-burj-khalifa-view?fileloc=%2Fhome%2Fdh_hwg2wc%2Ffnaluxury.com%2Fwp-includes%2Fcss%2Fdist%2Fcustomize-widgets%2Fstyle-rtl.min.css&path=%2Fhome%2Fdh_hwg2wc%2Ffnaluxury.com%2Fwp-includes%2Fcss%2Fdist%2Fcustomize-widgets HTTP/2.0" 200 3996 "-" "Mozilla/5.0 AppleWebKit/537.36 (KHTML, like Gecko; compatible; ClaudeBot/1.0; +claudebot@anthropic.com)"
3.94.40.182 - - [04/Dec/2025:01:39:32 -0800] "GET /property-type/villa/?path=//sys/devices/platform/acpi-cpufreq/subsystem/drivers/reg-dummy/reg-dummy/subsystem/devices/reg-dummy/driver/reg-dummy/subsystem/devices/PCCT/driver/PCCT/driver/PCCT/subsystem/drivers/ohci-platform HTTP/1.1" 200 6556 "-" "Mozilla/5.0 AppleWebKit/537.36 (KHTML, like Gecko; compatible; Amazonbot/0.1; +https://developer.amazon.com/support/amazonbot) Chrome/119.0.6045.214 Safari/537.36"
144.76.19.157 - - [04/Dec/2025:01:39:32 -0800] "GET /feature/balcony/?path=/lib/locale/pl_PL.utf8 HTTP/1.1" 200 4074 "-" "Mozilla/5.0 (compatible; SERankingBacklinksBot/1.0; +https://seranking.com/backlinks-crawler)"
74.7.227.32 - - [04/Dec/2025:01:39:32 -0800] "GET /item_support/what_is_item_support/8988002?path=//sys/class/net/sit0/queues HTTP/2.0" 200 2946 "-" "Mozilla/5.0 AppleWebKit/537.36 (KHTML, like Gecko; compatible; GPTBot/1.3; +https://openai.com/gptbot)"
74.7.242.13 - - [04/Dec/2025:01:39:33 -0800] "GET /property/beautiful-5bhk-semi-attached-villa-with-burj-al-arab-view-for-rent-in-umm-suqeim-2/?path=//sys/devices/pci0000:40/firmware_node/device:ac/device:ad/subsystem/devices/device:cc/device:cd/device:cf/subsystem/devices/device:ac/device:ad/subsystem/devices/device:ee/subsystem/devices/device:bc/device:be/subsystem/devices/device:cb/device:cc/device:cd/device:ce/subsystem/devices/ACPI0007:6f HTTP/2.0" 200 3600 "-" "Mozilla/5.0 AppleWebKit/537.36 (KHTML, like Gecko; compatible; GPTBot/1.3; +https://openai.com/gptbot)"
216.73.216.116 - - [04/Dec/2025:01:39:35 -0800] "GET /property/best-deal-2br-apartment-fully-furnished-burj-khalifa-view?fileloc=%2F%2Fusr%2Finclude%2Flinux%2Foom.h&path=%2F%2Fusr%2Finclude%2Flinux HTTP/2.0" 200 2862 "-" "Mozilla/5.0 AppleWebKit/537.36 (KHTML, like Gecko; compatible; ClaudeBot/1.0; +claudebot@anthropic.com)"
98.83.226.125 - - [04/Dec/2025:01:39:35 -0800] "GET /property-type/studio/?path=//sys/bus/platform/devices/reg-dummy/driver/reg-dummy/driver/reg-dummy/subsystem/devices/microcode/subsystem/drivers/PCCT/PCCT/subsystem/devices/reg-dummy/subsystem/drivers/acpi-fan HTTP/1.1" 200 6543 "-" "Mozilla/5.0 AppleWebKit/537.36 (KHTML, like Gecko; compatible; Amazonbot/0.1; +https://developer.amazon.com/support/amazonbot) Chrome/119.0.6045.214 Safari/537.36"
74.7.227.32 - - [04/Dec/2025:01:39:35 -0800] "GET /item_support/what_is_item_support/8988002?path=//sys/class/net/phy0/master HTTP/2.0" 200 4418 "-" "Mozilla/5.0 AppleWebKit/537.36 (KHTML, like Gecko; compatible; GPTBot/1.3; +https://openai.com/gptbot)"
4.196.198.91 - - [04/Dec/2025:01:39:36 -0800] "GET /?items=125973868 HTTP/2.0" 200 30870 "-" "Mozilla/5.0 AppleWebKit/537.36 (KHTML, like Gecko); compatible; ChatGPT-User/1.0; +https://openai.com/bot"
144.76.19.157 - - [04/Dec/2025:01:39:36 -0800] "GET /hello-world/?path=/sys/block/nbd1/mq/0/cpu27 HTTP/1.1" 200 2921 "-" "Mozilla/5.0 (compatible; SERankingBacklinksBot/1.0; +https://seranking.com/backlinks-crawler)"
74.7.242.13 - - [04/Dec/2025:01:39:36 -0800] "GET /property/beautiful-5bhk-semi-attached-villa-with-burj-al-arab-view-for-rent-in-umm-suqeim-2/?fileloc=//sys/devices/pci0000:40/firmware_node/device:ac/device:ad/subsystem/devices/device:cc/device:cd/device:cf/subsystem/devices/device:ac/device:ad/subsystem/devices/device:ee/subsystem/devices/device:ec/device:ed/subsystem/devices/device:fb/device:fc/path&path=//sys/devices/pci0000:40/firmware_node/device:ac/device:ad/subsystem/devices/device:cc/device:cd/device:cf/subsystem/devices/device:ac/device:ad/subsystem/devices/device:ee/subsystem/devices/device:ec/device:ed/subsystem/devices/device:fb/device:fc HTTP/2.0" 200 2796 "-" "Mozilla/5.0 AppleWebKit/537.36 (KHTML, like Gecko; compatible; GPTBot/1.3; +https://openai.com/gptbot)"
217.113.194.95 - - [04/Dec/2025:01:39:36 -0800] "GET /buy/?fileloc=//tmp/FS_tmpfile_u0ybP7&path=//tmp HTTP/1.1" 200 3168 "-" "Mozilla/5.0 (compatible; Barkrowler/0.9; +https://babbar.tech/crawler)"
216.73.216.116 - - [04/Dec/2025:01:39:38 -0800] "GET /property/best-deal-2br-apartment-fully-furnished-burj-khalifa-view?fileloc=%2F%2Fusr%2Finclude%2Flinux%2Fif_bridge.h&path=%2F%2Fusr%2Finclude%2Flinux HTTP/2.0" 200 7019 "-" "Mozilla/5.0 AppleWebKit/537.36 (KHTML, like Gecko; compatible; ClaudeBot/1.0; +claudebot@anthropic.com)"
74.7.227.32 - - [04/Dec/2025:01:39:38 -0800] "GET /item_support/what_is_item_support/8988002?path=//sys/class/net/bond0 HTTP/2.0" 200 4382 "-" "Mozilla/5.0 AppleWebKit/537.36 (KHTML, like Gecko; compatible; GPTBot/1.3; +https://openai.com/gptbot)"
74.7.242.13 - - [04/Dec/2025:01:39:39 -0800] "GET /property/beautiful-5bhk-semi-attached-villa-with-burj-al-arab-view-for-rent-in-umm-suqeim-2/?path=//sys/devices/pci0000:40/firmware_node/device:ac/device:ad/subsystem/devices/device:cc/device:cd/device:cf/subsystem/devices/device:ac/device:ad/subsystem/devices/device:ee/subsystem/devices/device:bc/device:be/subsystem/devices/device:cb/device:cc/device:cd/device:ce/subsystem/devices/device:1f HTTP/2.0" 200 3410 "-" "Mozilla/5.0 AppleWebKit/537.36 (KHTML, like Gecko; compatible; GPTBot/1.3; +https://openai.com/gptbot)"
54.235.191.179 - - [04/Dec/2025:01:39:40 -0800] "GET /property-type/shop/?path=//sys/bus/platform/drivers/reg-dummy/reg-dummy/subsystem/devices/reg-dummy/driver/reg-dummy/subsystem/devices/microcode/subsystem/devices/PCCT/subsystem/drivers/isch_smbus HTTP/1.1" 200 6525 "-" "Mozilla/5.0 AppleWebKit/537.36 (KHTML, like Gecko; compatible; Amazonbot/0.1; +https://developer.amazon.com/support/amazonbot) Chrome/119.0.6045.214 Safari/537.36"
216.73.216.116 - - [04/Dec/2025:01:39:41 -0800] "GET /property/best-deal-2br-apartment-fully-furnished-burj-khalifa-view?fileloc=%2Fhome%2Fdh_hwg2wc%2Ffnaluxury.com%2Fwp-content%2Fthemes%2Ftwentytwentyfive%2Fpatterns%2Ffooter-newsletter.php&path=%2Fhome%2Fdh_hwg2wc%2Ffnaluxury.com%2Fwp-content%2Fthemes%2Ftwentytwentyfive%2Fpatterns HTTP/2.0" 200 3623 "-" "Mozilla/5.0 AppleWebKit/537.36 (KHTML, like Gecko; compatible; ClaudeBot/1.0; +claudebot@anthropic.com)"
74.7.227.32 - - [04/Dec/2025:01:39:41 -0800] "GET /item_support/what_is_item_support/8988002?path=//sys/class/net/phy0/device HTTP/2.0" 200 4916 "-" "Mozilla/5.0 AppleWebKit/537.36 (KHTML, like Gecko; compatible; GPTBot/1.3; +https://openai.com/gptbot)"
74.7.242.13 - - [04/Dec/2025:01:39:42 -0800] "GET /property/beautiful-5bhk-semi-attached-villa-with-burj-al-arab-view-for-rent-in-umm-suqeim-2/?fileloc=//sys/devices/pci0000:40/firmware_node/device:ac/device:ad/subsystem/devices/device:cc/device:cd/device:cf/subsystem/devices/device:ac/device:ad/subsystem/devices/device:ee/subsystem/devices/device:cd/device:ce/subsystem/devices/device:fe/device:ff/uevent&path=//sys/devices/pci0000:40/firmware_node/device:ac/device:ad/subsystem/devices/device:cc/device:cd/device:cf/subsystem/devices/device:ac/device:ad/subsystem/devices/device:ee/subsystem/devices/device:cd/device:ce/subsystem/devices/device:fe/device:ff HTTP/2.0" 200 2797 "-" "Mozilla/5.0 AppleWebKit/537.36 (KHTML, like Gecko; compatible; GPTBot/1.3; +https://openai.com/gptbot)"
144.76.19.157 - - [04/Dec/2025:01:39:43 -0800] "GET /hello-world/?path=/sys/block/nbd1/mq/0/cpu28 HTTP/1.1" 200 3268 "-" "Mozilla/5.0 (compatible; SERankingBacklinksBot/1.0; +https://seranking.com/backlinks-crawler)"
216.73.216.116 - - [04/Dec/2025:01:39:44 -0800] "GET /property/best-deal-2br-apartment-fully-furnished-burj-khalifa-view?fileloc=%2F%2Flib%2Fpython3.10%2F__pycache__%2Fsndhdr.cpython-310.pyc&path=%2F%2Flib%2Fpython3.10%2F__pycache__ HTTP/2.0" 200 6137 "-" "Mozilla/5.0 AppleWebKit/537.36 (KHTML, like Gecko; compatible; ClaudeBot/1.0; +claudebot@anthropic.com)"
74.7.227.32 - - [04/Dec/2025:01:39:44 -0800] "GET /item_support/what_is_item_support/8988002?path=//sys/class/net/teql0 HTTP/2.0" 200 4292 "-" "Mozilla/5.0 AppleWebKit/537.36 (KHTML, like Gecko; compatible; GPTBot/1.3; +https://openai.com/gptbot)"
34.196.6.199 - - [04/Dec/2025:01:39:45 -0800] "GET /property-type/whole-building/?path=//sys/bus/platform/drivers/reg-dummy/reg-dummy/driver/reg-dummy/subsystem/devices/PCCT/subsystem/devices/PCCT/driver/PCCT/subsystem/drivers/timeriomem_rng HTTP/1.1" 200 6510 "-" "Mozilla/5.0 AppleWebKit/537.36 (KHTML, like Gecko; compatible; Amazonbot/0.1; +https://developer.amazon.com/support/amazonbot) Chrome/119.0.6045.214 Safari/537.36"
54.225.199.17 - - [04/Dec/2025:01:39:45 -0800] "GET /property-type/townhouse/?path=//sys/class/tty/ttyS7/device/subsystem/drivers/reg-dummy/reg-dummy/subsystem/devices/reg-dummy/driver/reg-dummy/subsystem/devices/pcspkr/subsystem/drivers/PCCT/PCCT/driver/PCCT/driver/PCCT HTTP/1.1" 200 6700 "-" "Mozilla/5.0 AppleWebKit/537.36 (KHTML, like Gecko; compatible; Amazonbot/0.1; +https://developer.amazon.com/support/amazonbot) Chrome/119.0.6045.214 Safari/537.36"
74.7.242.13 - - [04/Dec/2025:01:39:45 -0800] "GET /property/beautiful-5bhk-semi-attached-villa-with-burj-al-arab-view-for-rent-in-umm-suqeim-2/?fileloc=//sys/devices/pci0000:40/firmware_node/device:ac/device:ad/subsystem/devices/device:cc/device:cd/device:cf/subsystem/devices/device:ac/device:ad/subsystem/devices/device:ee/subsystem/devices/device:ec/device:ed/subsystem/devices/device:cb/device:cc/adr&path=//sys/devices/pci0000:40/firmware_node/device:ac/device:ad/subsystem/devices/device:cc/device:cd/device:cf/subsystem/devices/device:ac/device:ad/subsystem/devices/device:ee/subsystem/devices/device:ec/device:ed/subsystem/devices/device:cb/device:cc HTTP/2.0" 200 2792 "-" "Mozilla/5.0 AppleWebKit/537.36 (KHTML, like Gecko; compatible; GPTBot/1.3; +https://openai.com/gptbot)"
43.173.181.209 - - [04/Dec/2025:01:39:47 -0800] "GET /home-with-video/?path=//sys/block/nbd14/subsystem/nvme6n1p1 HTTP/1.1" 200 7017 "-" "Mozilla/5.0 (Windows NT 6.1; Win64; x64) AppleWebKit/537.36 (KHTML, like Gecko) Chrome/126.0.6478.114 Safari/537.36"
216.73.216.116 - - [04/Dec/2025:01:39:47 -0800] "GET /property/best-deal-2br-apartment-fully-furnished-burj-khalifa-view?fileloc=%2Fhome%2Fdh_hwg2wc%2Ffnaluxury.com%2Fwp-content%2Fplugins%2Fwordfence%2Fviews%2Fscanner%2Fsite-cleaning-bottom.php&path=%2Fhome%2Fdh_hwg2wc%2Ffnaluxury.com%2Fwp-content%2Fplugins%2Fwordfence%2Fviews%2Fscanner HTTP/2.0" 200 3401 "-" "Mozilla/5.0 AppleWebKit/537.36 (KHTML, like Gecko; compatible; ClaudeBot/1.0; +claudebot@anthropic.com)"
43.173.179.39 - - [04/Dec/2025:01:39:46 -0800] "GET /home-with-video/?fileloc=//sys/block/nbd7/queue/write_same_max_bytes&path=//sys/block/nbd7/queue HTTP/1.1" 200 6153 "-" "Mozilla/5.0 (Windows NT 6.1; Win64; x64) AppleWebKit/537.36 (KHTML, like Gecko) Chrome/126.0.6478.114 Safari/537.36"
74.7.227.32 - - [04/Dec/2025:01:39:47 -0800] "GET /item_support/what_is_item_support/8988002?path=//sys/class/net/phy0/queues HTTP/2.0" 200 4507 "-" "Mozilla/5.0 AppleWebKit/537.36 (KHTML, like Gecko; compatible; GPTBot/1.3; +https://openai.com/gptbot)"
74.7.242.13 - - [04/Dec/2025:01:39:48 -0800] "GET /property/beautiful-5bhk-semi-attached-villa-with-burj-al-arab-view-for-rent-in-umm-suqeim-2/?path=//sys/devices/pci0000:40/firmware_node/device:ac/device:ad/subsystem/devices/device:cc/device:cd/device:cf/subsystem/devices/device:ac/device:ad/subsystem/devices/device:ee/subsystem/devices/device:bc/device:be/subsystem/devices/device:cb/device:cc/device:cd/device:ce/subsystem/devices/device:18e HTTP/2.0" 200 3469 "-" "Mozilla/5.0 AppleWebKit/537.36 (KHTML, like Gecko; compatible; GPTBot/1.3; +https://openai.com/gptbot)"
216.73.216.116 - - [04/Dec/2025:01:39:50 -0800] "GET /property/best-deal-2br-apartment-fully-furnished-burj-khalifa-view?fileloc=%2F%2Flib%2Fpython3.10%2F__pycache__%2Fenum.cpython-310.pyc&path=%2F%2Flib%2Fpython3.10%2F__pycache__ HTTP/2.0" 200 14384 "-" "Mozilla/5.0 AppleWebKit/537.36 (KHTML, like Gecko; compatible; ClaudeBot/1.0; +claudebot@anthropic.com)"
74.7.227.32 - - [04/Dec/2025:01:39:51 -0800] "GET /item_support/what_is_item_support/8988002?path=//sys/class/net/phy1 HTTP/2.0" 200 4389 "-" "Mozilla/5.0 AppleWebKit/537.36 (KHTML, like Gecko; compatible; GPTBot/1.3; +https://openai.com/gptbot)"
74.7.242.13 - - [04/Dec/2025:01:39:52 -0800] "GET /property/beautiful-5bhk-semi-attached-villa-with-burj-al-arab-view-for-rent-in-umm-suqeim-2/?path=//sys/devices/pci0000:40/firmware_node/device:ac/device:ad/subsystem/devices/device:cc/device:cd/device:cf/subsystem/devices/device:ac/device:ad/subsystem/devices/device:ee/subsystem/devices/device:bc/device:be/subsystem/devices/device:cb/device:cc/device:cd/device:ce/subsystem/devices/device:00 HTTP/2.0" 200 3457 "-" "Mozilla/5.0 AppleWebKit/537.36 (KHTML, like Gecko; compatible; GPTBot/1.3; +https://openai.com/gptbot)"
50.19.79.213 - - [04/Dec/2025:01:39:52 -0800] "GET /property-type/commercial/?path=//sys/devices/platform/reg-dummy/subsystem/devices/reg-dummy/driver/reg-dummy/subsystem/devices/reg-dummy/subsystem/devices/alarmtimer.0.auto/subsystem/drivers/timeriomem_rng HTTP/1.1" 200 6512 "-" "Mozilla/5.0 AppleWebKit/537.36 (KHTML, like Gecko; compatible; Amazonbot/0.1; +https://developer.amazon.com/support/amazonbot) Chrome/119.0.6045.214 Safari/537.36"
217.113.194.98 - - [04/Dec/2025:01:39:52 -0800] "GET /rent/?fileloc=//etc/rc3.d/S01console-setup.sh&path=//etc/rc3.d HTTP/1.1" 200 3684 "-" "Mozilla/5.0 (compatible; Barkrowler/0.9; +https://babbar.tech/crawler)"
216.73.216.116 - - [04/Dec/2025:01:39:53 -0800] "GET /property/best-deal-2br-apartment-fully-furnished-burj-khalifa-view?fileloc=%2Fhome%2Fdh_hwg2wc%2Ffnaluxury.com%2Fwp-content%2Fplugins%2Fwordfence%2Flanguages%2F.htaccess&path=%2Fhome%2Fdh_hwg2wc%2Ffnaluxury.com%2Fwp-content%2Fplugins%2Fwordfence%2Flanguages HTTP/2.0" 200 2730 "-" "Mozilla/5.0 AppleWebKit/537.36 (KHTML, like Gecko; compatible; ClaudeBot/1.0; +claudebot@anthropic.com)"
74.7.227.32 - - [04/Dec/2025:01:39:54 -0800] "GET /item_support/what_is_item_support/8988002?path=//sys/class/net/eth1 HTTP/2.0" 200 4282 "-" "Mozilla/5.0 AppleWebKit/537.36 (KHTML, like Gecko; compatible; GPTBot/1.3; +https://openai.com/gptbot)"
144.76.19.157 - - [04/Dec/2025:01:39:55 -0800] "GET /feature/balcony/?path=/lib/locale/pt_BR.utf8 HTTP/1.1" 200 4072 "-" "Mozilla/5.0 (compatible; SERankingBacklinksBot/1.0; +https://seranking.com/backlinks-crawler)"
74.7.242.13 - - [04/Dec/2025:01:39:55 -0800] "GET /property/beautiful-5bhk-semi-attached-villa-with-burj-al-arab-view-for-rent-in-umm-suqeim-2/?path=//sys/devices/pci0000:40/firmware_node/device:ac/device:ad/subsystem/devices/device:cc/device:cd/device:cf/subsystem/devices/device:ac/device:ad/subsystem/devices/device:ee/subsystem/devices/device:bc/device:be/subsystem/devices/device:cb/device:cc/device:cd/device:ce/subsystem/devices/device:da HTTP/2.0" 200 3457 "-" "Mozilla/5.0 AppleWebKit/537.36 (KHTML, like Gecko; compatible; GPTBot/1.3; +https://openai.com/gptbot)"
216.73.216.116 - - [04/Dec/2025:01:39:56 -0800] "GET /property/best-deal-2br-apartment-fully-furnished-burj-khalifa-view?fileloc=%2Fhome%2Fdh_hwg2wc%2Ffnaluxury.com%2Fwp-content%2Fplugins%2Funder-construction-page%2Freadme.txt&path=%2Fhome%2Fdh_hwg2wc%2Ffnaluxury.com%2Fwp-content%2Fplugins%2Funder-construction-page HTTP/2.0" 200 7610 "-" "Mozilla/5.0 AppleWebKit/537.36 (KHTML, like Gecko; compatible; ClaudeBot/1.0; +claudebot@anthropic.com)"
74.7.227.32 - - [04/Dec/2025:01:39:57 -0800] "GET /item_support/what_is_item_support/8988002?path=//sys/devices/virtual/tty/ptyd3/subsystem/ptyq7/subsystem/ttyp1 HTTP/2.0" 200 3118 "-" "Mozilla/5.0 AppleWebKit/537.36 (KHTML, like Gecko; compatible; GPTBot/1.3; +https://openai.com/gptbot)"
74.7.242.13 - - [04/Dec/2025:01:39:58 -0800] "GET /property/beautiful-5bhk-semi-attached-villa-with-burj-al-arab-view-for-rent-in-umm-suqeim-2/?path=//sys/devices/pci0000:40/firmware_node/device:ac/device:ad/subsystem/devices/device:cc/device:cd/device:cf/subsystem/devices/device:ac/device:ad/subsystem/devices/device:ee/subsystem/devices/device:ec/device:ed/subsystem/devices/device:cb/device:cc/device:cd HTTP/2.0" 200 3474 "-" "Mozilla/5.0 AppleWebKit/537.36 (KHTML, like Gecko; compatible; GPTBot/1.3; +https://openai.com/gptbot)"
18.214.124.6 - - [04/Dec/2025:01:39:58 -0800] "GET /property-type/villa/?path=//sys/bus/platform/devices/reg-dummy/driver/reg-dummy/driver/reg-dummy/driver/reg-dummy/subsystem/drivers/PCCT/PCCT/subsystem/devices/microcode/subsystem/drivers/isch_smbus HTTP/1.1" 200 6533 "-" "Mozilla/5.0 AppleWebKit/537.36 (KHTML, like Gecko; compatible; Amazonbot/0.1; +https://developer.amazon.com/support/amazonbot) Chrome/119.0.6045.214 Safari/537.36"
216.73.216.116 - - [04/Dec/2025:01:39:59 -0800] "GET /property/best-deal-2br-apartment-fully-furnished-burj-khalifa-view?fileloc=%2Fhome%2Fdh_hwg2wc%2Ffnaluxury.com%2Fwp-content%2Fthemes%2Ftwentytwentyfive%2Fpatterns%2Fpage-landing-event.php&path=%2Fhome%2Fdh_hwg2wc%2Ffnaluxury.com%2Fwp-content%2Fthemes%2Ftwentytwentyfive%2Fpatterns HTTP/2.0" 200 3002 "-" "Mozilla/5.0 AppleWebKit/537.36 (KHTML, like Gecko; compatible; ClaudeBot/1.0; +claudebot@anthropic.com)"
43.163.22.75 - - [04/Dec/2025:01:39:59 -0800] "GET /blog/?path=//sys/bus/usb/devices/usb4/ep_00 HTTP/1.1" 200 6854 "-" "Mozilla/5.0 (Windows NT 10.0; Win64; x64) AppleWebKit/537.36 (KHTML, like Gecko) Chrome/120.0.0.0 Safari/537.36"
34.234.197.175 - - [04/Dec/2025:01:39:59 -0800] "GET /property-type/shop/?path=//sys/devices/platform/pcspkr/subsystem/drivers/reg-dummy/reg-dummy/driver/reg-dummy/driver/reg-dummy/subsystem/devices/IPI0001:00/subsystem/devices/pcspkr/subsystem/devices/PCCT/driver HTTP/1.1" 200 6542 "-" "Mozilla/5.0 AppleWebKit/537.36 (KHTML, like Gecko; compatible; Amazonbot/0.1; +https://developer.amazon.com/support/amazonbot) Chrome/119.0.6045.214 Safari/537.36"
43.173.177.136 - - [04/Dec/2025:01:39:59 -0800] "GET /author/fnaluxury_xmua30/?fileloc=/home/dh_hwg2wc/fnaluxury.com_20241117233659/wp-content/uploads/redux/version&path=/home/dh_hwg2wc/fnaluxury.com_20241117233659/wp-content/uploads/redux HTTP/1.1" 200 6188 "-" "Mozilla/5.0 (Windows NT 10.0; Win64; x64) AppleWebKit/537.36 (KHTML, like Gecko) Chrome/103.0.0.0 Safari/537.36"
74.7.227.32 - - [04/Dec/2025:01:40:00 -0800] "GET /item_support/what_is_item_support/8988002?path=//sys/devices/virtual/tty/ptyd3/subsystem/ptyq7/subsystem/tty2 HTTP/2.0" 200 3116 "-" "Mozilla/5.0 AppleWebKit/537.36 (KHTML, like Gecko; compatible; GPTBot/1.3; +https://openai.com/gptbot)"
74.7.242.13 - - [04/Dec/2025:01:40:01 -0800] "GET /property/beautiful-5bhk-semi-attached-villa-with-burj-al-arab-view-for-rent-in-umm-suqeim-2/?path=//sys/devices/pci0000:40/firmware_node/device:ac/device:ad/subsystem/devices/device:cc/device:cd/device:cf/subsystem/devices/device:ac/device:ad/subsystem/devices/device:ee/subsystem/devices/device:bc/device:be/subsystem/devices/device:cb/device:cc/device:cd/device:ce/subsystem/devices/device:dc HTTP/2.0" 200 3411 "-" "Mozilla/5.0 AppleWebKit/537.36 (KHTML, like Gecko; compatible; GPTBot/1.3; +https://openai.com/gptbot)"
216.73.216.116 - - [04/Dec/2025:01:40:02 -0800] "GET /property/best-deal-2br-apartment-fully-furnished-burj-khalifa-view?fileloc=%2F%2Fusr%2Finclude%2Flinux%2Fvirtio_mmio.h&path=%2F%2Fusr%2Finclude%2Flinux HTTP/2.0" 200 4419 "-" "Mozilla/5.0 AppleWebKit/537.36 (KHTML, like Gecko; compatible; ClaudeBot/1.0; +claudebot@anthropic.com)"
100.29.155.89 - - [04/Dec/2025:01:40:02 -0800] "GET /property/brand-new-villa-2/?path=//sys/bus/platform/devices/reg-dummy/subsystem/devices/reg-dummy/subsystem/drivers/reg-dummy/reg-dummy/subsystem/devices/microcode/subsystem/drivers/PCCT/PCCT/driver/PCCT/driver/PCCT HTTP/1.1" 200 6686 "-" "Mozilla/5.0 AppleWebKit/537.36 (KHTML, like Gecko; compatible; Amazonbot/0.1; +https://developer.amazon.com/support/amazonbot) Chrome/119.0.6045.214 Safari/537.36"
74.7.227.32 - - [04/Dec/2025:01:40:03 -0800] "GET /item_support/what_is_item_support/8988002?path=//sys/devices/virtual/tty/ptyd3/subsystem/ptyq7/subsystem/ptyxd HTTP/2.0" 200 3115 "-" "Mozilla/5.0 AppleWebKit/537.36 (KHTML, like Gecko; compatible; GPTBot/1.3; +https://openai.com/gptbot)"
74.7.242.13 - - [04/Dec/2025:01:40:04 -0800] "GET /property/beautiful-5bhk-semi-attached-villa-with-burj-al-arab-view-for-rent-in-umm-suqeim-2/?path=//sys/devices/pci0000:40/firmware_node/device:ac/device:ad/subsystem/devices/device:cc/device:cd/device:cf/subsystem/devices/device:ac/device:ad/subsystem/devices/device:ee/subsystem/devices/device:bc/device:be/subsystem/devices/device:cb/device:cc/device:cd/device:ce/subsystem/devices/device:eb HTTP/2.0" 200 3410 "-" "Mozilla/5.0 AppleWebKit/537.36 (KHTML, like Gecko; compatible; GPTBot/1.3; +https://openai.com/gptbot)"
216.73.216.116 - - [04/Dec/2025:01:40:05 -0800] "GET /property/best-deal-2br-apartment-fully-furnished-burj-khalifa-view?fileloc=%2F%2Flib%2Fpython3.10%2F__pycache__%2Fstringprep.cpython-310.pyc&path=%2F%2Flib%2Fpython3.10%2F__pycache__ HTTP/2.0" 200 8270 "-" "Mozilla/5.0 AppleWebKit/537.36 (KHTML, like Gecko; compatible; ClaudeBot/1.0; +claudebot@anthropic.com)"
66.249.69.199 - - [04/Dec/2025:01:40:06 -0800] "GET /?items=4827214 HTTP/1.1" 200 34602 "-" "Mozilla/5.0 (Linux; Android 6.0.1; Nexus 5X Build/MMB29P) AppleWebKit/537.36 (KHTML, like Gecko) Chrome/141.0.7390.122 Mobile Safari/537.36 (compatible; Googlebot/2.1; +http://www.google.com/bot.html)"
144.76.19.157 - - [04/Dec/2025:01:40:06 -0800] "GET /hello-world/?path=/sys/block/nbd1/mq/0/cpu29 HTTP/1.1" 200 3268 "-" "Mozilla/5.0 (compatible; SERankingBacklinksBot/1.0; +https://seranking.com/backlinks-crawler)"
74.7.227.32 - - [04/Dec/2025:01:40:07 -0800] "GET /item_support/what_is_item_support/8988002?path=//sys/devices/virtual/tty/ptyd3/subsystem/ptyq7/subsystem/ptyq8 HTTP/2.0" 200 3115 "-" "Mozilla/5.0 AppleWebKit/537.36 (KHTML, like Gecko; compatible; GPTBot/1.3; +https://openai.com/gptbot)"
74.7.242.13 - - [04/Dec/2025:01:40:07 -0800] "GET /property/beautiful-5bhk-semi-attached-villa-with-burj-al-arab-view-for-rent-in-umm-suqeim-2/?path=//sys/devices/pci0000:40/firmware_node/device:ac/device:ad/subsystem/devices/device:cc/device:cd/device:cf/subsystem/devices/device:ac/device:ad/subsystem/devices/device:ee/subsystem/devices/device:bc/device:be/subsystem/devices/device:cb/device:cc/device:cd/device:ce/subsystem/devices/device:ea HTTP/2.0" 200 3409 "-" "Mozilla/5.0 AppleWebKit/537.36 (KHTML, like Gecko; compatible; GPTBot/1.3; +https://openai.com/gptbot)"
216.73.216.116 - - [04/Dec/2025:01:40:08 -0800] "GET /property/best-deal-2br-apartment-fully-furnished-burj-khalifa-view?fileloc=%2Fhome%2Fdh_hwg2wc%2Ffnaluxury.com%2Fwp-content%2Fplugins%2Fhouzez-crm%2Flanguages%2F.htaccess&path=%2Fhome%2Fdh_hwg2wc%2Ffnaluxury.com%2Fwp-content%2Fplugins%2Fhouzez-crm%2Flanguages HTTP/2.0" 200 2732 "-" "Mozilla/5.0 AppleWebKit/537.36 (KHTML, like Gecko; compatible; ClaudeBot/1.0; +claudebot@anthropic.com)"
217.113.194.95 - - [04/Dec/2025:01:40:08 -0800] "GET /rent/?fileloc=//etc/rc3.d/S01proftpd&path=//etc/rc3.d HTTP/1.1" 200 4861 "-" "Mozilla/5.0 (compatible; Barkrowler/0.9; +https://babbar.tech/crawler)"
44.207.69.106 - - [04/Dec/2025:01:40:09 -0800] "GET /property-type/full-floor/?path=//sys/bus/platform/drivers/reg-dummy/reg-dummy/subsystem/devices/reg-dummy/driver/reg-dummy/subsystem/devices/microcode/subsystem/drivers/PCCT/PCCT/subsystem/drivers/acpi-ged HTTP/1.1" 200 6533 "-" "Mozilla/5.0 AppleWebKit/537.36 (KHTML, like Gecko; compatible; Amazonbot/0.1; +https://developer.amazon.com/support/amazonbot) Chrome/119.0.6045.214 Safari/537.36"
144.76.19.157 - - [04/Dec/2025:01:40:09 -0800] "GET /feature/balcony/?path=/lib/postgresql/12/bin HTTP/1.1" 200 3853 "-" "Mozilla/5.0 (compatible; SERankingBacklinksBot/1.0; +https://seranking.com/backlinks-crawler)"
74.7.227.32 - - [04/Dec/2025:01:40:10 -0800] "GET /item_support/what_is_item_support/8988002?fileloc=//sys/class/net/phy0/master/napi_defer_hard_irqs&path=//sys/class/net/phy0/master HTTP/2.0" 200 2614 "-" "Mozilla/5.0 AppleWebKit/537.36 (KHTML, like Gecko; compatible; GPTBot/1.3; +https://openai.com/gptbot)"
74.7.242.13 - - [04/Dec/2025:01:40:10 -0800] "GET /property/beautiful-5bhk-semi-attached-villa-with-burj-al-arab-view-for-rent-in-umm-suqeim-2/?path=//sys/devices/pci0000:40/firmware_node/device:ac/device:ad/subsystem/devices/device:cc/device:cd/device:cf/subsystem/devices/device:ac/device:ad/subsystem/devices/device:ee/subsystem/devices/device:bc/device:be/subsystem/devices/device:cb/device:cc/device:cd/device:ce/subsystem/devices/device:bf HTTP/2.0" 200 3457 "-" "Mozilla/5.0 AppleWebKit/537.36 (KHTML, like Gecko; compatible; GPTBot/1.3; +https://openai.com/gptbot)"
216.73.216.116 - - [04/Dec/2025:01:40:11 -0800] "GET /property/best-deal-2br-apartment-fully-furnished-burj-khalifa-view?fileloc=%2Fhome%2Fdh_hwg2wc%2Ffnaluxury.com%2Fwp-content%2Fplugins%2Fwordfence%2Fviews%2Fscanner%2Fsite-cleaning.php&path=%2Fhome%2Fdh_hwg2wc%2Ffnaluxury.com%2Fwp-content%2Fplugins%2Fwordfence%2Fviews%2Fscanner HTTP/2.0" 200 6697 "-" "Mozilla/5.0 AppleWebKit/537.36 (KHTML, like Gecko; compatible; ClaudeBot/1.0; +claudebot@anthropic.com)"
44.195.145.102 - - [04/Dec/2025:01:40:11 -0800] "GET /property-type/townhouse/?path=//sys/devices/platform/vesa-framebuffer.0/subsystem/devices/reg-dummy/driver/reg-dummy/subsystem/drivers/reg-dummy/reg-dummy/subsystem/drivers/PCCT/PCCT/driver/PCCT/driver/PCCT/subsystem/devices HTTP/1.1" 200 7063 "-" "Mozilla/5.0 AppleWebKit/537.36 (KHTML, like Gecko; compatible; Amazonbot/0.1; +https://developer.amazon.com/support/amazonbot) Chrome/119.0.6045.214 Safari/537.36"
74.7.227.32 - - [04/Dec/2025:01:40:13 -0800] "GET /item_support/what_is_item_support/8988002?fileloc=//sys/class/net/phy0/master/operstate&path=//sys/class/net/phy0/master HTTP/2.0" 200 2604 "-" "Mozilla/5.0 AppleWebKit/537.36 (KHTML, like Gecko; compatible; GPTBot/1.3; +https://openai.com/gptbot)"
74.7.242.13 - - [04/Dec/2025:01:40:13 -0800] "GET /property/beautiful-5bhk-semi-attached-villa-with-burj-al-arab-view-for-rent-in-umm-suqeim-2/?path=//sys/devices/pci0000:40/firmware_node/device:ac/device:ad/subsystem/devices/device:cc/device:cd/device:cf/subsystem/devices/device:ac/device:ad/subsystem/devices/device:ee/subsystem/devices/device:bc/device:be/subsystem/devices/device:cb/device:cc/device:cd/device:ce/subsystem/devices/device:cd HTTP/2.0" 200 3533 "-" "Mozilla/5.0 AppleWebKit/537.36 (KHTML, like Gecko; compatible; GPTBot/1.3; +https://openai.com/gptbot)"
216.73.216.116 - - [04/Dec/2025:01:40:14 -0800] "GET /property/best-deal-2br-apartment-fully-furnished-burj-khalifa-view?fileloc=%2Fhome%2Fdh_hwg2wc%2Ffnaluxury.com%2Fwp-content%2Fplugins%2Fwordfence%2Fviews%2Fonboarding%2Ftour-overlay.php&path=%2Fhome%2Fdh_hwg2wc%2Ffnaluxury.com%2Fwp-content%2Fplugins%2Fwordfence%2Fviews%2Fonboarding HTTP/2.0" 200 2772 "-" "Mozilla/5.0 AppleWebKit/537.36 (KHTML, like Gecko; compatible; ClaudeBot/1.0; +claudebot@anthropic.com)"
66.249.69.200 - - [04/Dec/2025:01:40:14 -0800] "GET /?items=72520572 HTTP/1.1" 200 34602 "-" "Mozilla/5.0 (Linux; Android 6.0.1; Nexus 5X Build/MMB29P) AppleWebKit/537.36 (KHTML, like Gecko) Chrome/141.0.7390.122 Mobile Safari/537.36 (compatible; Googlebot/2.1; +http://www.google.com/bot.html)"
52.70.209.13 - - [04/Dec/2025:01:40:14 -0800] "GET /property-type/building/?path=//sys/bus/platform/devices/reg-dummy/driver/reg-dummy/subsystem/devices/microcode/subsystem/devices/reg-dummy/subsystem/drivers/PCCT/PCCT/subsystem/drivers/acpi-fan HTTP/1.1" 200 6529 "-" "Mozilla/5.0 AppleWebKit/537.36 (KHTML, like Gecko; compatible; Amazonbot/0.1; +https://developer.amazon.com/support/amazonbot) Chrome/119.0.6045.214 Safari/537.36"
74.7.227.32 - - [04/Dec/2025:01:40:16 -0800] "GET /item_support/what_is_item_support/8988002?fileloc=//sys/class/net/phy0/device/resource2&path=//sys/class/net/phy0/device HTTP/2.0" 200 2603 "-" "Mozilla/5.0 AppleWebKit/537.36 (KHTML, like Gecko; compatible; GPTBot/1.3; +https://openai.com/gptbot)"
216.73.216.116 - - [04/Dec/2025:01:40:17 -0800] "GET /property/best-deal-2br-apartment-fully-furnished-burj-khalifa-view?fileloc=%2F%2Fusr%2Finclude%2Fx86_64-linux-gnu%2Fbits%2Fa.out.h&path=%2F%2Fusr%2Finclude%2Fx86_64-linux-gnu%2Fbits HTTP/2.0" 200 2787 "-" "Mozilla/5.0 AppleWebKit/537.36 (KHTML, like Gecko; compatible; ClaudeBot/1.0; +claudebot@anthropic.com)"
74.7.242.13 - - [04/Dec/2025:01:40:17 -0800] "GET /property/beautiful-5bhk-semi-attached-villa-with-burj-al-arab-view-for-rent-in-umm-suqeim-2/?path=//sys/devices/pci0000:40/firmware_node/device:ac/device:ad/subsystem/devices/device:cc/device:cd/device:cf/subsystem/devices/device:ac/device:ad/subsystem/devices/device:ee/subsystem/devices/device:bc/device:be/subsystem/devices/device:cb/device:cc/device:cd/device:ce/subsystem/devices/device:fa HTTP/2.0" 200 3457 "-" "Mozilla/5.0 AppleWebKit/537.36 (KHTML, like Gecko; compatible; GPTBot/1.3; +https://openai.com/gptbot)"
144.76.19.157 - - [04/Dec/2025:01:40:17 -0800] "GET /feature/balcony/?path=/lib/postgresql/12/lib HTTP/1.1" 200 3499 "-" "Mozilla/5.0 (compatible; SERankingBacklinksBot/1.0; +https://seranking.com/backlinks-crawler)"
74.7.227.32 - - [04/Dec/2025:01:40:19 -0800] "GET /item_support/what_is_item_support/8988002?fileloc=//sys/class/net/teql0/tx_queue_len&path=//sys/class/net/teql0 HTTP/2.0" 200 2598 "-" "Mozilla/5.0 AppleWebKit/537.36 (KHTML, like Gecko; compatible; GPTBot/1.3; +https://openai.com/gptbot)"
216.73.216.116 - - [04/Dec/2025:01:40:20 -0800] "GET /property/best-deal-2br-apartment-fully-furnished-burj-khalifa-view?path=%2Fhome%2Fdh_hwg2wc%2Ffnaluxury.com%2Fwp-content%2Fplugins%2Felementor%2Fmodules%2Fnested-tabs%2Fwidgets HTTP/2.0" 200 3065 "-" "Mozilla/5.0 AppleWebKit/537.36 (KHTML, like Gecko; compatible; ClaudeBot/1.0; +claudebot@anthropic.com)"
3.226.34.98 - - [04/Dec/2025:01:40:20 -0800] "GET /property-type/hotel-hotel-apartment/?path=//sys/devices/platform/reg-dummy/driver/reg-dummy/driver/reg-dummy/driver/reg-dummy/subsystem/devices/pcspkr/subsystem/devices/PCCT/subsystem/devices HTTP/1.1" 200 7016 "-" "Mozilla/5.0 AppleWebKit/537.36 (KHTML, like Gecko; compatible; Amazonbot/0.1; +https://developer.amazon.com/support/amazonbot) Chrome/119.0.6045.214 Safari/537.36"
74.7.242.13 - - [04/Dec/2025:01:40:20 -0800] "GET /property/beautiful-5bhk-semi-attached-villa-with-burj-al-arab-view-for-rent-in-umm-suqeim-2/?path=//sys/devices/pci0000:40/firmware_node/device:ac/device:ad/subsystem/devices/device:cc/device:cd/device:cf/subsystem/devices/device:ac/device:ad/subsystem/devices/device:ee/subsystem/devices/device:bc/device:be/subsystem/devices/device:cb/device:cc/device:cd/device:ce/subsystem/devices/device:ba HTTP/2.0" 200 3409 "-" "Mozilla/5.0 AppleWebKit/537.36 (KHTML, like Gecko; compatible; GPTBot/1.3; +https://openai.com/gptbot)"
144.76.19.157 - - [04/Dec/2025:01:40:21 -0800] "GET /hello-world/?path=/sys/block/nbd1/mq/0/cpu30 HTTP/1.1" 200 2921 "-" "Mozilla/5.0 (compatible; SERankingBacklinksBot/1.0; +https://seranking.com/backlinks-crawler)"
74.7.227.32 - - [04/Dec/2025:01:40:22 -0800] "GET /item_support/what_is_item_support/8988002?fileloc=//sys/class/net/teql0/phys_port_name&path=//sys/class/net/teql0 HTTP/2.0" 200 2598 "-" "Mozilla/5.0 AppleWebKit/537.36 (KHTML, like Gecko; compatible; GPTBot/1.3; +https://openai.com/gptbot)"
74.7.242.13 - - [04/Dec/2025:01:40:23 -0800] "GET /property/beautiful-5bhk-semi-attached-villa-with-burj-al-arab-view-for-rent-in-umm-suqeim-2/?path=//sys/devices/pci0000:40/firmware_node/device:ac/device:ad/subsystem/devices/device:cc/device:cd/device:cf/subsystem/devices/device:ac/device:ad/subsystem/devices/device:ee/subsystem/devices/device:bc/device:be/subsystem/devices/device:cb/device:cc/device:cd/device:ce/subsystem/devices/device:cf HTTP/2.0" 200 3453 "-" "Mozilla/5.0 AppleWebKit/537.36 (KHTML, like Gecko; compatible; GPTBot/1.3; +https://openai.com/gptbot)"
216.73.216.116 - - [04/Dec/2025:01:40:23 -0800] "GET /property/best-deal-2br-apartment-fully-furnished-burj-khalifa-view?fileloc=%2F%2Flib%2Fpython3.10%2F__pycache__%2Fsre_parse.cpython-310.pyc&path=%2F%2Flib%2Fpython3.10%2F__pycache__ HTTP/2.0" 200 13083 "-" "Mozilla/5.0 AppleWebKit/537.36 (KHTML, like Gecko; compatible; ClaudeBot/1.0; +claudebot@anthropic.com)"
3.217.171.106 - - [04/Dec/2025:01:40:23 -0800] "GET /property-type/residential/?path=//sys/devices/platform/reg-dummy/driver/reg-dummy/subsystem/devices/microcode/subsystem/devices/reg-dummy/subsystem/devices/PCCT/driver/PCCT/driver/PCCT/driver/PCCT HTTP/1.1" 200 6664 "-" "Mozilla/5.0 AppleWebKit/537.36 (KHTML, like Gecko; compatible; Amazonbot/0.1; +https://developer.amazon.com/support/amazonbot) Chrome/119.0.6045.214 Safari/537.36"
217.113.194.93 - - [04/Dec/2025:01:40:24 -0800] "GET /city/dubai/page/7/?fileloc=//usr/include/stdint.h&path=//usr/include HTTP/1.1" 200 5132 "-" "Mozilla/5.0 (compatible; Barkrowler/0.9; +https://babbar.tech/crawler)"
74.7.227.32 - - [04/Dec/2025:01:40:25 -0800] "GET /item_support/what_is_item_support/8988002?fileloc=//sys/class/net/teql0/name_assign_type&path=//sys/class/net/teql0 HTTP/2.0" 200 2598 "-" "Mozilla/5.0 AppleWebKit/537.36 (KHTML, like Gecko; compatible; GPTBot/1.3; +https://openai.com/gptbot)"
216.73.216.116 - - [04/Dec/2025:01:40:26 -0800] "GET /property/best-deal-2br-apartment-fully-furnished-burj-khalifa-view?fileloc=%2F%2Flib%2Fpython3.10%2F__pycache__%2F_pyio.cpython-310.pyc&path=%2F%2Flib%2Fpython3.10%2F__pycache__ HTTP/2.0" 200 31233 "-" "Mozilla/5.0 AppleWebKit/537.36 (KHTML, like Gecko; compatible; ClaudeBot/1.0; +claudebot@anthropic.com)"
74.7.242.13 - - [04/Dec/2025:01:40:26 -0800] "GET /property/beautiful-5bhk-semi-attached-villa-with-burj-al-arab-view-for-rent-in-umm-suqeim-2/?path=//sys/devices/pci0000:40/firmware_node/device:ac/device:ad/subsystem/devices/device:cc/device:cd/device:cf/subsystem/devices/device:ac/device:ad/subsystem/devices/device:ee/subsystem/devices/device:bc/device:be/subsystem/devices/device:cb/device:cc/device:cd/device:ce/subsystem/devices/device:ab HTTP/2.0" 200 3410 "-" "Mozilla/5.0 AppleWebKit/537.36 (KHTML, like Gecko; compatible; GPTBot/1.3; +https://openai.com/gptbot)"
52.21.62.139 - - [04/Dec/2025:01:40:27 -0800] "GET /property-type/full-floor/?path=//sys/devices/platform/reg-dummy/subsystem/drivers/reg-dummy/reg-dummy/driver/reg-dummy/subsystem/devices/vesa-framebuffer.0/subsystem/devices/PCCT/driver/PCCT/subsystem/drivers HTTP/1.1" 200 7429 "-" "Mozilla/5.0 AppleWebKit/537.36 (KHTML, like Gecko; compatible; Amazonbot/0.1; +https://developer.amazon.com/support/amazonbot) Chrome/119.0.6045.214 Safari/537.36"
216.73.216.116 - - [04/Dec/2025:01:40:29 -0800] "GET /property/best-deal-2br-apartment-fully-furnished-burj-khalifa-view?fileloc=%2F%2Fusr%2Finclude%2Flinux%2Fnfs2.h&path=%2F%2Fusr%2Finclude%2Flinux HTTP/2.0" 200 3238 "-" "Mozilla/5.0 AppleWebKit/537.36 (KHTML, like Gecko; compatible; ClaudeBot/1.0; +claudebot@anthropic.com)"
74.7.227.32 - - [04/Dec/2025:01:40:29 -0800] "GET /item_support/what_is_item_support/8988002?fileloc=//sys/class/net/eth1/addr_assign_type&path=//sys/class/net/eth1 HTTP/2.0" 200 2597 "-" "Mozilla/5.0 AppleWebKit/537.36 (KHTML, like Gecko; compatible; GPTBot/1.3; +https://openai.com/gptbot)"
74.7.242.13 - - [04/Dec/2025:01:40:29 -0800] "GET /property/beautiful-5bhk-semi-attached-villa-with-burj-al-arab-view-for-rent-in-umm-suqeim-2/?path=//sys/devices/pci0000:40/firmware_node/device:ac/device:ad/subsystem/devices/device:cc/device:cd/device:cf/subsystem/devices/device:ac/device:ad/subsystem/devices/device:ee/subsystem/devices/device:bc/device:be/subsystem/devices/device:cb/device:cc/device:cd/device:ce/subsystem/devices/device:dd HTTP/2.0" 200 3410 "-" "Mozilla/5.0 AppleWebKit/537.36 (KHTML, like Gecko; compatible; GPTBot/1.3; +https://openai.com/gptbot)"
216.73.216.116 - - [04/Dec/2025:01:40:32 -0800] "GET /property/best-deal-2br-apartment-fully-furnished-burj-khalifa-view?fileloc=%2F%2Fusr%2Finclude%2Flinux%2Ftaskstats.h&path=%2F%2Fusr%2Finclude%2Flinux HTTP/2.0" 200 5690 "-" "Mozilla/5.0 AppleWebKit/537.36 (KHTML, like Gecko; compatible; ClaudeBot/1.0; +claudebot@anthropic.com)"
35.169.102.85 - - [04/Dec/2025:01:40:32 -0800] "GET /property-type/studio/?path=//sys/devices/platform/reg-dummy/subsystem/devices/reg-dummy/driver/reg-dummy/driver/reg-dummy/subsystem/devices/pcspkr/subsystem/drivers/PCCT/PCCT/driver/PCCT/subsystem/drivers HTTP/1.1" 200 7443 "-" "Mozilla/5.0 AppleWebKit/537.36 (KHTML, like Gecko; compatible; Amazonbot/0.1; +https://developer.amazon.com/support/amazonbot) Chrome/119.0.6045.214 Safari/537.36"
144.76.19.157 - - [04/Dec/2025:01:40:32 -0800] "GET /feature/balcony/?path=/lib/postgresql/14/bin HTTP/1.1" 200 4284 "-" "Mozilla/5.0 (compatible; SERankingBacklinksBot/1.0; +https://seranking.com/backlinks-crawler)"
74.7.227.32 - - [04/Dec/2025:01:40:32 -0800] "GET /item_support/what_is_item_support/8988002?fileloc=//sys/class/net/eth1/phys_switch_id&path=//sys/class/net/eth1 HTTP/2.0" 200 2597 "-" "Mozilla/5.0 AppleWebKit/537.36 (KHTML, like Gecko; compatible; GPTBot/1.3; +https://openai.com/gptbot)"
74.7.242.13 - - [04/Dec/2025:01:40:32 -0800] "GET /property/beautiful-5bhk-semi-attached-villa-with-burj-al-arab-view-for-rent-in-umm-suqeim-2/?path=//sys/devices/pci0000:40/firmware_node/device:ac/device:ad/subsystem/devices/device:cc/device:cd/device:cf/subsystem/devices/device:ac/device:ad/subsystem/devices/device:ee/subsystem/devices/device:ec/device:ed/subsystem/devices/device:cb/device:cc/device:cd/device:ce HTTP/2.0" 200 3414 "-" "Mozilla/5.0 AppleWebKit/537.36 (KHTML, like Gecko; compatible; GPTBot/1.3; +https://openai.com/gptbot)"
216.73.216.116 - - [04/Dec/2025:01:40:35 -0800] "GET /property/best-deal-2br-apartment-fully-furnished-burj-khalifa-view?fileloc=%2Fhome%2Fdh_hwg2wc%2Ffnaluxury.com%2Fwp-content%2Fplugins%2Funder-construction-page%2Fthemes%2Fiot%2Findex.php&path=%2Fhome%2Fdh_hwg2wc%2Ffnaluxury.com%2Fwp-content%2Fplugins%2Funder-construction-page%2Fthemes%2Fiot HTTP/2.0" 200 3249 "-" "Mozilla/5.0 AppleWebKit/537.36 (KHTML, like Gecko; compatible; ClaudeBot/1.0; +claudebot@anthropic.com)"
100.24.167.60 - - [04/Dec/2025:01:40:35 -0800] "GET /property-type/villa/?path=//sys/bus/platform/devices/reg-dummy/driver/reg-dummy/driver/reg-dummy/driver/reg-dummy/subsystem/devices/IPI0001:00/subsystem/devices/PCCT/driver/PCCT/subsystem/drivers HTTP/1.1" 200 7500 "-" "Mozilla/5.0 AppleWebKit/537.36 (KHTML, like Gecko; compatible; Amazonbot/0.1; +https://developer.amazon.com/support/amazonbot) Chrome/119.0.6045.214 Safari/537.36"
74.7.227.32 - - [04/Dec/2025:01:40:35 -0800] "GET /item_support/what_is_item_support/8988002?fileloc=//sys/class/net/eth1/phys_port_name&path=//sys/class/net/eth1 HTTP/2.0" 200 2596 "-" "Mozilla/5.0 AppleWebKit/537.36 (KHTML, like Gecko; compatible; GPTBot/1.3; +https://openai.com/gptbot)"
144.76.19.157 - - [04/Dec/2025:01:40:36 -0800] "GET /hello-world/?path=/sys/block/nbd1/mq/0/cpu31 HTTP/1.1" 200 2920 "-" "Mozilla/5.0 (compatible; SERankingBacklinksBot/1.0; +https://seranking.com/backlinks-crawler)"
74.7.242.13 - - [04/Dec/2025:01:40:36 -0800] "GET /property/beautiful-5bhk-semi-attached-villa-with-burj-al-arab-view-for-rent-in-umm-suqeim-2/?path=//sys/devices/pci0000:40/firmware_node/device:ac/device:ad/subsystem/devices/device:cc/device:cd/device:cf/subsystem/devices/device:ac/device:ad/subsystem/devices/device:ee/subsystem/devices/device:ec/device:ed/subsystem/devices/device:cb/device:cc/device:cd/device:cf HTTP/2.0" 200 3408 "-" "Mozilla/5.0 AppleWebKit/537.36 (KHTML, like Gecko; compatible; GPTBot/1.3; +https://openai.com/gptbot)"
216.73.216.116 - - [04/Dec/2025:01:40:38 -0800] "GET /property/best-deal-2br-apartment-fully-furnished-burj-khalifa-view?fileloc=%2F%2Fusr%2Finclude%2Flinux%2Fsnmp.h&path=%2F%2Fusr%2Finclude%2Flinux HTTP/2.0" 200 6440 "-" "Mozilla/5.0 AppleWebKit/537.36 (KHTML, like Gecko; compatible; ClaudeBot/1.0; +claudebot@anthropic.com)"
23.21.225.190 - - [04/Dec/2025:01:40:38 -0800] "GET /property-type/residential/?path=//sys/devices/platform/PCCT/subsystem/drivers/reg-dummy/reg-dummy/driver/reg-dummy/driver/reg-dummy/subsystem/devices/vesa-framebuffer.0/subsystem/devices/pcspkr/subsystem HTTP/1.1" 200 6666 "-" "Mozilla/5.0 AppleWebKit/537.36 (KHTML, like Gecko; compatible; Amazonbot/0.1; +https://developer.amazon.com/support/amazonbot) Chrome/119.0.6045.214 Safari/537.36"
74.7.227.32 - - [04/Dec/2025:01:40:38 -0800] "GET /item_support/what_is_item_support/8988002?fileloc=//sys/class/net/eth1/name_assign_type&path=//sys/class/net/eth1 HTTP/2.0" 200 2598 "-" "Mozilla/5.0 AppleWebKit/537.36 (KHTML, like Gecko; compatible; GPTBot/1.3; +https://openai.com/gptbot)"
74.7.242.13 - - [04/Dec/2025:01:40:39 -0800] "GET /property/beautiful-5bhk-semi-attached-villa-with-burj-al-arab-view-for-rent-in-umm-suqeim-2/?path=//sys/devices/pci0000:40/firmware_node/device:ac/device:ad/subsystem/devices/device:cc/device:cd/device:cf/subsystem/devices/device:ac/device:ad/subsystem/devices/device:ee/subsystem/devices/device:bc/device:be/subsystem/devices/device:cb/device:cc/device:cd/device:ce/subsystem/devices/device:be HTTP/2.0" 200 3405 "-" "Mozilla/5.0 AppleWebKit/537.36 (KHTML, like Gecko; compatible; GPTBot/1.3; +https://openai.com/gptbot)"
217.113.194.100 - - [04/Dec/2025:01:40:40 -0800] "GET /city/dubai/page/7/?fileloc=//var/log/daemon.log.3.gz&path=//var/log HTTP/1.1" 200 3189 "-" "Mozilla/5.0 (compatible; Barkrowler/0.9; +https://babbar.tech/crawler)"
216.73.216.116 - - [04/Dec/2025:01:40:41 -0800] "GET /property/best-deal-2br-apartment-fully-furnished-burj-khalifa-view?fileloc=%2Fhome%2Fdh_hwg2wc%2Ffnaluxury.com%2Fwp-content%2Fplugins%2Frevslider%2Fadmin%2Fassets%2Fvideos%2F.htaccess&path=%2Fhome%2Fdh_hwg2wc%2Ffnaluxury.com%2Fwp-content%2Fplugins%2Frevslider%2Fadmin%2Fassets%2Fvideos HTTP/2.0" 200 2749 "-" "Mozilla/5.0 AppleWebKit/537.36 (KHTML, like Gecko; compatible; ClaudeBot/1.0; +claudebot@anthropic.com)"
74.7.227.32 - - [04/Dec/2025:01:40:41 -0800] "GET /item_support/what_is_item_support/8988002?fileloc=//sys/class/net/phy1/name_assign_type&path=//sys/class/net/phy1 HTTP/2.0" 200 2598 "-" "Mozilla/5.0 AppleWebKit/537.36 (KHTML, like Gecko; compatible; GPTBot/1.3; +https://openai.com/gptbot)"
74.7.242.13 - - [04/Dec/2025:01:40:42 -0800] "GET /property/beautiful-5bhk-semi-attached-villa-with-burj-al-arab-view-for-rent-in-umm-suqeim-2/?path=//sys/devices/pci0000:40/firmware_node/device:ac/device:ad/subsystem/devices/device:cc/device:cd/device:cf/subsystem/devices/device:ac/device:ad/subsystem/devices/device:ee/subsystem/devices/device:bc/device:be/subsystem/devices/device:cb/device:cc/device:cd/device:ce/subsystem/devices/device:ae HTTP/2.0" 200 3409 "-" "Mozilla/5.0 AppleWebKit/537.36 (KHTML, like Gecko; compatible; GPTBot/1.3; +https://openai.com/gptbot)"
44.214.19.8 - - [04/Dec/2025:01:40:43 -0800] "GET /property-type/residential/?path=//sys/devices/platform/reg-dummy/driver/reg-dummy/driver/reg-dummy/driver/reg-dummy/subsystem/drivers/PCCT/PCCT/driver/PCCT/subsystem/devices/pcspkr/subsystem/drivers HTTP/1.1" 200 7429 "-" "Mozilla/5.0 AppleWebKit/537.36 (KHTML, like Gecko; compatible; Amazonbot/0.1; +https://developer.amazon.com/support/amazonbot) Chrome/119.0.6045.214 Safari/537.36"
144.76.19.157 - - [04/Dec/2025:01:40:43 -0800] "GET /hello-world/?path=/sys/block/nbd1/mq/0/cpu32 HTTP/1.1" 200 3268 "-" "Mozilla/5.0 (compatible; SERankingBacklinksBot/1.0; +https://seranking.com/backlinks-crawler)"
216.73.216.116 - - [04/Dec/2025:01:40:44 -0800] "GET /property/best-deal-2br-apartment-fully-furnished-burj-khalifa-view?fileloc=%2F%2Fusr%2Finclude%2Flinux%2Fwait.h&path=%2F%2Fusr%2Finclude%2Flinux HTTP/2.0" 200 2948 "-" "Mozilla/5.0 AppleWebKit/537.36 (KHTML, like Gecko; compatible; ClaudeBot/1.0; +claudebot@anthropic.com)"
74.7.227.32 - - [04/Dec/2025:01:40:44 -0800] "GET /item_support/what_is_item_support/8988002?fileloc=//sys/class/net/eth1/carrier_up_count&path=//sys/class/net/eth1 HTTP/2.0" 200 2598 "-" "Mozilla/5.0 AppleWebKit/537.36 (KHTML, like Gecko; compatible; GPTBot/1.3; +https://openai.com/gptbot)"
74.7.242.13 - - [04/Dec/2025:01:40:45 -0800] "GET /property/beautiful-5bhk-semi-attached-villa-with-burj-al-arab-view-for-rent-in-umm-suqeim-2/?path=//sys/devices/pci0000:40/firmware_node/device:ac/device:ad/subsystem/devices/device:cc/device:cd/device:cf/subsystem/devices/device:ac/device:ad/subsystem/devices/device:ee/subsystem/devices/device:bc/device:be/subsystem/devices/device:cb/device:cc/device:cd/device:ce/subsystem/devices/device:ff HTTP/2.0" 200 3581 "-" "Mozilla/5.0 AppleWebKit/537.36 (KHTML, like Gecko; compatible; GPTBot/1.3; +https://openai.com/gptbot)"
114.119.154.200 - - [04/Dec/2025:01:40:45 -0800] "GET /status/for-rent/page/6?path=/home/dh_hwg2wc/fnaluxury.com/wp-content HTTP/1.1" 200 6998 "https://www.fnaluxury.com/status/for-rent/page/6?path=/home/dh_hwg2wc/fnaluxury.com/wp-content/plugins" "Mozilla/5.0 (Linux; Android 7.0;) AppleWebKit/537.36 (KHTML, like Gecko) Mobile Safari/537.36 (compatible; PetalBot;+https://webmaster.petalsearch.com/site/petalbot)"
44.221.37.41 - - [04/Dec/2025:01:40:46 -0800] "GET /property-type/villa/?path=//sys/class/input/input1/subsystem/input0/device/input/input0/subsystem/input0/subsystem/input1/device/input/input1/device/input/input1/device/subsystem/drivers HTTP/1.1" 200 6960 "-" "Mozilla/5.0 AppleWebKit/537.36 (KHTML, like Gecko; compatible; Amazonbot/0.1; +https://developer.amazon.com/support/amazonbot) Chrome/119.0.6045.214 Safari/537.36"
216.73.216.116 - - [04/Dec/2025:01:40:47 -0800] "GET /property/best-deal-2br-apartment-fully-furnished-burj-khalifa-view?fileloc=%2Fhome%2Fdh_hwg2wc%2Ffnaluxury.com%2Fwp-content%2Fplugins%2Frealtyna-mls-sync%2Fviews%2F.htaccess&path=%2Fhome%2Fdh_hwg2wc%2Ffnaluxury.com%2Fwp-content%2Fplugins%2Frealtyna-mls-sync%2Fviews HTTP/2.0" 200 2732 "-" "Mozilla/5.0 AppleWebKit/537.36 (KHTML, like Gecko; compatible; ClaudeBot/1.0; +claudebot@anthropic.com)"
74.7.227.32 - - [04/Dec/2025:01:40:48 -0800] "GET /item_support/what_is_item_support/8988002?fileloc=//sys/class/net/teql0/phys_port_id&path=//sys/class/net/teql0 HTTP/2.0" 200 2597 "-" "Mozilla/5.0 AppleWebKit/537.36 (KHTML, like Gecko; compatible; GPTBot/1.3; +https://openai.com/gptbot)"
66.249.69.199 - - [04/Dec/2025:01:40:49 -0800] "GET /?items=216962456 HTTP/1.1" 200 34602 "-" "Mozilla/5.0 (Linux; Android 6.0.1; Nexus 5X Build/MMB29P) AppleWebKit/537.36 (KHTML, like Gecko) Chrome/141.0.7390.122 Mobile Safari/537.36 (compatible; Googlebot/2.1; +http://www.google.com/bot.html)"
74.7.242.13 - - [04/Dec/2025:01:40:48 -0800] "GET /property/beautiful-5bhk-semi-attached-villa-with-burj-al-arab-view-for-rent-in-umm-suqeim-2/?path=//sys/devices/pci0000:40/firmware_node/device:ac/device:ad/subsystem/devices/device:cc/device:cd/device:cf/subsystem/devices/device:ac/device:ad/subsystem/devices/device:ee/subsystem/devices/device:bc/device:be/subsystem/devices/device:cb/device:cc/device:cd/device:ce/subsystem/devices/device:ef HTTP/2.0" 200 3410 "-" "Mozilla/5.0 AppleWebKit/537.36 (KHTML, like Gecko; compatible; GPTBot/1.3; +https://openai.com/gptbot)"
216.73.216.116 - - [04/Dec/2025:01:40:50 -0800] "GET /property/best-deal-2br-apartment-fully-furnished-burj-khalifa-view?fileloc=%2F%2Fusr%2Finclude%2Flinux%2Fmagic.h&path=%2F%2Fusr%2Finclude%2Flinux HTTP/2.0" 200 3976 "-" "Mozilla/5.0 AppleWebKit/537.36 (KHTML, like Gecko; compatible; ClaudeBot/1.0; +claudebot@anthropic.com)"
