74.7.227.32 - - [04/Dec/2025:01:12:56 -0800] "GET /item_support/what_is_item_support/8988002?path=//sys/class/tty/ttyse/subsystem/ptyte/subsystem/ttyya HTTP/2.0" 200 3098 "-" "Mozilla/5.0 AppleWebKit/537.36 (KHTML, like Gecko; compatible; GPTBot/1.3; +https://openai.com/gptbot)"
54.85.126.86 - - [04/Dec/2025:01:12:58 -0800] "GET /property-type/building/?path=//sys/bus/platform/drivers/reg-dummy/reg-dummy/subsystem/drivers/PCCT/PCCT/subsystem/devices/reg-dummy/subsystem/drivers/PCCT/PCCT/subsystem/drivers/timeriomem_rng HTTP/1.1" 200 6513 "-" "Mozilla/5.0 AppleWebKit/537.36 (KHTML, like Gecko; compatible; Amazonbot/0.1; +https://developer.amazon.com/support/amazonbot) Chrome/119.0.6045.214 Safari/537.36"
74.7.242.13 - - [04/Dec/2025:01:12:58 -0800] "GET /property/beautiful-5bhk-semi-attached-villa-with-burj-al-arab-view-for-rent-in-umm-suqeim-2/?path=//sys/devices/pci0000:40/firmware_node/device:ac/device:ad/subsystem/devices/device:cc/device:cd/device:ce/subsystem/devices/device:ac/device:ad/subsystem/devices/device:ae/subsystem/devices/device:ca/physical_node/peer/peer/peer/peer/peer/peer/peer/peer/firmware_node/subsystem/devices/device:ae HTTP/2.0" 200 3406 "-" "Mozilla/5.0 AppleWebKit/537.36 (KHTML, like Gecko; compatible; GPTBot/1.3; +https://openai.com/gptbot)"
144.76.19.157 - - [04/Dec/2025:01:12:58 -0800] "GET /feature/balcony/?path=/lib/locale/de_AT@euro HTTP/1.1" 200 4075 "-" "Mozilla/5.0 (compatible; SERankingBacklinksBot/1.0; +https://seranking.com/backlinks-crawler)"
74.7.227.32 - - [04/Dec/2025:01:12:59 -0800] "GET /item_support/what_is_item_support/8988002?path=//sys/class/tty/ttyse/subsystem/ttyee/subsystem/ptype HTTP/2.0" 200 3096 "-" "Mozilla/5.0 AppleWebKit/537.36 (KHTML, like Gecko; compatible; GPTBot/1.3; +https://openai.com/gptbot)"
54.162.69.192 - - [04/Dec/2025:01:13:00 -0800] "GET /property-type/townhouse/?path=//sys/devices/platform/pcspkr/subsystem/devices/reg-dummy/driver/reg-dummy/driver/reg-dummy/driver/reg-dummy/subsystem/devices/PCCT/subsystem/devices/IPI0001:00/subsystem/drivers/PCCT/PCCT/driver/PCCT HTTP/1.1" 200 6711 "-" "Mozilla/5.0 AppleWebKit/537.36 (KHTML, like Gecko; compatible; Amazonbot/0.1; +https://developer.amazon.com/support/amazonbot) Chrome/119.0.6045.214 Safari/537.36"
74.7.242.13 - - [04/Dec/2025:01:13:01 -0800] "GET /property/beautiful-5bhk-semi-attached-villa-with-burj-al-arab-view-for-rent-in-umm-suqeim-2/?path=//sys/devices/pci0000:40/firmware_node/device:ac/device:ad/subsystem/devices/device:cc/device:cd/device:ce/subsystem/devices/device:ac/device:ad/subsystem/devices/device:ac/subsystem/devices/device:cb/device:cc/device:cd/subsystem/devices/device:aa/physical_node/link HTTP/2.0" 200 2871 "-" "Mozilla/5.0 AppleWebKit/537.36 (KHTML, like Gecko; compatible; GPTBot/1.3; +https://openai.com/gptbot)"
52.45.92.83 - - [04/Dec/2025:01:13:01 -0800] "GET /property-type/hotel-hotel-apartment/?path=//sys/devices/platform/reg-dummy/subsystem/devices/PCCT/subsystem/devices/reg-dummy/driver/reg-dummy/driver/reg-dummy/subsystem/devices/vesa-framebuffer.0/subsystem/drivers/timeriomem_rng HTTP/1.1" 200 6546 "-" "Mozilla/5.0 AppleWebKit/537.36 (KHTML, like Gecko; compatible; Amazonbot/0.1; +https://developer.amazon.com/support/amazonbot) Chrome/119.0.6045.214 Safari/537.36"
74.7.227.32 - - [04/Dec/2025:01:13:02 -0800] "GET /item_support/what_is_item_support/8988002?path=//sys/class/tty/ttyse/subsystem/ttysb/subsystem/ptyya HTTP/2.0" 200 3096 "-" "Mozilla/5.0 AppleWebKit/537.36 (KHTML, like Gecko; compatible; GPTBot/1.3; +https://openai.com/gptbot)"
74.7.242.13 - - [04/Dec/2025:01:13:05 -0800] "GET /property/beautiful-5bhk-semi-attached-villa-with-burj-al-arab-view-for-rent-in-umm-suqeim-2/?path=//sys/devices/pci0000:40/firmware_node/device:ac/device:ad/subsystem/devices/device:cc/device:cd/device:ce/subsystem/devices/device:ac/device:ad/subsystem/devices/device:ac/subsystem/devices/device:cb/device:cc/subsystem/devices/device:db HTTP/2.0" 200 3314 "-" "Mozilla/5.0 AppleWebKit/537.36 (KHTML, like Gecko; compatible; GPTBot/1.3; +https://openai.com/gptbot)"
74.7.227.32 - - [04/Dec/2025:01:13:05 -0800] "GET /item_support/what_is_item_support/8988002?path=//sys/class/tty/ttyee/subsystem/ttyae/subsystem/ptyte HTTP/2.0" 200 3096 "-" "Mozilla/5.0 AppleWebKit/537.36 (KHTML, like Gecko; compatible; GPTBot/1.3; +https://openai.com/gptbot)"
3.93.211.16 - - [04/Dec/2025:01:13:07 -0800] "GET /property-type/building/?path=//sys/bus/platform/drivers/reg-dummy/reg-dummy/subsystem/drivers/reg-dummy/reg-dummy/subsystem/devices/microcode/subsystem/drivers/PCCT/PCCT/subsystem/drivers/acpi-fan HTTP/1.1" 200 6519 "-" "Mozilla/5.0 AppleWebKit/537.36 (KHTML, like Gecko; compatible; Amazonbot/0.1; +https://developer.amazon.com/support/amazonbot) Chrome/119.0.6045.214 Safari/537.36"
74.7.242.13 - - [04/Dec/2025:01:13:08 -0800] "GET /property/beautiful-5bhk-semi-attached-villa-with-burj-al-arab-view-for-rent-in-umm-suqeim-2/?path=//sys/devices/pci0000:40/firmware_node/device:ac/device:ad/subsystem/devices/device:cc/device:cd/device:ce/subsystem/devices/device:ac/device:ad/subsystem/devices/device:ac/subsystem/devices/device:cb/device:cc/device:cd/device:cf/subsystem/devices/device:cb/device:cc/physical_node/iommu_group HTTP/2.0" 200 3368 "-" "Mozilla/5.0 AppleWebKit/537.36 (KHTML, like Gecko; compatible; GPTBot/1.3; +https://openai.com/gptbot)"
74.7.227.32 - - [04/Dec/2025:01:13:08 -0800] "GET /item_support/what_is_item_support/8988002?path=//sys/class/tty/ttyse/subsystem/ptyye/subsystem/ttyue HTTP/2.0" 200 3096 "-" "Mozilla/5.0 AppleWebKit/537.36 (KHTML, like Gecko; compatible; GPTBot/1.3; +https://openai.com/gptbot)"
98.82.66.172 - - [04/Dec/2025:01:13:09 -0800] "GET /property-type/townhouse/?path=//sys/bus/platform/drivers/reg-dummy/reg-dummy/driver/reg-dummy/driver/reg-dummy/subsystem/devices/PCCT/driver/PCCT/subsystem/devices/microcode HTTP/1.1" 200 6602 "-" "Mozilla/5.0 AppleWebKit/537.36 (KHTML, like Gecko; compatible; Amazonbot/0.1; +https://developer.amazon.com/support/amazonbot) Chrome/119.0.6045.214 Safari/537.36"
144.76.19.157 - - [04/Dec/2025:01:13:10 -0800] "GET /hello-world/?path=/sys/block/nbd0/mq/0/cpu15 HTTP/1.1" 200 3269 "-" "Mozilla/5.0 (compatible; SERankingBacklinksBot/1.0; +https://seranking.com/backlinks-crawler)"
74.7.242.13 - - [04/Dec/2025:01:13:11 -0800] "GET /property/beautiful-5bhk-semi-attached-villa-with-burj-al-arab-view-for-rent-in-umm-suqeim-2/?path=//sys/devices/pci0000:40/firmware_node/device:ac/device:ad/subsystem/devices/device:cc/device:cd/device:ce/subsystem/devices/device:ac/device:ad/subsystem/devices/device:ae/subsystem/devices/device:ca/physical_node/peer/peer/peer/peer/peer/peer/peer/peer/peer/firmware_node/physical_node/peer/firmware_node HTTP/2.0" 200 3444 "-" "Mozilla/5.0 AppleWebKit/537.36 (KHTML, like Gecko; compatible; GPTBot/1.3; +https://openai.com/gptbot)"
74.7.227.32 - - [04/Dec/2025:01:13:11 -0800] "GET /item_support/what_is_item_support/8988002?path=//sys/class/tty/ttyse/subsystem/ttysa/subsystem/ptytc HTTP/2.0" 200 3095 "-" "Mozilla/5.0 AppleWebKit/537.36 (KHTML, like Gecko; compatible; GPTBot/1.3; +https://openai.com/gptbot)"
144.76.19.157 - - [04/Dec/2025:01:13:13 -0800] "GET /feature/balcony/?path=/lib/locale/de_BE.utf8 HTTP/1.1" 200 3726 "-" "Mozilla/5.0 (compatible; SERankingBacklinksBot/1.0; +https://seranking.com/backlinks-crawler)"
74.7.227.32 - - [04/Dec/2025:01:13:15 -0800] "GET /item_support/what_is_item_support/8988002?path=//sys/class/tty/ttyse/subsystem/ttysb/subsystem/ptyye HTTP/2.0" 200 3096 "-" "Mozilla/5.0 AppleWebKit/537.36 (KHTML, like Gecko; compatible; GPTBot/1.3; +https://openai.com/gptbot)"
74.7.242.13 - - [04/Dec/2025:01:13:14 -0800] "GET /property/beautiful-5bhk-semi-attached-villa-with-burj-al-arab-view-for-rent-in-umm-suqeim-2/?path=//sys/devices/pci0000:40/firmware_node/device:ac/device:ad/subsystem/devices/device:cc/device:cd/device:ce/subsystem/devices/device:ac/device:ad/subsystem/devices/device:ae/subsystem/devices/device:ca/physical_node/peer/peer/peer/peer/peer/peer/peer/peer/peer/firmware_node/subsystem/devices HTTP/2.0" 200 25310 "-" "Mozilla/5.0 AppleWebKit/537.36 (KHTML, like Gecko; compatible; GPTBot/1.3; +https://openai.com/gptbot)"
23.23.214.190 - - [04/Dec/2025:01:13:15 -0800] "GET /property-type/full-floor/?path=//sys/bus/platform/devices/reg-dummy/subsystem/devices/reg-dummy/driver/reg-dummy/driver/reg-dummy/subsystem/devices/pcspkr/subsystem/drivers/PCCT/PCCT/subsystem/drivers/timeriomem_rng HTTP/1.1" 200 6543 "-" "Mozilla/5.0 AppleWebKit/537.36 (KHTML, like Gecko; compatible; Amazonbot/0.1; +https://developer.amazon.com/support/amazonbot) Chrome/119.0.6045.214 Safari/537.36"
144.76.19.157 - - [04/Dec/2025:01:13:17 -0800] "GET /hello-world/?path=/sys/block/nbd0/mq/0/cpu16 HTTP/1.1" 200 2922 "-" "Mozilla/5.0 (compatible; SERankingBacklinksBot/1.0; +https://seranking.com/backlinks-crawler)"
74.7.242.13 - - [04/Dec/2025:01:13:17 -0800] "GET /property/beautiful-5bhk-semi-attached-villa-with-burj-al-arab-view-for-rent-in-umm-suqeim-2/?path=//sys/devices/pci0000:40/firmware_node/device:ac/device:ad/subsystem/devices/device:cc/device:cd/device:ce/subsystem/devices/device:ac/device:ad/subsystem/devices/device:ac/subsystem/devices/device:cb/device:cc/device:cd/device:cf/subsystem/devices/device:cb/device:cc/physical_node/iommu/devices HTTP/2.0" 200 4319 "-" "Mozilla/5.0 AppleWebKit/537.36 (KHTML, like Gecko; compatible; GPTBot/1.3; +https://openai.com/gptbot)"
74.7.227.32 - - [04/Dec/2025:01:13:18 -0800] "GET /item_support/what_is_item_support/8988002?path=//sys/class/tty/ttyee/subsystem/ptyte/subsystem/ttysb HTTP/2.0" 200 3097 "-" "Mozilla/5.0 AppleWebKit/537.36 (KHTML, like Gecko; compatible; GPTBot/1.3; +https://openai.com/gptbot)"
52.207.47.227 - - [04/Dec/2025:01:13:19 -0800] "GET /property-type/full-floor/?path=//sys/bus/platform/devices/reg-dummy/subsystem/devices/reg-dummy/subsystem/devices/reg-dummy/subsystem/devices/pcspkr/subsystem/drivers/PCCT/PCCT/driver/PCCT/driver HTTP/1.1" 200 6507 "-" "Mozilla/5.0 AppleWebKit/537.36 (KHTML, like Gecko; compatible; Amazonbot/0.1; +https://developer.amazon.com/support/amazonbot) Chrome/119.0.6045.214 Safari/537.36"
74.7.242.13 - - [04/Dec/2025:01:13:20 -0800] "GET /property/beautiful-5bhk-semi-attached-villa-with-burj-al-arab-view-for-rent-in-umm-suqeim-2/?path=//sys/devices/pci0000:40/firmware_node/device:ac/device:ad/subsystem/devices/device:cc/device:cd/device:ce/subsystem/devices/device:ac/device:ad/subsystem/devices/device:ac/subsystem/devices/device:cb/device:cc/device:cd/device:cf/subsystem/devices/device:bc/physical_node/iommu/device/link HTTP/2.0" 200 2907 "-" "Mozilla/5.0 AppleWebKit/537.36 (KHTML, like Gecko; compatible; GPTBot/1.3; +https://openai.com/gptbot)"
74.7.227.32 - - [04/Dec/2025:01:13:21 -0800] "GET /item_support/what_is_item_support/8988002?path=//sys/class/tty/ttyee/subsystem/ttytb/subsystem/ptyse HTTP/2.0" 200 3096 "-" "Mozilla/5.0 AppleWebKit/537.36 (KHTML, like Gecko; compatible; GPTBot/1.3; +https://openai.com/gptbot)"
23.21.148.226 - - [04/Dec/2025:01:13:22 -0800] "GET /property-type/apartment/?path=//sys/devices/platform/reg-dummy/subsystem/devices/reg-dummy/driver/reg-dummy/subsystem/devices/PCCT/subsystem/drivers/PCCT/PCCT/driver/PCCT/subsystem/devices/pcspkr HTTP/1.1" 200 6632 "-" "Mozilla/5.0 AppleWebKit/537.36 (KHTML, like Gecko; compatible; Amazonbot/0.1; +https://developer.amazon.com/support/amazonbot) Chrome/119.0.6045.214 Safari/537.36"
216.73.216.116 - - [04/Dec/2025:01:13:23 -0800] "GET /property/best-deal-2br-apartment-fully-furnished-burj-khalifa-view?fileloc=%2F%2Flib%2Fx86_64-linux-gnu%2Flibraptor2.so.0.0.0&path=%2F%2Flib%2Fx86_64-linux-gnu HTTP/2.0" 200 154227 "-" "Mozilla/5.0 AppleWebKit/537.36 (KHTML, like Gecko; compatible; ClaudeBot/1.0; +claudebot@anthropic.com)"
74.7.242.13 - - [04/Dec/2025:01:13:23 -0800] "GET /property/beautiful-5bhk-semi-attached-villa-with-burj-al-arab-view-for-rent-in-umm-suqeim-2/?path=//sys/devices/pci0000:40/firmware_node/device:ac/device:ad/subsystem/devices/device:cc/device:cd/device:ce/subsystem/devices/device:ac/device:ad/subsystem/devices/device:ae/subsystem/devices/device:ca/physical_node/peer/peer/peer/peer/peer/peer/peer/peer/peer/peer/firmware_node/subsystem/devices/device:fe/device:ff/subsystem HTTP/2.0" 200 3497 "-" "Mozilla/5.0 AppleWebKit/537.36 (KHTML, like Gecko; compatible; GPTBot/1.3; +https://openai.com/gptbot)"
74.7.227.32 - - [04/Dec/2025:01:13:24 -0800] "GET /item_support/what_is_item_support/8988002?path=//sys/class/tty/ttyse/subsystem/ttyre/subsystem/ptyte HTTP/2.0" 200 3096 "-" "Mozilla/5.0 AppleWebKit/537.36 (KHTML, like Gecko; compatible; GPTBot/1.3; +https://openai.com/gptbot)"
216.73.216.116 - - [04/Dec/2025:01:13:25 -0800] "GET /property/best-deal-2br-apartment-fully-furnished-burj-khalifa-view?fileloc=%2F%2Flib%2Fx86_64-linux-gnu%2Flibblas.so.3&path=%2F%2Flib%2Fx86_64-linux-gnu HTTP/2.0" 200 241036 "-" "Mozilla/5.0 AppleWebKit/537.36 (KHTML, like Gecko; compatible; ClaudeBot/1.0; +claudebot@anthropic.com)"
74.7.242.13 - - [04/Dec/2025:01:13:26 -0800] "GET /property/beautiful-5bhk-semi-attached-villa-with-burj-al-arab-view-for-rent-in-umm-suqeim-2/?path=//sys/devices/pci0000:40/firmware_node/device:ac/device:ad/subsystem/devices/device:cc/device:cd/device:ce/subsystem/devices/device:ac/device:ad/subsystem/devices/device:ac/subsystem/devices/device:cb/device:cc/device:cd/subsystem/devices/device:cb/physical_node/iommu/amd-iommu HTTP/2.0" 200 3254 "-" "Mozilla/5.0 AppleWebKit/537.36 (KHTML, like Gecko; compatible; GPTBot/1.3; +https://openai.com/gptbot)"
74.7.227.32 - - [04/Dec/2025:01:13:28 -0800] "GET /item_support/what_is_item_support/8988002?path=//sys/class/tty/ttyse/subsystem/ptyae/subsystem/ttysa HTTP/2.0" 200 3095 "-" "Mozilla/5.0 AppleWebKit/537.36 (KHTML, like Gecko; compatible; GPTBot/1.3; +https://openai.com/gptbot)"
52.7.33.248 - - [04/Dec/2025:01:13:28 -0800] "GET /property-type/residential/?path=//sys/bus/platform/devices/reg-dummy/driver/reg-dummy/subsystem/devices/pcspkr/subsystem/drivers/reg-dummy/reg-dummy/subsystem/devices/vesa-framebuffer.0/subsystem/devices/pcspkr HTTP/1.1" 200 6645 "-" "Mozilla/5.0 AppleWebKit/537.36 (KHTML, like Gecko; compatible; Amazonbot/0.1; +https://developer.amazon.com/support/amazonbot) Chrome/119.0.6045.214 Safari/537.36"
144.76.19.157 - - [04/Dec/2025:01:13:28 -0800] "GET /feature/balcony/?path=/lib/locale/de_BE@euro HTTP/1.1" 200 4073 "-" "Mozilla/5.0 (compatible; SERankingBacklinksBot/1.0; +https://seranking.com/backlinks-crawler)"
216.73.216.116 - - [04/Dec/2025:01:13:28 -0800] "GET /property/best-deal-2br-apartment-fully-furnished-burj-khalifa-view?fileloc=%2F%2Flib%2Fx86_64-linux-gnu%2Flibmodbus.so.5.1.0&path=%2F%2Flib%2Fx86_64-linux-gnu HTTP/2.0" 200 20364 "-" "Mozilla/5.0 AppleWebKit/537.36 (KHTML, like Gecko; compatible; ClaudeBot/1.0; +claudebot@anthropic.com)"
52.71.46.142 - - [04/Dec/2025:01:13:29 -0800] "GET /property-type/hotel-hotel-apartment/?path=//sys/bus/platform/devices/reg-dummy/driver/reg-dummy/subsystem/devices/reg-dummy/subsystem/devices/PCCT/subsystem/devices/reg-dummy/subsystem/drivers/PCCT/PCCT/driver/PCCT HTTP/1.1" 200 6684 "-" "Mozilla/5.0 AppleWebKit/537.36 (KHTML, like Gecko; compatible; Amazonbot/0.1; +https://developer.amazon.com/support/amazonbot) Chrome/119.0.6045.214 Safari/537.36"
74.7.242.13 - - [04/Dec/2025:01:13:30 -0800] "GET /property/beautiful-5bhk-semi-attached-villa-with-burj-al-arab-view-for-rent-in-umm-suqeim-2/?path=//sys/devices/pci0000:40/firmware_node/device:ac/device:ad/subsystem/devices/device:cc/device:cd/device:ce/subsystem/devices/device:ac/device:ad/subsystem/devices/device:ac/subsystem/devices/device:cb/device:cc/device:cd/device:cf/subsystem/devices/device:bc/device:bf/physical_node/iommu/device/iommu HTTP/2.0" 200 3205 "-" "Mozilla/5.0 AppleWebKit/537.36 (KHTML, like Gecko; compatible; GPTBot/1.3; +https://openai.com/gptbot)"
74.7.227.32 - - [04/Dec/2025:01:13:30 -0800] "GET /item_support/what_is_item_support/8988002?path=//sys/class/tty/ttyse/subsystem/ptytb/subsystem/ttyte HTTP/2.0" 200 3096 "-" "Mozilla/5.0 AppleWebKit/537.36 (KHTML, like Gecko; compatible; GPTBot/1.3; +https://openai.com/gptbot)"
72.13.46.5 - - [04/Dec/2025:01:13:31 -0800] "GET /about/ HTTP/1.1" 421 3196 "-" "Mozilla/5.0 (compatible; ips-agent)"
216.73.216.116 - - [04/Dec/2025:01:13:31 -0800] "GET /property/best-deal-2br-apartment-fully-furnished-burj-khalifa-view?fileloc=%2Fhome%2Fdh_hwg2wc%2Ffnaluxury.com%2Fwp-content%2Fuploads%2F2024%2F01%2F1-1-1536x1152.jpeg&path=%2Fhome%2Fdh_hwg2wc%2Ffnaluxury.com%2Fwp-content%2Fuploads%2F2024%2F01 HTTP/2.0" 200 218286 "-" "Mozilla/5.0 AppleWebKit/537.36 (KHTML, like Gecko; compatible; ClaudeBot/1.0; +claudebot@anthropic.com)"
144.76.19.157 - - [04/Dec/2025:01:13:32 -0800] "GET /hello-world/?path=/sys/block/nbd0/mq/0/cpu17 HTTP/1.1" 200 2922 "-" "Mozilla/5.0 (compatible; SERankingBacklinksBot/1.0; +https://seranking.com/backlinks-crawler)"
74.7.242.13 - - [04/Dec/2025:01:13:33 -0800] "GET /property/beautiful-5bhk-semi-attached-villa-with-burj-al-arab-view-for-rent-in-umm-suqeim-2/?path=//sys/devices/pci0000:40/firmware_node/device:ac/device:ad/subsystem/devices/device:cc/device:cd/device:ce/subsystem/devices/device:ac/device:ad/subsystem/devices/device:ac/subsystem/devices/device:cb/device:cc/device:cd/device:cf/subsystem/devices/device:bc/device:bf/physical_node/iommu/device/firmware_node HTTP/2.0" 200 3468 "-" "Mozilla/5.0 AppleWebKit/537.36 (KHTML, like Gecko; compatible; GPTBot/1.3; +https://openai.com/gptbot)"
3.89.170.186 - - [04/Dec/2025:01:13:33 -0800] "GET /property-type/residential/?path=//sys/bus/platform/devices/reg-dummy/subsystem/drivers/reg-dummy/reg-dummy/driver/reg-dummy/subsystem/devices/PCCT/subsystem/devices/microcode/subsystem/drivers/PCCT/PCCT/driver/PCCT HTTP/1.1" 200 6691 "-" "Mozilla/5.0 AppleWebKit/537.36 (KHTML, like Gecko; compatible; Amazonbot/0.1; +https://developer.amazon.com/support/amazonbot) Chrome/119.0.6045.214 Safari/537.36"
74.7.227.32 - - [04/Dec/2025:01:13:34 -0800] "GET /item_support/what_is_item_support/8988002?path=//sys/class/tty/ttyse/subsystem/ptyya/subsystem/ttyte HTTP/2.0" 200 3097 "-" "Mozilla/5.0 AppleWebKit/537.36 (KHTML, like Gecko; compatible; GPTBot/1.3; +https://openai.com/gptbot)"
72.13.46.5 - - [04/Dec/2025:01:13:34 -0800] "GET /about/licenses/standard HTTP/1.1" 421 934 "-" "Mozilla/5.0 (compatible; ips-agent)"
216.73.216.116 - - [04/Dec/2025:01:13:34 -0800] "GET /property/best-deal-2br-apartment-fully-furnished-burj-khalifa-view?fileloc=%2F%2Flib%2Fx86_64-linux-gnu%2Flibgstnet-1.0.so.0.2003.0&path=%2F%2Flib%2Fx86_64-linux-gnu HTTP/2.0" 200 38869 "-" "Mozilla/5.0 AppleWebKit/537.36 (KHTML, like Gecko; compatible; ClaudeBot/1.0; +claudebot@anthropic.com)"
74.7.242.13 - - [04/Dec/2025:01:13:36 -0800] "GET /property/beautiful-5bhk-semi-attached-villa-with-burj-al-arab-view-for-rent-in-umm-suqeim-2/?path=//sys/devices/pci0000:40/firmware_node/device:ac/device:ad/subsystem/devices/device:cc/device:cd/device:ce/subsystem/devices/device:ac/device:ad/subsystem/devices/device:ac/subsystem/devices/device:cb/device:cc/device:cd/device:cf/subsystem/devices/device:bc/device:bf/physical_node/iommu/device/link HTTP/2.0" 200 2917 "-" "Mozilla/5.0 AppleWebKit/537.36 (KHTML, like Gecko; compatible; GPTBot/1.3; +https://openai.com/gptbot)"
74.7.227.32 - - [04/Dec/2025:01:13:37 -0800] "GET /item_support/what_is_item_support/8988002?path=//sys/class/tty/ttyee/subsystem/ttyte/subsystem/ptyea HTTP/2.0" 200 3096 "-" "Mozilla/5.0 AppleWebKit/537.36 (KHTML, like Gecko; compatible; GPTBot/1.3; +https://openai.com/gptbot)"
72.13.46.5 - - [04/Dec/2025:01:13:37 -0800] "GET /about/hc/en-us/articles/41383541904281-Envato-Market-Terms HTTP/1.1" 421 934 "-" "Mozilla/5.0 (compatible; ips-agent)"
216.73.216.116 - - [04/Dec/2025:01:13:37 -0800] "GET /property/best-deal-2br-apartment-fully-furnished-burj-khalifa-view?fileloc=%2F%2Flib%2Fx86_64-linux-gnu%2Flibapparmor.so.1.8.2&path=%2F%2Flib%2Fx86_64-linux-gnu HTTP/2.0" 200 32329 "-" "Mozilla/5.0 AppleWebKit/537.36 (KHTML, like Gecko; compatible; ClaudeBot/1.0; +claudebot@anthropic.com)"
74.7.242.13 - - [04/Dec/2025:01:13:39 -0800] "GET /property/beautiful-5bhk-semi-attached-villa-with-burj-al-arab-view-for-rent-in-umm-suqeim-2/?path=//sys/devices/pci0000:40/firmware_node/device:ac/device:ad/subsystem/devices/device:cc/device:cd/device:ce/subsystem/devices/device:ac/device:ad/subsystem/devices/device:ae/subsystem/devices/device:ca/physical_node/peer/peer/peer/peer/peer/peer/peer/peer/peer/peer/firmware_node/subsystem/devices/device:ed HTTP/2.0" 200 3419 "-" "Mozilla/5.0 AppleWebKit/537.36 (KHTML, like Gecko; compatible; GPTBot/1.3; +https://openai.com/gptbot)"
50.17.193.48 - - [04/Dec/2025:01:13:39 -0800] "GET /property-type/shop/?path=//sys/class/input/input1/subsystem/input0/subsystem/input1/subsystem/input0/subsystem/input1/input1::compose/device/device/input/input1/input1::compose HTTP/1.1" 200 6692 "-" "Mozilla/5.0 AppleWebKit/537.36 (KHTML, like Gecko; compatible; Amazonbot/0.1; +https://developer.amazon.com/support/amazonbot) Chrome/119.0.6045.214 Safari/537.36"
74.7.227.32 - - [04/Dec/2025:01:13:40 -0800] "GET /item_support/what_is_item_support/8988002?path=//sys/class/tty/ttyse/subsystem/ptyta/subsystem/ttytb HTTP/2.0" 200 3097 "-" "Mozilla/5.0 AppleWebKit/537.36 (KHTML, like Gecko; compatible; GPTBot/1.3; +https://openai.com/gptbot)"
72.13.46.5 - - [04/Dec/2025:01:13:41 -0800] "GET /about/licenses HTTP/1.1" 421 934 "-" "Mozilla/5.0 (compatible; ips-agent)"
216.73.216.116 - - [04/Dec/2025:01:13:40 -0800] "GET /property/best-deal-2br-apartment-fully-furnished-burj-khalifa-view?fileloc=%2Fhome%2Fdh_hwg2wc%2Ffnaluxury.com%2Fwp-content%2Fuploads%2F2024%2F01%2F6-1-1536x1152.jpeg&path=%2Fhome%2Fdh_hwg2wc%2Ffnaluxury.com%2Fwp-content%2Fuploads%2F2024%2F01 HTTP/2.0" 200 194121 "-" "Mozilla/5.0 AppleWebKit/537.36 (KHTML, like Gecko; compatible; ClaudeBot/1.0; +claudebot@anthropic.com)"
54.89.90.224 - - [04/Dec/2025:01:13:42 -0800] "GET /property-type/townhouse/?path=//sys/devices/platform/reg-dummy/subsystem/devices/PCCT/subsystem/drivers/reg-dummy/reg-dummy/driver/reg-dummy/subsystem/devices/vesa-framebuffer.0/subsystem/devices/pcspkr HTTP/1.1" 200 6641 "-" "Mozilla/5.0 AppleWebKit/537.36 (KHTML, like Gecko; compatible; Amazonbot/0.1; +https://developer.amazon.com/support/amazonbot) Chrome/119.0.6045.214 Safari/537.36"
74.7.242.13 - - [04/Dec/2025:01:13:42 -0800] "GET /property/beautiful-5bhk-semi-attached-villa-with-burj-al-arab-view-for-rent-in-umm-suqeim-2/?path=//sys/devices/pci0000:40/firmware_node/device:ac/device:ad/subsystem/devices/device:cc/device:cd/device:ce/subsystem/devices/device:ac/device:ad/subsystem/devices/device:ac/subsystem/devices/device:cb/device:cc/device:cd/device:cf/subsystem/devices/device:cb/device:cc/physical_node/iommu_group/devices HTTP/2.0" 200 3201 "-" "Mozilla/5.0 AppleWebKit/537.36 (KHTML, like Gecko; compatible; GPTBot/1.3; +https://openai.com/gptbot)"
74.7.227.32 - - [04/Dec/2025:01:13:43 -0800] "GET /item_support/what_is_item_support/8988002?path=//sys/class/tty/ttyse/subsystem/ptyye/subsystem/ttyte HTTP/2.0" 200 3096 "-" "Mozilla/5.0 AppleWebKit/537.36 (KHTML, like Gecko; compatible; GPTBot/1.3; +https://openai.com/gptbot)"
144.76.19.157 - - [04/Dec/2025:01:13:43 -0800] "GET /feature/balcony/?path=/lib/locale/de_CH.utf8 HTTP/1.1" 200 4073 "-" "Mozilla/5.0 (compatible; SERankingBacklinksBot/1.0; +https://seranking.com/backlinks-crawler)"
216.73.216.116 - - [04/Dec/2025:01:13:43 -0800] "GET /property/best-deal-2br-apartment-fully-furnished-burj-khalifa-view?fileloc=%2F%2Flib%2Fx86_64-linux-gnu%2Flibsndio.so.7&path=%2F%2Flib%2Fx86_64-linux-gnu HTTP/2.0" 200 26089 "-" "Mozilla/5.0 AppleWebKit/537.36 (KHTML, like Gecko; compatible; ClaudeBot/1.0; +claudebot@anthropic.com)"
74.7.242.13 - - [04/Dec/2025:01:13:45 -0800] "GET /property/beautiful-5bhk-semi-attached-villa-with-burj-al-arab-view-for-rent-in-umm-suqeim-2/?path=//sys/devices/pci0000:40/firmware_node/device:ac/device:ad/subsystem/devices/device:cc/device:cd/device:ce/subsystem/devices/device:ac/device:ad/subsystem/devices/device:ac/subsystem/devices/device:cb/device:cc/device:cd/subsystem/devices/device:bc/device:bf/physical_node/iommu/device/iommu HTTP/2.0" 200 3194 "-" "Mozilla/5.0 AppleWebKit/537.36 (KHTML, like Gecko; compatible; GPTBot/1.3; +https://openai.com/gptbot)"
74.7.227.32 - - [04/Dec/2025:01:13:46 -0800] "GET /item_support/what_is_item_support/8988002?path=//sys/class/tty/ttyee/subsystem/ttyse/subsystem/ptytb HTTP/2.0" 200 3097 "-" "Mozilla/5.0 AppleWebKit/537.36 (KHTML, like Gecko; compatible; GPTBot/1.3; +https://openai.com/gptbot)"
216.73.216.116 - - [04/Dec/2025:01:13:46 -0800] "GET /property/best-deal-2br-apartment-fully-furnished-burj-khalifa-view?fileloc=%2F%2Flib%2Fx86_64-linux-gnu%2Flibpcre2-16.so.0&path=%2F%2Flib%2Fx86_64-linux-gnu HTTP/2.0" 200 201205 "-" "Mozilla/5.0 AppleWebKit/537.36 (KHTML, like Gecko; compatible; ClaudeBot/1.0; +claudebot@anthropic.com)"
54.243.63.52 - - [04/Dec/2025:01:13:47 -0800] "GET /property-type/full-floor/?path=//sys/bus/platform/devices/reg-dummy/subsystem/devices/PCCT/subsystem/drivers/reg-dummy/reg-dummy/driver/reg-dummy/subsystem/drivers/PCCT/PCCT/driver/PCCT/subsystem/devices/AMDI0030:00 HTTP/1.1" 200 6764 "-" "Mozilla/5.0 AppleWebKit/537.36 (KHTML, like Gecko; compatible; Amazonbot/0.1; +https://developer.amazon.com/support/amazonbot) Chrome/119.0.6045.214 Safari/537.36"
74.7.242.13 - - [04/Dec/2025:01:13:48 -0800] "GET /property/beautiful-5bhk-semi-attached-villa-with-burj-al-arab-view-for-rent-in-umm-suqeim-2/?path=//sys/devices/pci0000:40/firmware_node/device:ac/device:ad/subsystem/devices/device:cc/device:cd/device:ce/subsystem/devices/device:ac/device:ad/subsystem/devices/device:ae/subsystem/devices/device:ca/physical_node/peer/peer/peer/peer/peer/peer/peer/peer/peer/firmware_node/subsystem/devices/PNP0A08:05 HTTP/2.0" 200 4443 "-" "Mozilla/5.0 AppleWebKit/537.36 (KHTML, like Gecko; compatible; GPTBot/1.3; +https://openai.com/gptbot)"
216.73.216.116 - - [04/Dec/2025:01:13:49 -0800] "GET /property/best-deal-2br-apartment-fully-furnished-burj-khalifa-view?fileloc=%2F%2Flib%2Fx86_64-linux-gnu%2Flibgdk-3.so.0.2404.29&path=%2F%2Flib%2Fx86_64-linux-gnu HTTP/2.0" 200 382870 "-" "Mozilla/5.0 AppleWebKit/537.36 (KHTML, like Gecko; compatible; ClaudeBot/1.0; +claudebot@anthropic.com)"
74.7.227.32 - - [04/Dec/2025:01:13:49 -0800] "GET /item_support/what_is_item_support/8988002?path=//sys/class/tty/ttyee/subsystem/ttysa/subsystem/ptyse HTTP/2.0" 200 3095 "-" "Mozilla/5.0 AppleWebKit/537.36 (KHTML, like Gecko; compatible; GPTBot/1.3; +https://openai.com/gptbot)"
52.204.37.237 - - [04/Dec/2025:01:13:51 -0800] "GET /property-type/penthouse/?path=//sys/bus/platform/devices/reg-dummy/subsystem/devices/reg-dummy/driver/reg-dummy/driver/reg-dummy/subsystem/devices/PCCT/driver/PCCT/driver/PCCT/subsystem/devices HTTP/1.1" 200 7029 "-" "Mozilla/5.0 AppleWebKit/537.36 (KHTML, like Gecko; compatible; Amazonbot/0.1; +https://developer.amazon.com/support/amazonbot) Chrome/119.0.6045.214 Safari/537.36"
144.76.19.157 - - [04/Dec/2025:01:13:51 -0800] "GET /feature/balcony/?path=/lib/locale/de_DE.utf8 HTTP/1.1" 200 4073 "-" "Mozilla/5.0 (compatible; SERankingBacklinksBot/1.0; +https://seranking.com/backlinks-crawler)"
74.7.242.13 - - [04/Dec/2025:01:13:51 -0800] "GET /property/beautiful-5bhk-semi-attached-villa-with-burj-al-arab-view-for-rent-in-umm-suqeim-2/?path=//sys/devices/pci0000:40/firmware_node/device:ac/device:ad/subsystem/devices/device:cc/device:cd/device:ce/subsystem/devices/device:ac/device:ad/subsystem/devices/device:ae/subsystem/devices/device:ca/physical_node/peer/peer/peer/peer/peer/peer/peer/peer/peer/firmware_node/subsystem/devices/device:15 HTTP/2.0" 200 3414 "-" "Mozilla/5.0 AppleWebKit/537.36 (KHTML, like Gecko; compatible; GPTBot/1.3; +https://openai.com/gptbot)"
216.73.216.116 - - [04/Dec/2025:01:13:52 -0800] "GET /property/best-deal-2br-apartment-fully-furnished-burj-khalifa-view?fileloc=%2F%2Flib%2Fx86_64-linux-gnu%2Flibm.so.6&path=%2F%2Flib%2Fx86_64-linux-gnu HTTP/2.0" 200 453223 "-" "Mozilla/5.0 AppleWebKit/537.36 (KHTML, like Gecko; compatible; ClaudeBot/1.0; +claudebot@anthropic.com)"
74.7.227.32 - - [04/Dec/2025:01:13:53 -0800] "GET /item_support/what_is_item_support/8988002?path=//sys/class/tty/ttyse/subsystem/ttyte/subsystem/ptyyc HTTP/2.0" 200 3098 "-" "Mozilla/5.0 AppleWebKit/537.36 (KHTML, like Gecko; compatible; GPTBot/1.3; +https://openai.com/gptbot)"
74.7.242.13 - - [04/Dec/2025:01:13:54 -0800] "GET /property/beautiful-5bhk-semi-attached-villa-with-burj-al-arab-view-for-rent-in-umm-suqeim-2/?path=//sys/devices/pci0000:40/firmware_node/device:ac/device:ad/subsystem/devices/device:cc/device:cd/device:ce/subsystem/devices/device:ac/device:ad/subsystem/devices/device:ae/subsystem/devices/device:ca/physical_node/peer/peer/peer/peer/peer/peer/peer/peer/peer/firmware_node/subsystem/devices/device:7a HTTP/2.0" 200 3414 "-" "Mozilla/5.0 AppleWebKit/537.36 (KHTML, like Gecko; compatible; GPTBot/1.3; +https://openai.com/gptbot)"
144.76.19.157 - - [04/Dec/2025:01:13:55 -0800] "GET /hello-world/?path=/sys/block/nbd0/mq/0/cpu18 HTTP/1.1" 200 2922 "-" "Mozilla/5.0 (compatible; SERankingBacklinksBot/1.0; +https://seranking.com/backlinks-crawler)"
3.224.205.25 - - [04/Dec/2025:01:13:55 -0800] "GET /property-type/residential/?path=//sys/bus/platform/drivers/reg-dummy/reg-dummy/subsystem/devices/PCCT/subsystem/devices/reg-dummy/subsystem/devices/IPI0001:00/subsystem/drivers/PCCT/PCCT HTTP/1.1" 200 6663 "-" "Mozilla/5.0 AppleWebKit/537.36 (KHTML, like Gecko; compatible; Amazonbot/0.1; +https://developer.amazon.com/support/amazonbot) Chrome/119.0.6045.214 Safari/537.36"
216.73.216.116 - - [04/Dec/2025:01:13:55 -0800] "GET /property/best-deal-2br-apartment-fully-furnished-burj-khalifa-view?fileloc=%2F%2Flib%2Fx86_64-linux-gnu%2Flibdebconfclient.so.0&path=%2F%2Flib%2Fx86_64-linux-gnu HTTP/2.0" 200 5260 "-" "Mozilla/5.0 AppleWebKit/537.36 (KHTML, like Gecko; compatible; ClaudeBot/1.0; +claudebot@anthropic.com)"
74.7.227.32 - - [04/Dec/2025:01:13:56 -0800] "GET /item_support/what_is_item_support/8988002?fileloc=//sys/class/tty/ttyee/subsystem/ttytb/subsystem/ptyse/dev&path=//sys/class/tty/ttyee/subsystem/ttytb/subsystem/ptyse HTTP/2.0" 200 2628 "-" "Mozilla/5.0 AppleWebKit/537.36 (KHTML, like Gecko; compatible; GPTBot/1.3; +https://openai.com/gptbot)"
74.7.242.13 - - [04/Dec/2025:01:13:58 -0800] "GET /property/beautiful-5bhk-semi-attached-villa-with-burj-al-arab-view-for-rent-in-umm-suqeim-2/?path=//sys/devices/pci0000:40/firmware_node/device:ac/device:ad/subsystem/devices/device:cc/device:cd/device:ce/subsystem/devices/device:ac/device:ad/subsystem/devices/device:ae/subsystem/devices/device:ca/physical_node/peer/peer/peer/peer/peer/peer/peer/peer/peer/firmware_node/subsystem/devices/device:66 HTTP/2.0" 200 3546 "-" "Mozilla/5.0 AppleWebKit/537.36 (KHTML, like Gecko; compatible; GPTBot/1.3; +https://openai.com/gptbot)"
54.156.55.147 - - [04/Dec/2025:01:13:58 -0800] "GET /property-type/shop/?path=//sys/bus/platform/devices/reg-dummy/driver/reg-dummy/subsystem/devices/microcode/subsystem/drivers/reg-dummy/reg-dummy/subsystem/devices/IPI0001:00/driver/IPI0001:00/subsystem/drivers/acpi-ged HTTP/1.1" 200 6559 "-" "Mozilla/5.0 AppleWebKit/537.36 (KHTML, like Gecko; compatible; Amazonbot/0.1; +https://developer.amazon.com/support/amazonbot) Chrome/119.0.6045.214 Safari/537.36"
74.7.227.32 - - [04/Dec/2025:01:13:59 -0800] "GET /item_support/what_is_item_support/8988002?path=//sys/class/tty/ttyse/subsystem/ptyte/subsystem/ttypa HTTP/2.0" 200 3097 "-" "Mozilla/5.0 AppleWebKit/537.36 (KHTML, like Gecko; compatible; GPTBot/1.3; +https://openai.com/gptbot)"
216.73.216.116 - - [04/Dec/2025:01:13:59 -0800] "GET /property/best-deal-2br-apartment-fully-furnished-burj-khalifa-view?fileloc=%2F%2Fusr%2Fsbin%2Fnginx&path=%2F%2Fusr%2Fsbin HTTP/2.0" 200 488533 "-" "Mozilla/5.0 AppleWebKit/537.36 (KHTML, like Gecko; compatible; ClaudeBot/1.0; +claudebot@anthropic.com)"
74.7.242.13 - - [04/Dec/2025:01:14:01 -0800] "GET /property/beautiful-5bhk-semi-attached-villa-with-burj-al-arab-view-for-rent-in-umm-suqeim-2/?path=//sys/devices/pci0000:40/firmware_node/device:ac/device:ad/subsystem/devices/device:cc/device:cd/device:ce/subsystem/devices/device:ac/device:ad/subsystem/devices/device:ae/subsystem/devices/device:ca/physical_node/peer/peer/peer/peer/peer/peer/peer/peer/peer/firmware_node/subsystem/devices/device:b6 HTTP/2.0" 200 3415 "-" "Mozilla/5.0 AppleWebKit/537.36 (KHTML, like Gecko; compatible; GPTBot/1.3; +https://openai.com/gptbot)"
216.73.216.116 - - [04/Dec/2025:01:14:02 -0800] "GET /property/best-deal-2br-apartment-fully-furnished-burj-khalifa-view?fileloc=%2Fhome%2Fdh_hwg2wc%2Ffnaluxury.com%2Fwp-content%2Fuploads%2F2024%2F10%2FIMG-20240921-WA0147-496x372.jpg&path=%2Fhome%2Fdh_hwg2wc%2Ffnaluxury.com%2Fwp-content%2Fuploads%2F2024%2F10 HTTP/2.0" 200 76489 "-" "Mozilla/5.0 AppleWebKit/537.36 (KHTML, like Gecko; compatible; ClaudeBot/1.0; +claudebot@anthropic.com)"
74.7.227.32 - - [04/Dec/2025:01:14:02 -0800] "GET /item_support/what_is_item_support/8988002?path=//sys/class/tty/ttyse/subsystem/ptysa/subsystem/ttypa HTTP/2.0" 200 3154 "-" "Mozilla/5.0 AppleWebKit/537.36 (KHTML, like Gecko; compatible; GPTBot/1.3; +https://openai.com/gptbot)"
23.21.148.226 - - [04/Dec/2025:01:14:03 -0800] "GET /property-type/whole-building/?path=//sys/devices/platform/reg-dummy/subsystem/devices/PCCT/subsystem/devices/reg-dummy/subsystem/drivers/PCCT/PCCT/subsystem/drivers/PCCT HTTP/1.1" 200 6480 "-" "Mozilla/5.0 AppleWebKit/537.36 (KHTML, like Gecko; compatible; Amazonbot/0.1; +https://developer.amazon.com/support/amazonbot) Chrome/119.0.6045.214 Safari/537.36"
74.7.242.13 - - [04/Dec/2025:01:14:04 -0800] "GET /property/beautiful-5bhk-semi-attached-villa-with-burj-al-arab-view-for-rent-in-umm-suqeim-2/?path=//sys/devices/pci0000:40/firmware_node/device:ac/device:ad/subsystem/devices/device:cc/device:cd/device:ce/subsystem/devices/device:ac/device:ad/subsystem/devices/device:ae/subsystem/devices/device:ca/physical_node/peer/peer/peer/peer/peer/peer/peer/peer/peer/firmware_node/subsystem/devices/device:19f HTTP/2.0" 200 3416 "-" "Mozilla/5.0 AppleWebKit/537.36 (KHTML, like Gecko; compatible; GPTBot/1.3; +https://openai.com/gptbot)"
216.73.216.116 - - [04/Dec/2025:01:14:05 -0800] "GET /property/best-deal-2br-apartment-fully-furnished-burj-khalifa-view?fileloc=%2F%2Flib%2Fx86_64-linux-gnu%2Flibpulse.so.0&path=%2F%2Flib%2Fx86_64-linux-gnu HTTP/2.0" 200 111396 "-" "Mozilla/5.0 AppleWebKit/537.36 (KHTML, like Gecko; compatible; ClaudeBot/1.0; +claudebot@anthropic.com)"
74.7.227.32 - - [04/Dec/2025:01:14:05 -0800] "GET /item_support/what_is_item_support/8988002?path=//sys/class/tty/ttyse/subsystem/ptyta/subsystem/ttyue HTTP/2.0" 200 3097 "-" "Mozilla/5.0 AppleWebKit/537.36 (KHTML, like Gecko; compatible; GPTBot/1.3; +https://openai.com/gptbot)"
3.93.211.16 - - [04/Dec/2025:01:14:06 -0800] "GET /property-type/villa/?path=//sys/devices/platform/microcode/subsystem/drivers/reg-dummy/reg-dummy/driver/reg-dummy/driver/reg-dummy/subsystem/drivers/PCCT/PCCT/subsystem/devices/microcode/subsystem/drivers/i2c_amd_mp2 HTTP/1.1" 200 6544 "-" "Mozilla/5.0 AppleWebKit/537.36 (KHTML, like Gecko; compatible; Amazonbot/0.1; +https://developer.amazon.com/support/amazonbot) Chrome/119.0.6045.214 Safari/537.36"
74.7.242.13 - - [04/Dec/2025:01:14:07 -0800] "GET /property/beautiful-5bhk-semi-attached-villa-with-burj-al-arab-view-for-rent-in-umm-suqeim-2/?path=//sys/devices/pci0000:40/firmware_node/device:ac/device:ad/subsystem/devices/device:cc/device:cd/device:ce/subsystem/devices/device:ac/device:ad/subsystem/devices/device:ae/subsystem/devices/device:ca/physical_node/peer/peer/peer/peer/peer/peer/peer/peer/peer/firmware_node/subsystem/devices/device:0c HTTP/2.0" 200 3472 "-" "Mozilla/5.0 AppleWebKit/537.36 (KHTML, like Gecko; compatible; GPTBot/1.3; +https://openai.com/gptbot)"
66.249.69.200 - - [04/Dec/2025:01:14:08 -0800] "GET /?items=4821186 HTTP/1.1" 200 34602 "-" "Mozilla/5.0 (Linux; Android 6.0.1; Nexus 5X Build/MMB29P) AppleWebKit/537.36 (KHTML, like Gecko) Chrome/141.0.7390.122 Mobile Safari/537.36 (compatible; Googlebot/2.1; +http://www.google.com/bot.html)"
216.73.216.116 - - [04/Dec/2025:01:14:08 -0800] "GET /property/best-deal-2br-apartment-fully-furnished-burj-khalifa-view?fileloc=%2Fhome%2Fdh_hwg2wc%2Ffnaluxury.com%2Fwp-content%2Fuploads%2F2024%2F10%2FIMG-20240930-WA0167-150x150.jpg&path=%2Fhome%2Fdh_hwg2wc%2Ffnaluxury.com%2Fwp-content%2Fuploads%2F2024%2F10 HTTP/2.0" 200 22960 "-" "Mozilla/5.0 AppleWebKit/537.36 (KHTML, like Gecko; compatible; ClaudeBot/1.0; +claudebot@anthropic.com)"
74.7.227.32 - - [04/Dec/2025:01:14:09 -0800] "GET /item_support/what_is_item_support/8988002?path=//sys/class/tty/ttyee/subsystem/ptyse/subsystem/ttysa HTTP/2.0" 200 3096 "-" "Mozilla/5.0 AppleWebKit/537.36 (KHTML, like Gecko; compatible; GPTBot/1.3; +https://openai.com/gptbot)"
144.76.19.157 - - [04/Dec/2025:01:14:10 -0800] "GET /hello-world/?path=/sys/block/nbd0/mq/0/cpu19 HTTP/1.1" 200 3269 "-" "Mozilla/5.0 (compatible; SERankingBacklinksBot/1.0; +https://seranking.com/backlinks-crawler)"
74.7.242.13 - - [04/Dec/2025:01:14:10 -0800] "GET /property/beautiful-5bhk-semi-attached-villa-with-burj-al-arab-view-for-rent-in-umm-suqeim-2/?path=//sys/devices/pci0000:40/firmware_node/device:ac/device:ad/subsystem/devices/device:cc/device:cd/device:ce/subsystem/devices/device:ac/device:ad/subsystem/devices/device:ae/subsystem/devices/device:ca/physical_node/peer/peer/peer/peer/peer/peer/peer/peer/peer/firmware_node/subsystem/devices/device:da HTTP/2.0" 200 3459 "-" "Mozilla/5.0 AppleWebKit/537.36 (KHTML, like Gecko; compatible; GPTBot/1.3; +https://openai.com/gptbot)"
54.225.81.20 - - [04/Dec/2025:01:14:11 -0800] "GET /property/villa-in-barsha-for-sale/?path=//sys/bus/platform/devices/reg-dummy/driver/reg-dummy/subsystem/drivers/reg-dummy/reg-dummy/subsystem/drivers/PCCT/PCCT/subsystem/devices/PCCT/driver/PCCT/driver HTTP/1.1" 200 6513 "-" "Mozilla/5.0 AppleWebKit/537.36 (KHTML, like Gecko; compatible; Amazonbot/0.1; +https://developer.amazon.com/support/amazonbot) Chrome/119.0.6045.214 Safari/537.36"
216.73.216.116 - - [04/Dec/2025:01:14:11 -0800] "GET /property/best-deal-2br-apartment-fully-furnished-burj-khalifa-view?fileloc=%2Fhome%2Fdh_hwg2wc%2Ffnaluxury.com%2Fwp-content%2Fuploads%2F2024%2F10%2FIMG-20240930-WA0167-592x444.jpg&path=%2Fhome%2Fdh_hwg2wc%2Ffnaluxury.com%2Fwp-content%2Fuploads%2F2024%2F10 HTTP/2.0" 200 172796 "-" "Mozilla/5.0 AppleWebKit/537.36 (KHTML, like Gecko; compatible; ClaudeBot/1.0; +claudebot@anthropic.com)"
74.7.227.32 - - [04/Dec/2025:01:14:12 -0800] "GET /item_support/what_is_item_support/8988002?path=//sys/class/tty/ttyse/subsystem/ptybe/subsystem/ttyte HTTP/2.0" 200 3096 "-" "Mozilla/5.0 AppleWebKit/537.36 (KHTML, like Gecko; compatible; GPTBot/1.3; +https://openai.com/gptbot)"
74.7.242.13 - - [04/Dec/2025:01:14:13 -0800] "GET /property/beautiful-5bhk-semi-attached-villa-with-burj-al-arab-view-for-rent-in-umm-suqeim-2/?path=//sys/devices/pci0000:40/firmware_node/device:ac/device:ad/subsystem/devices/device:cc/device:cd/device:ce/subsystem/devices/device:ac/device:ad/subsystem/devices/device:ae/subsystem/devices/device:ca/physical_node/peer/peer/peer/peer/peer/peer/peer/peer/peer/firmware_node/subsystem/devices/device:dc HTTP/2.0" 200 3414 "-" "Mozilla/5.0 AppleWebKit/537.36 (KHTML, like Gecko; compatible; GPTBot/1.3; +https://openai.com/gptbot)"
144.76.19.157 - - [04/Dec/2025:01:14:14 -0800] "GET /feature/balcony/?path=/lib/locale/de_DE@euro HTTP/1.1" 200 3728 "-" "Mozilla/5.0 (compatible; SERankingBacklinksBot/1.0; +https://seranking.com/backlinks-crawler)"
3.93.98.99 - - [04/Dec/2025:01:14:14 -0800] "GET /property-type/villa/?path=//sys/devices/platform/PCCT/subsystem/devices/reg-dummy/driver/reg-dummy/driver/reg-dummy/subsystem/drivers/PCCT/PCCT/subsystem/devices/IPI0001:00/subsystem/drivers/isch_smbus HTTP/1.1" 200 6536 "-" "Mozilla/5.0 AppleWebKit/537.36 (KHTML, like Gecko; compatible; Amazonbot/0.1; +https://developer.amazon.com/support/amazonbot) Chrome/119.0.6045.214 Safari/537.36"
216.73.216.116 - - [04/Dec/2025:01:14:14 -0800] "GET /property/best-deal-2br-apartment-fully-furnished-burj-khalifa-view?fileloc=%2Fhome%2Fdh_hwg2wc%2Ffnaluxury.com%2Fwp-content%2Fuploads%2F2024%2F10%2FL-1-592x444.jpg&path=%2Fhome%2Fdh_hwg2wc%2Ffnaluxury.com%2Fwp-content%2Fuploads%2F2024%2F10 HTTP/2.0" 200 171051 "-" "Mozilla/5.0 AppleWebKit/537.36 (KHTML, like Gecko; compatible; ClaudeBot/1.0; +claudebot@anthropic.com)"
74.7.227.32 - - [04/Dec/2025:01:14:15 -0800] "GET /item_support/what_is_item_support/8988002?path=//sys/class/tty/ttyse/subsystem/ttysb/subsystem/ptysa HTTP/2.0" 200 3095 "-" "Mozilla/5.0 AppleWebKit/537.36 (KHTML, like Gecko; compatible; GPTBot/1.3; +https://openai.com/gptbot)"
66.249.69.199 - - [04/Dec/2025:01:14:16 -0800] "GET /?items=133625753 HTTP/1.1" 200 34602 "-" "Mozilla/5.0 (Linux; Android 6.0.1; Nexus 5X Build/MMB29P) AppleWebKit/537.36 (KHTML, like Gecko) Chrome/141.0.7390.122 Mobile Safari/537.36 (compatible; Googlebot/2.1; +http://www.google.com/bot.html)"
114.119.139.70 - - [04/Dec/2025:01:14:16 -0800] "GET /status/for-sale/?fileloc=/home/dh_hwg2wc/fnaluxury.com/license.txt&path=/home/dh_hwg2wc/fnaluxury.com HTTP/1.1" 200 13592 "https://www.fnaluxury.com/status/for-sale/" "Mozilla/5.0 (Linux; Android 7.0;) AppleWebKit/537.36 (KHTML, like Gecko) Mobile Safari/537.36 (compatible; PetalBot;+https://webmaster.petalsearch.com/site/petalbot)"
74.7.242.13 - - [04/Dec/2025:01:14:16 -0800] "GET /property/beautiful-5bhk-semi-attached-villa-with-burj-al-arab-view-for-rent-in-umm-suqeim-2/?path=//sys/devices/pci0000:40/firmware_node/device:ac/device:ad/subsystem/devices/device:cc/device:cd/device:ce/subsystem/devices/device:ac/device:ad/subsystem/devices/device:ae/subsystem/devices/device:ca/physical_node/peer/peer/peer/peer/peer/peer/peer/peer/peer/firmware_node/subsystem/devices/device:ae HTTP/2.0" 200 3410 "-" "Mozilla/5.0 AppleWebKit/537.36 (KHTML, like Gecko; compatible; GPTBot/1.3; +https://openai.com/gptbot)"
144.76.19.157 - - [04/Dec/2025:01:14:17 -0800] "GET /hello-world/?path=/sys/block/nbd0/mq/0/cpu20 HTTP/1.1" 200 2921 "-" "Mozilla/5.0 (compatible; SERankingBacklinksBot/1.0; +https://seranking.com/backlinks-crawler)"
216.73.216.116 - - [04/Dec/2025:01:14:17 -0800] "GET /property/best-deal-2br-apartment-fully-furnished-burj-khalifa-view?fileloc=%2Fhome%2Fdh_hwg2wc%2Ffnaluxury.com%2Fwp-content%2Fuploads%2F2024%2F10%2FGHGH-1-1170x785.jpg&path=%2Fhome%2Fdh_hwg2wc%2Ffnaluxury.com%2Fwp-content%2Fuploads%2F2024%2F10 HTTP/2.0" 200 695261 "-" "Mozilla/5.0 AppleWebKit/537.36 (KHTML, like Gecko; compatible; ClaudeBot/1.0; +claudebot@anthropic.com)"
74.7.227.32 - - [04/Dec/2025:01:14:18 -0800] "GET /item_support/what_is_item_support/8988002?path=//sys/class/tty/ttyee/subsystem/ttyte/subsystem/ptype HTTP/2.0" 200 3095 "-" "Mozilla/5.0 AppleWebKit/537.36 (KHTML, like Gecko; compatible; GPTBot/1.3; +https://openai.com/gptbot)"
66.249.69.200 - - [04/Dec/2025:01:14:19 -0800] "GET /?items=11846451 HTTP/1.1" 200 34602 "-" "Mozilla/5.0 (Linux; Android 6.0.1; Nexus 5X Build/MMB29P) AppleWebKit/537.36 (KHTML, like Gecko) Chrome/141.0.7390.122 Mobile Safari/537.36 (compatible; Googlebot/2.1; +http://www.google.com/bot.html)"
54.225.181.161 - - [04/Dec/2025:01:14:19 -0800] "GET /property-type/commercial/?path=//sys/devices/platform/reg-dummy/driver/reg-dummy/subsystem/devices/reg-dummy/subsystem/devices/PCCT/driver/PCCT/driver/PCCT/subsystem/devices/reg-dummy/subsystem/drivers/ohci-platform HTTP/1.1" 200 6527 "-" "Mozilla/5.0 AppleWebKit/537.36 (KHTML, like Gecko; compatible; Amazonbot/0.1; +https://developer.amazon.com/support/amazonbot) Chrome/119.0.6045.214 Safari/537.36"
74.7.242.13 - - [04/Dec/2025:01:14:20 -0800] "GET /property/beautiful-5bhk-semi-attached-villa-with-burj-al-arab-view-for-rent-in-umm-suqeim-2/?path=//sys/devices/pci0000:40/firmware_node/device:ac/device:ad/subsystem/devices/device:cc/device:cd/device:ce/subsystem/devices/device:ac/device:ad/subsystem/devices/device:ae/subsystem/devices/device:ca/physical_node/peer/peer/peer/peer/peer/peer/peer/peer/peer/firmware_node/subsystem/devices/device:cc HTTP/2.0" 200 3621 "-" "Mozilla/5.0 AppleWebKit/537.36 (KHTML, like Gecko; compatible; GPTBot/1.3; +https://openai.com/gptbot)"
216.73.216.116 - - [04/Dec/2025:01:14:20 -0800] "GET /property/best-deal-2br-apartment-fully-furnished-burj-khalifa-view?fileloc=%2Fhome%2Fdh_hwg2wc%2Ffnaluxury.com%2Fwp-content%2Fuploads%2F2024%2F10%2FIMG-20241016-WA0234.jpg&path=%2Fhome%2Fdh_hwg2wc%2Ffnaluxury.com%2Fwp-content%2Fuploads%2F2024%2F10 HTTP/2.0" 200 63788 "-" "Mozilla/5.0 AppleWebKit/537.36 (KHTML, like Gecko; compatible; ClaudeBot/1.0; +claudebot@anthropic.com)"
74.7.227.32 - - [04/Dec/2025:01:14:21 -0800] "GET /item_support/what_is_item_support/8988002?path=//sys/class/tty/ttyse/subsystem/ptyyb/subsystem/ttyte HTTP/2.0" 200 3096 "-" "Mozilla/5.0 AppleWebKit/537.36 (KHTML, like Gecko; compatible; GPTBot/1.3; +https://openai.com/gptbot)"
3.221.244.28 - - [04/Dec/2025:01:14:22 -0800] "GET /property-type/shop/?path=//sys/devices/platform/acpi-cpufreq/subsystem/drivers/reg-dummy/reg-dummy/subsystem/devices/reg-dummy/subsystem/devices/pcspkr/subsystem/devices/IPI0001:00 HTTP/1.1" 200 6703 "-" "Mozilla/5.0 AppleWebKit/537.36 (KHTML, like Gecko; compatible; Amazonbot/0.1; +https://developer.amazon.com/support/amazonbot) Chrome/119.0.6045.214 Safari/537.36"
74.7.242.13 - - [04/Dec/2025:01:14:23 -0800] "GET /property/beautiful-5bhk-semi-attached-villa-with-burj-al-arab-view-for-rent-in-umm-suqeim-2/?path=//sys/devices/pci0000:40/firmware_node/device:ac/device:ad/subsystem/devices/device:cc/device:cd/device:ce/subsystem/devices/device:ac/device:ad/subsystem/devices/device:ae/subsystem/devices/device:ca/physical_node/peer/peer/peer/peer/peer/peer/peer/peer/peer/firmware_node/subsystem/devices/PNP0A08:05/device:11d HTTP/2.0" 200 3635 "-" "Mozilla/5.0 AppleWebKit/537.36 (KHTML, like Gecko; compatible; GPTBot/1.3; +https://openai.com/gptbot)"
216.73.216.116 - - [04/Dec/2025:01:14:23 -0800] "GET /property/best-deal-2br-apartment-fully-furnished-burj-khalifa-view?fileloc=%2F%2Flib%2Fx86_64-linux-gnu%2Flibraptor2.so.0&path=%2F%2Flib%2Fx86_64-linux-gnu HTTP/2.0" 200 154196 "-" "Mozilla/5.0 AppleWebKit/537.36 (KHTML, like Gecko; compatible; ClaudeBot/1.0; +claudebot@anthropic.com)"
74.7.227.32 - - [04/Dec/2025:01:14:24 -0800] "GET /item_support/what_is_item_support/8988002?path=//sys/class/tty/ttyse/subsystem/ptyae/subsystem/ttyta HTTP/2.0" 200 3096 "-" "Mozilla/5.0 AppleWebKit/537.36 (KHTML, like Gecko; compatible; GPTBot/1.3; +https://openai.com/gptbot)"
74.7.242.13 - - [04/Dec/2025:01:14:26 -0800] "GET /property/beautiful-5bhk-semi-attached-villa-with-burj-al-arab-view-for-rent-in-umm-suqeim-2/?path=//sys/devices/pci0000:40/firmware_node/device:ac/device:ad/subsystem/devices/device:cc/device:cd/device:ce/subsystem/devices/device:ac/device:ad/subsystem/devices/device:ae/subsystem/devices/device:ca/physical_node/peer/peer/peer/peer/peer/peer/peer/peer/peer/firmware_node/subsystem/devices/device:cd HTTP/2.0" 200 3541 "-" "Mozilla/5.0 AppleWebKit/537.36 (KHTML, like Gecko; compatible; GPTBot/1.3; +https://openai.com/gptbot)"
216.73.216.116 - - [04/Dec/2025:01:14:26 -0800] "GET /property/best-deal-2br-apartment-fully-furnished-burj-khalifa-view?fileloc=%2Fhome%2Fdh_hwg2wc%2Ffnaluxury.com%2Fwp-content%2Fuploads%2F2024%2F10%2FIMG-20240930-WA0147-120x90.jpg&path=%2Fhome%2Fdh_hwg2wc%2Ffnaluxury.com%2Fwp-content%2Fuploads%2F2024%2F10 HTTP/2.0" 200 12024 "-" "Mozilla/5.0 AppleWebKit/537.36 (KHTML, like Gecko; compatible; ClaudeBot/1.0; +claudebot@anthropic.com)"
184.72.84.154 - - [04/Dec/2025:01:14:27 -0800] "GET /property-type/villa/?path=//sys/devices/platform/acpi-cpufreq/subsystem/drivers/reg-dummy/reg-dummy/subsystem/devices/reg-dummy/driver/reg-dummy/subsystem/devices/IPI0001:00/driver/IPI0001:00/subsystem/drivers/acpi-fan HTTP/1.1" 200 6544 "-" "Mozilla/5.0 AppleWebKit/537.36 (KHTML, like Gecko; compatible; Amazonbot/0.1; +https://developer.amazon.com/support/amazonbot) Chrome/119.0.6045.214 Safari/537.36"
74.7.227.32 - - [04/Dec/2025:01:14:27 -0800] "GET /item_support/what_is_item_support/8988002?path=//sys/class/tty/ttyee/subsystem/ptyte/subsystem/ttytb HTTP/2.0" 200 3097 "-" "Mozilla/5.0 AppleWebKit/537.36 (KHTML, like Gecko; compatible; GPTBot/1.3; +https://openai.com/gptbot)"
144.76.19.157 - - [04/Dec/2025:01:14:29 -0800] "GET /feature/balcony/?path=/lib/locale/de_IT.utf8 HTTP/1.1" 200 4074 "-" "Mozilla/5.0 (compatible; SERankingBacklinksBot/1.0; +https://seranking.com/backlinks-crawler)"
3.231.193.38 - - [04/Dec/2025:01:14:29 -0800] "GET /property-type/whole-building/?path=//sys/devices/platform/reg-dummy/driver/reg-dummy/subsystem/devices/reg-dummy/subsystem/devices/reg-dummy/subsystem/drivers/PCCT/PCCT/driver/PCCT/subsystem/devices/pcspkr HTTP/1.1" 200 6632 "-" "Mozilla/5.0 AppleWebKit/537.36 (KHTML, like Gecko; compatible; Amazonbot/0.1; +https://developer.amazon.com/support/amazonbot) Chrome/119.0.6045.214 Safari/537.36"
74.7.242.13 - - [04/Dec/2025:01:14:29 -0800] "GET /property/beautiful-5bhk-semi-attached-villa-with-burj-al-arab-view-for-rent-in-umm-suqeim-2/?path=//sys/devices/pci0000:40/firmware_node/device:ac/device:ad/subsystem/devices/device:cc/device:cd/device:ce/subsystem/devices/device:ac/device:ad/subsystem/devices/device:ae/subsystem/devices/device:ca/physical_node/peer/peer/peer/peer/peer/peer/peer/peer/peer/firmware_node/subsystem/devices/device:ca HTTP/2.0" 200 3454 "-" "Mozilla/5.0 AppleWebKit/537.36 (KHTML, like Gecko; compatible; GPTBot/1.3; +https://openai.com/gptbot)"
