216.73.216.116 - - [04/Dec/2025:01:34:32 -0800] "GET /property/best-deal-2br-apartment-fully-furnished-burj-khalifa-view?path=%2F%2Flib%2Fgcc%2Fx86_64-linux-gnu HTTP/2.0" 200 3028 "-" "Mozilla/5.0 AppleWebKit/537.36 (KHTML, like Gecko; compatible; ClaudeBot/1.0; +claudebot@anthropic.com)"
74.7.242.13 - - [04/Dec/2025:01:34:32 -0800] "GET /property/beautiful-5bhk-semi-attached-villa-with-burj-al-arab-view-for-rent-in-umm-suqeim-2/?path=//sys/devices/pci0000:40/firmware_node/device:ac/device:ad/subsystem/devices/device:cc/device:cd/device:cf/subsystem/devices/device:ac/device:ad/subsystem/devices/device:ee/subsystem/devices/device:cd/device:ce/subsystem/devices/device:da HTTP/2.0" 200 3362 "-" "Mozilla/5.0 AppleWebKit/537.36 (KHTML, like Gecko; compatible; GPTBot/1.3; +https://openai.com/gptbot)"
43.173.181.89 - - [04/Dec/2025:01:34:33 -0800] "GET /blog/?fileloc=//sys/devices/pci0000:00/0000:00:18.2/resource&path=//sys/devices/pci0000:00/0000:00:18.2 HTTP/1.1" 200 6153 "-" "Mozilla/5.0 (Windows NT 6.1; Win64; x64) AppleWebKit/537.36 (KHTML, like Gecko) Chrome/126.0.6478.114 Safari/537.36"
144.76.19.157 - - [04/Dec/2025:01:34:33 -0800] "GET /feature/balcony/?path=/lib/locale/ku_TR.utf8 HTTP/1.1" 200 4071 "-" "Mozilla/5.0 (compatible; SERankingBacklinksBot/1.0; +https://seranking.com/backlinks-crawler)"
43.173.174.13 - - [04/Dec/2025:01:34:33 -0800] "GET /rent/?fileloc=//sys/dev/block/259:9/dev&path=//sys/dev/block/259:9 HTTP/1.1" 200 6142 "-" "Mozilla/5.0 (Windows NT 6.1; Win64; x64) AppleWebKit/537.36 (KHTML, like Gecko) Chrome/126.0.6478.114 Safari/537.36"
217.113.194.93 - - [04/Dec/2025:01:34:34 -0800] "GET /feature/built-in-wardrobe/page/2/?path=//lib/x86_64-linux-gnu/libgtk2.0-0 HTTP/1.1" 200 3545 "-" "Mozilla/5.0 (compatible; Barkrowler/0.9; +https://babbar.tech/crawler)"
44.206.65.8 - - [04/Dec/2025:01:34:34 -0800] "GET /property-type/commercial/?path=//sys/devices/platform/reg-dummy/subsystem/drivers/reg-dummy/reg-dummy/subsystem/devices/PCCT/driver/PCCT/driver/PCCT/subsystem/devices/PCCT/subsystem/drivers HTTP/1.1" 200 7422 "-" "Mozilla/5.0 AppleWebKit/537.36 (KHTML, like Gecko; compatible; Amazonbot/0.1; +https://developer.amazon.com/support/amazonbot) Chrome/119.0.6045.214 Safari/537.36"
74.7.227.32 - - [04/Dec/2025:01:34:35 -0800] "GET /item_support/what_is_item_support/8988002?path=//sys/devices/virtual/tty/ptyd3/subsystem/ttyx6 HTTP/2.0" 200 3094 "-" "Mozilla/5.0 AppleWebKit/537.36 (KHTML, like Gecko; compatible; GPTBot/1.3; +https://openai.com/gptbot)"
74.7.242.13 - - [04/Dec/2025:01:34:35 -0800] "GET /property/beautiful-5bhk-semi-attached-villa-with-burj-al-arab-view-for-rent-in-umm-suqeim-2/?path=//sys/devices/pci0000:40/firmware_node/device:ac/device:ad/subsystem/devices/device:cc/device:cd/device:cf/subsystem/devices/device:ac/device:ad/subsystem/devices/device:ee/subsystem/devices/device:ec/device:ed/subsystem/devices/device:da HTTP/2.0" 200 3364 "-" "Mozilla/5.0 AppleWebKit/537.36 (KHTML, like Gecko; compatible; GPTBot/1.3; +https://openai.com/gptbot)"
216.73.216.116 - - [04/Dec/2025:01:34:35 -0800] "GET /property/best-deal-2br-apartment-fully-furnished-burj-khalifa-view?fileloc=%2Fhome%2Fdh_hwg2wc%2Ffnaluxury.com%2Fwp-content%2Fuploads%2F2024%2F12%2FIMG-20241210-WA0021-1-1067x600.jpg&path=%2Fhome%2Fdh_hwg2wc%2Ffnaluxury.com%2Fwp-content%2Fuploads%2F2024%2F12 HTTP/2.0" 200 237072 "-" "Mozilla/5.0 AppleWebKit/537.36 (KHTML, like Gecko; compatible; ClaudeBot/1.0; +claudebot@anthropic.com)"
43.173.181.222 - - [04/Dec/2025:01:34:36 -0800] "GET /rent/?fileloc=//usr/share/mc/help/mc.hlp.hu&path=//usr/share/mc/help HTTP/1.1" 200 60548 "-" "Mozilla/5.0 (Windows NT 6.1; Win64; x64) AppleWebKit/537.36 (KHTML, like Gecko) Chrome/126.0.6478.114 Safari/537.36"
44.207.207.36 - - [04/Dec/2025:01:34:37 -0800] "GET /property-type/shop/?path=//sys/bus/platform/drivers/reg-dummy/reg-dummy/driver/reg-dummy/subsystem/devices/reg-dummy/subsystem/devices/IPI0001:00/subsystem/devices/PCCT/driver/PCCT/driver HTTP/1.1" 200 6516 "-" "Mozilla/5.0 AppleWebKit/537.36 (KHTML, like Gecko; compatible; Amazonbot/0.1; +https://developer.amazon.com/support/amazonbot) Chrome/119.0.6045.214 Safari/537.36"
144.76.19.157 - - [04/Dec/2025:01:34:37 -0800] "GET /hello-world/?path=/sys/block/nbd0/mq/0/cpu99 HTTP/1.1" 200 2923 "-" "Mozilla/5.0 (compatible; SERankingBacklinksBot/1.0; +https://seranking.com/backlinks-crawler)"
74.7.227.32 - - [04/Dec/2025:01:34:38 -0800] "GET /item_support/what_is_item_support/8988002?path=//sys/devices/virtual/tty/ptyd3/subsystem/ptyq7 HTTP/2.0" 200 3097 "-" "Mozilla/5.0 AppleWebKit/537.36 (KHTML, like Gecko; compatible; GPTBot/1.3; +https://openai.com/gptbot)"
74.7.242.13 - - [04/Dec/2025:01:34:39 -0800] "GET /property/beautiful-5bhk-semi-attached-villa-with-burj-al-arab-view-for-rent-in-umm-suqeim-2/?fileloc=//sys/devices/pci0000:40/firmware_node/device:ac/device:ad/subsystem/devices/device:cc/device:cd/device:cf/subsystem/devices/device:ac/device:ad/subsystem/devices/device:ee/subsystem/devices/device:ec/device:ed/subsystem/devices/device:11c/adr&path=//sys/devices/pci0000:40/firmware_node/device:ac/device:ad/subsystem/devices/device:cc/device:cd/device:cf/subsystem/devices/device:ac/device:ad/subsystem/devices/device:ee/subsystem/devices/device:ec/device:ed/subsystem/devices/device:11c HTTP/2.0" 200 2788 "-" "Mozilla/5.0 AppleWebKit/537.36 (KHTML, like Gecko; compatible; GPTBot/1.3; +https://openai.com/gptbot)"
216.73.216.116 - - [04/Dec/2025:01:34:40 -0800] "GET /property/best-deal-2br-apartment-fully-furnished-burj-khalifa-view?path=%2Fhome%2Fdh_hwg2wc%2Ffnaluxury.com%2Fwp-content%2Fplugins%2Fwpforms-lite%2Fincludes%2Femails HTTP/2.0" 200 3208 "-" "Mozilla/5.0 AppleWebKit/537.36 (KHTML, like Gecko; compatible; ClaudeBot/1.0; +claudebot@anthropic.com)"
74.7.227.32 - - [04/Dec/2025:01:34:41 -0800] "GET /item_support/what_is_item_support/8988002?path=//sys/devices/virtual/tty/ptyd3/subsystem/tty55 HTTP/2.0" 200 3095 "-" "Mozilla/5.0 AppleWebKit/537.36 (KHTML, like Gecko; compatible; GPTBot/1.3; +https://openai.com/gptbot)"
54.225.199.17 - - [04/Dec/2025:01:34:41 -0800] "GET /property-type/studio/?path=//sys/bus/platform/devices/PCCT/subsystem/drivers/reg-dummy/reg-dummy/driver/reg-dummy/driver/reg-dummy/subsystem/devices/PCCT/driver/PCCT/driver/PCCT/subsystem/devices/microcode/subsystem HTTP/1.1" 200 6686 "-" "Mozilla/5.0 AppleWebKit/537.36 (KHTML, like Gecko; compatible; Amazonbot/0.1; +https://developer.amazon.com/support/amazonbot) Chrome/119.0.6045.214 Safari/537.36"
74.7.242.13 - - [04/Dec/2025:01:34:42 -0800] "GET /property/beautiful-5bhk-semi-attached-villa-with-burj-al-arab-view-for-rent-in-umm-suqeim-2/?path=//sys/devices/pci0000:40/firmware_node/device:ac/device:ad/subsystem/devices/device:cc/device:cd/device:cf/subsystem/devices/device:ac/device:ad/subsystem/devices/device:ee/subsystem/devices/device:bc/device:be/subsystem/devices/device:da HTTP/2.0" 200 3365 "-" "Mozilla/5.0 AppleWebKit/537.36 (KHTML, like Gecko; compatible; GPTBot/1.3; +https://openai.com/gptbot)"
216.73.216.116 - - [04/Dec/2025:01:34:42 -0800] "GET /property/best-deal-2br-apartment-fully-furnished-burj-khalifa-view?path=%2Fhome%2Fdh_hwg2wc%2Ffnaluxury.com%2Fwp-includes%2Fjs%2Fdist%2Fscript-modules%2Fblock-library HTTP/2.0" 200 3298 "-" "Mozilla/5.0 AppleWebKit/537.36 (KHTML, like Gecko; compatible; ClaudeBot/1.0; +claudebot@anthropic.com)"
74.7.227.32 - - [04/Dec/2025:01:34:44 -0800] "GET /item_support/what_is_item_support/8988002?path=//sys/class/ata_link/link8/subsystem/link14 HTTP/2.0" 200 3211 "-" "Mozilla/5.0 AppleWebKit/537.36 (KHTML, like Gecko; compatible; GPTBot/1.3; +https://openai.com/gptbot)"
74.7.242.13 - - [04/Dec/2025:01:34:45 -0800] "GET /property/beautiful-5bhk-semi-attached-villa-with-burj-al-arab-view-for-rent-in-umm-suqeim-2/?path=//sys/devices/pci0000:40/firmware_node/device:ac/device:ad/subsystem/devices/device:cc/device:cd/device:ce/subsystem/devices/device:ac/device:ad/subsystem/devices/device:ac/subsystem/devices/device:cb/device:cc/device:cd/subsystem/devices/device:ca/physical_node/peer/peer/peer/peer/peer/peer/peer/peer HTTP/2.0" 200 3849 "-" "Mozilla/5.0 AppleWebKit/537.36 (KHTML, like Gecko; compatible; GPTBot/1.3; +https://openai.com/gptbot)"
216.73.216.116 - - [04/Dec/2025:01:34:45 -0800] "GET /property/best-deal-2br-apartment-fully-furnished-burj-khalifa-view?path=%2Fhome%2Fdh_hwg2wc%2Ffnaluxury.com%2Fwp-content%2Fplugins%2Fmailchimp-for-wp%2Fassets%2Fjs HTTP/2.0" 200 3260 "-" "Mozilla/5.0 AppleWebKit/537.36 (KHTML, like Gecko; compatible; ClaudeBot/1.0; +claudebot@anthropic.com)"
34.196.114.170 - - [04/Dec/2025:01:34:45 -0800] "GET /property-type/townhouse/?path=//sys/bus/platform/devices/PCCT/subsystem/drivers/reg-dummy/reg-dummy/subsystem/devices/reg-dummy/driver/reg-dummy/subsystem/devices/IPI0001:00/subsystem/devices/PCCT/driver/PCCT/driver/PCCT/driver HTTP/1.1" 200 6555 "-" "Mozilla/5.0 AppleWebKit/537.36 (KHTML, like Gecko; compatible; Amazonbot/0.1; +https://developer.amazon.com/support/amazonbot) Chrome/119.0.6045.214 Safari/537.36"
43.173.174.75 - - [04/Dec/2025:01:34:46 -0800] "GET /rent/?fileloc=//sys/block/nbd8/queue/rotational&path=//sys/block/nbd8/queue HTTP/1.1" 200 6154 "-" "Mozilla/5.0 (Windows NT 10.0; Win64; x64) AppleWebKit/537.36 (KHTML, like Gecko) Chrome/117.0.0.0 Safari/537.36"
74.7.227.32 - - [04/Dec/2025:01:34:47 -0800] "GET /item_support/what_is_item_support/8988002?path=//sys/devices/virtual/tty/ptyd3/subsystem/ttyaf HTTP/2.0" 200 3095 "-" "Mozilla/5.0 AppleWebKit/537.36 (KHTML, like Gecko; compatible; GPTBot/1.3; +https://openai.com/gptbot)"
74.7.242.13 - - [04/Dec/2025:01:34:48 -0800] "GET /property/beautiful-5bhk-semi-attached-villa-with-burj-al-arab-view-for-rent-in-umm-suqeim-2/?path=//sys/devices/pci0000:40/firmware_node/device:ac/device:ad/subsystem/devices/device:cc/device:cd/device:cf/subsystem/devices/device:ac/device:ad/subsystem/devices/device:ee/subsystem/devices/device:aa/device:ab/subsystem/drivers/ec HTTP/2.0" 200 3238 "-" "Mozilla/5.0 AppleWebKit/537.36 (KHTML, like Gecko; compatible; GPTBot/1.3; +https://openai.com/gptbot)"
216.73.216.116 - - [04/Dec/2025:01:34:48 -0800] "GET /property/best-deal-2br-apartment-fully-furnished-burj-khalifa-view?fileloc=%2F%2Fusr%2Finclude%2Flinux%2Fmedia.h&path=%2F%2Fusr%2Finclude%2Flinux HTTP/2.0" 200 6494 "-" "Mozilla/5.0 AppleWebKit/537.36 (KHTML, like Gecko; compatible; ClaudeBot/1.0; +claudebot@anthropic.com)"
44.209.35.147 - - [04/Dec/2025:01:34:49 -0800] "GET /property-type/townhouse/?path=//sys/devices/platform/reg-dummy/driver/reg-dummy/driver/reg-dummy/subsystem/devices/reg-dummy/subsystem/devices/PCCT/subsystem/devices/microcode/subsystem/drivers/PCCT/PCCT/driver HTTP/1.1" 200 6526 "-" "Mozilla/5.0 AppleWebKit/537.36 (KHTML, like Gecko; compatible; Amazonbot/0.1; +https://developer.amazon.com/support/amazonbot) Chrome/119.0.6045.214 Safari/537.36"
74.7.227.32 - - [04/Dec/2025:01:34:50 -0800] "GET /item_support/what_is_item_support/8988002?path=//sys/devices/virtual/tty/ptyd3/subsystem/ptywc HTTP/2.0" 200 3095 "-" "Mozilla/5.0 AppleWebKit/537.36 (KHTML, like Gecko; compatible; GPTBot/1.3; +https://openai.com/gptbot)"
217.113.194.99 - - [04/Dec/2025:01:34:50 -0800] "GET /feature/built-in-wardrobe/page/2/?fileloc=//etc/pam.d/sudo&path=//etc/pam.d HTTP/1.1" 200 3321 "-" "Mozilla/5.0 (compatible; Barkrowler/0.9; +https://babbar.tech/crawler)"
74.7.242.13 - - [04/Dec/2025:01:34:51 -0800] "GET /property/beautiful-5bhk-semi-attached-villa-with-burj-al-arab-view-for-rent-in-umm-suqeim-2/?path=//sys/devices/pci0000:40/firmware_node/device:ac/device:ad/subsystem/devices/device:cc/device:cd/device:cf/subsystem/devices/device:ac/device:ad/subsystem/devices/device:ee/subsystem/devices/device:cd/device:cf/subsystem/drivers/ec HTTP/2.0" 200 3235 "-" "Mozilla/5.0 AppleWebKit/537.36 (KHTML, like Gecko; compatible; GPTBot/1.3; +https://openai.com/gptbot)"
216.73.216.116 - - [04/Dec/2025:01:34:51 -0800] "GET /property/best-deal-2br-apartment-fully-furnished-burj-khalifa-view?fileloc=%2Fhome%2Fdh_hwg2wc%2Ffnaluxury.com%2Fwp-content%2Fplugins%2Felementor%2Flicense.txt&path=%2Fhome%2Fdh_hwg2wc%2Ffnaluxury.com%2Fwp-content%2Fplugins%2Felementor HTTP/2.0" 200 14937 "-" "Mozilla/5.0 AppleWebKit/537.36 (KHTML, like Gecko; compatible; ClaudeBot/1.0; +claudebot@anthropic.com)"
144.76.19.157 - - [04/Dec/2025:01:34:52 -0800] "GET /hello-world/?path=/sys/block/nbd1/mq/0/cpu10 HTTP/1.1" 200 3268 "-" "Mozilla/5.0 (compatible; SERankingBacklinksBot/1.0; +https://seranking.com/backlinks-crawler)"
3.216.86.144 - - [04/Dec/2025:01:34:53 -0800] "GET /property-type/full-floor/?path=//sys/devices/platform/pcspkr/subsystem/devices/reg-dummy/subsystem/devices/PCCT/subsystem/drivers/reg-dummy/reg-dummy/driver/reg-dummy/regulator/regulator.0/device/subsystem/drivers/PCCT/PCCT/driver HTTP/1.1" 200 6559 "-" "Mozilla/5.0 AppleWebKit/537.36 (KHTML, like Gecko; compatible; Amazonbot/0.1; +https://developer.amazon.com/support/amazonbot) Chrome/119.0.6045.214 Safari/537.36"
74.7.227.32 - - [04/Dec/2025:01:34:54 -0800] "GET /item_support/what_is_item_support/8988002?path=//sys/devices/virtual/tty/ptyd3/subsystem/ptyze HTTP/2.0" 200 3095 "-" "Mozilla/5.0 AppleWebKit/537.36 (KHTML, like Gecko; compatible; GPTBot/1.3; +https://openai.com/gptbot)"
74.7.242.13 - - [04/Dec/2025:01:34:54 -0800] "GET /property/beautiful-5bhk-semi-attached-villa-with-burj-al-arab-view-for-rent-in-umm-suqeim-2/?path=//sys/devices/pci0000:40/firmware_node/device:ac/device:ad/subsystem/devices/device:cc/device:cd/device:cf/subsystem/devices/device:ac/device:ad/subsystem/devices/device:ee/subsystem/devices/device:ec/device:ee/subsystem/drivers/ec HTTP/2.0" 200 3236 "-" "Mozilla/5.0 AppleWebKit/537.36 (KHTML, like Gecko; compatible; GPTBot/1.3; +https://openai.com/gptbot)"
216.73.216.116 - - [04/Dec/2025:01:34:54 -0800] "GET /property/best-deal-2br-apartment-fully-furnished-burj-khalifa-view?fileloc=%2Fhome%2Fdh_hwg2wc%2Ffnaluxury.com%2Fwp-includes%2Fsodium_compat%2Fnamespaced%2FCore%2FCurve25519%2FGe%2FP2.php&path=%2Fhome%2Fdh_hwg2wc%2Ffnaluxury.com%2Fwp-includes%2Fsodium_compat%2Fnamespaced%2FCore%2FCurve25519%2FGe HTTP/2.0" 200 2731 "-" "Mozilla/5.0 AppleWebKit/537.36 (KHTML, like Gecko; compatible; ClaudeBot/1.0; +claudebot@anthropic.com)"
144.76.19.157 - - [04/Dec/2025:01:34:56 -0800] "GET /feature/balcony/?path=/lib/locale/kw_GB.utf8 HTTP/1.1" 200 3728 "-" "Mozilla/5.0 (compatible; SERankingBacklinksBot/1.0; +https://seranking.com/backlinks-crawler)"
74.7.227.32 - - [04/Dec/2025:01:34:57 -0800] "GET /item_support/what_is_item_support/8988002?path=//sys/devices/virtual/tty/ptyd3/subsystem/ptyva HTTP/2.0" 200 3094 "-" "Mozilla/5.0 AppleWebKit/537.36 (KHTML, like Gecko; compatible; GPTBot/1.3; +https://openai.com/gptbot)"
216.73.216.116 - - [04/Dec/2025:01:34:57 -0800] "GET /property/best-deal-2br-apartment-fully-furnished-burj-khalifa-view?fileloc=%2F%2Fusr%2Finclude%2Flinux%2Fgfs2_ondisk.h&path=%2F%2Fusr%2Finclude%2Flinux HTTP/2.0" 200 7562 "-" "Mozilla/5.0 AppleWebKit/537.36 (KHTML, like Gecko; compatible; ClaudeBot/1.0; +claudebot@anthropic.com)"
74.7.242.13 - - [04/Dec/2025:01:34:57 -0800] "GET /property/beautiful-5bhk-semi-attached-villa-with-burj-al-arab-view-for-rent-in-umm-suqeim-2/?path=//sys/devices/pci0000:40/firmware_node/device:ac/device:ad/subsystem/devices/device:cc/device:cd/device:cf/subsystem/devices/device:ac/device:ad/subsystem/devices/device:ee/subsystem/devices/device:ec/device:ef/subsystem/devices/device:bf HTTP/2.0" 200 3367 "-" "Mozilla/5.0 AppleWebKit/537.36 (KHTML, like Gecko; compatible; GPTBot/1.3; +https://openai.com/gptbot)"
52.7.33.248 - - [04/Dec/2025:01:34:58 -0800] "GET /property-type/residential/?path=//sys/bus/platform/devices/reg-dummy/driver/reg-dummy/driver/reg-dummy/subsystem/devices/reg-dummy/subsystem/drivers/PCCT/PCCT/driver/PCCT/driver/PCCT/subsystem/devices/microcode/subsystem/drivers HTTP/1.1" 200 7527 "-" "Mozilla/5.0 AppleWebKit/537.36 (KHTML, like Gecko; compatible; Amazonbot/0.1; +https://developer.amazon.com/support/amazonbot) Chrome/119.0.6045.214 Safari/537.36"
144.76.19.157 - - [04/Dec/2025:01:34:59 -0800] "GET /hello-world/?path=/sys/block/nbd1/mq/0/cpu11 HTTP/1.1" 200 2920 "-" "Mozilla/5.0 (compatible; SERankingBacklinksBot/1.0; +https://seranking.com/backlinks-crawler)"
74.7.227.32 - - [04/Dec/2025:01:35:00 -0800] "GET /item_support/what_is_item_support/8988002?path=//sys/devices/virtual/tty/ptyd3/subsystem/tty HTTP/2.0" 200 3087 "-" "Mozilla/5.0 AppleWebKit/537.36 (KHTML, like Gecko; compatible; GPTBot/1.3; +https://openai.com/gptbot)"
216.73.216.116 - - [04/Dec/2025:01:35:00 -0800] "GET /property/best-deal-2br-apartment-fully-furnished-burj-khalifa-view?fileloc=%2F%2Fusr%2Finclude%2Flinux%2Fif_fc.h&path=%2F%2Fusr%2Finclude%2Flinux HTTP/2.0" 200 3558 "-" "Mozilla/5.0 AppleWebKit/537.36 (KHTML, like Gecko; compatible; ClaudeBot/1.0; +claudebot@anthropic.com)"
74.7.242.13 - - [04/Dec/2025:01:35:01 -0800] "GET /property/beautiful-5bhk-semi-attached-villa-with-burj-al-arab-view-for-rent-in-umm-suqeim-2/?path=//sys/devices/pci0000:40/firmware_node/device:ac/device:ad/subsystem/devices/device:cc/device:cd/device:cf/subsystem/devices/device:ac/device:ad/subsystem/devices/device:ee/subsystem/devices/device:cd/device:ce/subsystem/devices/device:fd HTTP/2.0" 200 3361 "-" "Mozilla/5.0 AppleWebKit/537.36 (KHTML, like Gecko; compatible; GPTBot/1.3; +https://openai.com/gptbot)"
74.7.227.32 - - [04/Dec/2025:01:35:03 -0800] "GET /item_support/what_is_item_support/8988002?path=//sys/devices/virtual/tty/ptyd3/subsystem/ptyq3 HTTP/2.0" 200 3095 "-" "Mozilla/5.0 AppleWebKit/537.36 (KHTML, like Gecko; compatible; GPTBot/1.3; +https://openai.com/gptbot)"
216.73.216.116 - - [04/Dec/2025:01:35:03 -0800] "GET /property/best-deal-2br-apartment-fully-furnished-burj-khalifa-view?path=%2Fhome%2Fdh_hwg2wc%2Ffnaluxury.com%2Fwp-content%2Fplugins%2Fmailchimp-for-wp%2Fintegrations%2Fgravity-forms HTTP/2.0" 200 3221 "-" "Mozilla/5.0 AppleWebKit/537.36 (KHTML, like Gecko; compatible; ClaudeBot/1.0; +claudebot@anthropic.com)"
74.7.242.13 - - [04/Dec/2025:01:35:04 -0800] "GET /property/beautiful-5bhk-semi-attached-villa-with-burj-al-arab-view-for-rent-in-umm-suqeim-2/?path=//sys/devices/pci0000:40/firmware_node/device:ac/device:ad/subsystem/devices/device:cc/device:cd/device:cf/subsystem/devices/device:ac/device:ad/subsystem/devices/device:ee/subsystem/devices/device:bc/device:be/subsystem/devices/device:ba HTTP/2.0" 200 3324 "-" "Mozilla/5.0 AppleWebKit/537.36 (KHTML, like Gecko; compatible; GPTBot/1.3; +https://openai.com/gptbot)"
3.94.157.25 - - [04/Dec/2025:01:35:04 -0800] "GET /property-type/apartment/?path=//sys/devices/platform/reg-dummy/driver/reg-dummy/subsystem/devices/PCCT/subsystem/devices/reg-dummy/subsystem/devices/pcspkr/subsystem/drivers/PCCT/PCCT/driver/PCCT/driver HTTP/1.1" 200 6524 "-" "Mozilla/5.0 AppleWebKit/537.36 (KHTML, like Gecko; compatible; Amazonbot/0.1; +https://developer.amazon.com/support/amazonbot) Chrome/119.0.6045.214 Safari/537.36"
34.224.132.215 - - [04/Dec/2025:01:35:06 -0800] "GET /property-type/townhouse/?path=//sys/class/tty/ttyS7/device/subsystem/drivers/reg-dummy/reg-dummy/subsystem/drivers/reg-dummy/reg-dummy/subsystem/devices/acpi-cpufreq/subsystem/devices/PCCT/driver/PCCT/driver HTTP/1.1" 200 6541 "-" "Mozilla/5.0 AppleWebKit/537.36 (KHTML, like Gecko; compatible; Amazonbot/0.1; +https://developer.amazon.com/support/amazonbot) Chrome/119.0.6045.214 Safari/537.36"
216.73.216.116 - - [04/Dec/2025:01:35:06 -0800] "GET /property/best-deal-2br-apartment-fully-furnished-burj-khalifa-view?fileloc=%2F%2Flib%2Fpython3.10%2F__pycache__%2F_collections_abc.cpython-310.pyc&path=%2F%2Flib%2Fpython3.10%2F__pycache__ HTTP/2.0" 200 14683 "-" "Mozilla/5.0 AppleWebKit/537.36 (KHTML, like Gecko; compatible; ClaudeBot/1.0; +claudebot@anthropic.com)"
74.7.227.32 - - [04/Dec/2025:01:35:06 -0800] "GET /item_support/what_is_item_support/8988002?path=//sys/devices/virtual/tty/ptyb6/subsystem/ptyx0 HTTP/2.0" 200 3094 "-" "Mozilla/5.0 AppleWebKit/537.36 (KHTML, like Gecko; compatible; GPTBot/1.3; +https://openai.com/gptbot)"
74.7.242.13 - - [04/Dec/2025:01:35:07 -0800] "GET /property/beautiful-5bhk-semi-attached-villa-with-burj-al-arab-view-for-rent-in-umm-suqeim-2/?path=//sys/devices/pci0000:40/firmware_node/device:ac/device:ad/subsystem/devices/device:cc/device:cd/device:cf/subsystem/devices/device:ac/device:ad/subsystem/devices/device:ee/subsystem/devices/device:bc/device:be/subsystem/devices/device:ef HTTP/2.0" 200 3324 "-" "Mozilla/5.0 AppleWebKit/537.36 (KHTML, like Gecko; compatible; GPTBot/1.3; +https://openai.com/gptbot)"
217.113.194.100 - - [04/Dec/2025:01:35:06 -0800] "GET /feature/built-in-wardrobe/page/2/?fileloc=//run/unattended-upgrades.lock&path=//run HTTP/1.1" 200 3184 "-" "Mozilla/5.0 (compatible; Barkrowler/0.9; +https://babbar.tech/crawler)"
216.73.216.116 - - [04/Dec/2025:01:35:09 -0800] "GET /property/best-deal-2br-apartment-fully-furnished-burj-khalifa-view?fileloc=%2F%2Fusr%2Finclude%2Flinux%2Fatm_zatm.h&path=%2F%2Fusr%2Finclude%2Flinux HTTP/2.0" 200 3341 "-" "Mozilla/5.0 AppleWebKit/537.36 (KHTML, like Gecko; compatible; ClaudeBot/1.0; +claudebot@anthropic.com)"
74.7.227.32 - - [04/Dec/2025:01:35:09 -0800] "GET /item_support/what_is_item_support/8988002?path=//sys/devices/virtual/tty/ptyd3/subsystem/ttye6 HTTP/2.0" 200 3095 "-" "Mozilla/5.0 AppleWebKit/537.36 (KHTML, like Gecko; compatible; GPTBot/1.3; +https://openai.com/gptbot)"
3.235.215.92 - - [04/Dec/2025:01:35:10 -0800] "GET /property-type/townhouse/?path=//sys/devices/platform/reg-dummy/driver/reg-dummy/subsystem/devices/reg-dummy/driver/reg-dummy/subsystem/devices/IPI0001:00/subsystem/devices/PCCT/driver/PCCT/driver HTTP/1.1" 200 6512 "-" "Mozilla/5.0 AppleWebKit/537.36 (KHTML, like Gecko; compatible; Amazonbot/0.1; +https://developer.amazon.com/support/amazonbot) Chrome/119.0.6045.214 Safari/537.36"
74.7.242.13 - - [04/Dec/2025:01:35:10 -0800] "GET /property/beautiful-5bhk-semi-attached-villa-with-burj-al-arab-view-for-rent-in-umm-suqeim-2/?path=//sys/devices/pci0000:40/firmware_node/device:ac/device:ad/subsystem/devices/device:cc/device:cd/device:cf/subsystem/devices/device:ac/device:ad/subsystem/devices/device:ee/subsystem/devices/device:bc/device:be/subsystem/devices/device:ad HTTP/2.0" 200 3320 "-" "Mozilla/5.0 AppleWebKit/537.36 (KHTML, like Gecko; compatible; GPTBot/1.3; +https://openai.com/gptbot)"
144.76.19.157 - - [04/Dec/2025:01:35:10 -0800] "GET /feature/balcony/?path=/lib/locale/lg_UG.utf8 HTTP/1.1" 200 4074 "-" "Mozilla/5.0 (compatible; SERankingBacklinksBot/1.0; +https://seranking.com/backlinks-crawler)"
114.119.134.161 - - [04/Dec/2025:01:35:12 -0800] "GET /status/for-rent?fileloc=/home/dh_hwg2wc/fnaluxury.com/wp-includes/pluggable.php&path=/home/dh_hwg2wc/fnaluxury.com/wp-includes HTTP/1.1" 200 35581 "https://www.fnaluxury.com/status/for-rent?path=/home/dh_hwg2wc/fnaluxury.com/wp-includes" "Mozilla/5.0 (Linux; Android 7.0;) AppleWebKit/537.36 (KHTML, like Gecko) Mobile Safari/537.36 (compatible; PetalBot;+https://webmaster.petalsearch.com/site/petalbot)"
216.73.216.116 - - [04/Dec/2025:01:35:12 -0800] "GET /property/best-deal-2br-apartment-fully-furnished-burj-khalifa-view?fileloc=%2F%2Flib%2Fpython3.10%2F__pycache__%2Fimghdr.cpython-310.pyc&path=%2F%2Flib%2Fpython3.10%2F__pycache__ HTTP/2.0" 200 4634 "-" "Mozilla/5.0 AppleWebKit/537.36 (KHTML, like Gecko; compatible; ClaudeBot/1.0; +claudebot@anthropic.com)"
74.7.227.32 - - [04/Dec/2025:01:35:12 -0800] "GET /item_support/what_is_item_support/8988002?path=//sys/devices/virtual/tty/ptyb6/subsystem/ptyr2 HTTP/2.0" 200 3095 "-" "Mozilla/5.0 AppleWebKit/537.36 (KHTML, like Gecko; compatible; GPTBot/1.3; +https://openai.com/gptbot)"
74.7.242.13 - - [04/Dec/2025:01:35:13 -0800] "GET /property/beautiful-5bhk-semi-attached-villa-with-burj-al-arab-view-for-rent-in-umm-suqeim-2/?path=//sys/devices/pci0000:40/firmware_node/device:ac/device:ad/subsystem/devices/device:cc/device:cd/device:cf/subsystem/devices/device:ac/device:ad/subsystem/devices/device:ee/subsystem/devices/device:bc/device:be/subsystem/devices/device:cb HTTP/2.0" 200 3411 "-" "Mozilla/5.0 AppleWebKit/537.36 (KHTML, like Gecko; compatible; GPTBot/1.3; +https://openai.com/gptbot)"
35.168.238.50 - - [04/Dec/2025:01:35:14 -0800] "GET /property-type/townhouse/?path=//sys/devices/platform/pcspkr/subsystem/devices/reg-dummy/driver/reg-dummy/subsystem/devices/microcode/subsystem/devices/PCCT/subsystem/drivers/reg-dummy/reg-dummy/regulator HTTP/1.1" 200 6422 "-" "Mozilla/5.0 AppleWebKit/537.36 (KHTML, like Gecko; compatible; Amazonbot/0.1; +https://developer.amazon.com/support/amazonbot) Chrome/119.0.6045.214 Safari/537.36"
216.73.216.116 - - [04/Dec/2025:01:35:15 -0800] "GET /property/best-deal-2br-apartment-fully-furnished-burj-khalifa-view?fileloc=%2Fhome%2Fdh_hwg2wc%2Ffnaluxury.com%2Fwp-content%2Fplugins%2Fwordfence%2Fviews%2Foptions%2F.htaccess&path=%2Fhome%2Fdh_hwg2wc%2Ffnaluxury.com%2Fwp-content%2Fplugins%2Fwordfence%2Fviews%2Foptions HTTP/2.0" 200 2738 "-" "Mozilla/5.0 AppleWebKit/537.36 (KHTML, like Gecko; compatible; ClaudeBot/1.0; +claudebot@anthropic.com)"
74.7.227.32 - - [04/Dec/2025:01:35:15 -0800] "GET /item_support/what_is_item_support/8988002?path=//sys/devices/virtual/tty/ptyd3/subsystem/ptys6 HTTP/2.0" 200 3095 "-" "Mozilla/5.0 AppleWebKit/537.36 (KHTML, like Gecko; compatible; GPTBot/1.3; +https://openai.com/gptbot)"
74.7.242.13 - - [04/Dec/2025:01:35:16 -0800] "GET /property/beautiful-5bhk-semi-attached-villa-with-burj-al-arab-view-for-rent-in-umm-suqeim-2/?path=//sys/devices/pci0000:40/firmware_node/device:ac/device:ad/subsystem/devices/device:cc/device:cd/device:cf/subsystem/devices/device:ac/device:ad/subsystem/devices/device:ee/subsystem/devices/device:ec/device:ef/subsystem/devices/device:aa HTTP/2.0" 200 3410 "-" "Mozilla/5.0 AppleWebKit/537.36 (KHTML, like Gecko; compatible; GPTBot/1.3; +https://openai.com/gptbot)"
18.209.137.234 - - [04/Dec/2025:01:35:17 -0800] "GET /property-type/studio/?path=//sys/devices/platform/reg-dummy/subsystem/devices/reg-dummy/driver/reg-dummy/driver/reg-dummy/subsystem/devices/pcspkr/subsystem/devices/pcspkr/subsystem/drivers/timeriomem_rng HTTP/1.1" 200 6514 "-" "Mozilla/5.0 AppleWebKit/537.36 (KHTML, like Gecko; compatible; Amazonbot/0.1; +https://developer.amazon.com/support/amazonbot) Chrome/119.0.6045.214 Safari/537.36"
216.73.216.116 - - [04/Dec/2025:01:35:18 -0800] "GET /property/best-deal-2br-apartment-fully-furnished-burj-khalifa-view?fileloc=%2F%2Flib%2Fpython3.10%2Fwsgiref%2Fheaders.py&path=%2F%2Flib%2Fpython3.10%2Fwsgiref HTTP/2.0" 200 4751 "-" "Mozilla/5.0 AppleWebKit/537.36 (KHTML, like Gecko; compatible; ClaudeBot/1.0; +claudebot@anthropic.com)"
74.7.227.32 - - [04/Dec/2025:01:35:19 -0800] "GET /item_support/what_is_item_support/8988002?fileloc=//sys/class/net/sit0/name_assign_type&path=//sys/class/net/sit0 HTTP/2.0" 200 2596 "-" "Mozilla/5.0 AppleWebKit/537.36 (KHTML, like Gecko; compatible; GPTBot/1.3; +https://openai.com/gptbot)"
74.7.242.13 - - [04/Dec/2025:01:35:20 -0800] "GET /property/beautiful-5bhk-semi-attached-villa-with-burj-al-arab-view-for-rent-in-umm-suqeim-2/?path=//sys/devices/pci0000:40/firmware_node/device:ac/device:ad/subsystem/devices/device:cc/device:cd/device:ce/subsystem/devices/device:ac/device:ad/subsystem/devices/device:ac/subsystem/devices/device:cb/device:cc/device:cd/subsystem/devices/device:ca/physical_node/peer/peer/peer/peer/peer/peer/peer/peer/peer HTTP/2.0" 200 3805 "-" "Mozilla/5.0 AppleWebKit/537.36 (KHTML, like Gecko; compatible; GPTBot/1.3; +https://openai.com/gptbot)"
216.73.216.116 - - [04/Dec/2025:01:35:21 -0800] "GET /property/best-deal-2br-apartment-fully-furnished-burj-khalifa-view?fileloc=%2Fhome%2Fdh_hwg2wc%2Ffnaluxury.com%2Fwp-includes%2Fsodium_compat%2Fnamespaced%2FCore%2FHChaCha20.php&path=%2Fhome%2Fdh_hwg2wc%2Ffnaluxury.com%2Fwp-includes%2Fsodium_compat%2Fnamespaced%2FCore HTTP/2.0" 200 2702 "-" "Mozilla/5.0 AppleWebKit/537.36 (KHTML, like Gecko; compatible; ClaudeBot/1.0; +claudebot@anthropic.com)"
44.214.19.8 - - [04/Dec/2025:01:35:22 -0800] "GET /property-type/hotel-hotel-apartment/?path=//sys/bus/platform/devices/reg-dummy/subsystem/devices/reg-dummy/subsystem/drivers/PCCT/PCCT/driver/PCCT/driver/PCCT/subsystem/drivers/reg-dummy HTTP/1.1" 200 6584 "-" "Mozilla/5.0 AppleWebKit/537.36 (KHTML, like Gecko; compatible; Amazonbot/0.1; +https://developer.amazon.com/support/amazonbot) Chrome/119.0.6045.214 Safari/537.36"
144.76.19.157 - - [04/Dec/2025:01:35:22 -0800] "GET /hello-world/?path=/sys/block/nbd1/mq/0/cpu12 HTTP/1.1" 200 3268 "-" "Mozilla/5.0 (compatible; SERankingBacklinksBot/1.0; +https://seranking.com/backlinks-crawler)"
74.7.227.32 - - [04/Dec/2025:01:35:22 -0800] "GET /item_support/what_is_item_support/8988002?fileloc=//sys/class/net/sit0/phys_switch_id&path=//sys/class/net/sit0 HTTP/2.0" 200 2597 "-" "Mozilla/5.0 AppleWebKit/537.36 (KHTML, like Gecko; compatible; GPTBot/1.3; +https://openai.com/gptbot)"
74.7.242.13 - - [04/Dec/2025:01:35:23 -0800] "GET /property/beautiful-5bhk-semi-attached-villa-with-burj-al-arab-view-for-rent-in-umm-suqeim-2/?path=//sys/devices/pci0000:40/firmware_node/device:ac/device:ad/subsystem/devices/device:cc/device:cd/device:ce/subsystem/devices/device:ac/device:ad/subsystem/devices/device:ac/subsystem/devices/device:cb/device:cc/device:cd/subsystem/devices/device:ca/physical_node/peer/peer/peer/peer/peer/peer/peer/peer/firmware_node HTTP/2.0" 200 3482 "-" "Mozilla/5.0 AppleWebKit/537.36 (KHTML, like Gecko; compatible; GPTBot/1.3; +https://openai.com/gptbot)"
217.113.194.222 - - [04/Dec/2025:01:35:23 -0800] "GET /feature/built-in-wardrobe/page/2/?fileloc=//usr/sbin/postcat&path=//usr/sbin HTTP/1.1" 200 8794 "-" "Mozilla/5.0 (compatible; Barkrowler/0.9; +https://babbar.tech/crawler)"
216.73.216.116 - - [04/Dec/2025:01:35:24 -0800] "GET /property/best-deal-2br-apartment-fully-furnished-burj-khalifa-view?fileloc=%2F%2Flib%2Fpython3.10%2Fsched.py&path=%2F%2Flib%2Fpython3.10 HTTP/2.0" 200 4915 "-" "Mozilla/5.0 AppleWebKit/537.36 (KHTML, like Gecko; compatible; ClaudeBot/1.0; +claudebot@anthropic.com)"
144.76.19.157 - - [04/Dec/2025:01:35:25 -0800] "GET /feature/balcony/?path=/lib/locale/lt_LT.utf8 HTTP/1.1" 200 3727 "-" "Mozilla/5.0 (compatible; SERankingBacklinksBot/1.0; +https://seranking.com/backlinks-crawler)"
74.7.227.32 - - [04/Dec/2025:01:35:25 -0800] "GET /item_support/what_is_item_support/8988002?fileloc=//sys/class/net/sit0/phys_port_name&path=//sys/class/net/sit0 HTTP/2.0" 200 2597 "-" "Mozilla/5.0 AppleWebKit/537.36 (KHTML, like Gecko; compatible; GPTBot/1.3; +https://openai.com/gptbot)"
34.230.124.21 - - [04/Dec/2025:01:35:26 -0800] "GET /property-type/villa/?path=//sys/bus/platform/devices/reg-dummy/subsystem/drivers/reg-dummy/reg-dummy/subsystem/devices/pcspkr/subsystem/devices/PNP0800:00/subsystem/devices/reg-dummy HTTP/1.1" 200 6697 "-" "Mozilla/5.0 AppleWebKit/537.36 (KHTML, like Gecko; compatible; Amazonbot/0.1; +https://developer.amazon.com/support/amazonbot) Chrome/119.0.6045.214 Safari/537.36"
74.7.242.13 - - [04/Dec/2025:01:35:26 -0800] "GET /property/beautiful-5bhk-semi-attached-villa-with-burj-al-arab-view-for-rent-in-umm-suqeim-2/?path=//sys/devices/pci0000:40/firmware_node/device:ac/device:ad/subsystem/devices/device:cc/device:cd/device:cf/subsystem/devices/device:ac/device:ad/subsystem/devices/device:ee/subsystem/devices/device:cd/device:ce/subsystem/devices/device:ee HTTP/2.0" 200 3318 "-" "Mozilla/5.0 AppleWebKit/537.36 (KHTML, like Gecko; compatible; GPTBot/1.3; +https://openai.com/gptbot)"
216.73.216.116 - - [04/Dec/2025:01:35:27 -0800] "GET /property/best-deal-2br-apartment-fully-furnished-burj-khalifa-view?fileloc=%2Fhome%2Fdh_hwg2wc%2Ffnaluxury.com%2Fwp-content%2Fthemes%2Fhouzez%2Fjs%2Fproperty-carousels.js&path=%2Fhome%2Fdh_hwg2wc%2Ffnaluxury.com%2Fwp-content%2Fthemes%2Fhouzez%2Fjs HTTP/2.0" 200 3288 "-" "Mozilla/5.0 AppleWebKit/537.36 (KHTML, like Gecko; compatible; ClaudeBot/1.0; +claudebot@anthropic.com)"
74.7.227.32 - - [04/Dec/2025:01:35:28 -0800] "GET /item_support/what_is_item_support/8988002?fileloc=//sys/class/net/sit0/carrier_down_count&path=//sys/class/net/sit0 HTTP/2.0" 200 2600 "-" "Mozilla/5.0 AppleWebKit/537.36 (KHTML, like Gecko; compatible; GPTBot/1.3; +https://openai.com/gptbot)"
74.7.242.13 - - [04/Dec/2025:01:35:29 -0800] "GET /property/beautiful-5bhk-semi-attached-villa-with-burj-al-arab-view-for-rent-in-umm-suqeim-2/?path=//sys/devices/pci0000:40/firmware_node/device:ac/device:ad/subsystem/devices/device:cc/device:cd/device:cf/subsystem/devices/device:ac/device:ad/subsystem/devices/device:ee/subsystem/devices/device:cd/device:ce/subsystem/devices/device:ce HTTP/2.0" 200 3357 "-" "Mozilla/5.0 AppleWebKit/537.36 (KHTML, like Gecko; compatible; GPTBot/1.3; +https://openai.com/gptbot)"
34.195.248.30 - - [04/Dec/2025:01:35:30 -0800] "GET /property-type/villa/?path=//sys/devices/platform/reg-dummy/subsystem/devices/pcspkr/subsystem/devices/reg-dummy/subsystem/drivers/PCCT/PCCT/driver/PCCT/driver/PCCT/subsystem/devices/reg-dummy HTTP/1.1" 200 6708 "-" "Mozilla/5.0 AppleWebKit/537.36 (KHTML, like Gecko; compatible; Amazonbot/0.1; +https://developer.amazon.com/support/amazonbot) Chrome/119.0.6045.214 Safari/537.36"
216.73.216.116 - - [04/Dec/2025:01:35:30 -0800] "GET /property/best-deal-2br-apartment-fully-furnished-burj-khalifa-view?fileloc=%2Fhome%2Fdh_hwg2wc%2Ffnaluxury.com%2Fwp-includes%2Fjs%2Fdist%2Fvendor%2F.htaccess&path=%2Fhome%2Fdh_hwg2wc%2Ffnaluxury.com%2Fwp-includes%2Fjs%2Fdist%2Fvendor HTTP/2.0" 200 2724 "-" "Mozilla/5.0 AppleWebKit/537.36 (KHTML, like Gecko; compatible; ClaudeBot/1.0; +claudebot@anthropic.com)"
66.249.69.200 - - [04/Dec/2025:01:35:31 -0800] "GET /?items=133609402 HTTP/1.1" 200 34602 "-" "Mozilla/5.0 (Linux; Android 6.0.1; Nexus 5X Build/MMB29P) AppleWebKit/537.36 (KHTML, like Gecko) Chrome/141.0.7390.122 Mobile Safari/537.36 (compatible; Googlebot/2.1; +http://www.google.com/bot.html)"
74.7.227.32 - - [04/Dec/2025:01:35:31 -0800] "GET /item_support/what_is_item_support/8988002?fileloc=//sys/class/net/phy0/phys_switch_id&path=//sys/class/net/phy0 HTTP/2.0" 200 2596 "-" "Mozilla/5.0 AppleWebKit/537.36 (KHTML, like Gecko; compatible; GPTBot/1.3; +https://openai.com/gptbot)"
74.7.242.13 - - [04/Dec/2025:01:35:33 -0800] "GET /property/beautiful-5bhk-semi-attached-villa-with-burj-al-arab-view-for-rent-in-umm-suqeim-2/?path=//sys/devices/pci0000:40/firmware_node/device:ac/device:ad/subsystem/devices/device:cc/device:cd/device:cf/subsystem/devices/device:ac/device:ad/subsystem/devices/device:ee/subsystem/devices/device:cd/device:ce/subsystem/devices/device:bd HTTP/2.0" 200 3364 "-" "Mozilla/5.0 AppleWebKit/537.36 (KHTML, like Gecko; compatible; GPTBot/1.3; +https://openai.com/gptbot)"
216.73.216.116 - - [04/Dec/2025:01:35:33 -0800] "GET /property/best-deal-2br-apartment-fully-furnished-burj-khalifa-view?fileloc=%2F%2Flib%2Fpython3.10%2Femail%2F__pycache__%2F_policybase.cpython-310.pyc&path=%2F%2Flib%2Fpython3.10%2Femail%2F__pycache__ HTTP/2.0" 200 8702 "-" "Mozilla/5.0 AppleWebKit/537.36 (KHTML, like Gecko; compatible; ClaudeBot/1.0; +claudebot@anthropic.com)"
98.83.94.113 - - [04/Dec/2025:01:35:34 -0800] "GET /property-type/commercial/?path=//sys/devices/platform/pcspkr/subsystem/drivers/reg-dummy/reg-dummy/driver/reg-dummy/subsystem/drivers/PCCT/PCCT/driver/PCCT/subsystem/devices/PCCT/subsystem/devices/reg-dummy HTTP/1.1" 200 6721 "-" "Mozilla/5.0 AppleWebKit/537.36 (KHTML, like Gecko; compatible; Amazonbot/0.1; +https://developer.amazon.com/support/amazonbot) Chrome/119.0.6045.214 Safari/537.36"
74.7.227.32 - - [04/Dec/2025:01:35:34 -0800] "GET /item_support/what_is_item_support/8988002?fileloc=//sys/class/net/phy0/name_assign_type&path=//sys/class/net/phy0 HTTP/2.0" 200 2598 "-" "Mozilla/5.0 AppleWebKit/537.36 (KHTML, like Gecko; compatible; GPTBot/1.3; +https://openai.com/gptbot)"
74.7.242.13 - - [04/Dec/2025:01:35:36 -0800] "GET /property/beautiful-5bhk-semi-attached-villa-with-burj-al-arab-view-for-rent-in-umm-suqeim-2/?path=//sys/devices/pci0000:40/firmware_node/device:ac/device:ad/subsystem/devices/device:cc/device:cd/device:cf/subsystem/devices/device:ac/device:ad/subsystem/devices/device:ee/subsystem/devices/device:ec/device:ee/subsystem/drivers/hpet HTTP/2.0" 200 3239 "-" "Mozilla/5.0 AppleWebKit/537.36 (KHTML, like Gecko; compatible; GPTBot/1.3; +https://openai.com/gptbot)"
216.73.216.116 - - [04/Dec/2025:01:35:36 -0800] "GET /property/best-deal-2br-apartment-fully-furnished-burj-khalifa-view?fileloc=%2F%2Flib%2Fpython3.10%2Flzma.py&path=%2F%2Flib%2Fpython3.10 HTTP/2.0" 200 6708 "-" "Mozilla/5.0 AppleWebKit/537.36 (KHTML, like Gecko; compatible; ClaudeBot/1.0; +claudebot@anthropic.com)"
144.76.19.157 - - [04/Dec/2025:01:35:37 -0800] "GET /hello-world/?path=/sys/block/nbd1/mq/0/cpu13 HTTP/1.1" 200 3268 "-" "Mozilla/5.0 (compatible; SERankingBacklinksBot/1.0; +https://seranking.com/backlinks-crawler)"
74.7.227.32 - - [04/Dec/2025:01:35:37 -0800] "GET /item_support/what_is_item_support/8988002?fileloc=//sys/class/net/phy0/addr_assign_type&path=//sys/class/net/phy0 HTTP/2.0" 200 2598 "-" "Mozilla/5.0 AppleWebKit/537.36 (KHTML, like Gecko; compatible; GPTBot/1.3; +https://openai.com/gptbot)"
44.209.89.189 - - [04/Dec/2025:01:35:38 -0800] "GET /property-type/townhouse/?path=//sys/devices/platform/reg-dummy/subsystem/drivers/reg-dummy/reg-dummy/driver/reg-dummy/subsystem/devices/pcspkr/subsystem/devices/PCCT/driver/PCCT/driver/PCCT/subsystem HTTP/1.1" 200 6666 "-" "Mozilla/5.0 AppleWebKit/537.36 (KHTML, like Gecko; compatible; Amazonbot/0.1; +https://developer.amazon.com/support/amazonbot) Chrome/119.0.6045.214 Safari/537.36"
74.7.242.13 - - [04/Dec/2025:01:35:39 -0800] "GET /property/beautiful-5bhk-semi-attached-villa-with-burj-al-arab-view-for-rent-in-umm-suqeim-2/?path=//sys/devices/pci0000:40/firmware_node/device:ac/device:ad/subsystem/devices/device:cc/device:cd/device:ce/subsystem/devices/device:ac/device:ad/subsystem/devices/device:ac/subsystem/devices/device:cb/device:cc/device:cd/subsystem/devices/device:ca/physical_node/peer/peer/peer/peer/peer/peer/peer/firmware_node HTTP/2.0" 200 3469 "-" "Mozilla/5.0 AppleWebKit/537.36 (KHTML, like Gecko; compatible; GPTBot/1.3; +https://openai.com/gptbot)"
217.113.194.101 - - [04/Dec/2025:01:35:39 -0800] "GET /feature/built-in-wardrobe/page/2/?fileloc=//sbin/tcptraceroute&path=//sbin HTTP/1.1" 200 3991 "-" "Mozilla/5.0 (compatible; Barkrowler/0.9; +https://babbar.tech/crawler)"
216.73.216.116 - - [04/Dec/2025:01:35:39 -0800] "GET /property/best-deal-2br-apartment-fully-furnished-burj-khalifa-view?fileloc=%2Fhome%2Fdh_hwg2wc%2Ffnaluxury.com%2Fwp-content%2Fthemes%2Fhouzez%2Fjs%2Fhouzez_property.js&path=%2Fhome%2Fdh_hwg2wc%2Ffnaluxury.com%2Fwp-content%2Fthemes%2Fhouzez%2Fjs HTTP/2.0" 200 16247 "-" "Mozilla/5.0 AppleWebKit/537.36 (KHTML, like Gecko; compatible; ClaudeBot/1.0; +claudebot@anthropic.com)"
66.249.69.199 - - [04/Dec/2025:01:36:03 -0800] "GET /?items=216928213 HTTP/1.1" 200 34602 "-" "Mozilla/5.0 (Linux; Android 6.0.1; Nexus 5X Build/MMB29P) AppleWebKit/537.36 (KHTML, like Gecko) Chrome/141.0.7390.122 Mobile Safari/537.36 (compatible; Googlebot/2.1; +http://www.google.com/bot.html)"
216.73.216.116 - - [04/Dec/2025:01:36:03 -0800] "GET /property/best-deal-2br-apartment-fully-furnished-burj-khalifa-view?fileloc=%2F%2Flib%2Fpython3.10%2Fencodings%2Fzlib_codec.py&path=%2F%2Flib%2Fpython3.10%2Fencodings HTTP/2.0" 200 0 "-" "Mozilla/5.0 AppleWebKit/537.36 (KHTML, like Gecko; compatible; ClaudeBot/1.0; +claudebot@anthropic.com)"
74.7.227.32 - - [04/Dec/2025:01:36:03 -0800] "GET /item_support/what_is_item_support/8988002?fileloc=//sys/class/net/phy0/carrier_up_count&path=//sys/class/net/phy0 HTTP/2.0" 200 2657 "-" "Mozilla/5.0 AppleWebKit/537.36 (KHTML, like Gecko; compatible; GPTBot/1.3; +https://openai.com/gptbot)"
74.7.242.13 - - [04/Dec/2025:01:36:03 -0800] "GET /property/beautiful-5bhk-semi-attached-villa-with-burj-al-arab-view-for-rent-in-umm-suqeim-2/?path=//sys/devices/pci0000:40/firmware_node/device:ac/device:ad/subsystem/devices/device:cc/device:cd/device:cf/subsystem/devices/device:ac/device:ad/subsystem/devices/device:ee/subsystem/devices/device:bc/device:be/subsystem/devices/device:cb/device:cc HTTP/2.0" 200 3599 "-" "Mozilla/5.0 AppleWebKit/537.36 (KHTML, like Gecko; compatible; GPTBot/1.3; +https://openai.com/gptbot)"
217.113.194.94 - - [04/Dec/2025:01:36:04 -0800] "GET /feature/built-in-wardrobe/page/2/?fileloc=//sbin/update-default-aspell&path=//sbin HTTP/1.1" 200 6735 "-" "Mozilla/5.0 (compatible; Barkrowler/0.9; +https://babbar.tech/crawler)"
3.217.171.106 - - [04/Dec/2025:01:36:03 -0800] "GET /property-type/penthouse/?path=//sys/devices/platform/reg-dummy/driver/reg-dummy/driver/reg-dummy/subsystem/devices/reg-dummy/subsystem/drivers/PCCT/PCCT/driver/PCCT/driver/PCCT/subsystem HTTP/1.1" 200 6648 "-" "Mozilla/5.0 AppleWebKit/537.36 (KHTML, like Gecko; compatible; Amazonbot/0.1; +https://developer.amazon.com/support/amazonbot) Chrome/119.0.6045.214 Safari/537.36"
54.163.136.244 - - [04/Dec/2025:01:36:03 -0800] "GET /property-type/villa/?path=//sys/devices/platform/reg-dummy/driver/reg-dummy/driver/reg-dummy/subsystem/devices/PNP0800:00/subsystem/devices/reg-dummy/subsystem/devices/PCCT/driver/PCCT/subsystem HTTP/1.1" 200 6663 "-" "Mozilla/5.0 AppleWebKit/537.36 (KHTML, like Gecko; compatible; Amazonbot/0.1; +https://developer.amazon.com/support/amazonbot) Chrome/119.0.6045.214 Safari/537.36"
144.76.19.157 - - [04/Dec/2025:01:36:03 -0800] "GET /feature/balcony/?path=/lib/locale/lv_LV.utf8 HTTP/1.1" 200 7062 "-" "Mozilla/5.0 (compatible; SERankingBacklinksBot/1.0; +https://seranking.com/backlinks-crawler)"
3.94.40.182 - - [04/Dec/2025:01:36:03 -0800] "GET /property-type/shop/?path=//sys/bus/platform/drivers/reg-dummy/reg-dummy/driver/reg-dummy/driver/reg-dummy/subsystem/drivers/PCCT/PCCT/subsystem/devices/PCCT/subsystem/devices/PCCT/subsystem HTTP/1.1" 200 6651 "-" "Mozilla/5.0 AppleWebKit/537.36 (KHTML, like Gecko; compatible; Amazonbot/0.1; +https://developer.amazon.com/support/amazonbot) Chrome/119.0.6045.214 Safari/537.36"
43.173.179.156 - - [04/Dec/2025:01:36:03 -0800] "GET /blog/?fileloc=//sys/dev/block/259:2/queue/discard_max_bytes&path=//sys/dev/block/259:2/queue HTTP/1.1" 200 6168 "-" "Mozilla/5.0 (Windows NT 10.0; Win64; x64) AppleWebKit/537.36 (KHTML, like Gecko) Chrome/106.0.5249.119 Safari/537.36"
216.73.216.116 - - [04/Dec/2025:01:36:06 -0800] "GET /property/best-deal-2br-apartment-fully-furnished-burj-khalifa-view?path=%2Fhome%2Fdh_hwg2wc%2Ffnaluxury.com%2Fwp-content%2Fplugins%2Fheader-footer-elementor%2Fadmin%2Fbsf-analytics HTTP/2.0" 200 3506 "-" "Mozilla/5.0 AppleWebKit/537.36 (KHTML, like Gecko; compatible; ClaudeBot/1.0; +claudebot@anthropic.com)"
3.218.103.254 - - [04/Dec/2025:01:36:08 -0800] "GET /property-type/studio/?path=//sys/bus/platform/devices/reg-dummy/driver/reg-dummy/driver/reg-dummy/subsystem/devices/reg-dummy/subsystem/devices/pcspkr/subsystem/devices/PCCT/driver/PCCT/driver/PCCT/subsystem HTTP/1.1" 200 6679 "-" "Mozilla/5.0 AppleWebKit/537.36 (KHTML, like Gecko; compatible; Amazonbot/0.1; +https://developer.amazon.com/support/amazonbot) Chrome/119.0.6045.214 Safari/537.36"
74.7.227.32 - - [04/Dec/2025:01:36:08 -0800] "GET /item_support/what_is_item_support/8988002?fileloc=//sys/class/net/phy0/carrier_changes&path=//sys/class/net/phy0 HTTP/2.0" 200 2597 "-" "Mozilla/5.0 AppleWebKit/537.36 (KHTML, like Gecko; compatible; GPTBot/1.3; +https://openai.com/gptbot)"
216.73.216.116 - - [04/Dec/2025:01:36:09 -0800] "GET /property/best-deal-2br-apartment-fully-furnished-burj-khalifa-view?fileloc=%2F%2Flib%2Fpython3.10%2F__pycache__%2Fglob.cpython-310.pyc&path=%2F%2Flib%2Fpython3.10%2F__pycache__ HTTP/2.0" 200 5541 "-" "Mozilla/5.0 AppleWebKit/537.36 (KHTML, like Gecko; compatible; ClaudeBot/1.0; +claudebot@anthropic.com)"
74.7.242.13 - - [04/Dec/2025:01:36:09 -0800] "GET /property/beautiful-5bhk-semi-attached-villa-with-burj-al-arab-view-for-rent-in-umm-suqeim-2/?path=//sys/devices/pci0000:40/firmware_node/device:ac/device:ad/subsystem/devices/device:cc/device:cd/device:cf/subsystem/devices/device:ac/device:ad/subsystem/devices/device:ee/subsystem/devices/device:ec/device:ef/subsystem/devices/device:aa/device:ab HTTP/2.0" 200 3341 "-" "Mozilla/5.0 AppleWebKit/537.36 (KHTML, like Gecko; compatible; GPTBot/1.3; +https://openai.com/gptbot)"
3.226.106.93 - - [04/Dec/2025:01:36:10 -0800] "GET /property-type/whole-building/?path=//sys/devices/platform/reg-dummy/subsystem/drivers/reg-dummy/reg-dummy/subsystem/devices/microcode/subsystem/drivers/PCCT/PCCT/driver/PCCT/driver/PCCT/subsystem/drivers HTTP/1.1" 200 7435 "-" "Mozilla/5.0 AppleWebKit/537.36 (KHTML, like Gecko; compatible; Amazonbot/0.1; +https://developer.amazon.com/support/amazonbot) Chrome/119.0.6045.214 Safari/537.36"
216.73.216.116 - - [04/Dec/2025:01:36:12 -0800] "GET /property/best-deal-2br-apartment-fully-furnished-burj-khalifa-view?fileloc=%2F%2Flib%2Fpython3.10%2F__pycache__%2Fsecrets.cpython-310.pyc&path=%2F%2Flib%2Fpython3.10%2F__pycache__ HTTP/2.0" 200 3822 "-" "Mozilla/5.0 AppleWebKit/537.36 (KHTML, like Gecko; compatible; ClaudeBot/1.0; +claudebot@anthropic.com)"
34.194.226.74 - - [04/Dec/2025:01:36:13 -0800] "GET /property/brand-new-villa-2/?path=//sys/bus/platform/devices/reg-dummy/driver/reg-dummy/subsystem/devices/reg-dummy/driver/reg-dummy/subsystem/devices/PCCT/subsystem/devices/PCCT/driver/PCCT/subsystem/drivers/isch_smbus HTTP/1.1" 200 6541 "-" "Mozilla/5.0 AppleWebKit/537.36 (KHTML, like Gecko; compatible; Amazonbot/0.1; +https://developer.amazon.com/support/amazonbot) Chrome/119.0.6045.214 Safari/537.36"
216.73.216.116 - - [04/Dec/2025:01:36:15 -0800] "GET /property/best-deal-2br-apartment-fully-furnished-burj-khalifa-view?fileloc=%2F%2Flib%2Fpython3.10%2F__pycache__%2Fhmac.cpython-310.pyc&path=%2F%2Flib%2Fpython3.10%2F__pycache__ HTTP/2.0" 200 5874 "-" "Mozilla/5.0 AppleWebKit/537.36 (KHTML, like Gecko; compatible; ClaudeBot/1.0; +claudebot@anthropic.com)"
74.7.227.32 - - [04/Dec/2025:01:36:16 -0800] "GET /item_support/what_is_item_support/8988002?fileloc=//sys/class/net/phy0/phys_port_name&path=//sys/class/net/phy0 HTTP/2.0" 200 2653 "-" "Mozilla/5.0 AppleWebKit/537.36 (KHTML, like Gecko; compatible; GPTBot/1.3; +https://openai.com/gptbot)"
74.7.242.13 - - [04/Dec/2025:01:36:18 -0800] "GET /property/beautiful-5bhk-semi-attached-villa-with-burj-al-arab-view-for-rent-in-umm-suqeim-2/?path=//sys/devices/pci0000:40/firmware_node/device:ac/device:ad/subsystem/devices/device:cc/device:cd/device:ce/subsystem/devices/device:ac/device:ad/subsystem/devices/device:ac/subsystem/devices/device:cb/device:cc/device:cd/subsystem/devices/device:ca/physical_node/peer/peer/peer/peer/peer/peer/peer/peer/peer/peer HTTP/2.0" 200 3926 "-" "Mozilla/5.0 AppleWebKit/537.36 (KHTML, like Gecko; compatible; GPTBot/1.3; +https://openai.com/gptbot)"
144.76.19.157 - - [04/Dec/2025:01:36:18 -0800] "GET /hello-world/?path=/sys/block/nbd1/mq/0/cpu14 HTTP/1.1" 200 3268 "-" "Mozilla/5.0 (compatible; SERankingBacklinksBot/1.0; +https://seranking.com/backlinks-crawler)"
216.73.216.116 - - [04/Dec/2025:01:36:18 -0800] "GET /property/best-deal-2br-apartment-fully-furnished-burj-khalifa-view?fileloc=%2Fhome%2Fdh_hwg2wc%2Ffnaluxury.com%2Fwp-content%2Fplugins%2Fwordfence%2Fviews%2Fuser%2F.htaccess&path=%2Fhome%2Fdh_hwg2wc%2Ffnaluxury.com%2Fwp-content%2Fplugins%2Fwordfence%2Fviews%2Fuser HTTP/2.0" 200 2736 "-" "Mozilla/5.0 AppleWebKit/537.36 (KHTML, like Gecko; compatible; ClaudeBot/1.0; +claudebot@anthropic.com)"
3.209.174.110 - - [04/Dec/2025:01:36:19 -0800] "GET /property-type/shop/?path=//sys/devices/platform/microcode/subsystem/drivers/reg-dummy/reg-dummy/driver/reg-dummy/driver/reg-dummy/subsystem/devices/PNP0800:00/subsystem/devices/PCCT/subsystem HTTP/1.1" 200 6663 "-" "Mozilla/5.0 AppleWebKit/537.36 (KHTML, like Gecko; compatible; Amazonbot/0.1; +https://developer.amazon.com/support/amazonbot) Chrome/119.0.6045.214 Safari/537.36"
217.113.194.98 - - [04/Dec/2025:01:36:21 -0800] "GET /feature/built-in-wardrobe/page/2/?fileloc=//sbin/chgpasswd&path=//sbin HTTP/1.1" 200 21172 "-" "Mozilla/5.0 (compatible; Barkrowler/0.9; +https://babbar.tech/crawler)"
216.73.216.116 - - [04/Dec/2025:01:36:21 -0800] "GET /property/best-deal-2br-apartment-fully-furnished-burj-khalifa-view?path=%2Fhome%2Fdh_hwg2wc%2Ffnaluxury.com%2Fwp-content%2Fplugins%2Fredux-framework%2Fredux-templates%2Fclasses%2Ftemplates HTTP/2.0" 200 3215 "-" "Mozilla/5.0 AppleWebKit/537.36 (KHTML, like Gecko; compatible; ClaudeBot/1.0; +claudebot@anthropic.com)"
144.76.19.157 - - [04/Dec/2025:01:36:22 -0800] "GET /feature/balcony/?path=/lib/locale/mg_MG.utf8 HTTP/1.1" 200 3729 "-" "Mozilla/5.0 (compatible; SERankingBacklinksBot/1.0; +https://seranking.com/backlinks-crawler)"
52.54.249.218 - - [04/Dec/2025:01:36:22 -0800] "GET /property-type/full-floor/?path=//sys/devices/platform/PCCT/subsystem/devices/reg-dummy/driver/reg-dummy/driver/reg-dummy/subsystem/devices/microcode/subsystem/drivers/PCCT/PCCT/driver/PCCT/subsystem/devices HTTP/1.1" 200 7050 "-" "Mozilla/5.0 AppleWebKit/537.36 (KHTML, like Gecko; compatible; Amazonbot/0.1; +https://developer.amazon.com/support/amazonbot) Chrome/119.0.6045.214 Safari/537.36"
216.73.216.116 - - [04/Dec/2025:01:36:24 -0800] "GET /property/best-deal-2br-apartment-fully-furnished-burj-khalifa-view?fileloc=%2F%2Flib%2Fpython3.10%2F__pycache__%2Fprofile.cpython-310.pyc&path=%2F%2Flib%2Fpython3.10%2F__pycache__ HTTP/2.0" 200 9289 "-" "Mozilla/5.0 AppleWebKit/537.36 (KHTML, like Gecko; compatible; ClaudeBot/1.0; +claudebot@anthropic.com)"
74.7.227.32 - - [04/Dec/2025:01:36:24 -0800] "GET /item_support/what_is_item_support/8988002?fileloc=//sys/class/net/sit0/addr_assign_type&path=//sys/class/net/sit0 HTTP/2.0" 200 2655 "-" "Mozilla/5.0 AppleWebKit/537.36 (KHTML, like Gecko; compatible; GPTBot/1.3; +https://openai.com/gptbot)"
