3.89.170.186 - - [04/Dec/2025:01:29:53 -0800] "GET /property-type/townhouse/?path=//sys/devices/platform/reg-dummy/subsystem/devices/pcspkr/subsystem/drivers/reg-dummy/reg-dummy/driver/reg-dummy/subsystem/devices/AMDI0030:00/subsystem/drivers/timeriomem_rng HTTP/1.1" 200 6532 "-" "Mozilla/5.0 AppleWebKit/537.36 (KHTML, like Gecko; compatible; Amazonbot/0.1; +https://developer.amazon.com/support/amazonbot) Chrome/119.0.6045.214 Safari/537.36"
74.7.227.32 - - [04/Dec/2025:01:29:53 -0800] "GET /item_support/what_is_item_support/8988002?path=//var/cache/man/sv/cat8 HTTP/2.0" 200 2655 "-" "Mozilla/5.0 AppleWebKit/537.36 (KHTML, like Gecko; compatible; GPTBot/1.3; +https://openai.com/gptbot)"
217.113.194.100 - - [04/Dec/2025:01:29:55 -0800] "GET /feature/air-conditioning/page/4/?fileloc=//sbin/ifenslave-2.6&path=//sbin HTTP/1.1" 200 4612 "-" "Mozilla/5.0 (compatible; Barkrowler/0.9; +https://babbar.tech/crawler)"
74.7.242.13 - - [04/Dec/2025:01:29:55 -0800] "GET /property/beautiful-5bhk-semi-attached-villa-with-burj-al-arab-view-for-rent-in-umm-suqeim-2/?path=//sys/devices/pci0000:40/firmware_node/device:ac/device:ad/subsystem/devices/device:cc/device:cd/device:ce/subsystem/devices/device:ac/device:ad/subsystem/devices/device:ae/subsystem/devices/device:ca/physical_node/peer/peer/peer/peer/peer/peer/peer/peer/peer/peer/firmware_node/subsystem/devices/device:cd/device:cf HTTP/2.0" 200 3476 "-" "Mozilla/5.0 AppleWebKit/537.36 (KHTML, like Gecko; compatible; GPTBot/1.3; +https://openai.com/gptbot)"
216.73.216.116 - - [04/Dec/2025:01:29:55 -0800] "GET /property/best-deal-2br-apartment-fully-furnished-burj-khalifa-view?fileloc=%2F%2Fusr%2Finclude%2Fopenssl%2Ftxt_db.h&path=%2F%2Fusr%2Finclude%2Fopenssl HTTP/2.0" 200 3361 "-" "Mozilla/5.0 AppleWebKit/537.36 (KHTML, like Gecko; compatible; ClaudeBot/1.0; +claudebot@anthropic.com)"
74.7.227.32 - - [04/Dec/2025:01:29:56 -0800] "GET /item_support/what_is_item_support/8988002?path=//sys/class/ata_port/ata8 HTTP/2.0" 200 3190 "-" "Mozilla/5.0 AppleWebKit/537.36 (KHTML, like Gecko; compatible; GPTBot/1.3; +https://openai.com/gptbot)"
54.84.169.196 - - [04/Dec/2025:01:29:57 -0800] "GET /property-type/villa/?path=//sys/devices/platform/pcspkr/subsystem/devices/reg-dummy/driver/reg-dummy/subsystem/devices/microcode/subsystem/drivers/PCCT/PCCT/subsystem/devices/pcspkr HTTP/1.1" 200 6629 "-" "Mozilla/5.0 AppleWebKit/537.36 (KHTML, like Gecko; compatible; Amazonbot/0.1; +https://developer.amazon.com/support/amazonbot) Chrome/119.0.6045.214 Safari/537.36"
74.7.242.13 - - [04/Dec/2025:01:29:58 -0800] "GET /property/beautiful-5bhk-semi-attached-villa-with-burj-al-arab-view-for-rent-in-umm-suqeim-2/?path=//sys/devices/pci0000:40/firmware_node/device:ac/device:ad/subsystem/devices/device:cc/device:cd/device:ce/subsystem/devices/device:ac/device:ad/subsystem/devices/device:ae/subsystem/devices/device:ca/physical_node/peer/peer/peer/peer/peer/peer/peer/peer/peer/peer/firmware_node/subsystem/devices/device:cd/device:ce HTTP/2.0" 200 3474 "-" "Mozilla/5.0 AppleWebKit/537.36 (KHTML, like Gecko; compatible; GPTBot/1.3; +https://openai.com/gptbot)"
216.73.216.116 - - [04/Dec/2025:01:29:58 -0800] "GET /property/best-deal-2br-apartment-fully-furnished-burj-khalifa-view?fileloc=%2F%2Fusr%2Finclude%2Fasm-generic%2Fshmbuf.h&path=%2F%2Fusr%2Finclude%2Fasm-generic HTTP/2.0" 200 3390 "-" "Mozilla/5.0 AppleWebKit/537.36 (KHTML, like Gecko; compatible; ClaudeBot/1.0; +claudebot@anthropic.com)"
144.76.19.157 - - [04/Dec/2025:01:29:59 -0800] "GET /feature/balcony/?path=/lib/locale/ga_IE@euro HTTP/1.1" 200 4074 "-" "Mozilla/5.0 (compatible; SERankingBacklinksBot/1.0; +https://seranking.com/backlinks-crawler)"
74.7.227.32 - - [04/Dec/2025:01:29:59 -0800] "GET /item_support/what_is_item_support/8988002?path=//sys/class/tty/tty4 HTTP/2.0" 200 3049 "-" "Mozilla/5.0 AppleWebKit/537.36 (KHTML, like Gecko; compatible; GPTBot/1.3; +https://openai.com/gptbot)"
66.249.69.192 - - [04/Dec/2025:01:30:01 -0800] "GET /?items=72515226 HTTP/1.1" 200 34602 "-" "Mozilla/5.0 (Linux; Android 6.0.1; Nexus 5X Build/MMB29P) AppleWebKit/537.36 (KHTML, like Gecko) Chrome/141.0.7390.122 Mobile Safari/537.36 (compatible; Googlebot/2.1; +http://www.google.com/bot.html)"
3.212.86.97 - - [04/Dec/2025:01:30:01 -0800] "GET /property-type/villa/?path=//sys/bus/platform/drivers/reg-dummy/reg-dummy/subsystem/drivers/reg-dummy/reg-dummy/subsystem/devices/PCCT/subsystem/devices/pcspkr/subsystem/devices/PCCT/driver/PCCT/driver/PCCT/driver HTTP/1.1" 200 6535 "-" "Mozilla/5.0 AppleWebKit/537.36 (KHTML, like Gecko; compatible; Amazonbot/0.1; +https://developer.amazon.com/support/amazonbot) Chrome/119.0.6045.214 Safari/537.36"
74.7.242.13 - - [04/Dec/2025:01:30:02 -0800] "GET /property/beautiful-5bhk-semi-attached-villa-with-burj-al-arab-view-for-rent-in-umm-suqeim-2/?path=//sys/devices/pci0000:40/firmware_node/device:ac/device:ad/subsystem/devices/device:cc/device:cd/device:ce/subsystem/devices/device:ac/device:ad/subsystem/devices/device:ae/subsystem/devices/device:ca/physical_node/peer/peer/peer/peer/peer/peer/peer/peer/peer/peer/firmware_node/subsystem/devices/device:bf/physical_node/iommu HTTP/2.0" 200 3474 "-" "Mozilla/5.0 AppleWebKit/537.36 (KHTML, like Gecko; compatible; GPTBot/1.3; +https://openai.com/gptbot)"
74.7.227.32 - - [04/Dec/2025:01:30:02 -0800] "GET /item_support/what_is_item_support/8988002?path=//sys/class/tty/tty3 HTTP/2.0" 200 3048 "-" "Mozilla/5.0 AppleWebKit/537.36 (KHTML, like Gecko; compatible; GPTBot/1.3; +https://openai.com/gptbot)"
216.73.216.116 - - [04/Dec/2025:01:30:01 -0800] "GET /property/best-deal-2br-apartment-fully-furnished-burj-khalifa-view?fileloc=%2F%2Flib%2Fx86_64-linux-gnu%2Flapack%2Fliblapack.so.3&path=%2F%2Flib%2Fx86_64-linux-gnu%2Flapack HTTP/2.0" 200 3145903 "-" "Mozilla/5.0 AppleWebKit/537.36 (KHTML, like Gecko; compatible; ClaudeBot/1.0; +claudebot@anthropic.com)"
144.76.19.157 - - [04/Dec/2025:01:30:02 -0800] "GET /hello-world/?path=/sys/block/nbd0/mq/0/cpu81 HTTP/1.1" 200 2922 "-" "Mozilla/5.0 (compatible; SERankingBacklinksBot/1.0; +https://seranking.com/backlinks-crawler)"
216.73.216.116 - - [04/Dec/2025:01:30:04 -0800] "GET /property/best-deal-2br-apartment-fully-furnished-burj-khalifa-view?fileloc=%2F%2Fusr%2Finclude%2Ffreetype2%2Fft2build.h&path=%2F%2Fusr%2Finclude%2Ffreetype2 HTTP/2.0" 200 3053 "-" "Mozilla/5.0 AppleWebKit/537.36 (KHTML, like Gecko; compatible; ClaudeBot/1.0; +claudebot@anthropic.com)"
34.195.60.66 - - [04/Dec/2025:01:30:05 -0800] "GET /property-type/residential/?path=//sys/bus/platform/drivers/reg-dummy/reg-dummy/subsystem/devices/reg-dummy/subsystem/drivers/PCCT/PCCT/subsystem/devices/pcspkr/subsystem/devices/PCCT/driver HTTP/1.1" 200 6516 "-" "Mozilla/5.0 AppleWebKit/537.36 (KHTML, like Gecko; compatible; Amazonbot/0.1; +https://developer.amazon.com/support/amazonbot) Chrome/119.0.6045.214 Safari/537.36"
74.7.242.13 - - [04/Dec/2025:01:30:05 -0800] "GET /property/beautiful-5bhk-semi-attached-villa-with-burj-al-arab-view-for-rent-in-umm-suqeim-2/?path=//sys/devices/pci0000:40/firmware_node/device:ac/device:ad/subsystem/devices/device:cc/device:cd/device:ce/subsystem/devices/device:ac/device:ad/subsystem/devices/device:ae/subsystem/devices/device:ca/physical_node/peer/peer/peer/peer/peer/peer/peer/peer/peer/peer/firmware_node/subsystem/devices/device:bf/physical_node/link HTTP/2.0" 200 3304 "-" "Mozilla/5.0 AppleWebKit/537.36 (KHTML, like Gecko; compatible; GPTBot/1.3; +https://openai.com/gptbot)"
74.7.227.32 - - [04/Dec/2025:01:30:05 -0800] "GET /item_support/what_is_item_support/8988002?path=//var/cache/man/ro/cat8 HTTP/2.0" 200 2655 "-" "Mozilla/5.0 AppleWebKit/537.36 (KHTML, like Gecko; compatible; GPTBot/1.3; +https://openai.com/gptbot)"
216.73.216.116 - - [04/Dec/2025:01:30:07 -0800] "GET /property/best-deal-2br-apartment-fully-furnished-burj-khalifa-view?fileloc=%2F%2Flib%2Fpython3.10%2Femail%2Farchitecture.rst&path=%2F%2Flib%2Fpython3.10%2Femail HTTP/2.0" 200 6048 "-" "Mozilla/5.0 AppleWebKit/537.36 (KHTML, like Gecko; compatible; ClaudeBot/1.0; +claudebot@anthropic.com)"
74.7.242.13 - - [04/Dec/2025:01:30:08 -0800] "GET /property/beautiful-5bhk-semi-attached-villa-with-burj-al-arab-view-for-rent-in-umm-suqeim-2/?path=//sys/devices/pci0000:40/firmware_node/device:ac/device:ad/subsystem/devices/device:cc/device:cd/device:ce/subsystem/devices/device:ac/device:ad/subsystem/devices/device:ae/subsystem/devices/device:ca/physical_node/peer/peer/peer/peer/peer/peer/peer/peer/peer/firmware_node/subsystem/devices/device:cd/device:cf HTTP/2.0" 200 3467 "-" "Mozilla/5.0 AppleWebKit/537.36 (KHTML, like Gecko; compatible; GPTBot/1.3; +https://openai.com/gptbot)"
74.7.227.32 - - [04/Dec/2025:01:30:08 -0800] "GET /item_support/what_is_item_support/8988002?path=//sys/class/rtc/rtc0 HTTP/2.0" 200 3398 "-" "Mozilla/5.0 AppleWebKit/537.36 (KHTML, like Gecko; compatible; GPTBot/1.3; +https://openai.com/gptbot)"
100.29.107.38 - - [04/Dec/2025:01:30:09 -0800] "GET /property-type/building/?path=//sys/devices/platform/reg-dummy/driver/reg-dummy/driver/reg-dummy/driver/reg-dummy/subsystem/devices/PCCT/subsystem/devices/PCCT/subsystem/drivers/acpi-ged HTTP/1.1" 200 6500 "-" "Mozilla/5.0 AppleWebKit/537.36 (KHTML, like Gecko; compatible; Amazonbot/0.1; +https://developer.amazon.com/support/amazonbot) Chrome/119.0.6045.214 Safari/537.36"
216.73.216.116 - - [04/Dec/2025:01:30:10 -0800] "GET /property/best-deal-2br-apartment-fully-furnished-burj-khalifa-view?path=%2Fhome%2Fdh_hwg2wc%2Ffnaluxury.com%2Fwp-content%2Fplugins%2Fall-in-one-seo-pack%2Fvendor_prefixed HTTP/2.0" 200 3127 "-" "Mozilla/5.0 AppleWebKit/537.36 (KHTML, like Gecko; compatible; ClaudeBot/1.0; +claudebot@anthropic.com)"
74.7.242.13 - - [04/Dec/2025:01:30:11 -0800] "GET /property/beautiful-5bhk-semi-attached-villa-with-burj-al-arab-view-for-rent-in-umm-suqeim-2/?path=//sys/devices/pci0000:40/firmware_node/device:ac/device:ad/subsystem/devices/device:cc/device:cd/device:ce/subsystem/devices/device:ac/device:ad/subsystem/devices/device:ae/subsystem/devices/device:ca/physical_node/peer/peer/peer/peer/peer/peer/peer/peer/peer/firmware_node/subsystem/devices/device:bb HTTP/2.0" 200 3415 "-" "Mozilla/5.0 AppleWebKit/537.36 (KHTML, like Gecko; compatible; GPTBot/1.3; +https://openai.com/gptbot)"
74.7.227.32 - - [04/Dec/2025:01:30:11 -0800] "GET /item_support/what_is_item_support/8988002?path=//var/cache/man/es/cat8 HTTP/2.0" 200 2654 "-" "Mozilla/5.0 AppleWebKit/537.36 (KHTML, like Gecko; compatible; GPTBot/1.3; +https://openai.com/gptbot)"
184.73.239.35 - - [04/Dec/2025:01:30:13 -0800] "GET /property/brand-new-villa-2/?path=//sys/devices/platform/reg-dummy/subsystem/devices/PCCT/subsystem/devices/reg-dummy/driver/reg-dummy/driver/reg-dummy/subsystem/devices/PNP0800:00/subsystem/drivers/PCCT/PCCT HTTP/1.1" 200 6684 "-" "Mozilla/5.0 AppleWebKit/537.36 (KHTML, like Gecko; compatible; Amazonbot/0.1; +https://developer.amazon.com/support/amazonbot) Chrome/119.0.6045.214 Safari/537.36"
217.113.194.221 - - [04/Dec/2025:01:30:11 -0800] "GET /feature/lawn/?fileloc=//lib/git-core/git-bisect--helper&path=//lib/git-core HTTP/1.1" 500 798508 "-" "Mozilla/5.0 (compatible; Barkrowler/0.9; +https://babbar.tech/crawler)"
216.73.216.116 - - [04/Dec/2025:01:30:13 -0800] "GET /property/best-deal-2br-apartment-fully-furnished-burj-khalifa-view?fileloc=%2Fhome%2Fdh_hwg2wc%2Ffnaluxury.com%2Fwp-admin%2Fcss%2Fdeprecated-media-rtl.min.css&path=%2Fhome%2Fdh_hwg2wc%2Ffnaluxury.com%2Fwp-admin%2Fcss HTTP/2.0" 200 4200 "-" "Mozilla/5.0 AppleWebKit/537.36 (KHTML, like Gecko; compatible; ClaudeBot/1.0; +claudebot@anthropic.com)"
43.173.169.93 - - [04/Dec/2025:01:30:14 -0800] "GET /feature/barbecue-area/?fileloc=/home/dh_hwg2wc/fnaluxury.com/wp-content/plugins/wpforms-lite/assets/lib/.htaccess&path=/home/dh_hwg2wc/fnaluxury.com/wp-content/plugins/wpforms-lite/assets/lib HTTP/1.1" 200 6287 "-" "Mozilla/5.0 (Windows NT 6.1; Win64; x64) AppleWebKit/537.36 (KHTML, like Gecko) Chrome/126.0.6478.114 Safari/537.36"
74.7.242.13 - - [04/Dec/2025:01:30:14 -0800] "GET /property/beautiful-5bhk-semi-attached-villa-with-burj-al-arab-view-for-rent-in-umm-suqeim-2/?path=//sys/devices/pci0000:40/firmware_node/device:ac/device:ad/subsystem/devices/device:cc/device:cd/device:ce/subsystem/devices/device:ac/device:ad/subsystem/devices/device:ae/subsystem/devices/device:ca/physical_node/peer/peer/peer/peer/peer/peer/peer/peer/peer/firmware_node/subsystem/devices/device:ad HTTP/2.0" 200 3410 "-" "Mozilla/5.0 AppleWebKit/537.36 (KHTML, like Gecko; compatible; GPTBot/1.3; +https://openai.com/gptbot)"
43.173.178.124 - - [04/Dec/2025:01:30:14 -0800] "GET /blog/?fileloc=//sys/bus/usb/devices/usb4/bDeviceSubClass&path=//sys/bus/usb/devices/usb4 HTTP/1.1" 200 6154 "-" "Mozilla/5.0 (Windows NT 6.1; Win64; x64) AppleWebKit/537.36 (KHTML, like Gecko) Chrome/126.0.6478.114 Safari/537.36"
66.249.69.199 - - [04/Dec/2025:01:30:15 -0800] "GET /?items=72379377 HTTP/1.1" 200 34602 "-" "Mozilla/5.0 (Linux; Android 6.0.1; Nexus 5X Build/MMB29P) AppleWebKit/537.36 (KHTML, like Gecko) Chrome/141.0.7390.122 Mobile Safari/537.36 (compatible; Googlebot/2.1; +http://www.google.com/bot.html)"
74.7.227.32 - - [04/Dec/2025:01:30:15 -0800] "GET /item_support/what_is_item_support/8988002?path=//sys/class/tty/tty5 HTTP/2.0" 200 3048 "-" "Mozilla/5.0 AppleWebKit/537.36 (KHTML, like Gecko; compatible; GPTBot/1.3; +https://openai.com/gptbot)"
216.73.216.116 - - [04/Dec/2025:01:30:16 -0800] "GET /property/best-deal-2br-apartment-fully-furnished-burj-khalifa-view?fileloc=%2F%2Fusr%2Finclude%2Fasm-generic%2Ferrno.h&path=%2F%2Fusr%2Finclude%2Fasm-generic HTTP/2.0" 200 4922 "-" "Mozilla/5.0 AppleWebKit/537.36 (KHTML, like Gecko; compatible; ClaudeBot/1.0; +claudebot@anthropic.com)"
18.213.70.100 - - [04/Dec/2025:01:30:17 -0800] "GET /property-type/villa/?path=//sys/bus/platform/devices/reg-dummy/driver/reg-dummy/driver/reg-dummy/driver/reg-dummy/subsystem/drivers/PCCT/PCCT/driver/PCCT/subsystem/devices/microcode/subsystem/drivers/acpi-fan HTTP/1.1" 200 6552 "-" "Mozilla/5.0 AppleWebKit/537.36 (KHTML, like Gecko; compatible; Amazonbot/0.1; +https://developer.amazon.com/support/amazonbot) Chrome/119.0.6045.214 Safari/537.36"
74.7.242.13 - - [04/Dec/2025:01:30:17 -0800] "GET /property/beautiful-5bhk-semi-attached-villa-with-burj-al-arab-view-for-rent-in-umm-suqeim-2/?path=//sys/devices/pci0000:40/firmware_node/device:ac/device:ad/subsystem/devices/device:cc/device:cd/device:ce/subsystem/devices/device:ac/device:ad/subsystem/devices/device:ac/subsystem/devices/device:cb/device:cc/device:cd/subsystem/devices/device:ca/physical_node/peer/peer HTTP/2.0" 200 3764 "-" "Mozilla/5.0 AppleWebKit/537.36 (KHTML, like Gecko; compatible; GPTBot/1.3; +https://openai.com/gptbot)"
74.7.227.32 - - [04/Dec/2025:01:30:18 -0800] "GET /item_support/what_is_item_support/8988002?path=//var/cache/man/pt/cat8 HTTP/2.0" 200 2654 "-" "Mozilla/5.0 AppleWebKit/537.36 (KHTML, like Gecko; compatible; GPTBot/1.3; +https://openai.com/gptbot)"
144.76.19.157 - - [04/Dec/2025:01:30:19 -0800] "GET /hello-world/?path=/sys/block/nbd0/mq/0/cpu82 HTTP/1.1" 200 3269 "-" "Mozilla/5.0 (compatible; SERankingBacklinksBot/1.0; +https://seranking.com/backlinks-crawler)"
216.73.216.116 - - [04/Dec/2025:01:30:19 -0800] "GET /property/best-deal-2br-apartment-fully-furnished-burj-khalifa-view?path=%2Fhome%2Fdh_hwg2wc%2Ffnaluxury.com%2Fwp-content%2Fplugins%2Felementor%2Fmodules%2Fpage-templates%2Ftemplates HTTP/2.0" 200 3116 "-" "Mozilla/5.0 AppleWebKit/537.36 (KHTML, like Gecko; compatible; ClaudeBot/1.0; +claudebot@anthropic.com)"
74.7.242.13 - - [04/Dec/2025:01:30:20 -0800] "GET /property/beautiful-5bhk-semi-attached-villa-with-burj-al-arab-view-for-rent-in-umm-suqeim-2/?path=//sys/devices/pci0000:40/firmware_node/device:ac/device:ad/subsystem/devices/device:cc/device:cd/device:ce/subsystem/devices/device:ac/device:ad/subsystem/devices/device:ac/subsystem/devices/device:cb/device:cc/device:cd/device:cf/subsystem/devices/device:bc/device:bd/subsystem/drivers/hpet HTTP/2.0" 200 3314 "-" "Mozilla/5.0 AppleWebKit/537.36 (KHTML, like Gecko; compatible; GPTBot/1.3; +https://openai.com/gptbot)"
3.224.205.25 - - [04/Dec/2025:01:30:21 -0800] "GET /property-type/townhouse/?path=//sys/class/tty/ttyS2/device/subsystem/drivers/reg-dummy/reg-dummy/driver/reg-dummy/driver/reg-dummy/subsystem/devices/IPI0001:00/subsystem/devices/microcode/subsystem/drivers/acpi-ged HTTP/1.1" 200 6554 "-" "Mozilla/5.0 AppleWebKit/537.36 (KHTML, like Gecko; compatible; Amazonbot/0.1; +https://developer.amazon.com/support/amazonbot) Chrome/119.0.6045.214 Safari/537.36"
74.7.227.32 - - [04/Dec/2025:01:30:21 -0800] "GET /item_support/what_is_item_support/8988002?path=//var/cache/man/pt/cat5 HTTP/2.0" 200 2654 "-" "Mozilla/5.0 AppleWebKit/537.36 (KHTML, like Gecko; compatible; GPTBot/1.3; +https://openai.com/gptbot)"
66.249.69.199 - - [04/Dec/2025:01:30:22 -0800] "GET /?items=216809073 HTTP/1.1" 200 34602 "-" "Mozilla/5.0 (Linux; Android 6.0.1; Nexus 5X Build/MMB29P) AppleWebKit/537.36 (KHTML, like Gecko) Chrome/141.0.7390.122 Mobile Safari/537.36 (compatible; Googlebot/2.1; +http://www.google.com/bot.html)"
144.76.19.157 - - [04/Dec/2025:01:30:22 -0800] "GET /feature/balcony/?path=/lib/locale/gd_GB.utf8 HTTP/1.1" 200 3728 "-" "Mozilla/5.0 (compatible; SERankingBacklinksBot/1.0; +https://seranking.com/backlinks-crawler)"
216.73.216.116 - - [04/Dec/2025:01:30:22 -0800] "GET /property/best-deal-2br-apartment-fully-furnished-burj-khalifa-view?fileloc=%2Fhome%2Fdh_hwg2wc%2Ffnaluxury.com%2Fwp-includes%2FPHPMailer%2F.htaccess&path=%2Fhome%2Fdh_hwg2wc%2Ffnaluxury.com%2Fwp-includes%2FPHPMailer HTTP/2.0" 200 2706 "-" "Mozilla/5.0 AppleWebKit/537.36 (KHTML, like Gecko; compatible; ClaudeBot/1.0; +claudebot@anthropic.com)"
74.7.242.13 - - [04/Dec/2025:01:30:23 -0800] "GET /property/beautiful-5bhk-semi-attached-villa-with-burj-al-arab-view-for-rent-in-umm-suqeim-2/?path=//sys/devices/pci0000:40/firmware_node/device:ac/device:ad/subsystem/devices/device:cc/device:cd/device:ce/subsystem/devices/device:ac/device:ad/subsystem/devices/device:ae/subsystem/devices/device:ca/physical_node/peer/peer/peer/peer/peer/peer/peer/peer/firmware_node/subsystem/devices/device:ac/device:ad HTTP/2.0" 200 3417 "-" "Mozilla/5.0 AppleWebKit/537.36 (KHTML, like Gecko; compatible; GPTBot/1.3; +https://openai.com/gptbot)"
74.7.227.32 - - [04/Dec/2025:01:30:24 -0800] "GET /item_support/what_is_item_support/8988002?path=//var/cache/man/pt/cat1 HTTP/2.0" 200 2654 "-" "Mozilla/5.0 AppleWebKit/537.36 (KHTML, like Gecko; compatible; GPTBot/1.3; +https://openai.com/gptbot)"
23.21.228.180 - - [04/Dec/2025:01:30:25 -0800] "GET /property-type/full-floor/?path=//sys/bus/platform/devices/reg-dummy/driver/reg-dummy/driver/reg-dummy/driver/reg-dummy/subsystem/devices/PCCT/driver/PCCT/subsystem/devices/PCCT/subsystem/drivers/timeriomem_rng HTTP/1.1" 200 6537 "-" "Mozilla/5.0 AppleWebKit/537.36 (KHTML, like Gecko; compatible; Amazonbot/0.1; +https://developer.amazon.com/support/amazonbot) Chrome/119.0.6045.214 Safari/537.36"
216.73.216.116 - - [04/Dec/2025:01:30:25 -0800] "GET /property/best-deal-2br-apartment-fully-furnished-burj-khalifa-view?fileloc=%2F%2Flib%2Fx86_64-linux-gnu%2Flibbd_utils.so.2.1.0&path=%2F%2Flib%2Fx86_64-linux-gnu HTTP/2.0" 200 13852 "-" "Mozilla/5.0 AppleWebKit/537.36 (KHTML, like Gecko; compatible; ClaudeBot/1.0; +claudebot@anthropic.com)"
144.76.19.157 - - [04/Dec/2025:01:30:26 -0800] "GET /hello-world/?path=/sys/block/nbd0/mq/0/cpu83 HTTP/1.1" 200 2922 "-" "Mozilla/5.0 (compatible; SERankingBacklinksBot/1.0; +https://seranking.com/backlinks-crawler)"
74.7.242.13 - - [04/Dec/2025:01:30:27 -0800] "GET /property/beautiful-5bhk-semi-attached-villa-with-burj-al-arab-view-for-rent-in-umm-suqeim-2/?path=//sys/devices/pci0000:40/firmware_node/device:ac/device:ad/subsystem/devices/device:cc/device:cd/device:ce/subsystem/devices/device:ac/device:ad/subsystem/devices/device:ac/subsystem/devices/device:cb/device:cc/device:cd/device:cf/subsystem/devices/device:aa/physical_node/iommu_group HTTP/2.0" 200 3354 "-" "Mozilla/5.0 AppleWebKit/537.36 (KHTML, like Gecko; compatible; GPTBot/1.3; +https://openai.com/gptbot)"
74.7.227.32 - - [04/Dec/2025:01:30:27 -0800] "GET /item_support/what_is_item_support/8988002?path=//sys/class/tty/tty7 HTTP/2.0" 200 3049 "-" "Mozilla/5.0 AppleWebKit/537.36 (KHTML, like Gecko; compatible; GPTBot/1.3; +https://openai.com/gptbot)"
216.73.216.116 - - [04/Dec/2025:01:30:28 -0800] "GET /property/best-deal-2br-apartment-fully-furnished-burj-khalifa-view?fileloc=%2F%2Fusr%2Finclude%2Fc-client%2Fos_s40.h&path=%2F%2Fusr%2Finclude%2Fc-client HTTP/2.0" 200 3122 "-" "Mozilla/5.0 AppleWebKit/537.36 (KHTML, like Gecko; compatible; ClaudeBot/1.0; +claudebot@anthropic.com)"
98.84.60.17 - - [04/Dec/2025:01:30:29 -0800] "GET /property-type/villa/?path=//sys/devices/platform/PCCT/subsystem/drivers/reg-dummy/reg-dummy/driver/reg-dummy/subsystem/drivers/PCCT/PCCT/subsystem/devices/IPI0001:00/subsystem/devices/PCCT/driver HTTP/1.1" 200 6527 "-" "Mozilla/5.0 AppleWebKit/537.36 (KHTML, like Gecko; compatible; Amazonbot/0.1; +https://developer.amazon.com/support/amazonbot) Chrome/119.0.6045.214 Safari/537.36"
74.7.242.13 - - [04/Dec/2025:01:30:30 -0800] "GET /property/beautiful-5bhk-semi-attached-villa-with-burj-al-arab-view-for-rent-in-umm-suqeim-2/?path=//sys/devices/pci0000:40/firmware_node/device:ac/device:ad/subsystem/devices/device:cc/device:cd/device:cf/subsystem/devices/device:ac/device:ad/subsystem/devices/device:ee/subsystem/devices/device:ee/subsystem HTTP/2.0" 200 3343 "-" "Mozilla/5.0 AppleWebKit/537.36 (KHTML, like Gecko; compatible; GPTBot/1.3; +https://openai.com/gptbot)"
217.113.194.92 - - [04/Dec/2025:01:30:29 -0800] "GET /feature/lawn/?fileloc=//lib/git-core/git-imap-send&path=//lib/git-core HTTP/1.1" 200 287300 "-" "Mozilla/5.0 (compatible; Barkrowler/0.9; +https://babbar.tech/crawler)"
74.7.227.32 - - [04/Dec/2025:01:30:30 -0800] "GET /item_support/what_is_item_support/8988002?path=//sys/class/ata_port/ata9 HTTP/2.0" 200 3190 "-" "Mozilla/5.0 AppleWebKit/537.36 (KHTML, like Gecko; compatible; GPTBot/1.3; +https://openai.com/gptbot)"
144.76.19.157 - - [04/Dec/2025:01:30:29 -0800] "GET /feature/balcony/?path=/lib/locale/gl_ES.utf8 HTTP/1.1" 200 3727 "-" "Mozilla/5.0 (compatible; SERankingBacklinksBot/1.0; +https://seranking.com/backlinks-crawler)"
216.73.216.116 - - [04/Dec/2025:01:30:31 -0800] "GET /property/best-deal-2br-apartment-fully-furnished-burj-khalifa-view?path=%2Fhome%2Fdh_hwg2wc%2Ffnaluxury.com%2Fwp-content%2Fplugins%2Fnew-social-media-widget%2Flanguages HTTP/2.0" 200 3100 "-" "Mozilla/5.0 AppleWebKit/537.36 (KHTML, like Gecko; compatible; ClaudeBot/1.0; +claudebot@anthropic.com)"
3.94.40.182 - - [04/Dec/2025:01:30:33 -0800] "GET /property/modern-apartment-on-the-bay/?path=//sys/devices/platform/reg-dummy/subsystem/drivers/reg-dummy/reg-dummy/subsystem/devices/reg-dummy/subsystem/devices/PCCT/driver/PCCT/driver/PCCT/driver HTTP/1.1" 200 6488 "-" "Mozilla/5.0 AppleWebKit/537.36 (KHTML, like Gecko; compatible; Amazonbot/0.1; +https://developer.amazon.com/support/amazonbot) Chrome/119.0.6045.214 Safari/537.36"
74.7.242.13 - - [04/Dec/2025:01:30:33 -0800] "GET /property/beautiful-5bhk-semi-attached-villa-with-burj-al-arab-view-for-rent-in-umm-suqeim-2/?path=//sys/devices/pci0000:40/firmware_node/device:ac/device:ad/subsystem/devices/device:cc/device:cd/device:ce/subsystem/devices/device:ac/device:ad/subsystem/devices/device:ac/subsystem/devices/device:cb/device:cc/device:cd/device:cf/subsystem/devices/device:bd/physical_node/iommu_group HTTP/2.0" 200 3355 "-" "Mozilla/5.0 AppleWebKit/537.36 (KHTML, like Gecko; compatible; GPTBot/1.3; +https://openai.com/gptbot)"
74.7.227.32 - - [04/Dec/2025:01:30:33 -0800] "GET /item_support/what_is_item_support/8988002?path=//sys/class/ata_port/ata5 HTTP/2.0" 200 3190 "-" "Mozilla/5.0 AppleWebKit/537.36 (KHTML, like Gecko; compatible; GPTBot/1.3; +https://openai.com/gptbot)"
216.73.216.116 - - [04/Dec/2025:01:30:34 -0800] "GET /property/best-deal-2br-apartment-fully-furnished-burj-khalifa-view?path=%2F%2Flib%2Fx86_64-linux-gnu%2Fopen-vm-tools%2Fplugins%2Fvmsvc HTTP/2.0" 200 3446 "-" "Mozilla/5.0 AppleWebKit/537.36 (KHTML, like Gecko; compatible; ClaudeBot/1.0; +claudebot@anthropic.com)"
74.7.242.13 - - [04/Dec/2025:01:30:36 -0800] "GET /property/beautiful-5bhk-semi-attached-villa-with-burj-al-arab-view-for-rent-in-umm-suqeim-2/?path=//sys/devices/pci0000:40/firmware_node/device:ac/device:ad/subsystem/devices/device:cc/device:cd/device:ce/subsystem/devices/device:ac/device:ad/subsystem/devices/device:ae/subsystem/devices/device:ca/physical_node/peer/peer/peer/peer/peer/peer/peer/peer/peer/peer/firmware_node/subsystem/devices/device:bf/physical_node/iommu/amd-iommu HTTP/2.0" 200 3321 "-" "Mozilla/5.0 AppleWebKit/537.36 (KHTML, like Gecko; compatible; GPTBot/1.3; +https://openai.com/gptbot)"
74.7.227.32 - - [04/Dec/2025:01:30:36 -0800] "GET /item_support/what_is_item_support/8988002?path=//sys/class/ata_port/ata1 HTTP/2.0" 200 3190 "-" "Mozilla/5.0 AppleWebKit/537.36 (KHTML, like Gecko; compatible; GPTBot/1.3; +https://openai.com/gptbot)"
3.220.148.166 - - [04/Dec/2025:01:30:37 -0800] "GET /property-type/shop/?path=//sys/bus/platform/drivers/reg-dummy/reg-dummy/subsystem/drivers/reg-dummy/reg-dummy/subsystem/devices/PCCT/subsystem/devices/pcspkr/subsystem/drivers/PCCT/PCCT/driver/PCCT HTTP/1.1" 200 6682 "-" "Mozilla/5.0 AppleWebKit/537.36 (KHTML, like Gecko; compatible; Amazonbot/0.1; +https://developer.amazon.com/support/amazonbot) Chrome/119.0.6045.214 Safari/537.36"
216.73.216.116 - - [04/Dec/2025:01:30:37 -0800] "GET /property/best-deal-2br-apartment-fully-furnished-burj-khalifa-view?fileloc=%2Fhome%2Fdh_hwg2wc%2Ffnaluxury.com%2Fwp-content%2Fthemes%2Ftwentytwentyfive%2Fstyles%2Fsections%2Fsection-3.json&path=%2Fhome%2Fdh_hwg2wc%2Ffnaluxury.com%2Fwp-content%2Fthemes%2Ftwentytwentyfive%2Fstyles%2Fsections HTTP/2.0" 200 3016 "-" "Mozilla/5.0 AppleWebKit/537.36 (KHTML, like Gecko; compatible; ClaudeBot/1.0; +claudebot@anthropic.com)"
74.7.242.13 - - [04/Dec/2025:01:30:39 -0800] "GET /property/beautiful-5bhk-semi-attached-villa-with-burj-al-arab-view-for-rent-in-umm-suqeim-2/?path=//sys/devices/pci0000:40/firmware_node/device:ac/device:ad/subsystem/devices/device:cc/device:cd/device:ce/subsystem/devices/device:ac/device:ad/subsystem/devices/device:ac/subsystem/devices/device:cb/device:cc/device:cd/subsystem/devices/device:bc/device:bf/physical_node/iommu_group HTTP/2.0" 200 3357 "-" "Mozilla/5.0 AppleWebKit/537.36 (KHTML, like Gecko; compatible; GPTBot/1.3; +https://openai.com/gptbot)"
74.7.227.32 - - [04/Dec/2025:01:30:39 -0800] "GET /item_support/what_is_item_support/8988002?path=//sys/class/tty/tty8 HTTP/2.0" 200 3048 "-" "Mozilla/5.0 AppleWebKit/537.36 (KHTML, like Gecko; compatible; GPTBot/1.3; +https://openai.com/gptbot)"
216.73.216.116 - - [04/Dec/2025:01:30:40 -0800] "GET /property/best-deal-2br-apartment-fully-furnished-burj-khalifa-view?path=%2F%2Flib%2Fx86_64-linux-gnu%2Flibmariadb3%2Fplugin HTTP/2.0" 200 3168 "-" "Mozilla/5.0 AppleWebKit/537.36 (KHTML, like Gecko; compatible; ClaudeBot/1.0; +claudebot@anthropic.com)"
3.217.171.106 - - [04/Dec/2025:01:30:41 -0800] "GET /property-type/townhouse/?path=//sys/devices/platform/PCCT/subsystem/drivers/reg-dummy/reg-dummy/driver/reg-dummy/subsystem/devices/reg-dummy/subsystem/devices/PNP0C33:00/subsystem/devices/pcspkr HTTP/1.1" 200 6628 "-" "Mozilla/5.0 AppleWebKit/537.36 (KHTML, like Gecko; compatible; Amazonbot/0.1; +https://developer.amazon.com/support/amazonbot) Chrome/119.0.6045.214 Safari/537.36"
74.7.242.13 - - [04/Dec/2025:01:30:42 -0800] "GET /property/beautiful-5bhk-semi-attached-villa-with-burj-al-arab-view-for-rent-in-umm-suqeim-2/?path=//sys/devices/pci0000:40/firmware_node/device:ac/device:ad/subsystem/devices/device:cc/device:cd/device:ce/subsystem/devices/device:ac/device:ad/subsystem/devices/device:fe/device:ff/subsystem/devices/device:ca/physical_node/peer/peer/peer/peer/peer/peer/firmware_node/physical_node/peer/peer/peer/peer/firmware_node/subsystem HTTP/2.0" 200 3497 "-" "Mozilla/5.0 AppleWebKit/537.36 (KHTML, like Gecko; compatible; GPTBot/1.3; +https://openai.com/gptbot)"
74.7.227.32 - - [04/Dec/2025:01:30:42 -0800] "GET /item_support/what_is_item_support/8988002?path=//sys/class/ata_port/ata7 HTTP/2.0" 200 3190 "-" "Mozilla/5.0 AppleWebKit/537.36 (KHTML, like Gecko; compatible; GPTBot/1.3; +https://openai.com/gptbot)"
216.73.216.116 - - [04/Dec/2025:01:30:43 -0800] "GET /property/best-deal-2br-apartment-fully-furnished-burj-khalifa-view?path=%2Fhome%2Fdh_hwg2wc%2Ffnaluxury.com%2Fwp-content%2Fplugins%2Fhouzez-crm%2Fincludes HTTP/2.0" 200 3492 "-" "Mozilla/5.0 AppleWebKit/537.36 (KHTML, like Gecko; compatible; ClaudeBot/1.0; +claudebot@anthropic.com)"
44.207.69.106 - - [04/Dec/2025:01:30:45 -0800] "GET /property-type/building/?path=//sys/bus/platform/drivers/reg-dummy/reg-dummy/driver/reg-dummy/driver/reg-dummy/subsystem/devices/PCCT/subsystem/devices/PCCT/subsystem/devices/PCCT/driver HTTP/1.1" 200 6497 "-" "Mozilla/5.0 AppleWebKit/537.36 (KHTML, like Gecko; compatible; Amazonbot/0.1; +https://developer.amazon.com/support/amazonbot) Chrome/119.0.6045.214 Safari/537.36"
74.7.242.13 - - [04/Dec/2025:01:30:46 -0800] "GET /property/beautiful-5bhk-semi-attached-villa-with-burj-al-arab-view-for-rent-in-umm-suqeim-2/?path=//sys/devices/pci0000:40/firmware_node/device:ac/device:ad/subsystem/devices/device:cc/device:cd/device:cf/subsystem/devices/device:ac/device:ad/subsystem/devices/device:ee/subsystem/devices/device:eb HTTP/2.0" 200 3293 "-" "Mozilla/5.0 AppleWebKit/537.36 (KHTML, like Gecko; compatible; GPTBot/1.3; +https://openai.com/gptbot)"
74.7.227.32 - - [04/Dec/2025:01:30:46 -0800] "GET /item_support/what_is_item_support/8988002?path=//sys/class/tty/tty6 HTTP/2.0" 200 3048 "-" "Mozilla/5.0 AppleWebKit/537.36 (KHTML, like Gecko; compatible; GPTBot/1.3; +https://openai.com/gptbot)"
216.73.216.116 - - [04/Dec/2025:01:30:46 -0800] "GET /property/best-deal-2br-apartment-fully-furnished-burj-khalifa-view?fileloc=%2Fhome%2Fdh_hwg2wc%2Ffnaluxury.com%2Fwp-content%2Fthemes%2Ftwentytwentyfive%2Fstyles%2Fsections%2Fsection-2.json&path=%2Fhome%2Fdh_hwg2wc%2Ffnaluxury.com%2Fwp-content%2Fthemes%2Ftwentytwentyfive%2Fstyles%2Fsections HTTP/2.0" 200 3014 "-" "Mozilla/5.0 AppleWebKit/537.36 (KHTML, like Gecko; compatible; ClaudeBot/1.0; +claudebot@anthropic.com)"
217.113.194.100 - - [04/Dec/2025:01:30:46 -0800] "GET /feature/lawn/?fileloc=//lib/python3.10/_threading_local.py&path=//lib/python3.10 HTTP/1.1" 200 5686 "-" "Mozilla/5.0 (compatible; Barkrowler/0.9; +https://babbar.tech/crawler)"
74.7.242.13 - - [04/Dec/2025:01:30:49 -0800] "GET /property/beautiful-5bhk-semi-attached-villa-with-burj-al-arab-view-for-rent-in-umm-suqeim-2/?path=//sys/devices/pci0000:40/firmware_node/device:ac/device:ad/subsystem/devices/device:cc/device:cd/device:cf/subsystem/devices/device:ac/device:ad/subsystem/devices/device:ee/subsystem/devices/device:bc HTTP/2.0" 200 3441 "-" "Mozilla/5.0 AppleWebKit/537.36 (KHTML, like Gecko; compatible; GPTBot/1.3; +https://openai.com/gptbot)"
3.214.176.44 - - [04/Dec/2025:01:30:49 -0800] "GET /property-type/hotel-hotel-apartment/?path=//sys/devices/platform/reg-dummy/subsystem/devices/PCCT/subsystem/devices/reg-dummy/driver/reg-dummy/driver/reg-dummy/subsystem/devices/vesa-framebuffer.0/subsystem/drivers/PCCT/PCCT/driver/PCCT HTTP/1.1" 200 6696 "-" "Mozilla/5.0 AppleWebKit/537.36 (KHTML, like Gecko; compatible; Amazonbot/0.1; +https://developer.amazon.com/support/amazonbot) Chrome/119.0.6045.214 Safari/537.36"
216.73.216.116 - - [04/Dec/2025:01:30:49 -0800] "GET /property/best-deal-2br-apartment-fully-furnished-burj-khalifa-view?fileloc=%2Fhome%2Fdh_hwg2wc%2Ffnaluxury.com%2Fwp-content%2Fthemes%2Ftwentytwentyfive%2Fstyles%2Fsections%2Fsection-1.json&path=%2Fhome%2Fdh_hwg2wc%2Ffnaluxury.com%2Fwp-content%2Fthemes%2Ftwentytwentyfive%2Fstyles%2Fsections HTTP/2.0" 200 3027 "-" "Mozilla/5.0 AppleWebKit/537.36 (KHTML, like Gecko; compatible; ClaudeBot/1.0; +claudebot@anthropic.com)"
74.7.227.32 - - [04/Dec/2025:01:30:49 -0800] "GET /item_support/what_is_item_support/8988002?path=//var/cache/man/pl/cat8 HTTP/2.0" 200 2655 "-" "Mozilla/5.0 AppleWebKit/537.36 (KHTML, like Gecko; compatible; GPTBot/1.3; +https://openai.com/gptbot)"
144.76.19.157 - - [04/Dec/2025:01:30:49 -0800] "GET /hello-world/?path=/sys/block/nbd0/mq/0/cpu84 HTTP/1.1" 200 3269 "-" "Mozilla/5.0 (compatible; SERankingBacklinksBot/1.0; +https://seranking.com/backlinks-crawler)"
74.7.242.13 - - [04/Dec/2025:01:30:52 -0800] "GET /property/beautiful-5bhk-semi-attached-villa-with-burj-al-arab-view-for-rent-in-umm-suqeim-2/?path=//sys/devices/pci0000:40/firmware_node/device:ac/device:ad/subsystem/devices/device:cc/device:cd/device:ce/subsystem/devices/device:ac/device:ad/subsystem/devices/device:ac/subsystem/devices/device:cb/device:cc/device:cd/subsystem/devices/device:ca/physical_node/peer/peer/peer HTTP/2.0" 200 3737 "-" "Mozilla/5.0 AppleWebKit/537.36 (KHTML, like Gecko; compatible; GPTBot/1.3; +https://openai.com/gptbot)"
216.73.216.116 - - [04/Dec/2025:01:30:52 -0800] "GET /property/best-deal-2br-apartment-fully-furnished-burj-khalifa-view?fileloc=%2Fhome%2Fdh_hwg2wc%2Ffnaluxury.com%2Fwp-content%2Fthemes%2Fhouzez%2Fproperty-details%2Fpartials%2Foverview-data.php&path=%2Fhome%2Fdh_hwg2wc%2Ffnaluxury.com%2Fwp-content%2Fthemes%2Fhouzez%2Fproperty-details%2Fpartials HTTP/2.0" 200 3335 "-" "Mozilla/5.0 AppleWebKit/537.36 (KHTML, like Gecko; compatible; ClaudeBot/1.0; +claudebot@anthropic.com)"
74.7.227.32 - - [04/Dec/2025:01:30:52 -0800] "GET /item_support/what_is_item_support/8988002?path=//var/cache/man/tr/cat1 HTTP/2.0" 200 2655 "-" "Mozilla/5.0 AppleWebKit/537.36 (KHTML, like Gecko; compatible; GPTBot/1.3; +https://openai.com/gptbot)"
144.76.19.157 - - [04/Dec/2025:01:30:54 -0800] "GET /feature/balcony/?path=/lib/locale/gl_ES@euro HTTP/1.1" 200 3725 "-" "Mozilla/5.0 (compatible; SERankingBacklinksBot/1.0; +https://seranking.com/backlinks-crawler)"
50.19.79.213 - - [04/Dec/2025:01:30:53 -0800] "GET /property-type/full-floor/?path=//sys/bus/platform/drivers/reg-dummy/reg-dummy/subsystem/devices/microcode/subsystem/devices/reg-dummy/driver/reg-dummy/subsystem/devices/IPI0001:00/driver/IPI0001:00/subsystem/devices/microcode HTTP/1.1" 200 6655 "-" "Mozilla/5.0 AppleWebKit/537.36 (KHTML, like Gecko; compatible; Amazonbot/0.1; +https://developer.amazon.com/support/amazonbot) Chrome/119.0.6045.214 Safari/537.36"
74.7.242.13 - - [04/Dec/2025:01:30:55 -0800] "GET /property/beautiful-5bhk-semi-attached-villa-with-burj-al-arab-view-for-rent-in-umm-suqeim-2/?path=//sys/devices/pci0000:40/firmware_node/device:ac/device:ad/subsystem/devices/device:cc/device:cd/device:ce/subsystem/devices/device:ac/device:ad/subsystem/devices/device:ac/subsystem/devices/device:cb/device:cc/device:cd/subsystem/devices/device:ca/physical_node/peer/peer/firmware_node HTTP/2.0" 200 3432 "-" "Mozilla/5.0 AppleWebKit/537.36 (KHTML, like Gecko; compatible; GPTBot/1.3; +https://openai.com/gptbot)"
74.7.227.32 - - [04/Dec/2025:01:30:55 -0800] "GET /item_support/what_is_item_support/8988002?path=//sys/class/tty/tty2 HTTP/2.0" 200 3048 "-" "Mozilla/5.0 AppleWebKit/537.36 (KHTML, like Gecko; compatible; GPTBot/1.3; +https://openai.com/gptbot)"
216.73.216.116 - - [04/Dec/2025:01:30:55 -0800] "GET /property/best-deal-2br-apartment-fully-furnished-burj-khalifa-view?path=%2Fhome%2Fdh_hwg2wc%2Ffnaluxury.com%2Fwp-content%2Fplugins%2Felementor%2Fcore%2Fkits%2Fviews HTTP/2.0" 200 3121 "-" "Mozilla/5.0 AppleWebKit/537.36 (KHTML, like Gecko; compatible; ClaudeBot/1.0; +claudebot@anthropic.com)"
54.157.99.244 - - [04/Dec/2025:01:30:57 -0800] "GET /property-type/full-floor/?path=//sys/devices/platform/reg-dummy/subsystem/devices/PCCT/driver/PCCT/subsystem/drivers/reg-dummy/reg-dummy/driver/reg-dummy/subsystem/devices/IPI0001:00/firmware_node/subsystem/devices/device:3c HTTP/1.1" 200 6654 "-" "Mozilla/5.0 AppleWebKit/537.36 (KHTML, like Gecko; compatible; Amazonbot/0.1; +https://developer.amazon.com/support/amazonbot) Chrome/119.0.6045.214 Safari/537.36"
74.7.242.13 - - [04/Dec/2025:01:30:58 -0800] "GET /property/beautiful-5bhk-semi-attached-villa-with-burj-al-arab-view-for-rent-in-umm-suqeim-2/?path=//sys/devices/pci0000:40/firmware_node/device:ac/device:ad/subsystem/devices/device:cc/device:cd/device:cf/subsystem/devices/device:ac/device:ad/subsystem/devices/device:ee/subsystem/devices/device:ac HTTP/2.0" 200 3372 "-" "Mozilla/5.0 AppleWebKit/537.36 (KHTML, like Gecko; compatible; GPTBot/1.3; +https://openai.com/gptbot)"
66.249.69.199 - - [04/Dec/2025:01:30:58 -0800] "GET /?items=116684442 HTTP/1.1" 200 34602 "-" "Mozilla/5.0 (Linux; Android 6.0.1; Nexus 5X Build/MMB29P) AppleWebKit/537.36 (KHTML, like Gecko) Chrome/141.0.7390.122 Mobile Safari/537.36 (compatible; Googlebot/2.1; +http://www.google.com/bot.html)"
114.119.159.101 - - [04/Dec/2025:01:30:58 -0800] "GET /status/for-rent?path=//sys/class/sas_port HTTP/1.1" 200 6195 "https://www.fnaluxury.com/status/for-rent?path=//sys/class" "Mozilla/5.0 (Linux; Android 7.0;) AppleWebKit/537.36 (KHTML, like Gecko) Mobile Safari/537.36 (compatible; PetalBot;+https://webmaster.petalsearch.com/site/petalbot)"
216.73.216.116 - - [04/Dec/2025:01:30:58 -0800] "GET /property/best-deal-2br-apartment-fully-furnished-burj-khalifa-view?path=%2Fhome%2Fdh_hwg2wc%2Ffnaluxury.com%2Fwp-content%2Fplugins%2Fall-in-one-seo-pack%2Fdist%2FLite%2Fassets%2Fsvg HTTP/2.0" 200 3729 "-" "Mozilla/5.0 AppleWebKit/537.36 (KHTML, like Gecko; compatible; ClaudeBot/1.0; +claudebot@anthropic.com)"
74.7.227.32 - - [04/Dec/2025:01:30:58 -0800] "GET /item_support/what_is_item_support/8988002?path=//var/cache/man/tr/cat5 HTTP/2.0" 200 2655 "-" "Mozilla/5.0 AppleWebKit/537.36 (KHTML, like Gecko; compatible; GPTBot/1.3; +https://openai.com/gptbot)"
52.207.47.227 - - [04/Dec/2025:01:31:01 -0800] "GET /property-type/studio/?path=//sys/devices/platform/reg-dummy/subsystem/drivers/PCCT/PCCT/subsystem/drivers/reg-dummy/reg-dummy/driver/reg-dummy/subsystem/devices/vesa-framebuffer.0/subsystem/devices/pcspkr HTTP/1.1" 200 6644 "-" "Mozilla/5.0 AppleWebKit/537.36 (KHTML, like Gecko; compatible; Amazonbot/0.1; +https://developer.amazon.com/support/amazonbot) Chrome/119.0.6045.214 Safari/537.36"
74.7.242.13 - - [04/Dec/2025:01:31:01 -0800] "GET /property/beautiful-5bhk-semi-attached-villa-with-burj-al-arab-view-for-rent-in-umm-suqeim-2/?path=//sys/devices/pci0000:40/firmware_node/device:ac/device:ad/subsystem/devices/device:cc/device:cd/device:ce/subsystem/devices/device:ac/device:ad/subsystem/devices/device:ac/subsystem/devices/device:cb/device:cc/device:cd/device:cf/subsystem/devices/device:aa/physical_node/iommu_group/devices HTTP/2.0" 200 3509 "-" "Mozilla/5.0 AppleWebKit/537.36 (KHTML, like Gecko; compatible; GPTBot/1.3; +https://openai.com/gptbot)"
216.73.216.116 - - [04/Dec/2025:01:31:01 -0800] "GET /property/best-deal-2br-apartment-fully-furnished-burj-khalifa-view?path=%2F%2Flib%2Fpython3.10%2Fhtml%2F__pycache__ HTTP/2.0" 200 3065 "-" "Mozilla/5.0 AppleWebKit/537.36 (KHTML, like Gecko; compatible; ClaudeBot/1.0; +claudebot@anthropic.com)"
144.76.19.157 - - [04/Dec/2025:01:31:02 -0800] "GET /feature/balcony/?path=/lib/locale/gv_GB.utf8 HTTP/1.1" 200 4075 "-" "Mozilla/5.0 (compatible; SERankingBacklinksBot/1.0; +https://seranking.com/backlinks-crawler)"
74.7.227.32 - - [04/Dec/2025:01:31:01 -0800] "GET /item_support/what_is_item_support/8988002?path=//sys/class/nvme/nvme2 HTTP/2.0" 200 3808 "-" "Mozilla/5.0 AppleWebKit/537.36 (KHTML, like Gecko; compatible; GPTBot/1.3; +https://openai.com/gptbot)"
217.113.194.100 - - [04/Dec/2025:01:31:03 -0800] "GET /feature/lawn/page/2/?path=/home/dh_hwg2wc/fnaluxury.com/wp-includes/blocks/separator HTTP/1.1" 200 4045 "-" "Mozilla/5.0 (compatible; Barkrowler/0.9; +https://babbar.tech/crawler)"
74.7.242.13 - - [04/Dec/2025:01:31:04 -0800] "GET /property/beautiful-5bhk-semi-attached-villa-with-burj-al-arab-view-for-rent-in-umm-suqeim-2/?path=//sys/devices/pci0000:40/firmware_node/device:ac/device:ad/subsystem/devices/device:cc/device:cd/device:cf/subsystem/devices/device:ac/device:ad/subsystem/devices/device:ee/subsystem/devices/device:ec HTTP/2.0" 200 3396 "-" "Mozilla/5.0 AppleWebKit/537.36 (KHTML, like Gecko; compatible; GPTBot/1.3; +https://openai.com/gptbot)"
216.73.216.116 - - [04/Dec/2025:01:31:04 -0800] "GET /property/best-deal-2br-apartment-fully-furnished-burj-khalifa-view?fileloc=%2F%2Flib%2Fpython3.10%2Fencodings%2Fhp_roman8.py&path=%2F%2Flib%2Fpython3.10%2Fencodings HTTP/2.0" 200 5885 "-" "Mozilla/5.0 AppleWebKit/537.36 (KHTML, like Gecko; compatible; ClaudeBot/1.0; +claudebot@anthropic.com)"
144.76.19.157 - - [04/Dec/2025:01:31:05 -0800] "GET /hello-world/?path=/sys/block/nbd0/mq/0/cpu85 HTTP/1.1" 200 2922 "-" "Mozilla/5.0 (compatible; SERankingBacklinksBot/1.0; +https://seranking.com/backlinks-crawler)"
74.7.227.32 - - [04/Dec/2025:01:31:04 -0800] "GET /item_support/what_is_item_support/8988002?path=//sys/kernel/iommu_groups/6 HTTP/2.0" 200 3067 "-" "Mozilla/5.0 AppleWebKit/537.36 (KHTML, like Gecko; compatible; GPTBot/1.3; +https://openai.com/gptbot)"
44.212.106.171 - - [04/Dec/2025:01:31:05 -0800] "GET /property-type/commercial/?path=//sys/bus/platform/devices/reg-dummy/driver/reg-dummy/driver/reg-dummy/subsystem/devices/PCCT/subsystem/drivers/PCCT/PCCT/driver/PCCT/subsystem/devices/reg-dummy/subsystem/devices HTTP/1.1" 200 7054 "-" "Mozilla/5.0 AppleWebKit/537.36 (KHTML, like Gecko; compatible; Amazonbot/0.1; +https://developer.amazon.com/support/amazonbot) Chrome/119.0.6045.214 Safari/537.36"
216.73.216.116 - - [04/Dec/2025:01:31:07 -0800] "GET /property/best-deal-2br-apartment-fully-furnished-burj-khalifa-view?fileloc=%2F%2Flib%2Fpython3.10%2Fencodings%2Fiso8859_7.py&path=%2F%2Flib%2Fpython3.10%2Fencodings HTTP/2.0" 200 5692 "-" "Mozilla/5.0 AppleWebKit/537.36 (KHTML, like Gecko; compatible; ClaudeBot/1.0; +claudebot@anthropic.com)"
74.7.242.13 - - [04/Dec/2025:01:31:07 -0800] "GET /property/beautiful-5bhk-semi-attached-villa-with-burj-al-arab-view-for-rent-in-umm-suqeim-2/?path=//sys/devices/pci0000:40/firmware_node/device:ac/device:ad/subsystem/devices/device:cc/device:cd/device:ce/subsystem/devices/device:ac/device:ad/subsystem/devices/device:ac/subsystem/devices/device:cb/device:cc/device:cd/device:cf/subsystem/devices/device:bd/physical_node/iommu_group/devices HTTP/2.0" 200 3193 "-" "Mozilla/5.0 AppleWebKit/537.36 (KHTML, like Gecko; compatible; GPTBot/1.3; +https://openai.com/gptbot)"
74.7.227.32 - - [04/Dec/2025:01:31:08 -0800] "GET /item_support/what_is_item_support/8988002?path=//sys/class/iommu/ivhd3 HTTP/2.0" 200 3138 "-" "Mozilla/5.0 AppleWebKit/537.36 (KHTML, like Gecko; compatible; GPTBot/1.3; +https://openai.com/gptbot)"
23.21.227.240 - - [04/Dec/2025:01:31:09 -0800] "GET /property-type/full-floor/?path=//sys/bus/platform/devices/reg-dummy/driver/reg-dummy/driver/reg-dummy/subsystem/devices/PCCT/driver/PCCT/subsystem/devices/PCCT/subsystem/drivers/reg-dummy HTTP/1.1" 200 6598 "-" "Mozilla/5.0 AppleWebKit/537.36 (KHTML, like Gecko; compatible; Amazonbot/0.1; +https://developer.amazon.com/support/amazonbot) Chrome/119.0.6045.214 Safari/537.36"
216.73.216.116 - - [04/Dec/2025:01:31:10 -0800] "GET /property/best-deal-2br-apartment-fully-furnished-burj-khalifa-view?fileloc=%2Fhome%2Fdh_hwg2wc%2Ffnaluxury.com%2Fwp-content%2Fplugins%2Funder-construction-page%2Fthemes%2Fpuzzles%2Fpuzzles.png&path=%2Fhome%2Fdh_hwg2wc%2Ffnaluxury.com%2Fwp-content%2Fplugins%2Funder-construction-page%2Fthemes%2Fpuzzles HTTP/2.0" 200 252846 "-" "Mozilla/5.0 AppleWebKit/537.36 (KHTML, like Gecko; compatible; ClaudeBot/1.0; +claudebot@anthropic.com)"
74.7.242.13 - - [04/Dec/2025:01:31:11 -0800] "GET /property/beautiful-5bhk-semi-attached-villa-with-burj-al-arab-view-for-rent-in-umm-suqeim-2/?path=//sys/devices/pci0000:40/firmware_node/device:ac/device:ad/subsystem/devices/device:cc/device:cd/device:cf/subsystem/devices/device:ac/device:ad/subsystem/devices/device:ee/subsystem/devices/device:cd HTTP/2.0" 200 3405 "-" "Mozilla/5.0 AppleWebKit/537.36 (KHTML, like Gecko; compatible; GPTBot/1.3; +https://openai.com/gptbot)"
74.7.227.32 - - [04/Dec/2025:01:31:11 -0800] "GET /item_support/what_is_item_support/8988002?path=//sys/class/ata_port/ata1/device HTTP/2.0" 200 3105 "-" "Mozilla/5.0 AppleWebKit/537.36 (KHTML, like Gecko; compatible; GPTBot/1.3; +https://openai.com/gptbot)"
216.73.216.116 - - [04/Dec/2025:01:31:13 -0800] "GET /property/best-deal-2br-apartment-fully-furnished-burj-khalifa-view?fileloc=%2F%2Flib%2Fpython3.10%2Fencodings%2Fiso8859_15.py&path=%2F%2Flib%2Fpython3.10%2Fencodings HTTP/2.0" 200 5757 "-" "Mozilla/5.0 AppleWebKit/537.36 (KHTML, like Gecko; compatible; ClaudeBot/1.0; +claudebot@anthropic.com)"
34.205.163.103 - - [04/Dec/2025:01:31:14 -0800] "GET /property-type/studio/?path=//sys/bus/platform/devices/reg-dummy/driver/reg-dummy/subsystem/devices/reg-dummy/subsystem/devices/PCCT/subsystem/devices/PCCT/driver/PCCT/subsystem/drivers/reg-dummy HTTP/1.1" 200 6602 "-" "Mozilla/5.0 AppleWebKit/537.36 (KHTML, like Gecko; compatible; Amazonbot/0.1; +https://developer.amazon.com/support/amazonbot) Chrome/119.0.6045.214 Safari/537.36"
74.7.242.13 - - [04/Dec/2025:01:31:14 -0800] "GET /property/beautiful-5bhk-semi-attached-villa-with-burj-al-arab-view-for-rent-in-umm-suqeim-2/?path=//sys/devices/pci0000:40/firmware_node/device:ac/device:ad/subsystem/devices/device:cc/device:cd/device:ce/subsystem/devices/device:ac/device:ad/subsystem/devices/device:ac/subsystem/devices/device:cb/device:cc/device:cd/subsystem/devices/device:bc/device:bf/physical_node/iommu_group/devices HTTP/2.0" 200 3194 "-" "Mozilla/5.0 AppleWebKit/537.36 (KHTML, like Gecko; compatible; GPTBot/1.3; +https://openai.com/gptbot)"
74.7.227.32 - - [04/Dec/2025:01:31:14 -0800] "GET /item_support/what_is_item_support/8988002?path=//sys/kernel/iommu_groups/4 HTTP/2.0" 200 3067 "-" "Mozilla/5.0 AppleWebKit/537.36 (KHTML, like Gecko; compatible; GPTBot/1.3; +https://openai.com/gptbot)"
216.73.216.116 - - [04/Dec/2025:01:31:16 -0800] "GET /property/best-deal-2br-apartment-fully-furnished-burj-khalifa-view?fileloc=%2F%2Flib%2Fpython3.10%2Fencodings%2Fiso8859_11.py&path=%2F%2Flib%2Fpython3.10%2Fencodings HTTP/2.0" 200 5624 "-" "Mozilla/5.0 AppleWebKit/537.36 (KHTML, like Gecko; compatible; ClaudeBot/1.0; +claudebot@anthropic.com)"
74.7.242.13 - - [04/Dec/2025:01:31:17 -0800] "GET /property/beautiful-5bhk-semi-attached-villa-with-burj-al-arab-view-for-rent-in-umm-suqeim-2/?path=//sys/devices/pci0000:40/firmware_node/device:ac/device:ad/subsystem/devices/device:cc/device:cd/device:cf/subsystem/devices/device:ac/device:ad/subsystem/devices/device:ee/subsystem/devices/device:aa HTTP/2.0" 200 3437 "-" "Mozilla/5.0 AppleWebKit/537.36 (KHTML, like Gecko; compatible; GPTBot/1.3; +https://openai.com/gptbot)"
74.7.227.32 - - [04/Dec/2025:01:31:17 -0800] "GET /item_support/what_is_item_support/8988002?path=//lib/firmware/ath6k HTTP/2.0" 200 3070 "-" "Mozilla/5.0 AppleWebKit/537.36 (KHTML, like Gecko; compatible; GPTBot/1.3; +https://openai.com/gptbot)"
54.235.172.108 - - [04/Dec/2025:01:31:17 -0800] "GET /property-type/studio/?path=//sys/devices/platform/microcode/subsystem/drivers/reg-dummy/reg-dummy/driver/reg-dummy/subsystem/devices/PCCT/driver/PCCT/driver/PCCT/driver/PCCT/subsystem/devices/reg-dummy/subsystem/drivers HTTP/1.1" 200 7525 "-" "Mozilla/5.0 AppleWebKit/537.36 (KHTML, like Gecko; compatible; Amazonbot/0.1; +https://developer.amazon.com/support/amazonbot) Chrome/119.0.6045.214 Safari/537.36"
43.173.175.205 - - [04/Dec/2025:01:31:18 -0800] "GET /rent/?fileloc=//sys/block/nbd8/queue/discard_zeroes_data&path=//sys/block/nbd8/queue HTTP/1.1" 200 6153 "-" "Mozilla/5.0 (Windows NT 6.1; Win64; x64) AppleWebKit/537.36 (KHTML, like Gecko) Chrome/126.0.6478.114 Safari/537.36"
217.113.194.221 - - [04/Dec/2025:01:31:19 -0800] "GET /feature/lawn/page/2/?path=/home/dh_hwg2wc/fnaluxury.com/wp-includes/js/mediaelement HTTP/1.1" 200 4387 "-" "Mozilla/5.0 (compatible; Barkrowler/0.9; +https://babbar.tech/crawler)"
216.73.216.116 - - [04/Dec/2025:01:31:19 -0800] "GET /property/best-deal-2br-apartment-fully-furnished-burj-khalifa-view?fileloc=%2F%2Flib%2Fpython3.10%2Fencodings%2Fiso8859_16.py&path=%2F%2Flib%2Fpython3.10%2Fencodings HTTP/2.0" 200 5696 "-" "Mozilla/5.0 AppleWebKit/537.36 (KHTML, like Gecko; compatible; ClaudeBot/1.0; +claudebot@anthropic.com)"
74.7.242.13 - - [04/Dec/2025:01:31:20 -0800] "GET /property/beautiful-5bhk-semi-attached-villa-with-burj-al-arab-view-for-rent-in-umm-suqeim-2/?path=//sys/devices/pci0000:40/firmware_node/device:ac/device:ad/subsystem/devices/device:cc/device:cd/device:cf/subsystem/devices/device:ac/device:ad/subsystem/devices/device:ee/subsystem/devices/device:bd HTTP/2.0" 200 3338 "-" "Mozilla/5.0 AppleWebKit/537.36 (KHTML, like Gecko; compatible; GPTBot/1.3; +https://openai.com/gptbot)"
74.7.227.32 - - [04/Dec/2025:01:31:20 -0800] "GET /item_support/what_is_item_support/8988002?path=//run/shm/apache2-cabo HTTP/2.0" 200 2641 "-" "Mozilla/5.0 AppleWebKit/537.36 (KHTML, like Gecko; compatible; GPTBot/1.3; +https://openai.com/gptbot)"
44.195.50.71 - - [04/Dec/2025:01:31:21 -0800] "GET /property/brand-new-villa-2/?path=//sys/devices/platform/microcode/subsystem/drivers/reg-dummy/reg-dummy/driver/reg-dummy/driver/reg-dummy/subsystem/devices/PCCT/driver/PCCT/driver/PCCT/subsystem/drivers HTTP/1.1" 200 7432 "-" "Mozilla/5.0 AppleWebKit/537.36 (KHTML, like Gecko; compatible; Amazonbot/0.1; +https://developer.amazon.com/support/amazonbot) Chrome/119.0.6045.214 Safari/537.36"
144.76.19.157 - - [04/Dec/2025:01:31:21 -0800] "GET /hello-world/?path=/sys/block/nbd0/mq/0/cpu86 HTTP/1.1" 200 3269 "-" "Mozilla/5.0 (compatible; SERankingBacklinksBot/1.0; +https://seranking.com/backlinks-crawler)"
