18.214.186.220 - - [04/Dec/2025:01:51:53 -0800] "GET /property-type/penthouse/?path=//sys/bus/platform/drivers/reg-dummy/reg-dummy/subsystem/devices/pcspkr/subsystem/devices/reg-dummy/driver/reg-dummy/subsystem/devices/pcspkr/subsystem/devices/pcspkr HTTP/1.1" 200 6620 "-" "Mozilla/5.0 AppleWebKit/537.36 (KHTML, like Gecko; compatible; Amazonbot/0.1; +https://developer.amazon.com/support/amazonbot) Chrome/119.0.6045.214 Safari/537.36"
114.119.154.200 - - [04/Dec/2025:01:51:53 -0800] "GET /status/for-rent/page/6?fileloc=//etc/machine-id&path=//etc HTTP/1.1" 200 6150 "https://www.fnaluxury.com/status/for-rent/page/6?path=//etc" "Mozilla/5.0 (Linux; Android 7.0;) AppleWebKit/537.36 (KHTML, like Gecko) Mobile Safari/537.36 (compatible; PetalBot;+https://webmaster.petalsearch.com/site/petalbot)"
74.7.242.13 - - [04/Dec/2025:01:51:54 -0800] "GET /property/beautiful-5bhk-semi-attached-villa-with-burj-al-arab-view-for-rent-in-umm-suqeim-2/?path=//sys/devices/pci0000:40/firmware_node/device:ac/device:ad/subsystem/devices/device:cc/device:cd/device:cf/subsystem/devices/device:ac/device:ad/subsystem/devices/device:ee/subsystem/devices/device:ec/device:ef/subsystem/devices/device:cb/device:cc/device:cd/device:ce/subsystem/devices/device:be HTTP/2.0" 200 3412 "-" "Mozilla/5.0 AppleWebKit/537.36 (KHTML, like Gecko; compatible; GPTBot/1.3; +https://openai.com/gptbot)"
144.76.19.157 - - [04/Dec/2025:01:51:54 -0800] "GET /hello-world/?path=/sys/block/nbd1/mq/0/cpu76 HTTP/1.1" 200 3268 "-" "Mozilla/5.0 (compatible; SERankingBacklinksBot/1.0; +https://seranking.com/backlinks-crawler)"
217.113.194.96 - - [04/Dec/2025:01:51:56 -0800] "GET /property/elegant-4bhk-villa-available-for-rent-in-jumeirah-3/?path=//etc/ca-certificates HTTP/1.1" 200 3495 "-" "Mozilla/5.0 (compatible; Barkrowler/0.9; +https://babbar.tech/crawler)"
74.7.227.32 - - [04/Dec/2025:01:51:56 -0800] "GET /item_support/what_is_item_support/8988002?fileloc=//sys/class/net/phy1/master/operstate&path=//sys/class/net/phy1/master HTTP/2.0" 200 2662 "-" "Mozilla/5.0 AppleWebKit/537.36 (KHTML, like Gecko; compatible; GPTBot/1.3; +https://openai.com/gptbot)"
74.7.242.13 - - [04/Dec/2025:01:51:57 -0800] "GET /property/beautiful-5bhk-semi-attached-villa-with-burj-al-arab-view-for-rent-in-umm-suqeim-2/?path=//sys/devices/pci0000:40/firmware_node/device:ac/device:ad/subsystem/devices/device:cc/device:cd/device:cf/subsystem/devices/device:ac/device:ad/subsystem/devices/device:ee/subsystem/devices/device:cd/device:ce/subsystem/devices/device:cb/device:cc/device:cd/device:ce/subsystem/devices/device:fe HTTP/2.0" 200 3447 "-" "Mozilla/5.0 AppleWebKit/537.36 (KHTML, like Gecko; compatible; GPTBot/1.3; +https://openai.com/gptbot)"
23.23.99.55 - - [04/Dec/2025:01:51:57 -0800] "GET /property-type/hotel-hotel-apartment/?path=//sys/bus/platform/drivers/reg-dummy/reg-dummy/driver/reg-dummy/driver/reg-dummy/subsystem/devices/PCCT/subsystem/devices/PCCT/subsystem/drivers/acpi-ged HTTP/1.1" 200 6501 "-" "Mozilla/5.0 AppleWebKit/537.36 (KHTML, like Gecko; compatible; Amazonbot/0.1; +https://developer.amazon.com/support/amazonbot) Chrome/119.0.6045.214 Safari/537.36"
74.7.227.32 - - [04/Dec/2025:01:51:59 -0800] "GET /item_support/what_is_item_support/8988002?path=//sys/class/net/phy1/queues/tx-22 HTTP/2.0" 200 3288 "-" "Mozilla/5.0 AppleWebKit/537.36 (KHTML, like Gecko; compatible; GPTBot/1.3; +https://openai.com/gptbot)"
74.7.242.13 - - [04/Dec/2025:01:52:00 -0800] "GET /property/beautiful-5bhk-semi-attached-villa-with-burj-al-arab-view-for-rent-in-umm-suqeim-2/?path=//sys/devices/pci0000:40/firmware_node/device:ac/device:ad/subsystem/devices/device:cc/device:cd/device:cf/subsystem/devices/device:ac/device:ad/subsystem/devices/device:ee/subsystem/devices/device:cd/device:ce/subsystem/devices/device:cb/device:cc/device:cd/device:ce/subsystem/devices/device:dc HTTP/2.0" 200 3464 "-" "Mozilla/5.0 AppleWebKit/537.36 (KHTML, like Gecko; compatible; GPTBot/1.3; +https://openai.com/gptbot)"
18.214.238.178 - - [04/Dec/2025:01:52:01 -0800] "GET /property/brand-new-villa-2/?path=//sys/devices/platform/PCCT/subsystem/devices/reg-dummy/subsystem/drivers/reg-dummy/reg-dummy/driver/reg-dummy/subsystem/devices/IPI0001:00/driver/IPI0001:00/subsystem/devices/microcode HTTP/1.1" 200 6653 "-" "Mozilla/5.0 AppleWebKit/537.36 (KHTML, like Gecko; compatible; Amazonbot/0.1; +https://developer.amazon.com/support/amazonbot) Chrome/119.0.6045.214 Safari/537.36"
74.7.227.32 - - [04/Dec/2025:01:52:02 -0800] "GET /item_support/what_is_item_support/8988002?fileloc=//sys/class/net/phy1/master/flags&path=//sys/class/net/phy1/master HTTP/2.0" 200 2659 "-" "Mozilla/5.0 AppleWebKit/537.36 (KHTML, like Gecko; compatible; GPTBot/1.3; +https://openai.com/gptbot)"
74.7.242.13 - - [04/Dec/2025:01:52:03 -0800] "GET /property/beautiful-5bhk-semi-attached-villa-with-burj-al-arab-view-for-rent-in-umm-suqeim-2/?path=//sys/devices/pci0000:40/firmware_node/device:ac/device:ad/subsystem/devices/device:cc/device:cd/device:cf/subsystem/devices/device:ac/device:ad/subsystem/devices/device:ee/subsystem/devices/device:ec/device:ef/subsystem/devices/device:cb/device:cc/device:cd/device:ce/subsystem/devices/device:ff HTTP/2.0" 200 3639 "-" "Mozilla/5.0 AppleWebKit/537.36 (KHTML, like Gecko; compatible; GPTBot/1.3; +https://openai.com/gptbot)"
18.214.124.6 - - [04/Dec/2025:01:52:05 -0800] "GET /property-type/studio/?path=//sys/devices/platform/pcspkr/subsystem/devices/reg-dummy/driver/reg-dummy/driver/reg-dummy/subsystem/devices/reg-dummy/subsystem/drivers/PCCT/PCCT/driver/PCCT/driver/PCCT/subsystem/devices HTTP/1.1" 200 7063 "-" "Mozilla/5.0 AppleWebKit/537.36 (KHTML, like Gecko; compatible; Amazonbot/0.1; +https://developer.amazon.com/support/amazonbot) Chrome/119.0.6045.214 Safari/537.36"
74.7.227.32 - - [04/Dec/2025:01:52:06 -0800] "GET /item_support/what_is_item_support/8988002?fileloc=//sys/class/net/phy1/master/phys_port_id&path=//sys/class/net/phy1/master HTTP/2.0" 200 2606 "-" "Mozilla/5.0 AppleWebKit/537.36 (KHTML, like Gecko; compatible; GPTBot/1.3; +https://openai.com/gptbot)"
144.76.19.157 - - [04/Dec/2025:01:52:06 -0800] "GET /feature/balcony/?path=/sys/block/nbd2/slaves HTTP/1.1" 200 3253 "-" "Mozilla/5.0 (compatible; SERankingBacklinksBot/1.0; +https://seranking.com/backlinks-crawler)"
74.7.242.13 - - [04/Dec/2025:01:52:07 -0800] "GET /property/beautiful-5bhk-semi-attached-villa-with-burj-al-arab-view-for-rent-in-umm-suqeim-2/?path=//sys/devices/pci0000:40/firmware_node/device:ac/device:ad/subsystem/devices/device:cc/device:cd/device:cf/subsystem/devices/device:ac/device:ad/subsystem/devices/device:ee/subsystem/devices/device:ec/device:ef/subsystem/devices/device:cb/device:cc/device:cd/device:ce/subsystem/devices/device:fb HTTP/2.0" 200 3600 "-" "Mozilla/5.0 AppleWebKit/537.36 (KHTML, like Gecko; compatible; GPTBot/1.3; +https://openai.com/gptbot)"
34.239.197.197 - - [04/Dec/2025:01:52:09 -0800] "GET /property-type/studio/?path=//sys/bus/platform/devices/reg-dummy/subsystem/devices/reg-dummy/driver/reg-dummy/driver/reg-dummy/subsystem/devices/PCCT/driver/PCCT/subsystem/devices/microcode/subsystem/drivers/isch_smbus HTTP/1.1" 200 6554 "-" "Mozilla/5.0 AppleWebKit/537.36 (KHTML, like Gecko; compatible; Amazonbot/0.1; +https://developer.amazon.com/support/amazonbot) Chrome/119.0.6045.214 Safari/537.36"
74.7.227.32 - - [04/Dec/2025:01:52:09 -0800] "GET /item_support/what_is_item_support/8988002?fileloc=//sys/class/net/phy1/master/addr_len&path=//sys/class/net/phy1/master HTTP/2.0" 200 2604 "-" "Mozilla/5.0 AppleWebKit/537.36 (KHTML, like Gecko; compatible; GPTBot/1.3; +https://openai.com/gptbot)"
74.7.242.13 - - [04/Dec/2025:01:52:10 -0800] "GET /property/beautiful-5bhk-semi-attached-villa-with-burj-al-arab-view-for-rent-in-umm-suqeim-2/?path=//sys/devices/pci0000:40/firmware_node/device:ac/device:ad/subsystem/devices/device:cc/device:cd/device:cf/subsystem/devices/device:ac/device:ad/subsystem/devices/device:ee/subsystem/devices/device:cd/device:ce/subsystem/devices/device:cb/device:cc/device:cd/device:ce/subsystem/devices/device:ed HTTP/2.0" 200 3406 "-" "Mozilla/5.0 AppleWebKit/537.36 (KHTML, like Gecko; compatible; GPTBot/1.3; +https://openai.com/gptbot)"
74.7.227.32 - - [04/Dec/2025:01:52:12 -0800] "GET /item_support/what_is_item_support/8988002?fileloc=//sys/class/net/phy1/master/tx_queue_len&path=//sys/class/net/phy1/master HTTP/2.0" 200 2608 "-" "Mozilla/5.0 AppleWebKit/537.36 (KHTML, like Gecko; compatible; GPTBot/1.3; +https://openai.com/gptbot)"
217.113.194.92 - - [04/Dec/2025:01:52:13 -0800] "GET /property/retail-shop-shell-and-core-w-pre-installed-services/?path=//lib/locale/br_FR@euro HTTP/1.1" 200 4072 "-" "Mozilla/5.0 (compatible; Barkrowler/0.9; +https://babbar.tech/crawler)"
52.200.251.20 - - [04/Dec/2025:01:52:13 -0800] "GET /property-type/full-floor/?path=//sys/bus/platform/devices/reg-dummy/subsystem/devices/PCCT/subsystem/drivers/reg-dummy/reg-dummy/driver/reg-dummy/subsystem/devices/alarmtimer.0.auto/subsystem/drivers/acpi-ged HTTP/1.1" 200 6538 "-" "Mozilla/5.0 AppleWebKit/537.36 (KHTML, like Gecko; compatible; Amazonbot/0.1; +https://developer.amazon.com/support/amazonbot) Chrome/119.0.6045.214 Safari/537.36"
74.7.242.13 - - [04/Dec/2025:01:52:13 -0800] "GET /property/beautiful-5bhk-semi-attached-villa-with-burj-al-arab-view-for-rent-in-umm-suqeim-2/?path=//sys/devices/pci0000:40/firmware_node/device:ac/device:ad/subsystem/devices/device:cc/device:cd/device:cf/subsystem/devices/device:ac/device:ad/subsystem/devices/device:ee/subsystem/devices/device:ec/device:ef/subsystem/devices/device:cb/device:cc/device:cd/device:ce/subsystem/devices/device:db HTTP/2.0" 200 3412 "-" "Mozilla/5.0 AppleWebKit/537.36 (KHTML, like Gecko; compatible; GPTBot/1.3; +https://openai.com/gptbot)"
144.76.19.157 - - [04/Dec/2025:01:52:14 -0800] "GET /feature/balcony/?path=/sys/block/nbd3/slaves HTTP/1.1" 200 3253 "-" "Mozilla/5.0 (compatible; SERankingBacklinksBot/1.0; +https://seranking.com/backlinks-crawler)"
74.7.227.32 - - [04/Dec/2025:01:52:15 -0800] "GET /item_support/what_is_item_support/8988002?fileloc=//sys/class/net/phy1/master/proto_down&path=//sys/class/net/phy1/master HTTP/2.0" 200 2606 "-" "Mozilla/5.0 AppleWebKit/537.36 (KHTML, like Gecko; compatible; GPTBot/1.3; +https://openai.com/gptbot)"
74.7.242.13 - - [04/Dec/2025:01:52:16 -0800] "GET /property/beautiful-5bhk-semi-attached-villa-with-burj-al-arab-view-for-rent-in-umm-suqeim-2/?path=//sys/devices/pci0000:40/firmware_node/device:ac/device:ad/subsystem/devices/device:cc/device:cd/device:cf/subsystem/devices/device:ac/device:ad/subsystem/devices/device:ee/subsystem/devices/device:ec/device:ef/subsystem/devices/device:cb/device:cc/device:cd/device:ce/subsystem/devices/device:ea HTTP/2.0" 200 3411 "-" "Mozilla/5.0 AppleWebKit/537.36 (KHTML, like Gecko; compatible; GPTBot/1.3; +https://openai.com/gptbot)"
52.71.203.206 - - [04/Dec/2025:01:52:17 -0800] "GET /property-type/shop/?path=//sys/bus/platform/devices/reg-dummy/subsystem/drivers/reg-dummy/reg-dummy/driver/reg-dummy/subsystem/devices/PCCT/subsystem/devices/PCCT/driver/PCCT/driver/PCCT/subsystem/drivers/isch_smbus HTTP/1.1" 200 6544 "-" "Mozilla/5.0 AppleWebKit/537.36 (KHTML, like Gecko; compatible; Amazonbot/0.1; +https://developer.amazon.com/support/amazonbot) Chrome/119.0.6045.214 Safari/537.36"
144.76.19.157 - - [04/Dec/2025:01:52:18 -0800] "GET /hello-world/?path=/sys/block/nbd1/mq/0/cpu77 HTTP/1.1" 200 2921 "-" "Mozilla/5.0 (compatible; SERankingBacklinksBot/1.0; +https://seranking.com/backlinks-crawler)"
74.7.227.32 - - [04/Dec/2025:01:52:18 -0800] "GET /item_support/what_is_item_support/8988002?fileloc=//sys/class/net/phy1/master/link_mode&path=//sys/class/net/phy1/master HTTP/2.0" 200 2662 "-" "Mozilla/5.0 AppleWebKit/537.36 (KHTML, like Gecko; compatible; GPTBot/1.3; +https://openai.com/gptbot)"
74.7.242.13 - - [04/Dec/2025:01:52:20 -0800] "GET /property/beautiful-5bhk-semi-attached-villa-with-burj-al-arab-view-for-rent-in-umm-suqeim-2/?path=//sys/devices/pci0000:40/firmware_node/device:ac/device:ad/subsystem/devices/device:cc/device:cd/device:cf/subsystem/devices/device:ac/device:ad/subsystem/devices/device:ee/subsystem/devices/device:ec/device:ef/subsystem/devices/device:cb/device:cc/device:cd/device:cf/subsystem/drivers/ec HTTP/2.0" 200 3376 "-" "Mozilla/5.0 AppleWebKit/537.36 (KHTML, like Gecko; compatible; GPTBot/1.3; +https://openai.com/gptbot)"
184.72.95.195 - - [04/Dec/2025:01:52:21 -0800] "GET /property-type/townhouse/?path=//sys/bus/platform/drivers/reg-dummy/reg-dummy/subsystem/devices/reg-dummy/driver/reg-dummy/subsystem/devices/PCCT/subsystem/drivers/PCCT/PCCT/subsystem/devices/pcspkr HTTP/1.1" 200 6636 "-" "Mozilla/5.0 AppleWebKit/537.36 (KHTML, like Gecko; compatible; Amazonbot/0.1; +https://developer.amazon.com/support/amazonbot) Chrome/119.0.6045.214 Safari/537.36"
74.7.227.32 - - [04/Dec/2025:01:52:21 -0800] "GET /item_support/what_is_item_support/8988002?fileloc=//sys/class/net/phy1/master/dev_port&path=//sys/class/net/phy1/master HTTP/2.0" 200 2664 "-" "Mozilla/5.0 AppleWebKit/537.36 (KHTML, like Gecko; compatible; GPTBot/1.3; +https://openai.com/gptbot)"
74.7.242.13 - - [04/Dec/2025:01:52:23 -0800] "GET /property/beautiful-5bhk-semi-attached-villa-with-burj-al-arab-view-for-rent-in-umm-suqeim-2/?path=//sys/devices/pci0000:40/firmware_node/device:ac/device:ad/subsystem/devices/device:cc/device:cd/device:cf/subsystem/devices/device:ac/device:ad/subsystem/devices/device:ee/subsystem/devices/device:ec/device:ef/subsystem/devices/device:cb/device:cc/device:cd/device:ce/subsystem/devices/device:af HTTP/2.0" 200 3411 "-" "Mozilla/5.0 AppleWebKit/537.36 (KHTML, like Gecko; compatible; GPTBot/1.3; +https://openai.com/gptbot)"
74.7.227.32 - - [04/Dec/2025:01:52:25 -0800] "GET /item_support/what_is_item_support/8988002?fileloc=//sys/class/net/phy1/master/dev_id&path=//sys/class/net/phy1/master HTTP/2.0" 200 2661 "-" "Mozilla/5.0 AppleWebKit/537.36 (KHTML, like Gecko; compatible; GPTBot/1.3; +https://openai.com/gptbot)"
3.94.156.104 - - [04/Dec/2025:01:52:26 -0800] "GET /property-type/studio/?path=//sys/devices/platform/reg-dummy/driver/reg-dummy/subsystem/drivers/reg-dummy/reg-dummy/subsystem/devices/PCCT/driver/PCCT/subsystem/drivers/PCCT/PCCT/subsystem/drivers/acpi-ged HTTP/1.1" 200 6527 "-" "Mozilla/5.0 AppleWebKit/537.36 (KHTML, like Gecko; compatible; Amazonbot/0.1; +https://developer.amazon.com/support/amazonbot) Chrome/119.0.6045.214 Safari/537.36"
74.7.242.13 - - [04/Dec/2025:01:52:26 -0800] "GET /property/beautiful-5bhk-semi-attached-villa-with-burj-al-arab-view-for-rent-in-umm-suqeim-2/?fileloc=//sys/devices/pci0000:40/firmware_node/device:ac/device:ad/subsystem/devices/device:cc/device:cd/device:cf/subsystem/devices/device:ac/device:ad/subsystem/devices/device:ee/subsystem/devices/device:ec/device:ef/subsystem/devices/device:cb/device:cc/device:cd/device:ce/subsystem/devices/device:bc/device:bd/physical_node/irq&path=//sys/devices/pci0000:40/firmware_node/device:ac/device:ad/subsystem/devices/device:cc/device:cd/device:cf/subsystem/devices/device:ac/device:ad/subsystem/devices/device:ee/subsystem/devices/device:ec/device:ef/subsystem/devices/device:cb/device:cc/device:cd/device:ce/subsystem/devices/device:bc/device:bd/physical_node HTTP/2.0" 200 2934 "-" "Mozilla/5.0 AppleWebKit/537.36 (KHTML, like Gecko; compatible; GPTBot/1.3; +https://openai.com/gptbot)"
74.7.227.32 - - [04/Dec/2025:01:52:28 -0800] "GET /item_support/what_is_item_support/8988002?fileloc=//sys/class/net/phy1/master/uevent&path=//sys/class/net/phy1/master HTTP/2.0" 200 2639 "-" "Mozilla/5.0 AppleWebKit/537.36 (KHTML, like Gecko; compatible; GPTBot/1.3; +https://openai.com/gptbot)"
217.113.194.101 - - [04/Dec/2025:01:52:29 -0800] "GET /property/building-for-sale-dune-residency/?fileloc=//etc/ntp.conf&path=//etc HTTP/1.1" 200 3953 "-" "Mozilla/5.0 (compatible; Barkrowler/0.9; +https://babbar.tech/crawler)"
44.197.76.210 - - [04/Dec/2025:01:52:29 -0800] "GET /property-type/residential/?path=//sys/devices/platform/PCCT/subsystem/drivers/reg-dummy/reg-dummy/subsystem/drivers/reg-dummy/reg-dummy/subsystem/devices/serial8250/subsystem/drivers/isch_smbus HTTP/1.1" 200 6514 "-" "Mozilla/5.0 AppleWebKit/537.36 (KHTML, like Gecko; compatible; Amazonbot/0.1; +https://developer.amazon.com/support/amazonbot) Chrome/119.0.6045.214 Safari/537.36"
74.7.242.13 - - [04/Dec/2025:01:52:29 -0800] "GET /property/beautiful-5bhk-semi-attached-villa-with-burj-al-arab-view-for-rent-in-umm-suqeim-2/?path=//sys/devices/pci0000:40/firmware_node/device:ac/device:ad/subsystem/devices/device:cc/device:cd/device:cf/subsystem/devices/device:ac/device:ad/subsystem/devices/device:ee/subsystem/devices/device:ec/device:ef/subsystem/devices/device:cb/device:cc/device:cd/device:ce/subsystem/devices/device:bc/device:bd/physical_node/link HTTP/2.0" 200 3314 "-" "Mozilla/5.0 AppleWebKit/537.36 (KHTML, like Gecko; compatible; GPTBot/1.3; +https://openai.com/gptbot)"
74.7.227.32 - - [04/Dec/2025:01:52:31 -0800] "GET /item_support/what_is_item_support/8988002?fileloc=//sys/class/net/phy1/master/address&path=//sys/class/net/phy1/master HTTP/2.0" 200 2602 "-" "Mozilla/5.0 AppleWebKit/537.36 (KHTML, like Gecko; compatible; GPTBot/1.3; +https://openai.com/gptbot)"
43.173.173.184 - - [04/Dec/2025:01:52:32 -0800] "GET /feature/barbecue-area/?path=/home/dh_hwg2wc/fnaluxury.com/wp-content/plugins/wpforms-lite/src/Integrations/SMTP HTTP/1.1" 200 6625 "-" "Mozilla/5.0 (Windows NT 6.1; Win64; x64) AppleWebKit/537.36 (KHTML, like Gecko) Chrome/126.0.6478.114 Safari/537.36"
43.173.174.29 - - [04/Dec/2025:01:52:32 -0800] "GET /home-with-video/?path=//sys/class/block/nbd14/slaves HTTP/1.1" 200 6206 "-" "Mozilla/5.0 (Windows NT 6.1; Win64; x64) AppleWebKit/537.36 (KHTML, like Gecko) Chrome/126.0.6478.114 Safari/537.36"
74.7.242.13 - - [04/Dec/2025:01:52:32 -0800] "GET /property/beautiful-5bhk-semi-attached-villa-with-burj-al-arab-view-for-rent-in-umm-suqeim-2/?path=//sys/devices/pci0000:40/firmware_node/device:ac/device:ad/subsystem/devices/device:cc/device:cd/device:cf/subsystem/devices/device:ac/device:ad/subsystem/devices/device:ee/subsystem/devices/device:ec/device:ef/subsystem/devices/device:cb/device:cc/device:cd/device:ce/subsystem/devices/device:bc/device:bd/physical_node/iommu HTTP/2.0" 200 3487 "-" "Mozilla/5.0 AppleWebKit/537.36 (KHTML, like Gecko; compatible; GPTBot/1.3; +https://openai.com/gptbot)"
43.173.178.185 - - [04/Dec/2025:01:52:32 -0800] "GET /feature/wifi/?fileloc=//run/systemd/journal/flushed&path=//run/systemd/journal HTTP/1.1" 200 6137 "-" "Mozilla/5.0 (Windows NT 6.1; Win64; x64) AppleWebKit/537.36 (KHTML, like Gecko) Chrome/126.0.6478.114 Safari/537.36"
43.173.180.25 - - [04/Dec/2025:01:52:32 -0800] "GET /property-type/plot/?fileloc=//sys/dev/block/259:4/ext_range&path=//sys/dev/block/259:4 HTTP/1.1" 200 6146 "-" "Mozilla/5.0 (Windows NT 6.1; Win64; x64) AppleWebKit/537.36 (KHTML, like Gecko) Chrome/126.0.6478.114 Safari/537.36"
52.200.251.20 - - [04/Dec/2025:01:52:33 -0800] "GET /property-type/hotel-hotel-apartment/?path=//sys/devices/platform/reg-dummy/driver/reg-dummy/driver/reg-dummy/subsystem/devices/reg-dummy/subsystem/devices/PCCT/driver/PCCT/subsystem/devices/PCCT/driver/PCCT HTTP/1.1" 200 6658 "-" "Mozilla/5.0 AppleWebKit/537.36 (KHTML, like Gecko; compatible; Amazonbot/0.1; +https://developer.amazon.com/support/amazonbot) Chrome/119.0.6045.214 Safari/537.36"
144.76.19.157 - - [04/Dec/2025:01:52:33 -0800] "GET /hello-world/?path=/sys/block/nbd1/mq/0/cpu78 HTTP/1.1" 200 3268 "-" "Mozilla/5.0 (compatible; SERankingBacklinksBot/1.0; +https://seranking.com/backlinks-crawler)"
74.7.227.32 - - [04/Dec/2025:01:52:34 -0800] "GET /item_support/what_is_item_support/8988002?fileloc=//sys/class/net/phy1/master/threaded&path=//sys/class/net/phy1/master HTTP/2.0" 200 2603 "-" "Mozilla/5.0 AppleWebKit/537.36 (KHTML, like Gecko; compatible; GPTBot/1.3; +https://openai.com/gptbot)"
74.7.242.13 - - [04/Dec/2025:01:52:35 -0800] "GET /property/beautiful-5bhk-semi-attached-villa-with-burj-al-arab-view-for-rent-in-umm-suqeim-2/?path=//sys/devices/pci0000:40/firmware_node/device:ac/device:ad/subsystem/devices/device:cc/device:cd/device:cf/subsystem/devices/device:ac/device:ad/subsystem/devices/device:ee/subsystem/devices/device:cd/device:ce/subsystem/devices/device:cb/device:cc/device:cd/device:cf/subsystem/drivers/hpet HTTP/2.0" 200 3318 "-" "Mozilla/5.0 AppleWebKit/537.36 (KHTML, like Gecko; compatible; GPTBot/1.3; +https://openai.com/gptbot)"
144.76.19.157 - - [04/Dec/2025:01:52:37 -0800] "GET /feature/balcony/?path=/sys/block/nbd4/slaves HTTP/1.1" 200 2906 "-" "Mozilla/5.0 (compatible; SERankingBacklinksBot/1.0; +https://seranking.com/backlinks-crawler)"
184.73.167.217 - - [04/Dec/2025:01:52:37 -0800] "GET /property-type/villa/?path=//sys/bus/platform/devices/reg-dummy/driver/reg-dummy/subsystem/devices/reg-dummy/driver/reg-dummy/subsystem/devices/pcspkr/subsystem/devices/microcode/subsystem/drivers/isch_smbus HTTP/1.1" 200 6540 "-" "Mozilla/5.0 AppleWebKit/537.36 (KHTML, like Gecko; compatible; Amazonbot/0.1; +https://developer.amazon.com/support/amazonbot) Chrome/119.0.6045.214 Safari/537.36"
74.7.227.32 - - [04/Dec/2025:01:52:37 -0800] "GET /item_support/what_is_item_support/8988002?fileloc=//sys/class/net/phy1/master/dormant&path=//sys/class/net/phy1/master HTTP/2.0" 200 2602 "-" "Mozilla/5.0 AppleWebKit/537.36 (KHTML, like Gecko; compatible; GPTBot/1.3; +https://openai.com/gptbot)"
74.7.242.13 - - [04/Dec/2025:01:52:38 -0800] "GET /property/beautiful-5bhk-semi-attached-villa-with-burj-al-arab-view-for-rent-in-umm-suqeim-2/?path=//sys/devices/pci0000:40/firmware_node/device:ac/device:ad/subsystem/devices/device:cc/device:cd/device:cf/subsystem/devices/device:ac/device:ad/subsystem/devices/device:ee/subsystem/devices/device:cd/device:ce/subsystem/devices/device:cb/device:cc/device:cd/device:ce/subsystem/devices/device:ea HTTP/2.0" 200 3406 "-" "Mozilla/5.0 AppleWebKit/537.36 (KHTML, like Gecko; compatible; GPTBot/1.3; +https://openai.com/gptbot)"
74.7.227.32 - - [04/Dec/2025:01:52:40 -0800] "GET /item_support/what_is_item_support/8988002?fileloc=//sys/class/net/phy1/master/iflink&path=//sys/class/net/phy1/master HTTP/2.0" 200 2601 "-" "Mozilla/5.0 AppleWebKit/537.36 (KHTML, like Gecko; compatible; GPTBot/1.3; +https://openai.com/gptbot)"
54.197.178.107 - - [04/Dec/2025:01:52:42 -0800] "GET /property-type/residential/?path=//sys/devices/platform/PCCT/subsystem/devices/reg-dummy/subsystem/devices/reg-dummy/subsystem/drivers/reg-dummy/reg-dummy/regulator/regulator.0/device/subsystem/drivers/ohci-platform HTTP/1.1" 200 6525 "-" "Mozilla/5.0 AppleWebKit/537.36 (KHTML, like Gecko; compatible; Amazonbot/0.1; +https://developer.amazon.com/support/amazonbot) Chrome/119.0.6045.214 Safari/537.36"
74.7.242.13 - - [04/Dec/2025:01:52:45 -0800] "GET /property/beautiful-5bhk-semi-attached-villa-with-burj-al-arab-view-for-rent-in-umm-suqeim-2/?path=//sys/devices/pci0000:40/firmware_node/device:ac/device:ad/subsystem/devices/device:cc/device:cd/device:cf/subsystem/devices/device:ac/device:ad/subsystem/devices/device:ee/subsystem/devices/device:ec/device:ef/subsystem/devices/device:cb/device:cc/device:cd/device:ce/subsystem/drivers/hpet HTTP/2.0" 200 3380 "-" "Mozilla/5.0 AppleWebKit/537.36 (KHTML, like Gecko; compatible; GPTBot/1.3; +https://openai.com/gptbot)"
74.7.227.32 - - [04/Dec/2025:01:52:46 -0800] "GET /item_support/what_is_item_support/8988002?fileloc=//sys/class/net/phy1/master/ifindex&path=//sys/class/net/phy1/master HTTP/2.0" 200 2663 "-" "Mozilla/5.0 AppleWebKit/537.36 (KHTML, like Gecko; compatible; GPTBot/1.3; +https://openai.com/gptbot)"
74.7.227.32 - - [04/Dec/2025:01:52:46 -0800] "GET /item_support/what_is_item_support/8988002?fileloc=//sys/class/net/phy1/master/broadcast&path=//sys/class/net/phy1/master HTTP/2.0" 200 2558 "-" "Mozilla/5.0 AppleWebKit/537.36 (KHTML, like Gecko; compatible; GPTBot/1.3; +https://openai.com/gptbot)"
74.7.242.13 - - [04/Dec/2025:01:52:48 -0800] "GET /property/beautiful-5bhk-semi-attached-villa-with-burj-al-arab-view-for-rent-in-umm-suqeim-2/?path=//sys/devices/pci0000:40/firmware_node/device:ac/device:ad/subsystem/devices/device:cc/device:cd/device:cf/subsystem/devices/device:ac/device:ad/subsystem/devices/device:ee/subsystem/devices/device:cd/device:ce/subsystem/devices/device:cb/device:cc/device:cd/device:ce/subsystem/devices/device:dd HTTP/2.0" 200 3465 "-" "Mozilla/5.0 AppleWebKit/537.36 (KHTML, like Gecko; compatible; GPTBot/1.3; +https://openai.com/gptbot)"
34.227.156.153 - - [04/Dec/2025:01:52:48 -0800] "GET /property-type/villa/?path=//sys/devices/platform/reg-dummy/driver/reg-dummy/subsystem/drivers/reg-dummy/reg-dummy/subsystem/devices/microcode/subsystem/devices/IPI0001:00/subsystem/drivers/PCCT/PCCT HTTP/1.1" 200 6682 "-" "Mozilla/5.0 AppleWebKit/537.36 (KHTML, like Gecko; compatible; Amazonbot/0.1; +https://developer.amazon.com/support/amazonbot) Chrome/119.0.6045.214 Safari/537.36"
217.113.194.100 - - [04/Dec/2025:01:52:48 -0800] "GET /property/building-for-sale-dune-residency/?fileloc=//sbin/a2dismod&path=//sbin HTTP/1.1" 200 8121 "-" "Mozilla/5.0 (compatible; Barkrowler/0.9; +https://babbar.tech/crawler)"
216.73.216.116 - - [04/Dec/2025:01:52:48 -0800] "GET /property/best-deal-2br-apartment-fully-furnished-burj-khalifa-view?fileloc=%2F%2Fusr%2Finclude%2Funicode%2Fusprep.h&path=%2F%2Fusr%2Finclude%2Funicode HTTP/2.0" 200 5308 "-" "Mozilla/5.0 AppleWebKit/537.36 (KHTML, like Gecko; compatible; ClaudeBot/1.0; +claudebot@anthropic.com)"
216.73.216.116 - - [04/Dec/2025:01:52:50 -0800] "GET /property/best-deal-2br-apartment-fully-furnished-burj-khalifa-view?fileloc=%2F%2Fusr%2Finclude%2Funicode%2Fchar16ptr.h&path=%2F%2Fusr%2Finclude%2Funicode HTTP/2.0" 200 4106 "-" "Mozilla/5.0 AppleWebKit/537.36 (KHTML, like Gecko; compatible; ClaudeBot/1.0; +claudebot@anthropic.com)"
100.28.57.133 - - [04/Dec/2025:01:52:51 -0800] "GET /property/brand-new-villa-2/?path=//sys/devices/platform/pcspkr/subsystem/drivers/reg-dummy/reg-dummy/driver/reg-dummy/driver/reg-dummy/subsystem/devices/PCCT/subsystem/drivers/PCCT/PCCT/subsystem/drivers/timeriomem_rng HTTP/1.1" 200 6535 "-" "Mozilla/5.0 AppleWebKit/537.36 (KHTML, like Gecko; compatible; Amazonbot/0.1; +https://developer.amazon.com/support/amazonbot) Chrome/119.0.6045.214 Safari/537.36"
74.7.242.13 - - [04/Dec/2025:01:52:51 -0800] "GET /property/beautiful-5bhk-semi-attached-villa-with-burj-al-arab-view-for-rent-in-umm-suqeim-2/?path=//sys/devices/pci0000:40/firmware_node/device:ac/device:ad/subsystem/devices/device:cc/device:cd/device:cf/subsystem/devices/device:ac/device:ad/subsystem/devices/device:ee/subsystem/devices/device:ec/device:ef/subsystem/devices/device:cb/device:cc/device:cd/device:ce/subsystem/devices/device:ab HTTP/2.0" 200 3469 "-" "Mozilla/5.0 AppleWebKit/537.36 (KHTML, like Gecko; compatible; GPTBot/1.3; +https://openai.com/gptbot)"
74.7.242.13 - - [04/Dec/2025:01:52:52 -0800] "GET /property/beautiful-5bhk-semi-attached-villa-with-burj-al-arab-view-for-rent-in-umm-suqeim-2/?path=//sys/devices/pci0000:40/firmware_node/device:ac/device:ad/subsystem/devices/device:cc/device:cd/device:cf/subsystem/devices/device:ac/device:ad/subsystem/devices/device:ee/subsystem/devices/device:cd/device:ce/subsystem/devices/device:cb/device:cc/device:cd/device:ce/subsystem/devices/device:ef HTTP/2.0" 200 3407 "-" "Mozilla/5.0 AppleWebKit/537.36 (KHTML, like Gecko; compatible; GPTBot/1.3; +https://openai.com/gptbot)"
74.7.227.32 - - [04/Dec/2025:01:52:52 -0800] "GET /item_support/what_is_item_support/8988002?fileloc=//sys/class/net/phy1/master/duplex&path=//sys/class/net/phy1/master HTTP/2.0" 200 2660 "-" "Mozilla/5.0 AppleWebKit/537.36 (KHTML, like Gecko; compatible; GPTBot/1.3; +https://openai.com/gptbot)"
74.7.227.32 - - [04/Dec/2025:01:52:53 -0800] "GET /item_support/what_is_item_support/8988002?fileloc=//sys/class/net/phy1/master/mtu&path=//sys/class/net/phy1/master HTTP/2.0" 200 2605 "-" "Mozilla/5.0 AppleWebKit/537.36 (KHTML, like Gecko; compatible; GPTBot/1.3; +https://openai.com/gptbot)"
216.73.216.116 - - [04/Dec/2025:01:52:54 -0800] "GET /property/best-deal-2br-apartment-fully-furnished-burj-khalifa-view?fileloc=%2F%2Fusr%2Finclude%2Funicode%2Fucnv_err.h&path=%2F%2Fusr%2Finclude%2Funicode HTTP/2.0" 200 6578 "-" "Mozilla/5.0 AppleWebKit/537.36 (KHTML, like Gecko; compatible; ClaudeBot/1.0; +claudebot@anthropic.com)"
98.82.107.102 - - [04/Dec/2025:01:52:55 -0800] "GET /property-type/villa/?path=//sys/devices/platform/reg-dummy/driver/reg-dummy/subsystem/drivers/reg-dummy/reg-dummy/subsystem/drivers/PCCT/PCCT/subsystem/devices/pcspkr/subsystem/devices/PCCT/driver/PCCT HTTP/1.1" 200 6687 "-" "Mozilla/5.0 AppleWebKit/537.36 (KHTML, like Gecko; compatible; Amazonbot/0.1; +https://developer.amazon.com/support/amazonbot) Chrome/119.0.6045.214 Safari/537.36"
216.73.216.116 - - [04/Dec/2025:01:52:57 -0800] "GET /property/best-deal-2br-apartment-fully-furnished-burj-khalifa-view?fileloc=%2F%2Fusr%2Finclude%2Funicode%2Fformattedvalue.h&path=%2F%2Fusr%2Finclude%2Funicode HTTP/2.0" 200 5238 "-" "Mozilla/5.0 AppleWebKit/537.36 (KHTML, like Gecko; compatible; ClaudeBot/1.0; +claudebot@anthropic.com)"
74.7.242.13 - - [04/Dec/2025:01:52:57 -0800] "GET /property/beautiful-5bhk-semi-attached-villa-with-burj-al-arab-view-for-rent-in-umm-suqeim-2/?path=//sys/devices/pci0000:40/firmware_node/device:ac/device:ad/subsystem/devices/device:cc/device:cd/device:cf/subsystem/devices/device:ac/device:ad/subsystem/devices/device:ee/subsystem/devices/device:cd/device:ce/subsystem/devices/device:cb/device:cc/device:cd/device:ce/subsystem/drivers/ec HTTP/2.0" 200 3369 "-" "Mozilla/5.0 AppleWebKit/537.36 (KHTML, like Gecko; compatible; GPTBot/1.3; +https://openai.com/gptbot)"
74.7.227.32 - - [04/Dec/2025:01:52:57 -0800] "GET /item_support/what_is_item_support/8988002?fileloc=//sys/class/net/phy1/master/testing&path=//sys/class/net/phy1/master HTTP/2.0" 200 2661 "-" "Mozilla/5.0 AppleWebKit/537.36 (KHTML, like Gecko; compatible; GPTBot/1.3; +https://openai.com/gptbot)"
3.232.39.98 - - [04/Dec/2025:01:52:57 -0800] "GET /property-type/commercial/?path=//sys/bus/platform/devices/reg-dummy/driver/reg-dummy/driver/reg-dummy/driver/reg-dummy/subsystem/drivers/PCCT/PCCT/driver/PCCT/subsystem/devices/pcspkr HTTP/1.1" 200 6629 "-" "Mozilla/5.0 AppleWebKit/537.36 (KHTML, like Gecko; compatible; Amazonbot/0.1; +https://developer.amazon.com/support/amazonbot) Chrome/119.0.6045.214 Safari/537.36"
216.73.216.116 - - [04/Dec/2025:01:53:00 -0800] "GET /property/best-deal-2br-apartment-fully-furnished-burj-khalifa-view?fileloc=%2F%2Fusr%2Finclude%2Funicode%2Funiset.h&path=%2F%2Fusr%2Finclude%2Funicode HTTP/2.0" 200 18089 "-" "Mozilla/5.0 AppleWebKit/537.36 (KHTML, like Gecko; compatible; ClaudeBot/1.0; +claudebot@anthropic.com)"
74.7.242.13 - - [04/Dec/2025:01:53:00 -0800] "GET /property/beautiful-5bhk-semi-attached-villa-with-burj-al-arab-view-for-rent-in-umm-suqeim-2/?path=//sys/devices/pci0000:40/firmware_node/device:ac/device:ad/subsystem/devices/device:cc/device:cd/device:cf/subsystem/devices/device:ac/device:ad/subsystem/devices/device:ee/subsystem/devices/device:ec/device:ef/subsystem/devices/device:cb/device:cc/device:cd/device:ce/subsystem/devices/device:fd HTTP/2.0" 200 3516 "-" "Mozilla/5.0 AppleWebKit/537.36 (KHTML, like Gecko; compatible; GPTBot/1.3; +https://openai.com/gptbot)"
74.7.227.32 - - [04/Dec/2025:01:53:00 -0800] "GET /item_support/what_is_item_support/8988002?fileloc=//sys/class/net/phy1/master/ifalias&path=//sys/class/net/phy1/master HTTP/2.0" 200 2660 "-" "Mozilla/5.0 AppleWebKit/537.36 (KHTML, like Gecko; compatible; GPTBot/1.3; +https://openai.com/gptbot)"
44.221.180.179 - - [04/Dec/2025:01:53:01 -0800] "GET /property-type/townhouse/?path=//sys/class/tty/ttyS7/device/subsystem/drivers/reg-dummy/reg-dummy/driver/reg-dummy/driver/reg-dummy/subsystem/devices/microcode/subsystem/devices/PCCT/driver/PCCT/driver HTTP/1.1" 200 6531 "-" "Mozilla/5.0 AppleWebKit/537.36 (KHTML, like Gecko; compatible; Amazonbot/0.1; +https://developer.amazon.com/support/amazonbot) Chrome/119.0.6045.214 Safari/537.36"
74.7.242.13 - - [04/Dec/2025:01:53:03 -0800] "GET /property/beautiful-5bhk-semi-attached-villa-with-burj-al-arab-view-for-rent-in-umm-suqeim-2/?path=//sys/devices/pci0000:40/firmware_node/device:ac/device:ad/subsystem/devices/device:cc/device:cd/device:cf/subsystem/devices/device:ac/device:ad/subsystem/devices/device:ee/subsystem/devices/device:ec/device:ef/subsystem/devices/device:cb/device:cc/device:cd/device:ce/subsystem/devices/device:fa HTTP/2.0" 200 3517 "-" "Mozilla/5.0 AppleWebKit/537.36 (KHTML, like Gecko; compatible; GPTBot/1.3; +https://openai.com/gptbot)"
74.7.227.32 - - [04/Dec/2025:01:53:03 -0800] "GET /item_support/what_is_item_support/8988002?fileloc=//sys/class/net/phy1/master/carrier&path=//sys/class/net/phy1/master HTTP/2.0" 200 2661 "-" "Mozilla/5.0 AppleWebKit/537.36 (KHTML, like Gecko; compatible; GPTBot/1.3; +https://openai.com/gptbot)"
217.113.194.101 - - [04/Dec/2025:01:53:04 -0800] "GET /property/building-for-sale-dune-residency/?fileloc=//sbin/nfsiostat&path=//sbin HTTP/1.1" 200 9356 "-" "Mozilla/5.0 (compatible; Barkrowler/0.9; +https://babbar.tech/crawler)"
3.232.39.98 - - [04/Dec/2025:01:53:05 -0800] "GET /property-type/studio/?path=//sys/bus/platform/devices/PCCT/subsystem/drivers/reg-dummy/reg-dummy/driver/reg-dummy/driver/reg-dummy/subsystem/devices/pcspkr/subsystem/drivers/PCCT/PCCT/subsystem/devices/IPI0001:00 HTTP/1.1" 200 6744 "-" "Mozilla/5.0 AppleWebKit/537.36 (KHTML, like Gecko; compatible; Amazonbot/0.1; +https://developer.amazon.com/support/amazonbot) Chrome/119.0.6045.214 Safari/537.36"
74.7.242.13 - - [04/Dec/2025:01:53:05 -0800] "GET /property/beautiful-5bhk-semi-attached-villa-with-burj-al-arab-view-for-rent-in-umm-suqeim-2/?path=//sys/devices/pci0000:40/firmware_node/device:ac/device:ad/subsystem/devices/device:cc/device:cd/device:cf/subsystem/devices/device:ac/device:ad/subsystem/devices/device:ee/subsystem/devices/device:ec/device:ef/subsystem/devices/device:cb/device:cc/device:cd/device:ce/subsystem/devices/device:ee HTTP/2.0" 200 3465 "-" "Mozilla/5.0 AppleWebKit/537.36 (KHTML, like Gecko; compatible; GPTBot/1.3; +https://openai.com/gptbot)"
74.7.227.32 - - [04/Dec/2025:01:53:06 -0800] "GET /item_support/what_is_item_support/8988002?fileloc=//sys/class/net/phy1/device/revision&path=//sys/class/net/phy1/device HTTP/2.0" 200 2659 "-" "Mozilla/5.0 AppleWebKit/537.36 (KHTML, like Gecko; compatible; GPTBot/1.3; +https://openai.com/gptbot)"
74.7.242.13 - - [04/Dec/2025:01:53:08 -0800] "GET /property/beautiful-5bhk-semi-attached-villa-with-burj-al-arab-view-for-rent-in-umm-suqeim-2/?path=//sys/devices/pci0000:40/firmware_node/device:ac/device:ad/subsystem/devices/device:cc/device:cd/device:cf/subsystem/devices/device:ac/device:ad/subsystem/devices/device:ee/subsystem/devices/device:ec/device:ef/subsystem/devices/device:cb/device:cc/device:cd/device:ce/subsystem/devices/device:bc/device:bd/physical_node/iommu/amd-iommu HTTP/2.0" 200 3387 "-" "Mozilla/5.0 AppleWebKit/537.36 (KHTML, like Gecko; compatible; GPTBot/1.3; +https://openai.com/gptbot)"
52.73.6.26 - - [04/Dec/2025:01:53:09 -0800] "GET /property-type/studio/?path=//sys/devices/platform/reg-dummy/driver/reg-dummy/subsystem/drivers/reg-dummy/reg-dummy/subsystem/drivers/PCCT/PCCT/subsystem/devices/PCCT/driver/PCCT/subsystem/drivers/acpi-fan HTTP/1.1" 200 6526 "-" "Mozilla/5.0 AppleWebKit/537.36 (KHTML, like Gecko; compatible; Amazonbot/0.1; +https://developer.amazon.com/support/amazonbot) Chrome/119.0.6045.214 Safari/537.36"
74.7.227.32 - - [04/Dec/2025:01:53:09 -0800] "GET /item_support/what_is_item_support/8988002?fileloc=//sys/class/net/phy1/device/vendor&path=//sys/class/net/phy1/device HTTP/2.0" 200 2665 "-" "Mozilla/5.0 AppleWebKit/537.36 (KHTML, like Gecko; compatible; GPTBot/1.3; +https://openai.com/gptbot)"
74.7.242.13 - - [04/Dec/2025:01:53:12 -0800] "GET /property/beautiful-5bhk-semi-attached-villa-with-burj-al-arab-view-for-rent-in-umm-suqeim-2/?path=//sys/devices/pci0000:40/firmware_node/device:ac/device:ad/subsystem/devices/device:cc/device:cd/device:cf/subsystem/devices/device:ac/device:ad/subsystem/devices/device:ee/subsystem/devices/device:cd/device:ce/subsystem/devices/device:cb/device:cc/device:cd/device:ce/subsystem/devices/device:fb HTTP/2.0" 200 3594 "-" "Mozilla/5.0 AppleWebKit/537.36 (KHTML, like Gecko; compatible; GPTBot/1.3; +https://openai.com/gptbot)"
74.7.227.32 - - [04/Dec/2025:01:53:12 -0800] "GET /item_support/what_is_item_support/8988002?fileloc=//sys/class/net/phy1/device/power_state&path=//sys/class/net/phy1/device HTTP/2.0" 200 2605 "-" "Mozilla/5.0 AppleWebKit/537.36 (KHTML, like Gecko; compatible; GPTBot/1.3; +https://openai.com/gptbot)"
54.90.244.132 - - [04/Dec/2025:01:53:13 -0800] "GET /property-type/apartment/?path=//sys/devices/platform/reg-dummy/driver/reg-dummy/subsystem/devices/microcode/subsystem/devices/reg-dummy/subsystem/drivers/PCCT/PCCT/driver/PCCT/subsystem/devices/PCCT/driver HTTP/1.1" 200 6532 "-" "Mozilla/5.0 AppleWebKit/537.36 (KHTML, like Gecko; compatible; Amazonbot/0.1; +https://developer.amazon.com/support/amazonbot) Chrome/119.0.6045.214 Safari/537.36"
74.7.242.13 - - [04/Dec/2025:01:53:15 -0800] "GET /property/beautiful-5bhk-semi-attached-villa-with-burj-al-arab-view-for-rent-in-umm-suqeim-2/?path=//sys/devices/pci0000:40/firmware_node/device:ac/device:ad/subsystem/devices/device:cc/device:cd/device:cf/subsystem/devices/device:ac/device:ad/subsystem/devices/device:ee/subsystem/devices/device:cd/device:ce/subsystem/devices/device:cb/device:cc/device:cd/device:ce/subsystem/devices/device:ae HTTP/2.0" 200 3405 "-" "Mozilla/5.0 AppleWebKit/537.36 (KHTML, like Gecko; compatible; GPTBot/1.3; +https://openai.com/gptbot)"
74.7.227.32 - - [04/Dec/2025:01:53:15 -0800] "GET /item_support/what_is_item_support/8988002?fileloc=//sys/class/net/phy1/device/local_cpulist&path=//sys/class/net/phy1/device HTTP/2.0" 200 2606 "-" "Mozilla/5.0 AppleWebKit/537.36 (KHTML, like Gecko; compatible; GPTBot/1.3; +https://openai.com/gptbot)"
35.169.119.108 - - [04/Dec/2025:01:53:17 -0800] "GET /property-type/full-floor/?path=//sys/bus/platform/devices/reg-dummy/driver/reg-dummy/driver/reg-dummy/subsystem/drivers/PCCT/PCCT/subsystem/devices/reg-dummy/subsystem/devices/PCCT/driver/PCCT/subsystem/drivers/isch_smbus HTTP/1.1" 200 6553 "-" "Mozilla/5.0 AppleWebKit/537.36 (KHTML, like Gecko; compatible; Amazonbot/0.1; +https://developer.amazon.com/support/amazonbot) Chrome/119.0.6045.214 Safari/537.36"
114.119.134.161 - - [04/Dec/2025:01:53:18 -0800] "GET /status/for-rent/page/6?fileloc=//etc/copper.lua&path=//etc HTTP/1.1" 200 6725 "https://www.fnaluxury.com/status/for-rent/page/6?path=//etc" "Mozilla/5.0 (Linux; Android 7.0;) AppleWebKit/537.36 (KHTML, like Gecko) Mobile Safari/537.36 (compatible; PetalBot;+https://webmaster.petalsearch.com/site/petalbot)"
74.7.242.13 - - [04/Dec/2025:01:53:18 -0800] "GET /property/beautiful-5bhk-semi-attached-villa-with-burj-al-arab-view-for-rent-in-umm-suqeim-2/?path=//sys/devices/pci0000:40/firmware_node/device:ac/device:ad/subsystem/devices/device:cc/device:cd/device:cf/subsystem/devices/device:ac/device:ad/subsystem/devices/device:ee/subsystem/devices/device:cd/device:ce/subsystem/devices/device:cb/device:cc/device:cd/device:ce/subsystem/devices/device:bd HTTP/2.0" 200 3512 "-" "Mozilla/5.0 AppleWebKit/537.36 (KHTML, like Gecko; compatible; GPTBot/1.3; +https://openai.com/gptbot)"
74.7.227.32 - - [04/Dec/2025:01:53:18 -0800] "GET /item_support/what_is_item_support/8988002?fileloc=//sys/class/net/phy1/device/ari_enabled&path=//sys/class/net/phy1/device HTTP/2.0" 200 2662 "-" "Mozilla/5.0 AppleWebKit/537.36 (KHTML, like Gecko; compatible; GPTBot/1.3; +https://openai.com/gptbot)"
217.113.194.100 - - [04/Dec/2025:01:53:20 -0800] "GET /property/building-for-sale-in-dubailand/?fileloc=//bin/db5.3_recover&path=//bin HTTP/1.1" 200 6877 "-" "Mozilla/5.0 (compatible; Barkrowler/0.9; +https://babbar.tech/crawler)"
98.84.70.201 - - [04/Dec/2025:01:53:21 -0800] "GET /property-type/shop/?path=//sys/bus/platform/drivers/reg-dummy/reg-dummy/driver/reg-dummy/driver/reg-dummy/subsystem/drivers/PCCT/PCCT/subsystem/devices/PCCT/subsystem/devices/PCCT/driver HTTP/1.1" 200 6504 "-" "Mozilla/5.0 AppleWebKit/537.36 (KHTML, like Gecko; compatible; Amazonbot/0.1; +https://developer.amazon.com/support/amazonbot) Chrome/119.0.6045.214 Safari/537.36"
74.7.227.32 - - [04/Dec/2025:01:53:21 -0800] "GET /item_support/what_is_item_support/8988002?fileloc=//sys/class/net/phy1/device/rescan&path=//sys/class/net/phy1/device HTTP/2.0" 200 2659 "-" "Mozilla/5.0 AppleWebKit/537.36 (KHTML, like Gecko; compatible; GPTBot/1.3; +https://openai.com/gptbot)"
74.7.242.13 - - [04/Dec/2025:01:53:21 -0800] "GET /property/beautiful-5bhk-semi-attached-villa-with-burj-al-arab-view-for-rent-in-umm-suqeim-2/?path=//sys/devices/pci0000:40/firmware_node/device:ac/device:ad/subsystem/devices/device:cc/device:cd/device:cf/subsystem/devices/device:ac/device:ad/subsystem/devices/device:ee/subsystem/devices/device:cd/device:ce/subsystem/devices/device:cb/device:cc/device:cd/device:ce/subsystem/devices/device:aa HTTP/2.0" 200 3550 "-" "Mozilla/5.0 AppleWebKit/537.36 (KHTML, like Gecko; compatible; GPTBot/1.3; +https://openai.com/gptbot)"
74.7.242.13 - - [04/Dec/2025:01:53:25 -0800] "GET /property/beautiful-5bhk-semi-attached-villa-with-burj-al-arab-view-for-rent-in-umm-suqeim-2/?path=//sys/devices/pci0000:40/firmware_node/device:ac/device:ad/subsystem/devices/device:cc/device:cd/device:cf/subsystem/devices/device:ac/device:ad/subsystem/devices/device:ee/subsystem/devices/device:ec/device:ef/subsystem/devices/device:cc/device:cd HTTP/2.0" 200 3516 "-" "Mozilla/5.0 AppleWebKit/537.36 (KHTML, like Gecko; compatible; GPTBot/1.3; +https://openai.com/gptbot)"
74.7.227.32 - - [04/Dec/2025:01:53:25 -0800] "GET /item_support/what_is_item_support/8988002?fileloc=//sys/class/net/phy1/device/resource&path=//sys/class/net/phy1/device HTTP/2.0" 200 2661 "-" "Mozilla/5.0 AppleWebKit/537.36 (KHTML, like Gecko; compatible; GPTBot/1.3; +https://openai.com/gptbot)"
98.82.40.168 - - [04/Dec/2025:01:53:26 -0800] "GET /property-type/shop/?path=//sys/bus/platform/drivers/reg-dummy/reg-dummy/subsystem/devices/PCCT/subsystem/drivers/reg-dummy/reg-dummy/subsystem/devices/acpi-cpufreq/subsystem/devices/IPI0001:00 HTTP/1.1" 200 6724 "-" "Mozilla/5.0 AppleWebKit/537.36 (KHTML, like Gecko; compatible; Amazonbot/0.1; +https://developer.amazon.com/support/amazonbot) Chrome/119.0.6045.214 Safari/537.36"
74.7.242.13 - - [04/Dec/2025:01:53:28 -0800] "GET /property/beautiful-5bhk-semi-attached-villa-with-burj-al-arab-view-for-rent-in-umm-suqeim-2/?path=//sys/devices/pci0000:40/firmware_node/device:ac/device:ad/subsystem/devices/device:cc/device:cd/device:cf/subsystem/devices/device:ac/device:ad/subsystem/devices/device:ee/subsystem/devices/device:ec/device:ef/subsystem/devices/device:cb/device:cc/device:cd/device:ce/subsystem/devices/device:bc/device:bd/physical_node/iommu_group HTTP/2.0" 200 3481 "-" "Mozilla/5.0 AppleWebKit/537.36 (KHTML, like Gecko; compatible; GPTBot/1.3; +https://openai.com/gptbot)"
74.7.227.32 - - [04/Dec/2025:01:53:28 -0800] "GET /item_support/what_is_item_support/8988002?fileloc=//sys/class/net/phy1/master/netdev_group&path=//sys/class/net/phy1/master HTTP/2.0" 200 2663 "-" "Mozilla/5.0 AppleWebKit/537.36 (KHTML, like Gecko; compatible; GPTBot/1.3; +https://openai.com/gptbot)"
44.195.50.71 - - [04/Dec/2025:01:53:29 -0800] "GET /property-type/townhouse/?path=//sys/bus/platform/drivers/reg-dummy/reg-dummy/driver/reg-dummy/subsystem/devices/reg-dummy/subsystem/drivers/PCCT/PCCT/driver/PCCT/subsystem/devices/microcode/subsystem/devices/PCCT HTTP/1.1" 200 6688 "-" "Mozilla/5.0 AppleWebKit/537.36 (KHTML, like Gecko; compatible; Amazonbot/0.1; +https://developer.amazon.com/support/amazonbot) Chrome/119.0.6045.214 Safari/537.36"
74.7.242.13 - - [04/Dec/2025:01:53:30 -0800] "GET /property/beautiful-5bhk-semi-attached-villa-with-burj-al-arab-view-for-rent-in-umm-suqeim-2/?path=//sys/devices/pci0000:40/firmware_node/device:ac/device:ad/subsystem/devices/device:cc/device:cd/device:cf/subsystem/devices/device:ac/device:ad/subsystem/devices/device:ee/subsystem/devices/device:bc/device:be/subsystem/devices/device:bc/device:bd/physical_node/iommu/amd-iommu HTTP/2.0" 200 3327 "-" "Mozilla/5.0 AppleWebKit/537.36 (KHTML, like Gecko; compatible; GPTBot/1.3; +https://openai.com/gptbot)"
74.7.227.32 - - [04/Dec/2025:01:53:31 -0800] "GET /item_support/what_is_item_support/8988002?fileloc=//sys/class/net/phy1/device/uevent&path=//sys/class/net/phy1/device HTTP/2.0" 200 2780 "-" "Mozilla/5.0 AppleWebKit/537.36 (KHTML, like Gecko; compatible; GPTBot/1.3; +https://openai.com/gptbot)"
43.173.173.91 - - [04/Dec/2025:01:53:33 -0800] "GET /blog/?path=//sys/block/nbd10/subsystem/nvme7n1p1 HTTP/1.1" 200 7017 "-" "Mozilla/5.0 (Windows NT 6.1; Win64; x64) AppleWebKit/537.36 (KHTML, like Gecko) Chrome/126.0.6478.114 Safari/537.36"
100.29.107.38 - - [04/Dec/2025:01:53:33 -0800] "GET /property/brand-new-villa-2/?path=//sys/devices/platform/acpi-cpufreq/subsystem/devices/reg-dummy/subsystem/drivers/reg-dummy/reg-dummy/driver/reg-dummy/subsystem/devices/IPI0001:00/subsystem/devices/IPI0001:00 HTTP/1.1" 200 6713 "-" "Mozilla/5.0 AppleWebKit/537.36 (KHTML, like Gecko; compatible; Amazonbot/0.1; +https://developer.amazon.com/support/amazonbot) Chrome/119.0.6045.214 Safari/537.36"
74.7.242.13 - - [04/Dec/2025:01:53:34 -0800] "GET /property/beautiful-5bhk-semi-attached-villa-with-burj-al-arab-view-for-rent-in-umm-suqeim-2/?path=//sys/devices/pci0000:40/firmware_node/device:ac/device:ad/subsystem/devices/device:cc/device:cd/device:cf/subsystem/devices/device:ac/device:ad/subsystem/devices/device:ee/subsystem/devices/device:cd/device:ce/subsystem/drivers/hpet HTTP/2.0" 200 3298 "-" "Mozilla/5.0 AppleWebKit/537.36 (KHTML, like Gecko; compatible; GPTBot/1.3; +https://openai.com/gptbot)"
74.7.227.32 - - [04/Dec/2025:01:53:34 -0800] "GET /item_support/what_is_item_support/8988002?fileloc=//sys/class/net/phy1/device/modalias&path=//sys/class/net/phy1/device HTTP/2.0" 200 2660 "-" "Mozilla/5.0 AppleWebKit/537.36 (KHTML, like Gecko; compatible; GPTBot/1.3; +https://openai.com/gptbot)"
217.113.194.101 - - [04/Dec/2025:01:53:36 -0800] "GET /property/building-for-sale-in-dubailand/?fileloc=//bin/dotlock.mailutils&path=//bin HTTP/1.1" 200 6621 "-" "Mozilla/5.0 (compatible; Barkrowler/0.9; +https://babbar.tech/crawler)"
34.239.85.139 - - [04/Dec/2025:01:53:37 -0800] "GET /property/modern-apartment-on-the-bay/?path=//sys/bus/platform/devices/reg-dummy/driver/reg-dummy/subsystem/drivers/reg-dummy/reg-dummy/subsystem/devices/microcode/subsystem/devices/pcspkr/subsystem/devices/PCCT/driver HTTP/1.1" 200 6534 "-" "Mozilla/5.0 AppleWebKit/537.36 (KHTML, like Gecko; compatible; Amazonbot/0.1; +https://developer.amazon.com/support/amazonbot) Chrome/119.0.6045.214 Safari/537.36"
74.7.242.13 - - [04/Dec/2025:01:53:37 -0800] "GET /property/beautiful-5bhk-semi-attached-villa-with-burj-al-arab-view-for-rent-in-umm-suqeim-2/?path=//sys/devices/pci0000:40/firmware_node/device:ac/device:ad/subsystem/devices/device:cc/device:cd/device:cf/subsystem/devices/device:ac/device:ad/subsystem/devices/device:ee/subsystem/devices/device:ec/device:ef/subsystem/devices/device:cb/device:cc/device:cd/device:ce/subsystem/devices/device:fa/subsystem HTTP/2.0" 200 3531 "-" "Mozilla/5.0 AppleWebKit/537.36 (KHTML, like Gecko; compatible; GPTBot/1.3; +https://openai.com/gptbot)"
74.7.227.32 - - [04/Dec/2025:01:53:37 -0800] "GET /item_support/what_is_item_support/8988002?fileloc=//sys/class/net/phy1/device/config&path=//sys/class/net/phy1/device HTTP/2.0" 200 2659 "-" "Mozilla/5.0 AppleWebKit/537.36 (KHTML, like Gecko; compatible; GPTBot/1.3; +https://openai.com/gptbot)"
74.7.242.13 - - [04/Dec/2025:01:53:40 -0800] "GET /property/beautiful-5bhk-semi-attached-villa-with-burj-al-arab-view-for-rent-in-umm-suqeim-2/?path=//sys/devices/pci0000:40/firmware_node/device:ac/device:ad/subsystem/devices/device:cc/device:cd/device:cf/subsystem/devices/device:ac/device:ad/subsystem/devices/device:ee/subsystem/devices/device:cd/device:ce/subsystem/devices/device:fc HTTP/2.0" 200 3419 "-" "Mozilla/5.0 AppleWebKit/537.36 (KHTML, like Gecko; compatible; GPTBot/1.3; +https://openai.com/gptbot)"
74.7.227.32 - - [04/Dec/2025:01:53:40 -0800] "GET /item_support/what_is_item_support/8988002?fileloc=//sys/class/net/phy1/device/reset_method&path=//sys/class/net/phy1/device HTTP/2.0" 200 2661 "-" "Mozilla/5.0 AppleWebKit/537.36 (KHTML, like Gecko; compatible; GPTBot/1.3; +https://openai.com/gptbot)"
34.192.125.239 - - [04/Dec/2025:01:53:41 -0800] "GET /property-type/villa/?path=//sys/bus/platform/devices/reg-dummy/subsystem/drivers/reg-dummy/reg-dummy/driver/reg-dummy/subsystem/devices/PCCT/driver/PCCT/driver/PCCT/subsystem/devices/microcode/subsystem/devices/pcspkr HTTP/1.1" 200 6662 "-" "Mozilla/5.0 AppleWebKit/537.36 (KHTML, like Gecko; compatible; Amazonbot/0.1; +https://developer.amazon.com/support/amazonbot) Chrome/119.0.6045.214 Safari/537.36"
74.7.227.32 - - [04/Dec/2025:01:53:43 -0800] "GET /item_support/what_is_item_support/8988002?fileloc=//sys/class/net/phy1/device/remove&path=//sys/class/net/phy1/device HTTP/2.0" 200 2601 "-" "Mozilla/5.0 AppleWebKit/537.36 (KHTML, like Gecko; compatible; GPTBot/1.3; +https://openai.com/gptbot)"
74.7.242.13 - - [04/Dec/2025:01:53:43 -0800] "GET /property/beautiful-5bhk-semi-attached-villa-with-burj-al-arab-view-for-rent-in-umm-suqeim-2/?path=//sys/devices/pci0000:40/firmware_node/device:ac/device:ad/subsystem/devices/device:cc/device:cd/device:cf/subsystem/devices/device:ac/device:ad/subsystem/devices/device:ee/subsystem/devices/device:cd/device:ce/subsystem/devices/device:ac HTTP/2.0" 200 3403 "-" "Mozilla/5.0 AppleWebKit/537.36 (KHTML, like Gecko; compatible; GPTBot/1.3; +https://openai.com/gptbot)"
