54.210.152.179 - - [08/Nov/2025:01:11:10 -0800] "GET /property-type/townhouse/?path=//sys/class/tty/ttyse/subsystem/ttypc/subsystem/ttype HTTP/1.1" 200 6449 "-" "Mozilla/5.0 AppleWebKit/537.36 (KHTML, like Gecko; compatible; Amazonbot/0.1; +https://developer.amazon.com/support/amazonbot) Chrome/119.0.6045.214 Safari/537.36" 
216.73.216.80 - - [08/Nov/2025:01:11:11 -0800] "GET /?items=210302811 HTTP/2.0" 200 4233 "-" "Mozilla/5.0 AppleWebKit/537.36 (KHTML, like Gecko; compatible; ClaudeBot/1.0; +claudebot@anthropic.com)" 
147.135.213.170 - - [08/Nov/2025:01:11:13 -0800] "GET /?fileloc=//etc/rcS.d/S01plymouth-log&path=//etc/rcS.d HTTP/1.1" 200 6352 "-" "Mozilla/5.0 (compatible; MJ12bot/v1.4.8; http://mj12bot.com/)" 
3.226.34.98 - - [08/Nov/2025:01:11:14 -0800] "GET /property-type/shop/?path=//sys/class/tty/ttyu1/subsystem/ttysc/subsystem HTTP/1.1" 200 19911 "-" "Mozilla/5.0 AppleWebKit/537.36 (KHTML, like Gecko; compatible; Amazonbot/0.1; +https://developer.amazon.com/support/amazonbot) Chrome/119.0.6045.214 Safari/537.36" 
144.76.19.157 - - [08/Nov/2025:01:11:14 -0800] "GET /agent/samuel-palmer/?path=/home/dh_hwg2wc/fnaluxury.com_20241117233659 HTTP/1.1" 200 4809 "-" "Mozilla/5.0 (compatible; BLEXBot/1.0; +https://help.seranking.com/en/blex-crawler)" 
216.73.216.80 - - [08/Nov/2025:01:11:14 -0800] "GET /?items=127653434 HTTP/2.0" 200 4233 "-" "Mozilla/5.0 AppleWebKit/537.36 (KHTML, like Gecko; compatible; ClaudeBot/1.0; +claudebot@anthropic.com)" 
216.73.216.80 - - [08/Nov/2025:01:11:17 -0800] "GET /?items=186829521 HTTP/2.0" 200 4233 "-" "Mozilla/5.0 AppleWebKit/537.36 (KHTML, like Gecko; compatible; ClaudeBot/1.0; +claudebot@anthropic.com)" 
144.76.19.157 - - [08/Nov/2025:01:11:18 -0800] "GET /property-type/plot/?path=/home/dh_hwg2wc/fnaluxury.com/wp-includes/css HTTP/1.1" 200 5035 "-" "Mozilla/5.0 (compatible; BLEXBot/1.0; +https://help.seranking.com/en/blex-crawler)" 
3.211.105.134 - - [08/Nov/2025:01:11:19 -0800] "GET /property-type/studio/?path=//sys/class/tty/ptyp1/subsystem/ttyv1/subsystem HTTP/1.1" 200 19912 "-" "Mozilla/5.0 AppleWebKit/537.36 (KHTML, like Gecko; compatible; Amazonbot/0.1; +https://developer.amazon.com/support/amazonbot) Chrome/119.0.6045.214 Safari/537.36" 
216.73.216.80 - - [08/Nov/2025:01:11:20 -0800] "GET /?items=127668764 HTTP/2.0" 200 4233 "-" "Mozilla/5.0 AppleWebKit/537.36 (KHTML, like Gecko; compatible; ClaudeBot/1.0; +claudebot@anthropic.com)" 
144.76.19.157 - - [08/Nov/2025:01:11:21 -0800] "GET /feature/dryer/?path=/home/dh_hwg2wc/fnaluxury.com/wp-includes/Requests HTTP/1.1" 200 3337 "-" "Mozilla/5.0 (compatible; BLEXBot/1.0; +https://help.seranking.com/en/blex-crawler)" 
18.232.11.247 - - [08/Nov/2025:01:11:23 -0800] "GET /property-type/full-floor/?path=//sys/devices/tracepoint/subsystem/devices/ibs_fetch HTTP/1.1" 200 6597 "-" "Mozilla/5.0 AppleWebKit/537.36 (KHTML, like Gecko; compatible; Amazonbot/0.1; +https://developer.amazon.com/support/amazonbot) Chrome/119.0.6045.214 Safari/537.36" 
147.135.213.170 - - [08/Nov/2025:01:11:23 -0800] "GET /?fileloc=//etc/rcS.d/S01procps&path=//etc/rcS.d HTTP/1.1" 200 6496 "-" "Mozilla/5.0 (compatible; MJ12bot/v1.4.8; http://mj12bot.com/)" 
216.73.216.80 - - [08/Nov/2025:01:11:23 -0800] "GET /?items=202552451 HTTP/2.0" 200 4233 "-" "Mozilla/5.0 AppleWebKit/537.36 (KHTML, like Gecko; compatible; ClaudeBot/1.0; +claudebot@anthropic.com)" 
66.249.75.132 - - [08/Nov/2025:01:11:25 -0800] "GET /?items=89946076 HTTP/1.1" 200 30392 "-" "Mozilla/5.0 (Linux; Android 6.0.1; Nexus 5X Build/MMB29P) AppleWebKit/537.36 (KHTML, like Gecko) Chrome/141.0.7390.122 Mobile Safari/537.36 (compatible; Googlebot/2.1; +http://www.google.com/bot.html)" 
23.21.227.240 - - [08/Nov/2025:01:11:26 -0800] "GET /property-type/townhouse/?path=//sys/class/mem/full/subsystem/port/subsystem/port HTTP/1.1" 200 6444 "-" "Mozilla/5.0 AppleWebKit/537.36 (KHTML, like Gecko; compatible; Amazonbot/0.1; +https://developer.amazon.com/support/amazonbot) Chrome/119.0.6045.214 Safari/537.36" 
216.73.216.80 - - [08/Nov/2025:01:11:26 -0800] "GET /?items=44554120 HTTP/2.0" 200 4233 "-" "Mozilla/5.0 AppleWebKit/537.36 (KHTML, like Gecko; compatible; ClaudeBot/1.0; +claudebot@anthropic.com)" 
216.73.216.80 - - [08/Nov/2025:01:11:29 -0800] "GET /?items=105789668 HTTP/2.0" 200 4233 "-" "Mozilla/5.0 AppleWebKit/537.36 (KHTML, like Gecko; compatible; ClaudeBot/1.0; +claudebot@anthropic.com)" 
98.80.130.239 - - [08/Nov/2025:01:11:30 -0800] "GET /property-type/townhouse/?path=//sys/class/tty/ttyya/subsystem/ttype/subsystem/ttyv1 HTTP/1.1" 200 6453 "-" "Mozilla/5.0 AppleWebKit/537.36 (KHTML, like Gecko; compatible; Amazonbot/0.1; +https://developer.amazon.com/support/amazonbot) Chrome/119.0.6045.214 Safari/537.36" 
47.128.124.86 - - [08/Nov/2025:01:11:32 -0800] "GET /robots.txt HTTP/1.1" 200 3614 "-" "Mozilla/5.0 (Linux; Android 5.0) AppleWebKit/537.36 (KHTML, like Gecko) Mobile Safari/537.36 (compatible; Bytespider; spider-feedback@bytedance.com)" 
114.119.154.200 - - [08/Nov/2025:01:11:32 -0800] "GET /status/for-sale/?fileloc=/home/dh_hwg2wc/fnaluxury.com/wp-admin/tools.php&path=/home/dh_hwg2wc/fnaluxury.com/wp-admin HTTP/1.1" 200 7624 "https://www.fnaluxury.com/status/for-sale/?path=/home/dh_hwg2wc/fnaluxury.com/wp-admin" "Mozilla/5.0 (Linux; Android 7.0;) AppleWebKit/537.36 (KHTML, like Gecko) Mobile Safari/537.36 (compatible; PetalBot;+https://webmaster.petalsearch.com/site/petalbot)" 
216.73.216.80 - - [08/Nov/2025:01:11:32 -0800] "GET /?items=202576305 HTTP/2.0" 200 4233 "-" "Mozilla/5.0 AppleWebKit/537.36 (KHTML, like Gecko; compatible; ClaudeBot/1.0; +claudebot@anthropic.com)" 
147.135.213.170 - - [08/Nov/2025:01:11:33 -0800] "GET /?fileloc=//etc/rcS.d/S01rpcbind&path=//etc/rcS.d HTTP/1.1" 200 6915 "-" "Mozilla/5.0 (compatible; MJ12bot/v1.4.8; http://mj12bot.com/)" 
34.196.237.236 - - [08/Nov/2025:01:11:35 -0800] "GET /property-type/townhouse/?path=//sys/class/tty/ttyua/subsystem/ttyv0/subsystem/ttyp0 HTTP/1.1" 200 6451 "-" "Mozilla/5.0 AppleWebKit/537.36 (KHTML, like Gecko; compatible; Amazonbot/0.1; +https://developer.amazon.com/support/amazonbot) Chrome/119.0.6045.214 Safari/537.36" 
216.73.216.80 - - [08/Nov/2025:01:11:35 -0800] "GET /?items=74971225 HTTP/2.0" 200 4233 "-" "Mozilla/5.0 AppleWebKit/537.36 (KHTML, like Gecko; compatible; ClaudeBot/1.0; +claudebot@anthropic.com)" 
66.249.75.132 - - [08/Nov/2025:01:11:35 -0800] "GET /?items=33656040 HTTP/1.1" 200 29677 "-" "Mozilla/5.0 (Linux; Android 6.0.1; Nexus 5X Build/MMB29P) AppleWebKit/537.36 (KHTML, like Gecko) Chrome/141.0.7390.122 Mobile Safari/537.36 (compatible; Googlebot/2.1; +http://www.google.com/bot.html)" 
66.249.75.132 - - [08/Nov/2025:01:11:37 -0800] "GET /?items=141734360 HTTP/1.1" 200 26588 "-" "Mozilla/5.0 (Linux; Android 6.0.1; Nexus 5X Build/MMB29P) AppleWebKit/537.36 (KHTML, like Gecko) Chrome/141.0.7390.122 Mobile Safari/537.36 (compatible; Googlebot/2.1; +http://www.google.com/bot.html)" 
54.235.172.96 - - [08/Nov/2025:01:11:38 -0800] "GET /property-type/townhouse/?path=//sys/class/tty/ttyza/subsystem/ttype/subsystem/ttydb HTTP/1.1" 200 6453 "-" "Mozilla/5.0 AppleWebKit/537.36 (KHTML, like Gecko; compatible; Amazonbot/0.1; +https://developer.amazon.com/support/amazonbot) Chrome/119.0.6045.214 Safari/537.36" 
216.73.216.80 - - [08/Nov/2025:01:11:41 -0800] "GET /?items=117006600 HTTP/2.0" 200 4291 "-" "Mozilla/5.0 AppleWebKit/537.36 (KHTML, like Gecko; compatible; ClaudeBot/1.0; +claudebot@anthropic.com)" 
144.76.19.157 - - [08/Nov/2025:01:11:42 -0800] "GET /property/?path=/home/dh_hwg2wc/fnaluxury.com/wp-includes/sodium_compat HTTP/1.1" 200 3952 "-" "Mozilla/5.0 (compatible; BLEXBot/1.0; +https://help.seranking.com/en/blex-crawler)" 
216.73.216.80 - - [08/Nov/2025:01:11:44 -0800] "GET /?items=77993856 HTTP/2.0" 200 4233 "-" "Mozilla/5.0 AppleWebKit/537.36 (KHTML, like Gecko; compatible; ClaudeBot/1.0; +claudebot@anthropic.com)" 
54.235.172.108 - - [08/Nov/2025:01:11:44 -0800] "GET /property-type/hotel-hotel-apartment/?path=//sys/bus/workqueue/devices/nf_ft_offload_add HTTP/1.1" 200 6670 "-" "Mozilla/5.0 AppleWebKit/537.36 (KHTML, like Gecko; compatible; Amazonbot/0.1; +https://developer.amazon.com/support/amazonbot) Chrome/119.0.6045.214 Safari/537.36" 
3.229.95.193 - - [08/Nov/2025:01:11:46 -0800] "GET /property-type/townhouse/?path=//sys/class/tty/ttypf/subsystem/ttype/subsystem/ttynull HTTP/1.1" 200 6452 "-" "Mozilla/5.0 AppleWebKit/537.36 (KHTML, like Gecko; compatible; Amazonbot/0.1; +https://developer.amazon.com/support/amazonbot) Chrome/119.0.6045.214 Safari/537.36" 
147.135.213.170 - - [08/Nov/2025:01:11:46 -0800] "GET /?fileloc=//etc/rcS.d/S01screen-cleanup&path=//etc/rcS.d HTTP/1.1" 200 6521 "-" "Mozilla/5.0 (compatible; MJ12bot/v1.4.8; http://mj12bot.com/)" 
216.73.216.80 - - [08/Nov/2025:01:11:47 -0800] "GET /?items=117002030 HTTP/2.0" 200 4233 "-" "Mozilla/5.0 AppleWebKit/537.36 (KHTML, like Gecko; compatible; ClaudeBot/1.0; +claudebot@anthropic.com)" 
216.73.216.80 - - [08/Nov/2025:01:11:50 -0800] "GET /?items=117007783 HTTP/2.0" 200 4233 "-" "Mozilla/5.0 AppleWebKit/537.36 (KHTML, like Gecko; compatible; ClaudeBot/1.0; +claudebot@anthropic.com)" 
144.76.19.157 - - [08/Nov/2025:01:11:50 -0800] "GET /agents-2/?path=/home/dh_hwg2wc/fnaluxury.com/wp-includes/sodium_compat HTTP/1.1" 200 3952 "-" "Mozilla/5.0 (compatible; BLEXBot/1.0; +https://help.seranking.com/en/blex-crawler)" 
52.45.15.233 - - [08/Nov/2025:01:11:50 -0800] "GET /property-type/townhouse/?path=//sys/bus/acpi/devices/device:fb/subsystem/drivers/ec HTTP/1.1" 200 6411 "-" "Mozilla/5.0 AppleWebKit/537.36 (KHTML, like Gecko; compatible; Amazonbot/0.1; +https://developer.amazon.com/support/amazonbot) Chrome/119.0.6045.214 Safari/537.36" 
216.73.216.80 - - [08/Nov/2025:01:11:53 -0800] "GET /?items=117001787 HTTP/2.0" 200 4233 "-" "Mozilla/5.0 AppleWebKit/537.36 (KHTML, like Gecko; compatible; ClaudeBot/1.0; +claudebot@anthropic.com)" 
52.70.123.241 - - [08/Nov/2025:01:11:54 -0800] "GET /property-type/villa/?path=//sys/devices/virtual/tty/ttysc/subsystem/console HTTP/1.1" 200 6499 "-" "Mozilla/5.0 AppleWebKit/537.36 (KHTML, like Gecko; compatible; Amazonbot/0.1; +https://developer.amazon.com/support/amazonbot) Chrome/119.0.6045.214 Safari/537.36" 
216.73.216.80 - - [08/Nov/2025:01:11:56 -0800] "GET /?items=117002889 HTTP/2.0" 200 4233 "-" "Mozilla/5.0 AppleWebKit/537.36 (KHTML, like Gecko; compatible; ClaudeBot/1.0; +claudebot@anthropic.com)" 
147.135.213.170 - - [08/Nov/2025:01:11:57 -0800] "GET /?fileloc=//etc/rcS.d/S01scsitools-pre.sh&path=//etc/rcS.d HTTP/1.1" 200 7019 "-" "Mozilla/5.0 (compatible; MJ12bot/v1.4.8; http://mj12bot.com/)" 
52.4.76.156 - - [08/Nov/2025:01:11:58 -0800] "GET /property-type/townhouse/?path=//sys/class/tty/ttype/subsystem/ttyse/subsystem/ttypc HTTP/1.1" 200 6452 "-" "Mozilla/5.0 AppleWebKit/537.36 (KHTML, like Gecko; compatible; Amazonbot/0.1; +https://developer.amazon.com/support/amazonbot) Chrome/119.0.6045.214 Safari/537.36" 
144.76.19.157 - - [08/Nov/2025:01:11:58 -0800] "GET /feature/dryer/?path=/home/dh_hwg2wc/fnaluxury.com/wp-includes/html-api HTTP/1.1" 200 4286 "-" "Mozilla/5.0 (compatible; BLEXBot/1.0; +https://help.seranking.com/en/blex-crawler)" 
216.73.216.80 - - [08/Nov/2025:01:11:59 -0800] "GET /?items=117001186 HTTP/2.0" 200 4233 "-" "Mozilla/5.0 AppleWebKit/537.36 (KHTML, like Gecko; compatible; ClaudeBot/1.0; +claudebot@anthropic.com)" 
216.73.216.80 - - [08/Nov/2025:01:12:02 -0800] "GET /?items=117003503 HTTP/2.0" 200 4233 "-" "Mozilla/5.0 AppleWebKit/537.36 (KHTML, like Gecko; compatible; ClaudeBot/1.0; +claudebot@anthropic.com)" 
3.94.199.128 - - [08/Nov/2025:01:12:02 -0800] "GET /property-type/commercial/?path=//sys/devices/platform/reg-dummy/subsystem/drivers/reg-dummy HTTP/1.1" 200 6495 "-" "Mozilla/5.0 AppleWebKit/537.36 (KHTML, like Gecko; compatible; Amazonbot/0.1; +https://developer.amazon.com/support/amazonbot) Chrome/119.0.6045.214 Safari/537.36" 
216.73.216.80 - - [08/Nov/2025:01:12:05 -0800] "GET /?items=117009452 HTTP/2.0" 200 4233 "-" "Mozilla/5.0 AppleWebKit/537.36 (KHTML, like Gecko; compatible; ClaudeBot/1.0; +claudebot@anthropic.com)" 
107.23.62.75 - - [08/Nov/2025:01:12:06 -0800] "GET /property-type/townhouse/?path=//sys/class/tty/ttyua/subsystem/ttysc/subsystem/ttype HTTP/1.1" 200 6451 "-" "Mozilla/5.0 AppleWebKit/537.36 (KHTML, like Gecko; compatible; Amazonbot/0.1; +https://developer.amazon.com/support/amazonbot) Chrome/119.0.6045.214 Safari/537.36" 
147.135.213.170 - - [08/Nov/2025:01:12:07 -0800] "GET /?fileloc=//etc/rcS.d/S01scsitools.sh&path=//etc/rcS.d HTTP/1.1" 200 7141 "-" "Mozilla/5.0 (compatible; MJ12bot/v1.4.8; http://mj12bot.com/)" 
216.73.216.80 - - [08/Nov/2025:01:12:08 -0800] "GET /?items=117005140 HTTP/2.0" 200 4233 "-" "Mozilla/5.0 AppleWebKit/537.36 (KHTML, like Gecko; compatible; ClaudeBot/1.0; +claudebot@anthropic.com)" 
54.235.158.162 - - [08/Nov/2025:01:12:10 -0800] "GET /property-type/studio/?path=//sys/devices/ibs_fetch/subsystem/devices/ibs_op/format HTTP/1.1" 200 6306 "-" "Mozilla/5.0 AppleWebKit/537.36 (KHTML, like Gecko; compatible; Amazonbot/0.1; +https://developer.amazon.com/support/amazonbot) Chrome/119.0.6045.214 Safari/537.36" 
216.73.216.80 - - [08/Nov/2025:01:12:11 -0800] "GET /?items=117004315 HTTP/2.0" 200 4233 "-" "Mozilla/5.0 AppleWebKit/537.36 (KHTML, like Gecko; compatible; ClaudeBot/1.0; +claudebot@anthropic.com)" 
144.76.19.157 - - [08/Nov/2025:01:12:11 -0800] "GET /feature/dryer/?path=/home/dh_hwg2wc/fnaluxury.com/wp-includes/rest-api HTTP/1.1" 200 3910 "-" "Mozilla/5.0 (compatible; BLEXBot/1.0; +https://help.seranking.com/en/blex-crawler)" 
216.73.216.80 - - [08/Nov/2025:01:12:14 -0800] "GET /?items=117022011 HTTP/2.0" 200 4233 "-" "Mozilla/5.0 AppleWebKit/537.36 (KHTML, like Gecko; compatible; ClaudeBot/1.0; +claudebot@anthropic.com)" 
52.7.33.248 - - [08/Nov/2025:01:12:14 -0800] "GET /property-type/studio/?path=//sys/devices/virtual/tty/ttyp0/subsystem/ttyv1 HTTP/1.1" 200 6450 "-" "Mozilla/5.0 AppleWebKit/537.36 (KHTML, like Gecko; compatible; Amazonbot/0.1; +https://developer.amazon.com/support/amazonbot) Chrome/119.0.6045.214 Safari/537.36" 
144.76.19.157 - - [08/Nov/2025:01:12:16 -0800] "GET /area/west-flagger/?fileloc=/home/dh_hwg2wc/.alias&path=/home/dh_hwg2wc HTTP/1.1" 200 3015 "-" "Mozilla/5.0 (compatible; BLEXBot/1.0; +https://help.seranking.com/en/blex-crawler)" 
216.73.216.80 - - [08/Nov/2025:01:12:17 -0800] "GET /?items=117006566 HTTP/2.0" 200 4233 "-" "Mozilla/5.0 AppleWebKit/537.36 (KHTML, like Gecko; compatible; ClaudeBot/1.0; +claudebot@anthropic.com)" 
147.135.213.170 - - [08/Nov/2025:01:12:18 -0800] "GET /?fileloc=//etc/rcS.d/S01udev&path=//etc/rcS.d HTTP/1.1" 200 8311 "-" "Mozilla/5.0 (compatible; MJ12bot/v1.4.8; http://mj12bot.com/)" 
98.82.40.168 - - [08/Nov/2025:01:12:19 -0800] "GET /property-type/townhouse/?path=//sys/class/tty/ttytd/subsystem/ttype/subsystem/ttype HTTP/1.1" 200 6444 "-" "Mozilla/5.0 AppleWebKit/537.36 (KHTML, like Gecko; compatible; Amazonbot/0.1; +https://developer.amazon.com/support/amazonbot) Chrome/119.0.6045.214 Safari/537.36" 
144.76.19.157 - - [08/Nov/2025:01:12:19 -0800] "GET /rent/?path=/home/dh_hwg2wc/fnaluxury.com/wp-includes/interactivity-api HTTP/1.1" 200 3380 "-" "Mozilla/5.0 (compatible; BLEXBot/1.0; +https://help.seranking.com/en/blex-crawler)" 
66.249.75.134 - - [08/Nov/2025:01:12:20 -0800] "GET /?items=33035983 HTTP/1.1" 200 31053 "-" "Mozilla/5.0 (Linux; Android 6.0.1; Nexus 5X Build/MMB29P) AppleWebKit/537.36 (KHTML, like Gecko) Chrome/141.0.7390.122 Mobile Safari/537.36 (compatible; Googlebot/2.1; +http://www.google.com/bot.html)" 
216.73.216.80 - - [08/Nov/2025:01:12:20 -0800] "GET /?items=117001834 HTTP/2.0" 200 4233 "-" "Mozilla/5.0 AppleWebKit/537.36 (KHTML, like Gecko; compatible; ClaudeBot/1.0; +claudebot@anthropic.com)" 
216.73.216.80 - - [08/Nov/2025:01:12:23 -0800] "GET /?items=117005788 HTTP/2.0" 200 4233 "-" "Mozilla/5.0 AppleWebKit/537.36 (KHTML, like Gecko; compatible; ClaudeBot/1.0; +claudebot@anthropic.com)" 
147.135.213.170 - - [08/Nov/2025:01:12:23 -0800] "GET /?fileloc=//etc/rcS.d/S01x11-common&path=//etc/rcS.d HTTP/1.1" 200 7131 "-" "Mozilla/5.0 (compatible; MJ12bot/v1.4.8; http://mj12bot.com/)" 
54.91.122.193 - - [08/Nov/2025:01:12:23 -0800] "GET /property-type/townhouse/?path=//sys/class/tty/ttype/subsystem/ptype/subsystem/ttyqb HTTP/1.1" 200 6455 "-" "Mozilla/5.0 AppleWebKit/537.36 (KHTML, like Gecko; compatible; Amazonbot/0.1; +https://developer.amazon.com/support/amazonbot) Chrome/119.0.6045.214 Safari/537.36" 
34.206.249.188 - - [08/Nov/2025:01:12:26 -0800] "GET /property-type/residential/?path=//sys/class/tty/tty0/subsystem/ttype HTTP/1.1" 200 6433 "-" "Mozilla/5.0 AppleWebKit/537.36 (KHTML, like Gecko; compatible; Amazonbot/0.1; +https://developer.amazon.com/support/amazonbot) Chrome/119.0.6045.214 Safari/537.36" 
216.73.216.80 - - [08/Nov/2025:01:12:26 -0800] "GET /?items=117009290 HTTP/2.0" 200 4233 "-" "Mozilla/5.0 AppleWebKit/537.36 (KHTML, like Gecko; compatible; ClaudeBot/1.0; +claudebot@anthropic.com)" 
216.73.216.80 - - [08/Nov/2025:01:12:29 -0800] "GET /?items=117004931 HTTP/2.0" 200 4233 "-" "Mozilla/5.0 AppleWebKit/537.36 (KHTML, like Gecko; compatible; ClaudeBot/1.0; +claudebot@anthropic.com)" 
54.84.102.81 - - [08/Nov/2025:01:12:29 -0800] "GET /property-type/full-floor/?path=//sys/class/ata_device/dev1.0/subsystem/dev10.0 HTTP/1.1" 200 6793 "-" "Mozilla/5.0 AppleWebKit/537.36 (KHTML, like Gecko; compatible; Amazonbot/0.1; +https://developer.amazon.com/support/amazonbot) Chrome/119.0.6045.214 Safari/537.36" 
66.249.75.132 - - [08/Nov/2025:01:12:30 -0800] "GET /?items=197811349 HTTP/1.1" 200 29578 "-" "Mozilla/5.0 (Linux; Android 6.0.1; Nexus 5X Build/MMB29P) AppleWebKit/537.36 (KHTML, like Gecko) Chrome/141.0.7390.122 Mobile Safari/537.36 (compatible; Googlebot/2.1; +http://www.google.com/bot.html)" 
216.73.216.80 - - [08/Nov/2025:01:12:32 -0800] "GET /?items=117008608 HTTP/2.0" 200 4233 "-" "Mozilla/5.0 AppleWebKit/537.36 (KHTML, like Gecko; compatible; ClaudeBot/1.0; +claudebot@anthropic.com)" 
66.249.75.132 - - [08/Nov/2025:01:12:32 -0800] "GET /?items=57967978 HTTP/1.1" 200 27646 "-" "Mozilla/5.0 (Linux; Android 6.0.1; Nexus 5X Build/MMB29P) AppleWebKit/537.36 (KHTML, like Gecko) Chrome/141.0.7390.122 Mobile Safari/537.36 (compatible; Googlebot/2.1; +http://www.google.com/bot.html)" 
44.210.213.220 - - [08/Nov/2025:01:12:34 -0800] "GET /property-type/studio/?path=//sys/class/input/input2/device/subsystem/drivers HTTP/1.1" 200 6861 "-" "Mozilla/5.0 AppleWebKit/537.36 (KHTML, like Gecko; compatible; Amazonbot/0.1; +https://developer.amazon.com/support/amazonbot) Chrome/119.0.6045.214 Safari/537.36" 
216.73.216.80 - - [08/Nov/2025:01:12:35 -0800] "GET /?items=117006114 HTTP/2.0" 200 4233 "-" "Mozilla/5.0 AppleWebKit/537.36 (KHTML, like Gecko; compatible; ClaudeBot/1.0; +claudebot@anthropic.com)" 
147.135.213.170 - - [08/Nov/2025:01:12:36 -0800] "GET /?fileloc=//etc/request-key.d/id_resolver.conf&path=//etc/request-key.d HTTP/1.1" 200 5944 "-" "Mozilla/5.0 (compatible; MJ12bot/v1.4.8; http://mj12bot.com/)" 
216.73.216.80 - - [08/Nov/2025:01:12:38 -0800] "GET /?items=77984311 HTTP/2.0" 200 4233 "-" "Mozilla/5.0 AppleWebKit/537.36 (KHTML, like Gecko; compatible; ClaudeBot/1.0; +claudebot@anthropic.com)" 
144.76.19.157 - - [08/Nov/2025:01:12:38 -0800] "GET /feature/dryer/?path=/home/dh_hwg2wc/fnaluxury.com/wp-includes/sitemaps HTTP/1.1" 200 3951 "-" "Mozilla/5.0 (compatible; BLEXBot/1.0; +https://help.seranking.com/en/blex-crawler)" 
18.215.112.101 - - [08/Nov/2025:01:12:38 -0800] "GET /property-type/townhouse/?path=//sys/class/tty/ttyp1/subsystem/ttypc/subsystem/ttyvd HTTP/1.1" 200 6451 "-" "Mozilla/5.0 AppleWebKit/537.36 (KHTML, like Gecko; compatible; Amazonbot/0.1; +https://developer.amazon.com/support/amazonbot) Chrome/119.0.6045.214 Safari/537.36" 
216.73.216.80 - - [08/Nov/2025:01:12:41 -0800] "GET /?items=117006404 HTTP/2.0" 200 4233 "-" "Mozilla/5.0 AppleWebKit/537.36 (KHTML, like Gecko; compatible; ClaudeBot/1.0; +claudebot@anthropic.com)" 
144.76.19.157 - - [08/Nov/2025:01:12:42 -0800] "GET /area/west-flagger/?fileloc=/home/dh_hwg2wc/.cshrc&path=/home/dh_hwg2wc HTTP/1.1" 200 3097 "-" "Mozilla/5.0 (compatible; BLEXBot/1.0; +https://help.seranking.com/en/blex-crawler)" 
107.22.208.39 - - [08/Nov/2025:01:12:43 -0800] "GET /property-type/commercial/?path=//sys/class/tty/ttyec/subsystem/ttyqb/subsystem HTTP/1.1" 200 19913 "-" "Mozilla/5.0 AppleWebKit/537.36 (KHTML, like Gecko; compatible; Amazonbot/0.1; +https://developer.amazon.com/support/amazonbot) Chrome/119.0.6045.214 Safari/537.36" 
66.249.75.132 - - [08/Nov/2025:01:12:43 -0800] "GET /?items=34191198 HTTP/1.1" 200 29904 "-" "Mozilla/5.0 (Linux; Android 6.0.1; Nexus 5X Build/MMB29P) AppleWebKit/537.36 (KHTML, like Gecko) Chrome/141.0.7390.122 Mobile Safari/537.36 (compatible; Googlebot/2.1; +http://www.google.com/bot.html)" 
216.73.216.80 - - [08/Nov/2025:01:12:44 -0800] "GET /?items=117009094 HTTP/2.0" 200 4233 "-" "Mozilla/5.0 AppleWebKit/537.36 (KHTML, like Gecko; compatible; ClaudeBot/1.0; +claudebot@anthropic.com)" 
144.76.19.157 - - [08/Nov/2025:01:12:46 -0800] "GET /status/for-rent/?path=/home/dh_hwg2wc/fnaluxury.com/wp-content/plugins HTTP/1.1" 200 4637 "-" "Mozilla/5.0 (compatible; BLEXBot/1.0; +https://help.seranking.com/en/blex-crawler)" 
44.210.204.255 - - [08/Nov/2025:01:12:47 -0800] "GET /property-type/townhouse/?path=//sys/class/tty/ttype/subsystem/console/subsystem/ttysc HTTP/1.1" 200 6456 "-" "Mozilla/5.0 AppleWebKit/537.36 (KHTML, like Gecko; compatible; Amazonbot/0.1; +https://developer.amazon.com/support/amazonbot) Chrome/119.0.6045.214 Safari/537.36" 
216.73.216.80 - - [08/Nov/2025:01:12:47 -0800] "GET /?items=117009742 HTTP/2.0" 200 4233 "-" "Mozilla/5.0 AppleWebKit/537.36 (KHTML, like Gecko; compatible; ClaudeBot/1.0; +claudebot@anthropic.com)" 
147.135.213.170 - - [08/Nov/2025:01:12:48 -0800] "GET /?fileloc=//etc/rsyslog.d/20-ufw.conf&path=//etc/rsyslog.d HTTP/1.1" 200 6067 "-" "Mozilla/5.0 (compatible; MJ12bot/v1.4.8; http://mj12bot.com/)" 
184.73.68.20 - - [08/Nov/2025:01:12:49 -0800] "GET /property-type/townhouse/?path=//sys/class/tty/ttypf/subsystem/ttynull/subsystem/ttype HTTP/1.1" 200 6453 "-" "Mozilla/5.0 AppleWebKit/537.36 (KHTML, like Gecko; compatible; Amazonbot/0.1; +https://developer.amazon.com/support/amazonbot) Chrome/119.0.6045.214 Safari/537.36" 
216.73.216.80 - - [08/Nov/2025:01:12:50 -0800] "GET /?items=117002646 HTTP/2.0" 200 4233 "-" "Mozilla/5.0 AppleWebKit/537.36 (KHTML, like Gecko; compatible; ClaudeBot/1.0; +claudebot@anthropic.com)" 
216.73.216.80 - - [08/Nov/2025:01:12:53 -0800] "GET /?items=117008851 HTTP/2.0" 200 4233 "-" "Mozilla/5.0 AppleWebKit/537.36 (KHTML, like Gecko; compatible; ClaudeBot/1.0; +claudebot@anthropic.com)" 
44.208.193.63 - - [08/Nov/2025:01:12:53 -0800] "GET /property-type/townhouse/?path=//sys/class/tty/ttype/subsystem/ttyS0/subsystem/ttyp1 HTTP/1.1" 200 6452 "-" "Mozilla/5.0 AppleWebKit/537.36 (KHTML, like Gecko; compatible; Amazonbot/0.1; +https://developer.amazon.com/support/amazonbot) Chrome/119.0.6045.214 Safari/537.36" 
114.119.154.200 - - [08/Nov/2025:01:12:55 -0800] "GET /status/for-rent/page/6?path=//etc/apache2-apache2-linus HTTP/1.1" 200 6190 "https://www.fnaluxury.com/status/for-rent/page/6?path=//etc/apache2-apache2-linus" "Mozilla/5.0 (Linux; Android 7.0;) AppleWebKit/537.36 (KHTML, like Gecko) Mobile Safari/537.36 (compatible; PetalBot;+https://webmaster.petalsearch.com/site/petalbot)" 
216.73.216.80 - - [08/Nov/2025:01:12:56 -0800] "GET /?items=117007344 HTTP/2.0" 200 4233 "-" "Mozilla/5.0 AppleWebKit/537.36 (KHTML, like Gecko; compatible; ClaudeBot/1.0; +claudebot@anthropic.com)" 
44.212.131.50 - - [08/Nov/2025:01:12:58 -0800] "GET /property-type/townhouse/?path=//sys/class/tty/ptype/subsystem/ttyS0/subsystem/ttynull HTTP/1.1" 200 6455 "-" "Mozilla/5.0 AppleWebKit/537.36 (KHTML, like Gecko; compatible; Amazonbot/0.1; +https://developer.amazon.com/support/amazonbot) Chrome/119.0.6045.214 Safari/537.36" 
144.76.19.157 - - [08/Nov/2025:01:12:58 -0800] "GET /status/for-rent/?path=/home/dh_hwg2wc/fnaluxury.com/wp-content/upgrade HTTP/1.1" 200 3260 "-" "Mozilla/5.0 (compatible; BLEXBot/1.0; +https://help.seranking.com/en/blex-crawler)" 
216.73.216.80 - - [08/Nov/2025:01:12:59 -0800] "GET /?items=117004119 HTTP/2.0" 200 4233 "-" "Mozilla/5.0 AppleWebKit/537.36 (KHTML, like Gecko; compatible; ClaudeBot/1.0; +claudebot@anthropic.com)" 
216.73.216.80 - - [08/Nov/2025:01:13:02 -0800] "GET /?items=117002403 HTTP/2.0" 200 4233 "-" "Mozilla/5.0 AppleWebKit/537.36 (KHTML, like Gecko; compatible; ClaudeBot/1.0; +claudebot@anthropic.com)" 
144.76.19.157 - - [08/Nov/2025:01:13:02 -0800] "GET /feature/laundry-room/?path=/home/dh_hwg2wc/fnaluxury.com/.dh-diag/diag HTTP/1.1" 200 3292 "-" "Mozilla/5.0 (compatible; BLEXBot/1.0; +https://help.seranking.com/en/blex-crawler)" 
98.83.226.125 - - [08/Nov/2025:01:13:02 -0800] "GET /property-type/townhouse/?path=//sys/class/tty/ttype/subsystem/ttyv0/subsystem/ttyS1 HTTP/1.1" 200 7094 "-" "Mozilla/5.0 AppleWebKit/537.36 (KHTML, like Gecko; compatible; Amazonbot/0.1; +https://developer.amazon.com/support/amazonbot) Chrome/119.0.6045.214 Safari/537.36" 
147.135.213.170 - - [08/Nov/2025:01:13:02 -0800] "GET /?fileloc=//etc/rsyslog.d/60-dreamhost.conf&path=//etc/rsyslog.d HTTP/1.1" 200 5904 "-" "Mozilla/5.0 (compatible; MJ12bot/v1.4.8; http://mj12bot.com/)" 
216.73.216.80 - - [08/Nov/2025:01:13:05 -0800] "GET /?items=117008188 HTTP/2.0" 200 4233 "-" "Mozilla/5.0 AppleWebKit/537.36 (KHTML, like Gecko; compatible; ClaudeBot/1.0; +claudebot@anthropic.com)" 
52.203.237.170 - - [08/Nov/2025:01:13:06 -0800] "GET /property-type/commercial/?path=//sys/class/tty/ptmx/subsystem/ttyp1/subsystem HTTP/1.1" 200 19887 "-" "Mozilla/5.0 AppleWebKit/537.36 (KHTML, like Gecko; compatible; Amazonbot/0.1; +https://developer.amazon.com/support/amazonbot) Chrome/119.0.6045.214 Safari/537.36" 
144.76.19.157 - - [08/Nov/2025:01:13:06 -0800] "GET /area/west-flagger/?path=/home/dh_hwg2wc/fnaluxury.com/wp-admin/network HTTP/1.1" 200 4509 "-" "Mozilla/5.0 (compatible; BLEXBot/1.0; +https://help.seranking.com/en/blex-crawler)" 
216.73.216.80 - - [08/Nov/2025:01:13:08 -0800] "GET /?items=117005952 HTTP/2.0" 200 4291 "-" "Mozilla/5.0 AppleWebKit/537.36 (KHTML, like Gecko; compatible; ClaudeBot/1.0; +claudebot@anthropic.com)" 
184.73.68.20 - - [08/Nov/2025:01:13:10 -0800] "GET /property-type/townhouse/?path=//sys/class/tty/ptype/subsystem/ttyv1/subsystem/ttydb HTTP/1.1" 200 6453 "-" "Mozilla/5.0 AppleWebKit/537.36 (KHTML, like Gecko; compatible; Amazonbot/0.1; +https://developer.amazon.com/support/amazonbot) Chrome/119.0.6045.214 Safari/537.36" 
216.73.216.80 - - [08/Nov/2025:01:13:11 -0800] "GET /?items=117001382 HTTP/2.0" 200 4233 "-" "Mozilla/5.0 AppleWebKit/537.36 (KHTML, like Gecko; compatible; ClaudeBot/1.0; +claudebot@anthropic.com)" 
216.73.216.80 - - [08/Nov/2025:01:13:14 -0800] "GET /?items=117008235 HTTP/2.0" 200 4233 "-" "Mozilla/5.0 AppleWebKit/537.36 (KHTML, like Gecko; compatible; ClaudeBot/1.0; +claudebot@anthropic.com)" 
3.213.46.222 - - [08/Nov/2025:01:13:14 -0800] "GET /property-type/studio/?path=//sys/class/tty/ttypc/subsystem/ttysc/subsystem HTTP/1.1" 200 19910 "-" "Mozilla/5.0 AppleWebKit/537.36 (KHTML, like Gecko; compatible; Amazonbot/0.1; +https://developer.amazon.com/support/amazonbot) Chrome/119.0.6045.214 Safari/537.36" 
66.249.75.134 - - [08/Nov/2025:01:13:15 -0800] "GET /?items=60536426 HTTP/1.1" 200 29349 "-" "Mozilla/5.0 (Linux; Android 6.0.1; Nexus 5X Build/MMB29P) AppleWebKit/537.36 (KHTML, like Gecko) Chrome/141.0.7390.122 Mobile Safari/537.36 (compatible; Googlebot/2.1; +http://www.google.com/bot.html)" 
147.135.213.170 - - [08/Nov/2025:01:13:16 -0800] "GET /?fileloc=//etc/rsyslog.d/postfix.conf&path=//etc/rsyslog.d HTTP/1.1" 200 6052 "-" "Mozilla/5.0 (compatible; MJ12bot/v1.4.8; http://mj12bot.com/)" 
216.73.216.80 - - [08/Nov/2025:01:13:17 -0800] "GET /?items=117008431 HTTP/2.0" 200 4233 "-" "Mozilla/5.0 AppleWebKit/537.36 (KHTML, like Gecko; compatible; ClaudeBot/1.0; +claudebot@anthropic.com)" 
54.156.55.147 - - [08/Nov/2025:01:13:17 -0800] "GET /property-type/townhouse/?path=//sys/class/tty/ttyec/subsystem/ttype/subsystem/ttyrf HTTP/1.1" 200 6451 "-" "Mozilla/5.0 AppleWebKit/537.36 (KHTML, like Gecko; compatible; Amazonbot/0.1; +https://developer.amazon.com/support/amazonbot) Chrome/119.0.6045.214 Safari/537.36" 
216.73.216.80 - - [08/Nov/2025:01:13:20 -0800] "GET /?items=117004767 HTTP/2.0" 200 4233 "-" "Mozilla/5.0 AppleWebKit/537.36 (KHTML, like Gecko; compatible; ClaudeBot/1.0; +claudebot@anthropic.com)" 
54.147.238.89 - - [08/Nov/2025:01:13:22 -0800] "GET /property-type/townhouse/?path=//sys/class/tty/ttypf/subsystem/ttype/subsystem/ttyqb HTTP/1.1" 200 6452 "-" "Mozilla/5.0 AppleWebKit/537.36 (KHTML, like Gecko; compatible; Amazonbot/0.1; +https://developer.amazon.com/support/amazonbot) Chrome/119.0.6045.214 Safari/537.36" 
144.76.19.157 - - [08/Nov/2025:01:13:22 -0800] "GET /status/for-rent/?path=/home/dh_hwg2wc/fnaluxury.com/wp-content/uploads HTTP/1.1" 200 4126 "-" "Mozilla/5.0 (compatible; BLEXBot/1.0; +https://help.seranking.com/en/blex-crawler)" 
216.73.216.80 - - [08/Nov/2025:01:13:26 -0800] "GET /?items=77901258 HTTP/2.0" 200 4291 "-" "Mozilla/5.0 AppleWebKit/537.36 (KHTML, like Gecko; compatible; ClaudeBot/1.0; +claudebot@anthropic.com)" 
18.215.24.66 - - [08/Nov/2025:01:13:26 -0800] "GET /property-type/townhouse/?path=//sys/class/tty/ptyp2/subsystem/ttysc/subsystem/ttyv0 HTTP/1.1" 200 6453 "-" "Mozilla/5.0 AppleWebKit/537.36 (KHTML, like Gecko; compatible; Amazonbot/0.1; +https://developer.amazon.com/support/amazonbot) Chrome/119.0.6045.214 Safari/537.36" 
147.135.213.170 - - [08/Nov/2025:01:13:27 -0800] "GET /?fileloc=//etc/rsyslog.d/sshlimit.conf&path=//etc/rsyslog.d HTTP/1.1" 200 5943 "-" "Mozilla/5.0 (compatible; MJ12bot/v1.4.8; http://mj12bot.com/)" 
216.73.216.80 - - [08/Nov/2025:01:13:29 -0800] "GET /?items=105307421 HTTP/2.0" 200 4233 "-" "Mozilla/5.0 AppleWebKit/537.36 (KHTML, like Gecko; compatible; ClaudeBot/1.0; +claudebot@anthropic.com)" 
54.90.244.132 - - [08/Nov/2025:01:13:30 -0800] "GET /property-type/residential/?path=//sys/class/tty/ttys1/subsystem/ttyv1 HTTP/1.1" 200 6434 "-" "Mozilla/5.0 AppleWebKit/537.36 (KHTML, like Gecko; compatible; Amazonbot/0.1; +https://developer.amazon.com/support/amazonbot) Chrome/119.0.6045.214 Safari/537.36" 
144.76.19.157 - - [08/Nov/2025:01:13:32 -0800] "GET /area/west-flagger/?path=/home/dh_hwg2wc/fnaluxury.com/wp-includes/Text HTTP/1.1" 200 3757 "-" "Mozilla/5.0 (compatible; BLEXBot/1.0; +https://help.seranking.com/en/blex-crawler)" 
216.73.216.80 - - [08/Nov/2025:01:13:32 -0800] "GET /?items=18502722 HTTP/2.0" 200 4233 "-" "Mozilla/5.0 AppleWebKit/537.36 (KHTML, like Gecko; compatible; ClaudeBot/1.0; +claudebot@anthropic.com)" 
66.249.75.132 - - [08/Nov/2025:01:13:33 -0800] "GET /?items=56507248 HTTP/1.1" 200 31274 "-" "Mozilla/5.0 (Linux; Android 6.0.1; Nexus 5X Build/MMB29P) AppleWebKit/537.36 (KHTML, like Gecko) Chrome/141.0.7390.122 Mobile Safari/537.36 (compatible; Googlebot/2.1; +http://www.google.com/bot.html)" 
216.73.216.80 - - [08/Nov/2025:01:13:35 -0800] "GET /?items=44931359 HTTP/2.0" 200 4233 "-" "Mozilla/5.0 AppleWebKit/537.36 (KHTML, like Gecko; compatible; ClaudeBot/1.0; +claudebot@anthropic.com)" 
52.3.155.146 - - [08/Nov/2025:01:13:35 -0800] "GET /property-type/townhouse/?path=//sys/class/tty/ttyba/subsystem/ttyqb/subsystem/ttysc HTTP/1.1" 200 6454 "-" "Mozilla/5.0 AppleWebKit/537.36 (KHTML, like Gecko; compatible; Amazonbot/0.1; +https://developer.amazon.com/support/amazonbot) Chrome/119.0.6045.214 Safari/537.36" 
216.73.216.80 - - [08/Nov/2025:01:13:38 -0800] "GET /?items=18530368 HTTP/2.0" 200 4233 "-" "Mozilla/5.0 AppleWebKit/537.36 (KHTML, like Gecko; compatible; ClaudeBot/1.0; +claudebot@anthropic.com)" 
52.204.37.237 - - [08/Nov/2025:01:13:38 -0800] "GET /property-type/residential/?path=//sys/class/tty/ttype/subsystem/ttyec HTTP/1.1" 200 6434 "-" "Mozilla/5.0 AppleWebKit/537.36 (KHTML, like Gecko; compatible; Amazonbot/0.1; +https://developer.amazon.com/support/amazonbot) Chrome/119.0.6045.214 Safari/537.36" 
147.135.213.170 - - [08/Nov/2025:01:13:39 -0800] "GET /?fileloc=//etc/rsyslog.d/synflood.conf&path=//etc/rsyslog.d HTTP/1.1" 200 5944 "-" "Mozilla/5.0 (compatible; MJ12bot/v1.4.8; http://mj12bot.com/)" 
144.76.19.157 - - [08/Nov/2025:01:13:40 -0800] "GET /feature/laundry-room/?path=/home/dh_hwg2wc/fnaluxury.com/images/images HTTP/1.1" 200 3734 "-" "Mozilla/5.0 (compatible; BLEXBot/1.0; +https://help.seranking.com/en/blex-crawler)" 
216.73.216.80 - - [08/Nov/2025:01:13:41 -0800] "GET /?items=24467943 HTTP/2.0" 200 4233 "-" "Mozilla/5.0 AppleWebKit/537.36 (KHTML, like Gecko; compatible; ClaudeBot/1.0; +claudebot@anthropic.com)" 
35.173.18.61 - - [08/Nov/2025:01:13:42 -0800] "GET /property-type/shop/?path=//sys/class/tty/ttyv1/subsystem/ttyv0/subsystem HTTP/1.1" 200 19913 "-" "Mozilla/5.0 AppleWebKit/537.36 (KHTML, like Gecko; compatible; Amazonbot/0.1; +https://developer.amazon.com/support/amazonbot) Chrome/119.0.6045.214 Safari/537.36" 
216.73.216.80 - - [08/Nov/2025:01:13:44 -0800] "GET /?items=178322057 HTTP/2.0" 200 4233 "-" "Mozilla/5.0 AppleWebKit/537.36 (KHTML, like Gecko; compatible; ClaudeBot/1.0; +claudebot@anthropic.com)" 
216.73.216.80 - - [08/Nov/2025:01:13:47 -0800] "GET /?items=134868717 HTTP/2.0" 200 4233 "-" "Mozilla/5.0 AppleWebKit/537.36 (KHTML, like Gecko; compatible; ClaudeBot/1.0; +claudebot@anthropic.com)" 
52.54.249.218 - - [08/Nov/2025:01:13:47 -0800] "GET /property-type/townhouse/?path=//sys/class/tty/ttyv1/subsystem/ttyqb/subsystem/ttype HTTP/1.1" 200 6453 "-" "Mozilla/5.0 AppleWebKit/537.36 (KHTML, like Gecko; compatible; Amazonbot/0.1; +https://developer.amazon.com/support/amazonbot) Chrome/119.0.6045.214 Safari/537.36" 
216.73.216.80 - - [08/Nov/2025:01:13:50 -0800] "GET /?items=195675432 HTTP/2.0" 200 4233 "-" "Mozilla/5.0 AppleWebKit/537.36 (KHTML, like Gecko; compatible; ClaudeBot/1.0; +claudebot@anthropic.com)" 
147.135.213.170 - - [08/Nov/2025:01:13:50 -0800] "GET /?fileloc=//etc/rsyslog.d/udpflood.conf&path=//etc/rsyslog.d HTTP/1.1" 200 5944 "-" "Mozilla/5.0 (compatible; MJ12bot/v1.4.8; http://mj12bot.com/)" 
54.156.124.2 - - [08/Nov/2025:01:13:50 -0800] "GET /property-type/townhouse/?path=//sys/class/tty/ttyp0/subsystem/ttypa/subsystem/ttype HTTP/1.1" 200 6448 "-" "Mozilla/5.0 AppleWebKit/537.36 (KHTML, like Gecko; compatible; Amazonbot/0.1; +https://developer.amazon.com/support/amazonbot) Chrome/119.0.6045.214 Safari/537.36" 
216.73.216.80 - - [08/Nov/2025:01:13:53 -0800] "GET /?items=77994666 HTTP/2.0" 200 4233 "-" "Mozilla/5.0 AppleWebKit/537.36 (KHTML, like Gecko; compatible; ClaudeBot/1.0; +claudebot@anthropic.com)" 
3.215.221.125 - - [08/Nov/2025:01:13:53 -0800] "GET /property-type/townhouse/?path=//sys/class/tty/ttyec/subsystem/ttyp0/subsystem/console HTTP/1.1" 200 6502 "-" "Mozilla/5.0 AppleWebKit/537.36 (KHTML, like Gecko; compatible; Amazonbot/0.1; +https://developer.amazon.com/support/amazonbot) Chrome/119.0.6045.214 Safari/537.36" 
144.76.19.157 - - [08/Nov/2025:01:13:55 -0800] "GET /area/west-flagger/?path=/home/dh_hwg2wc/fnaluxury.com/wp-includes/l10n HTTP/1.1" 200 3825 "-" "Mozilla/5.0 (compatible; BLEXBot/1.0; +https://help.seranking.com/en/blex-crawler)" 
216.73.216.80 - - [08/Nov/2025:01:13:56 -0800] "GET /?items=178347384 HTTP/2.0" 200 4233 "-" "Mozilla/5.0 AppleWebKit/537.36 (KHTML, like Gecko; compatible; ClaudeBot/1.0; +claudebot@anthropic.com)" 
52.0.105.244 - - [08/Nov/2025:01:13:58 -0800] "GET /property-type/townhouse/?path=//sys/class/tty/ttyub/subsystem/ttyp1/subsystem/ttype HTTP/1.1" 200 6450 "-" "Mozilla/5.0 AppleWebKit/537.36 (KHTML, like Gecko; compatible; Amazonbot/0.1; +https://developer.amazon.com/support/amazonbot) Chrome/119.0.6045.214 Safari/537.36" 
144.76.19.157 - - [08/Nov/2025:01:13:59 -0800] "GET /status/for-rent/?path=/home/dh_hwg2wc/fnaluxury.com/wp-includes/assets HTTP/1.1" 200 3582 "-" "Mozilla/5.0 (compatible; BLEXBot/1.0; +https://help.seranking.com/en/blex-crawler)" 
216.73.216.80 - - [08/Nov/2025:01:13:59 -0800] "GET /?items=202558818 HTTP/2.0" 200 4233 "-" "Mozilla/5.0 AppleWebKit/537.36 (KHTML, like Gecko; compatible; ClaudeBot/1.0; +claudebot@anthropic.com)" 
216.73.216.80 - - [08/Nov/2025:01:14:02 -0800] "GET /?items=127643776 HTTP/2.0" 200 4233 "-" "Mozilla/5.0 AppleWebKit/537.36 (KHTML, like Gecko; compatible; ClaudeBot/1.0; +claudebot@anthropic.com)" 
147.135.213.170 - - [08/Nov/2025:01:14:02 -0800] "GET /?fileloc=//etc/runit/1&path=//etc/runit HTTP/1.1" 200 6209 "-" "Mozilla/5.0 (compatible; MJ12bot/v1.4.8; http://mj12bot.com/)" 
3.224.205.25 - - [08/Nov/2025:01:14:02 -0800] "GET /property-type/commercial/?path=//sys/class/mem/full/subsystem/null/subsystem HTTP/1.1" 200 6605 "-" "Mozilla/5.0 AppleWebKit/537.36 (KHTML, like Gecko; compatible; Amazonbot/0.1; +https://developer.amazon.com/support/amazonbot) Chrome/119.0.6045.214 Safari/537.36" 
144.76.19.157 - - [08/Nov/2025:01:14:02 -0800] "GET /feature/laundry-room/?path=/home/dh_hwg2wc/fnaluxury.com/wp-admin/user HTTP/1.1" 200 3684 "-" "Mozilla/5.0 (compatible; BLEXBot/1.0; +https://help.seranking.com/en/blex-crawler)" 
216.73.216.80 - - [08/Nov/2025:01:14:05 -0800] "GET /?items=134846129 HTTP/2.0" 200 4233 "-" "Mozilla/5.0 AppleWebKit/537.36 (KHTML, like Gecko; compatible; ClaudeBot/1.0; +claudebot@anthropic.com)" 
54.197.114.76 - - [08/Nov/2025:01:14:06 -0800] "GET /property-type/townhouse/?path=//sys/class/tty/ttyS0/subsystem/ttysc/subsystem/console HTTP/1.1" 200 6503 "-" "Mozilla/5.0 AppleWebKit/537.36 (KHTML, like Gecko; compatible; Amazonbot/0.1; +https://developer.amazon.com/support/amazonbot) Chrome/119.0.6045.214 Safari/537.36" 
216.73.216.80 - - [08/Nov/2025:01:14:08 -0800] "GET /?items=105285089 HTTP/2.0" 200 4233 "-" "Mozilla/5.0 AppleWebKit/537.36 (KHTML, like Gecko; compatible; ClaudeBot/1.0; +claudebot@anthropic.com)" 
144.76.19.157 - - [08/Nov/2025:01:14:10 -0800] "GET /status/for-rent/?path=/home/dh_hwg2wc/fnaluxury.com/wp-includes/blocks HTTP/1.1" 200 10215 "-" "Mozilla/5.0 (compatible; BLEXBot/1.0; +https://help.seranking.com/en/blex-crawler)" 
216.73.216.80 - - [08/Nov/2025:01:14:11 -0800] "GET /?items=105313336 HTTP/2.0" 200 4233 "-" "Mozilla/5.0 AppleWebKit/537.36 (KHTML, like Gecko; compatible; ClaudeBot/1.0; +claudebot@anthropic.com)" 
52.7.13.143 - - [08/Nov/2025:01:14:12 -0800] "GET /property-type/studio/?path=//sys/devices/virtual/input/mice/subsystem/mice HTTP/1.1" 200 6443 "-" "Mozilla/5.0 AppleWebKit/537.36 (KHTML, like Gecko; compatible; Amazonbot/0.1; +https://developer.amazon.com/support/amazonbot) Chrome/119.0.6045.214 Safari/537.36" 
147.135.213.170 - - [08/Nov/2025:01:14:13 -0800] "GET /?fileloc=//etc/runit/2&path=//etc/runit HTTP/1.1" 200 6533 "-" "Mozilla/5.0 (compatible; MJ12bot/v1.4.8; http://mj12bot.com/)" 
216.73.216.80 - - [08/Nov/2025:01:14:14 -0800] "GET /?items=18521471 HTTP/2.0" 200 4233 "-" "Mozilla/5.0 AppleWebKit/537.36 (KHTML, like Gecko; compatible; ClaudeBot/1.0; +claudebot@anthropic.com)" 
54.210.152.179 - - [08/Nov/2025:01:14:15 -0800] "GET /property-type/townhouse/?path=//sys/class/tty/ttys1/subsystem/ttypc/subsystem/ttyp1 HTTP/1.1" 200 6451 "-" "Mozilla/5.0 AppleWebKit/537.36 (KHTML, like Gecko; compatible; Amazonbot/0.1; +https://developer.amazon.com/support/amazonbot) Chrome/119.0.6045.214 Safari/537.36" 
144.76.19.157 - - [08/Nov/2025:01:14:15 -0800] "GET /feature/laundry/?path=/home/dh_hwg2wc/fnaluxury.com/wp-content/plugins HTTP/1.1" 200 4637 "-" "Mozilla/5.0 (compatible; BLEXBot/1.0; +https://help.seranking.com/en/blex-crawler)" 
216.73.216.80 - - [08/Nov/2025:01:14:17 -0800] "GET /?items=105342455 HTTP/2.0" 200 4233 "-" "Mozilla/5.0 AppleWebKit/537.36 (KHTML, like Gecko; compatible; ClaudeBot/1.0; +claudebot@anthropic.com)" 
98.82.107.102 - - [08/Nov/2025:01:14:18 -0800] "GET /property-type/townhouse/?path=//sys/class/tty/ttydb/subsystem/ttyp0/subsystem/ttyqb HTTP/1.1" 200 6452 "-" "Mozilla/5.0 AppleWebKit/537.36 (KHTML, like Gecko; compatible; Amazonbot/0.1; +https://developer.amazon.com/support/amazonbot) Chrome/119.0.6045.214 Safari/537.36" 
144.76.19.157 - - [08/Nov/2025:01:14:19 -0800] "GET /area/west-flagger/?path=/home/dh_hwg2wc/fnaluxury.com/wp-includes/pomo HTTP/1.1" 200 3519 "-" "Mozilla/5.0 (compatible; BLEXBot/1.0; +https://help.seranking.com/en/blex-crawler)" 
114.119.131.116 - - [08/Nov/2025:01:14:19 -0800] "GET /status/for-rent/page/6?path=//etc/ModemManager HTTP/1.1" 200 6498 "https://www.fnaluxury.com/status/for-rent/page/6?path=//etc/ModemManager" "Mozilla/5.0 (Linux; Android 7.0;) AppleWebKit/537.36 (KHTML, like Gecko) Mobile Safari/537.36 (compatible; PetalBot;+https://webmaster.petalsearch.com/site/petalbot)" 
216.73.216.80 - - [08/Nov/2025:01:14:20 -0800] "GET /?items=77914175 HTTP/2.0" 200 4233 "-" "Mozilla/5.0 AppleWebKit/537.36 (KHTML, like Gecko; compatible; ClaudeBot/1.0; +claudebot@anthropic.com)" 
98.83.72.38 - - [08/Nov/2025:01:14:22 -0800] "GET /property-type/townhouse/?path=//sys/class/tty/ttyp2/subsystem/ttyv0/subsystem/ttysc HTTP/1.1" 200 6453 "-" "Mozilla/5.0 AppleWebKit/537.36 (KHTML, like Gecko; compatible; Amazonbot/0.1; +https://developer.amazon.com/support/amazonbot) Chrome/119.0.6045.214 Safari/537.36" 
216.73.216.80 - - [08/Nov/2025:01:14:23 -0800] "GET /?items=5637568 HTTP/2.0" 200 4233 "-" "Mozilla/5.0 AppleWebKit/537.36 (KHTML, like Gecko; compatible; ClaudeBot/1.0; +claudebot@anthropic.com)" 
147.135.213.170 - - [08/Nov/2025:01:14:23 -0800] "GET /?fileloc=//etc/runit/3&path=//etc/runit HTTP/1.1" 200 6228 "-" "Mozilla/5.0 (compatible; MJ12bot/v1.4.8; http://mj12bot.com/)" 
216.73.216.80 - - [08/Nov/2025:01:14:26 -0800] "GET /?items=178295594 HTTP/2.0" 200 4233 "-" "Mozilla/5.0 AppleWebKit/537.36 (KHTML, like Gecko; compatible; ClaudeBot/1.0; +claudebot@anthropic.com)" 
52.7.33.248 - - [08/Nov/2025:01:14:26 -0800] "GET /property-type/studio/?path=//sys/class/tty/ttysc/subsystem/ttydb/subsystem HTTP/1.1" 200 19911 "-" "Mozilla/5.0 AppleWebKit/537.36 (KHTML, like Gecko; compatible; Amazonbot/0.1; +https://developer.amazon.com/support/amazonbot) Chrome/119.0.6045.214 Safari/537.36" 
216.73.216.80 - - [08/Nov/2025:01:14:29 -0800] "GET /?items=44872486 HTTP/2.0" 200 4233 "-" "Mozilla/5.0 AppleWebKit/537.36 (KHTML, like Gecko; compatible; ClaudeBot/1.0; +claudebot@anthropic.com)" 
34.225.24.180 - - [08/Nov/2025:01:14:30 -0800] "GET /property-type/townhouse/?path=//sys/class/tty/ptype/subsystem/ttyec/subsystem/ptyp1 HTTP/1.1" 200 6453 "-" "Mozilla/5.0 AppleWebKit/537.36 (KHTML, like Gecko; compatible; Amazonbot/0.1; +https://developer.amazon.com/support/amazonbot) Chrome/119.0.6045.214 Safari/537.36" 
216.73.216.80 - - [08/Nov/2025:01:14:32 -0800] "GET /?items=178337841 HTTP/2.0" 200 4233 "-" "Mozilla/5.0 AppleWebKit/537.36 (KHTML, like Gecko; compatible; ClaudeBot/1.0; +claudebot@anthropic.com)" 
44.215.61.66 - - [08/Nov/2025:01:14:34 -0800] "GET /property-type/townhouse/?path=//sys/class/tty/ptype/subsystem/ttyS1/subsystem/ttyv0 HTTP/1.1" 200 6453 "-" "Mozilla/5.0 AppleWebKit/537.36 (KHTML, like Gecko; compatible; Amazonbot/0.1; +https://developer.amazon.com/support/amazonbot) Chrome/119.0.6045.214 Safari/537.36" 
216.73.216.80 - - [08/Nov/2025:01:14:35 -0800] "GET /?items=5593605 HTTP/2.0" 200 4233 "-" "Mozilla/5.0 AppleWebKit/537.36 (KHTML, like Gecko; compatible; ClaudeBot/1.0; +claudebot@anthropic.com)" 
147.135.213.170 - - [08/Nov/2025:01:14:36 -0800] "GET /?fileloc=//etc/runit/ctrlaltdel&path=//etc/runit HTTP/1.1" 200 6032 "-" "Mozilla/5.0 (compatible; MJ12bot/v1.4.8; http://mj12bot.com/)" 
216.73.216.80 - - [08/Nov/2025:01:14:38 -0800] "GET /?items=26145467 HTTP/2.0" 200 4233 "-" "Mozilla/5.0 AppleWebKit/537.36 (KHTML, like Gecko; compatible; ClaudeBot/1.0; +claudebot@anthropic.com)" 
98.84.200.43 - - [08/Nov/2025:01:14:39 -0800] "GET /property-type/shop/?path=//sys/devices/ibs_fetch/subsystem/devices/breakpoint/subsystem HTTP/1.1" 200 6549 "-" "Mozilla/5.0 AppleWebKit/537.36 (KHTML, like Gecko; compatible; Amazonbot/0.1; +https://developer.amazon.com/support/amazonbot) Chrome/119.0.6045.214 Safari/537.36" 
216.73.216.80 - - [08/Nov/2025:01:14:41 -0800] "GET /?items=202549970 HTTP/2.0" 200 4233 "-" "Mozilla/5.0 AppleWebKit/537.36 (KHTML, like Gecko; compatible; ClaudeBot/1.0; +claudebot@anthropic.com)" 
66.249.75.171 - - [08/Nov/2025:01:14:41 -0800] "GET /?items=197113668 HTTP/1.1" 200 29655 "-" "Mozilla/5.0 (Linux; Android 6.0.1; Nexus 5X Build/MMB29P) AppleWebKit/537.36 (KHTML, like Gecko) Chrome/141.0.7390.122 Mobile Safari/537.36 (compatible; Googlebot/2.1; +http://www.google.com/bot.html)" 
100.24.149.244 - - [08/Nov/2025:01:14:42 -0800] "GET /property-type/townhouse/?path=//sys/class/tty/ttyp1/subsystem/ttyqb/subsystem/ttyqb HTTP/1.1" 200 6447 "-" "Mozilla/5.0 AppleWebKit/537.36 (KHTML, like Gecko; compatible; Amazonbot/0.1; +https://developer.amazon.com/support/amazonbot) Chrome/119.0.6045.214 Safari/537.36" 
216.73.216.80 - - [08/Nov/2025:01:14:44 -0800] "GET /?items=178307795 HTTP/2.0" 200 4233 "-" "Mozilla/5.0 AppleWebKit/537.36 (KHTML, like Gecko; compatible; ClaudeBot/1.0; +claudebot@anthropic.com)" 
147.135.213.170 - - [08/Nov/2025:01:14:45 -0800] "GET /?fileloc=//etc/security/access.conf&path=//etc/security HTTP/1.1" 200 7712 "-" "Mozilla/5.0 (compatible; MJ12bot/v1.4.8; http://mj12bot.com/)" 
144.76.19.157 - - [08/Nov/2025:01:14:46 -0800] "GET /category/uncategorized/?path=/home/dh_hwg2wc/fnaluxury.com/wp-admin/js HTTP/1.1" 200 7827 "-" "Mozilla/5.0 (compatible; BLEXBot/1.0; +https://help.seranking.com/en/blex-crawler)" 
184.73.35.182 - - [08/Nov/2025:01:14:46 -0800] "GET /property-type/full-floor/?path=//sys/class/tty/ptys1/subsystem/ttype HTTP/1.1" 200 6436 "-" "Mozilla/5.0 AppleWebKit/537.36 (KHTML, like Gecko; compatible; Amazonbot/0.1; +https://developer.amazon.com/support/amazonbot) Chrome/119.0.6045.214 Safari/537.36" 
216.73.216.80 - - [08/Nov/2025:01:14:47 -0800] "GET /?items=18440413 HTTP/2.0" 200 4233 "-" "Mozilla/5.0 AppleWebKit/537.36 (KHTML, like Gecko; compatible; ClaudeBot/1.0; +claudebot@anthropic.com)" 
66.249.75.132 - - [08/Nov/2025:01:14:48 -0800] "GET /?items=159003614 HTTP/1.1" 200 32081 "-" "Mozilla/5.0 (Linux; Android 6.0.1; Nexus 5X Build/MMB29P) AppleWebKit/537.36 (KHTML, like Gecko) Chrome/141.0.7390.122 Mobile Safari/537.36 (compatible; Googlebot/2.1; +http://www.google.com/bot.html)" 
144.76.19.157 - - [08/Nov/2025:01:14:49 -0800] "GET /status/for-rent/?path=/home/dh_hwg2wc/fnaluxury.com/wp-includes/images HTTP/1.1" 200 4574 "-" "Mozilla/5.0 (compatible; BLEXBot/1.0; +https://help.seranking.com/en/blex-crawler)" 
216.73.216.80 - - [08/Nov/2025:01:14:50 -0800] "GET /?items=18539169 HTTP/2.0" 200 4233 "-" "Mozilla/5.0 AppleWebKit/537.36 (KHTML, like Gecko; compatible; ClaudeBot/1.0; +claudebot@anthropic.com)" 
34.203.111.15 - - [08/Nov/2025:01:14:50 -0800] "GET /property-type/townhouse/?path=//sys/class/tty/ttype/subsystem/ttysc/subsystem/ttyv2 HTTP/1.1" 200 6453 "-" "Mozilla/5.0 AppleWebKit/537.36 (KHTML, like Gecko; compatible; Amazonbot/0.1; +https://developer.amazon.com/support/amazonbot) Chrome/119.0.6045.214 Safari/537.36" 
216.73.216.80 - - [08/Nov/2025:01:14:53 -0800] "GET /?items=105804092 HTTP/2.0" 200 4291 "-" "Mozilla/5.0 AppleWebKit/537.36 (KHTML, like Gecko; compatible; ClaudeBot/1.0; +claudebot@anthropic.com)" 
144.76.19.157 - - [08/Nov/2025:01:14:53 -0800] "GET /feature/laundry/?path=/home/dh_hwg2wc/fnaluxury.com/wp-content/upgrade HTTP/1.1" 200 2913 "-" "Mozilla/5.0 (compatible; BLEXBot/1.0; +https://help.seranking.com/en/blex-crawler)" 
3.224.205.25 - - [08/Nov/2025:01:14:54 -0800] "GET /property-type/studio/?path=//sys/class/tty/ttyS0/subsystem/ttypc/subsystem HTTP/1.1" 200 19912 "-" "Mozilla/5.0 AppleWebKit/537.36 (KHTML, like Gecko; compatible; Amazonbot/0.1; +https://developer.amazon.com/support/amazonbot) Chrome/119.0.6045.214 Safari/537.36" 
124.236.100.56 - - [08/Nov/2025:01:14:56 -0800] "GET / HTTP/1.1" 429 3877 "-" "Mozilla/5.0 (Windows NT 6.3; WOW64) AppleWebKit/537.36 (KHTML, like Gecko) Chrome/42.0.2311.90 Safari/537.36" 
216.73.216.80 - - [08/Nov/2025:01:14:56 -0800] "GET /?items=26110657 HTTP/2.0" 200 4233 "-" "Mozilla/5.0 AppleWebKit/537.36 (KHTML, like Gecko; compatible; ClaudeBot/1.0; +claudebot@anthropic.com)" 
147.135.213.170 - - [08/Nov/2025:01:14:57 -0800] "GET /?fileloc=//etc/security/capability.conf&path=//etc/security HTTP/1.1" 200 6834 "-" "Mozilla/5.0 (compatible; MJ12bot/v1.4.8; http://mj12bot.com/)" 
144.76.19.157 - - [08/Nov/2025:01:14:57 -0800] "GET /feature/balcony/?path=/home/dh_hwg2wc/fnaluxury.com/wp-content/plugins HTTP/1.1" 200 4637 "-" "Mozilla/5.0 (compatible; BLEXBot/1.0; +https://help.seranking.com/en/blex-crawler)" 
216.73.216.80 - - [08/Nov/2025:01:14:59 -0800] "GET /?items=18492529 HTTP/2.0" 200 4233 "-" "Mozilla/5.0 AppleWebKit/537.36 (KHTML, like Gecko; compatible; ClaudeBot/1.0; +claudebot@anthropic.com)" 
54.147.238.89 - - [08/Nov/2025:01:15:00 -0800] "GET /property-type/full-floor/?path=//sys/class/tty/ttys1/subsystem/ttyv1 HTTP/1.1" 200 6434 "-" "Mozilla/5.0 AppleWebKit/537.36 (KHTML, like Gecko; compatible; Amazonbot/0.1; +https://developer.amazon.com/support/amazonbot) Chrome/119.0.6045.214 Safari/537.36" 
216.73.216.80 - - [08/Nov/2025:01:15:02 -0800] "GET /?items=134845560 HTTP/2.0" 200 4233 "-" "Mozilla/5.0 AppleWebKit/537.36 (KHTML, like Gecko; compatible; ClaudeBot/1.0; +claudebot@anthropic.com)" 
44.221.105.234 - - [08/Nov/2025:01:15:02 -0800] "GET /property-type/shop/?path=//sys/class/tty/tty1/subsystem/ttyqb/subsystem HTTP/1.1" 200 19889 "-" "Mozilla/5.0 AppleWebKit/537.36 (KHTML, like Gecko; compatible; Amazonbot/0.1; +https://developer.amazon.com/support/amazonbot) Chrome/119.0.6045.214 Safari/537.36" 
216.73.216.80 - - [08/Nov/2025:01:15:05 -0800] "GET /?items=44940011 HTTP/2.0" 200 4233 "-" "Mozilla/5.0 AppleWebKit/537.36 (KHTML, like Gecko; compatible; ClaudeBot/1.0; +claudebot@anthropic.com)" 
