52.7.33.248 - - [08/Nov/2025:01:22:49 -0800] "GET /property-type/townhouse/?path=//sys/class/tty/ttyec/subsystem/ttyp0/subsystem/ttyrf HTTP/1.1" 200 6452 "-" "Mozilla/5.0 AppleWebKit/537.36 (KHTML, like Gecko; compatible; Amazonbot/0.1; +https://developer.amazon.com/support/amazonbot) Chrome/119.0.6045.214 Safari/537.36" 
147.135.213.170 - - [08/Nov/2025:01:22:51 -0800] "GET /?fileloc=//etc/ssh/ssh_host_rsa_key.pub.0&path=//etc/ssh HTTP/1.1" 200 6422 "-" "Mozilla/5.0 (compatible; MJ12bot/v1.4.8; http://mj12bot.com/)" 
144.76.19.157 - - [08/Nov/2025:01:22:51 -0800] "GET /invoice/invoice-144/?path=/home/dh_hwg2wc/fnaluxury.com/wp-admin/maint HTTP/1.1" 200 3614 "-" "Mozilla/5.0 (compatible; BLEXBot/1.0; +https://help.seranking.com/en/blex-crawler)" 
216.73.216.80 - - [08/Nov/2025:01:22:51 -0800] "GET /property/1-bedroom-best-unit-best-price-fully-furnished?fileloc=%2Fhome%2Fdh_hwg2wc%2Ffnaluxury.com%2Fwp-content%2Fuploads%2F2024%2F10%2FJKJG.jpg&path=%2Fhome%2Fdh_hwg2wc%2Ffnaluxury.com%2Fwp-content%2Fuploads%2F2024%2F10 HTTP/2.0" 200 254567 "-" "Mozilla/5.0 AppleWebKit/537.36 (KHTML, like Gecko; compatible; ClaudeBot/1.0; +claudebot@anthropic.com)" 
54.83.240.58 - - [08/Nov/2025:01:22:53 -0800] "GET /property-type/shop/?path=//sys/devices/virtual/tty/ttyp1/subsystem/ttypc HTTP/1.1" 200 6448 "-" "Mozilla/5.0 AppleWebKit/537.36 (KHTML, like Gecko; compatible; Amazonbot/0.1; +https://developer.amazon.com/support/amazonbot) Chrome/119.0.6045.214 Safari/537.36" 
216.73.216.80 - - [08/Nov/2025:01:22:54 -0800] "GET /property/1-bedroom-best-unit-best-price-fully-furnished?fileloc=%2Fhome%2Fdh_hwg2wc%2Ffnaluxury.com%2Fwp-content%2Fuploads%2F2024%2F10%2FGHGH-120x90.jpg&path=%2Fhome%2Fdh_hwg2wc%2Ffnaluxury.com%2Fwp-content%2Fuploads%2F2024%2F10 HTTP/2.0" 200 12587 "-" "Mozilla/5.0 AppleWebKit/537.36 (KHTML, like Gecko; compatible; ClaudeBot/1.0; +claudebot@anthropic.com)" 
66.249.75.132 - - [08/Nov/2025:01:22:55 -0800] "GET /?items=55982511 HTTP/1.1" 200 30079 "-" "Mozilla/5.0 (Linux; Android 6.0.1; Nexus 5X Build/MMB29P) AppleWebKit/537.36 (KHTML, like Gecko) Chrome/141.0.7390.122 Mobile Safari/537.36 (compatible; Googlebot/2.1; +http://www.google.com/bot.html)" 
100.29.164.178 - - [08/Nov/2025:01:22:57 -0800] "GET /property-type/townhouse/?path=//sys/class/tty/ttyre/subsystem/ttyv0/subsystem/ttyvd HTTP/1.1" 200 6450 "-" "Mozilla/5.0 AppleWebKit/537.36 (KHTML, like Gecko; compatible; Amazonbot/0.1; +https://developer.amazon.com/support/amazonbot) Chrome/119.0.6045.214 Safari/537.36" 
216.73.216.80 - - [08/Nov/2025:01:22:57 -0800] "GET /property/1-bedroom-best-unit-best-price-fully-furnished?fileloc=%2Fhome%2Fdh_hwg2wc%2Ffnaluxury.com%2Fwp-content%2Fuploads%2F2024%2F10%2FGHGHFH-1024x768.jpg&path=%2Fhome%2Fdh_hwg2wc%2Ffnaluxury.com%2Fwp-content%2Fuploads%2F2024%2F10 HTTP/2.0" 200 354412 "-" "Mozilla/5.0 AppleWebKit/537.36 (KHTML, like Gecko; compatible; ClaudeBot/1.0; +claudebot@anthropic.com)" 
147.135.213.170 - - [08/Nov/2025:01:23:00 -0800] "GET /?fileloc=//etc/ssh/ssh_import_id&path=//etc/ssh HTTP/1.1" 200 6113 "-" "Mozilla/5.0 (compatible; MJ12bot/v1.4.8; http://mj12bot.com/)" 
144.76.19.157 - - [08/Nov/2025:01:23:00 -0800] "GET /invoice/invoice-144/?path=/home/dh_hwg2wc/fnaluxury.com/wp-includes/js HTTP/1.1" 200 8343 "-" "Mozilla/5.0 (compatible; BLEXBot/1.0; +https://help.seranking.com/en/blex-crawler)" 
216.73.216.80 - - [08/Nov/2025:01:23:00 -0800] "GET /property/1-bedroom-best-unit-best-price-fully-furnished?fileloc=%2Fhome%2Fdh_hwg2wc%2Ffnaluxury.com%2Fwp-content%2Fuploads%2F2024%2F10%2FDSFGDFGSFG-1170x785.jpg&path=%2Fhome%2Fdh_hwg2wc%2Ffnaluxury.com%2Fwp-content%2Fuploads%2F2024%2F10 HTTP/2.0" 200 538834 "-" "Mozilla/5.0 AppleWebKit/537.36 (KHTML, like Gecko; compatible; ClaudeBot/1.0; +claudebot@anthropic.com)" 
98.84.200.43 - - [08/Nov/2025:01:23:02 -0800] "GET /property-type/townhouse/?path=//sys/class/tty/ttyre/subsystem/ttyp0/subsystem/console HTTP/1.1" 200 6501 "-" "Mozilla/5.0 AppleWebKit/537.36 (KHTML, like Gecko; compatible; Amazonbot/0.1; +https://developer.amazon.com/support/amazonbot) Chrome/119.0.6045.214 Safari/537.36" 
216.73.216.80 - - [08/Nov/2025:01:23:03 -0800] "GET /property/1-bedroom-best-unit-best-price-fully-furnished?fileloc=%2Fhome%2Fdh_hwg2wc%2Ffnaluxury.com%2Fwp-content%2Fuploads%2F2024%2F10%2FGHGH-1-150x150.jpg&path=%2Fhome%2Fdh_hwg2wc%2Ffnaluxury.com%2Fwp-content%2Fuploads%2F2024%2F10 HTTP/2.0" 200 21590 "-" "Mozilla/5.0 AppleWebKit/537.36 (KHTML, like Gecko; compatible; ClaudeBot/1.0; +claudebot@anthropic.com)" 
18.207.79.144 - - [08/Nov/2025:01:23:05 -0800] "GET /property-type/townhouse/?path=//sys/class/tty/ttyp0/subsystem/ptype/subsystem/ttys0 HTTP/1.1" 200 6453 "-" "Mozilla/5.0 AppleWebKit/537.36 (KHTML, like Gecko; compatible; Amazonbot/0.1; +https://developer.amazon.com/support/amazonbot) Chrome/119.0.6045.214 Safari/537.36" 
216.73.216.80 - - [08/Nov/2025:01:23:06 -0800] "GET /property/1-bedroom-best-unit-best-price-fully-furnished?fileloc=%2Fhome%2Fdh_hwg2wc%2Ffnaluxury.com%2Fwp-content%2Fuploads%2F2024%2F10%2FIMG-20240930-WA0069-496x661.jpg&path=%2Fhome%2Fdh_hwg2wc%2Ffnaluxury.com%2Fwp-content%2Fuploads%2F2024%2F10 HTTP/2.0" 200 129877 "-" "Mozilla/5.0 AppleWebKit/537.36 (KHTML, like Gecko; compatible; ClaudeBot/1.0; +claudebot@anthropic.com)" 
147.135.213.170 - - [08/Nov/2025:01:23:09 -0800] "GET /?fileloc=//etc/ssh/ssh_known_hosts&path=//etc/ssh HTTP/1.1" 200 5901 "-" "Mozilla/5.0 (compatible; MJ12bot/v1.4.8; http://mj12bot.com/)" 
144.76.19.157 - - [08/Nov/2025:01:23:09 -0800] "GET /invoice/invoice-144/?path=/home/dh_hwg2wc/fnaluxury.com_20241117233659 HTTP/1.1" 200 4809 "-" "Mozilla/5.0 (compatible; BLEXBot/1.0; +https://help.seranking.com/en/blex-crawler)" 
216.73.216.80 - - [08/Nov/2025:01:23:09 -0800] "GET /property/1-bedroom-best-unit-best-price-fully-furnished?fileloc=%2Fhome%2Fdh_hwg2wc%2Ffnaluxury.com%2Fwp-content%2Fuploads%2F2024%2F10%2FGHGH-1-592x444.jpg&path=%2Fhome%2Fdh_hwg2wc%2Ffnaluxury.com%2Fwp-content%2Fuploads%2F2024%2F10 HTTP/2.0" 200 202072 "-" "Mozilla/5.0 AppleWebKit/537.36 (KHTML, like Gecko; compatible; ClaudeBot/1.0; +claudebot@anthropic.com)" 
52.71.218.25 - - [08/Nov/2025:01:23:09 -0800] "GET /property-type/villa/?path=//sys/class/tty/ttyu0/subsystem/ttyp0/subsystem HTTP/1.1" 200 19913 "-" "Mozilla/5.0 AppleWebKit/537.36 (KHTML, like Gecko; compatible; Amazonbot/0.1; +https://developer.amazon.com/support/amazonbot) Chrome/119.0.6045.214 Safari/537.36" 
216.73.216.80 - - [08/Nov/2025:01:23:12 -0800] "GET /property/1-bedroom-best-unit-best-price-fully-furnished?fileloc=%2Fhome%2Fdh_hwg2wc%2Ffnaluxury.com%2Fwp-content%2Fuploads%2F2024%2F10%2FIMG-20240930-WA0147-800x600.jpg&path=%2Fhome%2Fdh_hwg2wc%2Ffnaluxury.com%2Fwp-content%2Fuploads%2F2024%2F10 HTTP/2.0" 200 276900 "-" "Mozilla/5.0 AppleWebKit/537.36 (KHTML, like Gecko; compatible; ClaudeBot/1.0; +claudebot@anthropic.com)" 
18.232.12.157 - - [08/Nov/2025:01:23:13 -0800] "GET /property-type/townhouse/?path=//sys/class/ata_device/dev5.0/subsystem/dev1.0/subsystem/dev2.0 HTTP/1.1" 200 6808 "-" "Mozilla/5.0 AppleWebKit/537.36 (KHTML, like Gecko; compatible; Amazonbot/0.1; +https://developer.amazon.com/support/amazonbot) Chrome/119.0.6045.214 Safari/537.36" 
216.73.216.80 - - [08/Nov/2025:01:23:15 -0800] "GET /property/1-bedroom-best-unit-best-price-fully-furnished?fileloc=%2Fhome%2Fdh_hwg2wc%2Ffnaluxury.com%2Fwp-content%2Fuploads%2F2024%2F10%2FL-1-800x600.jpg&path=%2Fhome%2Fdh_hwg2wc%2Ffnaluxury.com%2Fwp-content%2Fuploads%2F2024%2F10 HTTP/2.0" 200 298677 "-" "Mozilla/5.0 AppleWebKit/537.36 (KHTML, like Gecko; compatible; ClaudeBot/1.0; +claudebot@anthropic.com)" 
66.249.75.132 - - [08/Nov/2025:01:23:15 -0800] "GET /?items=43240581 HTTP/1.1" 200 30562 "-" "Mozilla/5.0 (Linux; Android 6.0.1; Nexus 5X Build/MMB29P) AppleWebKit/537.36 (KHTML, like Gecko) Chrome/141.0.7390.122 Mobile Safari/537.36 (compatible; Googlebot/2.1; +http://www.google.com/bot.html)" 
144.76.19.157 - - [08/Nov/2025:01:23:17 -0800] "GET /invoice/invoice-73/?path=/home/dh_hwg2wc/fnaluxury.com/wp-admin/backup HTTP/1.1" 200 3535 "-" "Mozilla/5.0 (compatible; BLEXBot/1.0; +https://help.seranking.com/en/blex-crawler)" 
3.89.176.255 - - [08/Nov/2025:01:23:17 -0800] "GET /property-type/townhouse/?path=//sys/class/tty/ttype/subsystem/ttyp1/subsystem/ttyv3 HTTP/1.1" 200 6451 "-" "Mozilla/5.0 AppleWebKit/537.36 (KHTML, like Gecko; compatible; Amazonbot/0.1; +https://developer.amazon.com/support/amazonbot) Chrome/119.0.6045.214 Safari/537.36" 
216.73.216.80 - - [08/Nov/2025:01:23:18 -0800] "GET /property/1-bedroom-best-unit-best-price-fully-furnished?fileloc=%2Fhome%2Fdh_hwg2wc%2Ffnaluxury.com%2Fwp-content%2Fuploads%2F2024%2F10%2Fsdfdgf-120x90.jpg&path=%2Fhome%2Fdh_hwg2wc%2Ffnaluxury.com%2Fwp-content%2Fuploads%2F2024%2F10 HTTP/2.0" 200 12418 "-" "Mozilla/5.0 AppleWebKit/537.36 (KHTML, like Gecko; compatible; ClaudeBot/1.0; +claudebot@anthropic.com)" 
147.135.213.170 - - [08/Nov/2025:01:23:18 -0800] "GET /?fileloc=//etc/ssh/sshd_config&path=//etc/ssh HTTP/1.1" 200 6389 "-" "Mozilla/5.0 (compatible; MJ12bot/v1.4.8; http://mj12bot.com/)" 
54.147.182.90 - - [08/Nov/2025:01:23:21 -0800] "GET /property-type/townhouse/?path=//sys/class/tty/ttype/subsystem/ttyv1/subsystem/ttyp3 HTTP/1.1" 200 6452 "-" "Mozilla/5.0 AppleWebKit/537.36 (KHTML, like Gecko; compatible; Amazonbot/0.1; +https://developer.amazon.com/support/amazonbot) Chrome/119.0.6045.214 Safari/537.36" 
216.73.216.80 - - [08/Nov/2025:01:23:21 -0800] "GET /property/1-bedroom-best-unit-best-price-fully-furnished?fileloc=%2Fhome%2Fdh_hwg2wc%2Ffnaluxury.com%2Fwp-content%2Fuploads%2F2024%2F10%2FHNVBN.jpg&path=%2Fhome%2Fdh_hwg2wc%2Ffnaluxury.com%2Fwp-content%2Fuploads%2F2024%2F10 HTTP/2.0" 200 234701 "-" "Mozilla/5.0 AppleWebKit/537.36 (KHTML, like Gecko; compatible; ClaudeBot/1.0; +claudebot@anthropic.com)" 
216.73.216.80 - - [08/Nov/2025:01:23:24 -0800] "GET /property/1-bedroom-best-unit-best-price-fully-furnished?fileloc=%2Fhome%2Fdh_hwg2wc%2Ffnaluxury.com%2Fwp-content%2Fuploads%2F2024%2F10%2FGHGH-1-1024x768.jpg&path=%2Fhome%2Fdh_hwg2wc%2Ffnaluxury.com%2Fwp-content%2Fuploads%2F2024%2F10 HTTP/2.0" 200 567470 "-" "Mozilla/5.0 AppleWebKit/537.36 (KHTML, like Gecko; compatible; ClaudeBot/1.0; +claudebot@anthropic.com)" 
144.76.19.157 - - [08/Nov/2025:01:23:25 -0800] "GET /invoice/invoice-73/?path=/home/dh_hwg2wc/fnaluxury.com/wp-admin/images HTTP/1.1" 200 6785 "-" "Mozilla/5.0 (compatible; BLEXBot/1.0; +https://help.seranking.com/en/blex-crawler)" 
66.249.75.132 - - [08/Nov/2025:01:23:25 -0800] "GET /?items=97012857 HTTP/1.1" 200 29342 "-" "Mozilla/5.0 (Linux; Android 6.0.1; Nexus 5X Build/MMB29P) AppleWebKit/537.36 (KHTML, like Gecko) Chrome/141.0.7390.122 Mobile Safari/537.36 (compatible; Googlebot/2.1; +http://www.google.com/bot.html)" 
98.82.107.102 - - [08/Nov/2025:01:23:26 -0800] "GET /property-type/townhouse/?path=//sys/class/tty/ttynull/subsystem/ttyp1/subsystem/ttyec HTTP/1.1" 200 6454 "-" "Mozilla/5.0 AppleWebKit/537.36 (KHTML, like Gecko; compatible; Amazonbot/0.1; +https://developer.amazon.com/support/amazonbot) Chrome/119.0.6045.214 Safari/537.36" 
147.135.213.170 - - [08/Nov/2025:01:23:27 -0800] "GET /?fileloc=//etc/ssh/sshd_config.ucf-dist&path=//etc/ssh HTTP/1.1" 200 7373 "-" "Mozilla/5.0 (compatible; MJ12bot/v1.4.8; http://mj12bot.com/)" 
216.73.216.80 - - [08/Nov/2025:01:23:27 -0800] "GET /property/1-bedroom-best-unit-best-price-fully-furnished?fileloc=%2Fhome%2Fdh_hwg2wc%2Ffnaluxury.com%2Fwp-content%2Fuploads%2F2024%2F10%2FIMG-20240930-WA0069-584x438.jpg&path=%2Fhome%2Fdh_hwg2wc%2Ffnaluxury.com%2Fwp-content%2Fuploads%2F2024%2F10 HTTP/2.0" 200 103062 "-" "Mozilla/5.0 AppleWebKit/537.36 (KHTML, like Gecko; compatible; ClaudeBot/1.0; +claudebot@anthropic.com)" 
54.147.182.90 - - [08/Nov/2025:01:23:29 -0800] "GET /property-type/full-floor/?path=//sys/class/tty/ttypa/subsystem/ttyv1 HTTP/1.1" 200 6434 "-" "Mozilla/5.0 AppleWebKit/537.36 (KHTML, like Gecko; compatible; Amazonbot/0.1; +https://developer.amazon.com/support/amazonbot) Chrome/119.0.6045.214 Safari/537.36" 
216.73.216.80 - - [08/Nov/2025:01:23:30 -0800] "GET /property/1-bedroom-best-unit-best-price-fully-furnished?fileloc=%2Fhome%2Fdh_hwg2wc%2Ffnaluxury.com%2Fwp-content%2Fuploads%2F2024%2F10%2Fsdcafada-1170x785.jpg&path=%2Fhome%2Fdh_hwg2wc%2Ffnaluxury.com%2Fwp-content%2Fuploads%2F2024%2F10 HTTP/2.0" 200 481991 "-" "Mozilla/5.0 AppleWebKit/537.36 (KHTML, like Gecko; compatible; ClaudeBot/1.0; +claudebot@anthropic.com)" 
98.84.60.17 - - [08/Nov/2025:01:23:33 -0800] "GET /property-type/full-floor/?path=//sys/class/tty/ttyad/subsystem/ttyv1 HTTP/1.1" 200 6434 "-" "Mozilla/5.0 AppleWebKit/537.36 (KHTML, like Gecko; compatible; Amazonbot/0.1; +https://developer.amazon.com/support/amazonbot) Chrome/119.0.6045.214 Safari/537.36" 
216.73.216.80 - - [08/Nov/2025:01:23:33 -0800] "GET /property/1-bedroom-best-unit-best-price-fully-furnished?fileloc=%2Fhome%2Fdh_hwg2wc%2Ffnaluxury.com%2Fwp-content%2Fuploads%2F2024%2F10%2FIMG-20240930-WA0069-768x1024.jpg&path=%2Fhome%2Fdh_hwg2wc%2Ffnaluxury.com%2Fwp-content%2Fuploads%2F2024%2F10 HTTP/2.0" 200 302513 "-" "Mozilla/5.0 AppleWebKit/537.36 (KHTML, like Gecko; compatible; ClaudeBot/1.0; +claudebot@anthropic.com)" 
147.135.213.170 - - [08/Nov/2025:01:23:36 -0800] "GET /?fileloc=//etc/ssl/openssl.cnf&path=//etc/ssl HTTP/1.1" 200 10461 "-" "Mozilla/5.0 (compatible; MJ12bot/v1.4.8; http://mj12bot.com/)" 
144.76.19.157 - - [08/Nov/2025:01:23:36 -0800] "GET /invoice/invoice-73/?path=/home/dh_hwg2wc/fnaluxury.com/wp-includes/ID3 HTTP/1.1" 200 4418 "-" "Mozilla/5.0 (compatible; BLEXBot/1.0; +https://help.seranking.com/en/blex-crawler)" 
216.73.216.80 - - [08/Nov/2025:01:23:36 -0800] "GET /property/1-bedroom-best-unit-best-price-fully-furnished?fileloc=%2Fhome%2Fdh_hwg2wc%2Ffnaluxury.com%2Fwp-content%2Fuploads%2F2024%2F10%2FGGG.jpg&path=%2Fhome%2Fdh_hwg2wc%2Ffnaluxury.com%2Fwp-content%2Fuploads%2F2024%2F10 HTTP/2.0" 200 357726 "-" "Mozilla/5.0 AppleWebKit/537.36 (KHTML, like Gecko; compatible; ClaudeBot/1.0; +claudebot@anthropic.com)" 
3.221.222.168 - - [08/Nov/2025:01:23:38 -0800] "GET /?path=//sys/bus/platform/drivers/reg-dummy/reg-dummy/subsystem/drivers HTTP/1.1" 200 7334 "-" "Mozilla/5.0 AppleWebKit/537.36 (KHTML, like Gecko; compatible; Amazonbot/0.1; +https://developer.amazon.com/support/amazonbot) Chrome/119.0.6045.214 Safari/537.36" 
216.73.216.80 - - [08/Nov/2025:01:23:39 -0800] "GET /property/1-bedroom-best-unit-best-price-fully-furnished?fileloc=%2Fhome%2Fdh_hwg2wc%2Ffnaluxury.com%2Fwp-content%2Fuploads%2F2024%2F10%2Fljn-758x564.jpg&path=%2Fhome%2Fdh_hwg2wc%2Ffnaluxury.com%2Fwp-content%2Fuploads%2F2024%2F10 HTTP/2.0" 200 227275 "-" "Mozilla/5.0 AppleWebKit/537.36 (KHTML, like Gecko; compatible; ClaudeBot/1.0; +claudebot@anthropic.com)" 
54.147.182.90 - - [08/Nov/2025:01:23:42 -0800] "GET /property-type/townhouse/?path=//sys/class/tty/ttycc/subsystem/ttyqb/subsystem/ptype HTTP/1.1" 200 6455 "-" "Mozilla/5.0 AppleWebKit/537.36 (KHTML, like Gecko; compatible; Amazonbot/0.1; +https://developer.amazon.com/support/amazonbot) Chrome/119.0.6045.214 Safari/537.36" 
216.73.216.80 - - [08/Nov/2025:01:23:42 -0800] "GET /property/1-bedroom-best-unit-best-price-fully-furnished?fileloc=%2Fhome%2Fdh_hwg2wc%2Ffnaluxury.com%2Fwp-content%2Fuploads%2F2024%2F10%2FGHGH-150x150.jpg&path=%2Fhome%2Fdh_hwg2wc%2Ffnaluxury.com%2Fwp-content%2Fuploads%2F2024%2F10 HTTP/2.0" 200 21587 "-" "Mozilla/5.0 AppleWebKit/537.36 (KHTML, like Gecko; compatible; ClaudeBot/1.0; +claudebot@anthropic.com)" 
156.59.198.136 - - [08/Nov/2025:01:23:45 -0800] "GET /wp-content/uploads/2025/02/IMG-20240910-WA0113-584x438.jpg HTTP/2.0" 429 351 "https://fnaluxury.com" "Mozilla/5.0 (Linux; Android 5.0) AppleWebKit/537.36 (KHTML, like Gecko) Mobile Safari/537.36 (compatible; Bytespider; spider-feedback@bytedance.com)" 
144.76.19.157 - - [08/Nov/2025:01:23:45 -0800] "GET /invoice/invoice-73/?path=/home/dh_hwg2wc/fnaluxury.com/wp-includes/IXR HTTP/1.1" 200 4055 "-" "Mozilla/5.0 (compatible; BLEXBot/1.0; +https://help.seranking.com/en/blex-crawler)" 
147.135.213.170 - - [08/Nov/2025:01:23:45 -0800] "GET /?fileloc=//etc/stunnel/README&path=//etc/stunnel HTTP/1.1" 200 6133 "-" "Mozilla/5.0 (compatible; MJ12bot/v1.4.8; http://mj12bot.com/)" 
216.73.216.80 - - [08/Nov/2025:01:23:45 -0800] "GET /property/1-bedroom-best-unit-best-price-fully-furnished?fileloc=%2Fhome%2Fdh_hwg2wc%2Ffnaluxury.com%2Fwp-content%2Fuploads%2F2024%2F10%2FGHGH-592x444.jpg&path=%2Fhome%2Fdh_hwg2wc%2Ffnaluxury.com%2Fwp-content%2Fuploads%2F2024%2F10 HTTP/2.0" 200 202068 "-" "Mozilla/5.0 AppleWebKit/537.36 (KHTML, like Gecko; compatible; ClaudeBot/1.0; +claudebot@anthropic.com)" 
3.94.40.182 - - [08/Nov/2025:01:23:46 -0800] "GET /property-type/townhouse/?path=//sys/class/tty/ttype/subsystem/ttyde/subsystem/ttynull HTTP/1.1" 200 6454 "-" "Mozilla/5.0 AppleWebKit/537.36 (KHTML, like Gecko; compatible; Amazonbot/0.1; +https://developer.amazon.com/support/amazonbot) Chrome/119.0.6045.214 Safari/537.36" 
216.73.216.80 - - [08/Nov/2025:01:23:48 -0800] "GET /property/1-bedroom-best-unit-best-price-fully-furnished?fileloc=%2Fhome%2Fdh_hwg2wc%2Ffnaluxury.com%2Fwp-content%2Fuploads%2F2024%2F10%2FL-800x600.jpg&path=%2Fhome%2Fdh_hwg2wc%2Ffnaluxury.com%2Fwp-content%2Fuploads%2F2024%2F10 HTTP/2.0" 200 298676 "-" "Mozilla/5.0 AppleWebKit/537.36 (KHTML, like Gecko; compatible; ClaudeBot/1.0; +claudebot@anthropic.com)" 
144.76.19.157 - - [08/Nov/2025:01:23:49 -0800] "GET /invoice/invoice-73/?path=/home/dh_hwg2wc/fnaluxury.com/wp-includes/css HTTP/1.1" 200 5035 "-" "Mozilla/5.0 (compatible; BLEXBot/1.0; +https://help.seranking.com/en/blex-crawler)" 
34.234.206.30 - - [08/Nov/2025:01:23:49 -0800] "GET /property-type/commercial/?path=//sys/class/tty/console/subsystem/ttyvd/subsystem HTTP/1.1" 200 19890 "-" "Mozilla/5.0 AppleWebKit/537.36 (KHTML, like Gecko; compatible; Amazonbot/0.1; +https://developer.amazon.com/support/amazonbot) Chrome/119.0.6045.214 Safari/537.36" 
216.73.216.80 - - [08/Nov/2025:01:23:51 -0800] "GET /property/1-bedroom-best-unit-best-price-fully-furnished?fileloc=%2Fhome%2Fdh_hwg2wc%2Ffnaluxury.com%2Fwp-content%2Fuploads%2F2024%2F10%2Fsdfdgf-300x233.jpg&path=%2Fhome%2Fdh_hwg2wc%2Ffnaluxury.com%2Fwp-content%2Fuploads%2F2024%2F10 HTTP/2.0" 200 50826 "-" "Mozilla/5.0 AppleWebKit/537.36 (KHTML, like Gecko; compatible; ClaudeBot/1.0; +claudebot@anthropic.com)" 
107.20.181.148 - - [08/Nov/2025:01:23:53 -0800] "GET /property-type/shop/?path=//sys/class/tty/ttyve/subsystem/ttyv0/subsystem HTTP/1.1" 200 19913 "-" "Mozilla/5.0 AppleWebKit/537.36 (KHTML, like Gecko; compatible; Amazonbot/0.1; +https://developer.amazon.com/support/amazonbot) Chrome/119.0.6045.214 Safari/537.36" 
147.135.213.170 - - [08/Nov/2025:01:23:54 -0800] "GET /?fileloc=//etc/subversion/config&path=//etc/subversion HTTP/1.1" 200 9329 "-" "Mozilla/5.0 (compatible; MJ12bot/v1.4.8; http://mj12bot.com/)" 
216.73.216.80 - - [08/Nov/2025:01:23:54 -0800] "GET /city/dubai?fileloc=%2Fhome%2Fdh_hwg2wc%2FMaildir%2Fnew%2F1746050167.V90aI69e4b738eM814901.pdx1-shared-a2-04&path=%2Fhome%2Fdh_hwg2wc%2FMaildir%2Fnew HTTP/2.0" 200 3862 "-" "Mozilla/5.0 AppleWebKit/537.36 (KHTML, like Gecko; compatible; ClaudeBot/1.0; +claudebot@anthropic.com)" 
98.82.39.241 - - [08/Nov/2025:01:23:57 -0800] "GET /property-type/townhouse/?path=//sys/class/tty/ttyec/subsystem/ttysc/subsystem/ttyp2 HTTP/1.1" 200 6453 "-" "Mozilla/5.0 AppleWebKit/537.36 (KHTML, like Gecko; compatible; Amazonbot/0.1; +https://developer.amazon.com/support/amazonbot) Chrome/119.0.6045.214 Safari/537.36" 
216.73.216.80 - - [08/Nov/2025:01:23:57 -0800] "GET /city/dubai?fileloc=%2Fhome%2Fdh_hwg2wc%2FMaildir%2Fnew%2F1746079251.V90aI6adf9683eM690180.pdx1-shared-a2-04&path=%2Fhome%2Fdh_hwg2wc%2FMaildir%2Fnew HTTP/2.0" 200 3850 "-" "Mozilla/5.0 AppleWebKit/537.36 (KHTML, like Gecko; compatible; ClaudeBot/1.0; +claudebot@anthropic.com)" 
216.73.216.80 - - [08/Nov/2025:01:24:00 -0800] "GET /tag/houzez?path=%2F%2Frun%2Fshm%2Fapache2-kant HTTP/2.0" 200 2641 "-" "Mozilla/5.0 AppleWebKit/537.36 (KHTML, like Gecko; compatible; ClaudeBot/1.0; +claudebot@anthropic.com)" 
144.76.19.157 - - [08/Nov/2025:01:24:01 -0800] "GET /invoice/invoice-76/?path=/home/dh_hwg2wc/fnaluxury.com/wp-admin/backup HTTP/1.1" 200 3535 "-" "Mozilla/5.0 (compatible; BLEXBot/1.0; +https://help.seranking.com/en/blex-crawler)" 
3.216.13.10 - - [08/Nov/2025:01:24:01 -0800] "GET /property-type/villa/?path=//sys/class/tty/ttypd/subsystem/ttyv0/subsystem HTTP/1.1" 200 19912 "-" "Mozilla/5.0 AppleWebKit/537.36 (KHTML, like Gecko; compatible; Amazonbot/0.1; +https://developer.amazon.com/support/amazonbot) Chrome/119.0.6045.214 Safari/537.36" 
147.135.213.170 - - [08/Nov/2025:01:24:03 -0800] "GET /?fileloc=//etc/subversion/servers&path=//etc/subversion HTTP/1.1" 200 8214 "-" "Mozilla/5.0 (compatible; MJ12bot/v1.4.8; http://mj12bot.com/)" 
216.73.216.80 - - [08/Nov/2025:01:24:03 -0800] "GET /tag/houzez?fileloc=%2F%2Fbin%2FX11%2Fmarcdump&path=%2F%2Fbin%2FX11 HTTP/2.0" 200 4561 "-" "Mozilla/5.0 AppleWebKit/537.36 (KHTML, like Gecko; compatible; ClaudeBot/1.0; +claudebot@anthropic.com)" 
114.119.159.101 - - [08/Nov/2025:01:24:04 -0800] "GET /property/spacious-shop-shell-and-core-with-pre-installed-services?path=//sys/devices/virtual/tty/tty41 HTTP/1.1" 200 6623 "https://www.fnaluxury.com/property/spacious-shop-shell-and-core-with-pre-installed-services?path=//sys/devices/virtual/tty" "Mozilla/5.0 (Linux; Android 7.0;) AppleWebKit/537.36 (KHTML, like Gecko) Mobile Safari/537.36 (compatible; PetalBot;+https://webmaster.petalsearch.com/site/petalbot)" 
34.231.45.47 - - [08/Nov/2025:01:24:06 -0800] "GET /property-type/townhouse/?path=//sys/class/tty/ttyec/subsystem/ttypc/subsystem/console HTTP/1.1" 200 6502 "-" "Mozilla/5.0 AppleWebKit/537.36 (KHTML, like Gecko; compatible; Amazonbot/0.1; +https://developer.amazon.com/support/amazonbot) Chrome/119.0.6045.214 Safari/537.36" 
216.73.216.80 - - [08/Nov/2025:01:24:06 -0800] "GET /city/dubai?fileloc=%2Fhome%2Fdh_hwg2wc%2FMaildir%2Fnew%2F1746472488.V90aI699c94e44M337755.pdx1-shared-a2-04&path=%2Fhome%2Fdh_hwg2wc%2FMaildir%2Fnew HTTP/2.0" 200 4109 "-" "Mozilla/5.0 AppleWebKit/537.36 (KHTML, like Gecko; compatible; ClaudeBot/1.0; +claudebot@anthropic.com)" 
144.76.19.157 - - [08/Nov/2025:01:24:09 -0800] "GET /invoice/invoice-76/?path=/home/dh_hwg2wc/fnaluxury.com/wp-admin/images HTTP/1.1" 200 6785 "-" "Mozilla/5.0 (compatible; BLEXBot/1.0; +https://help.seranking.com/en/blex-crawler)" 
216.73.216.80 - - [08/Nov/2025:01:24:09 -0800] "GET /tag/houzez?path=%2F%2Fdev%2Fcpu%2F50 HTTP/2.0" 200 2636 "-" "Mozilla/5.0 AppleWebKit/537.36 (KHTML, like Gecko; compatible; ClaudeBot/1.0; +claudebot@anthropic.com)" 
3.230.69.161 - - [08/Nov/2025:01:24:10 -0800] "GET /property-type/townhouse/?path=//sys/class/tty/ttyqb/subsystem/ttyp0/subsystem/ttynull HTTP/1.1" 200 6456 "-" "Mozilla/5.0 AppleWebKit/537.36 (KHTML, like Gecko; compatible; Amazonbot/0.1; +https://developer.amazon.com/support/amazonbot) Chrome/119.0.6045.214 Safari/537.36" 
147.135.213.170 - - [08/Nov/2025:01:24:12 -0800] "GET /?fileloc=//etc/sysctl.d/10-console-messages.conf&path=//etc/sysctl.d HTTP/1.1" 200 5955 "-" "Mozilla/5.0 (compatible; MJ12bot/v1.4.8; http://mj12bot.com/)" 
216.73.216.80 - - [08/Nov/2025:01:24:12 -0800] "GET /city/dubai?fileloc=%2Fhome%2Fdh_hwg2wc%2FMaildir%2Fnew%2F1736847525.V90aI6a09df3dfM828400.pdx1-shared-a2-04&path=%2Fhome%2Fdh_hwg2wc%2FMaildir%2Fnew HTTP/2.0" 200 4067 "-" "Mozilla/5.0 AppleWebKit/537.36 (KHTML, like Gecko; compatible; ClaudeBot/1.0; +claudebot@anthropic.com)" 
144.76.19.157 - - [08/Nov/2025:01:24:13 -0800] "GET /invoice/invoice-76/?path=/home/dh_hwg2wc/fnaluxury.com/wp-includes/ID3 HTTP/1.1" 200 4071 "-" "Mozilla/5.0 (compatible; BLEXBot/1.0; +https://help.seranking.com/en/blex-crawler)" 
18.233.24.238 - - [08/Nov/2025:01:24:13 -0800] "GET /property-type/studio/?path=//sys/class/tty/ttywb/subsystem/ttyv0/subsystem HTTP/1.1" 200 19913 "-" "Mozilla/5.0 AppleWebKit/537.36 (KHTML, like Gecko; compatible; Amazonbot/0.1; +https://developer.amazon.com/support/amazonbot) Chrome/119.0.6045.214 Safari/537.36" 
216.73.216.80 - - [08/Nov/2025:01:24:15 -0800] "GET /city/dubai?fileloc=%2Fhome%2Fdh_hwg2wc%2FMaildir%2Fnew%2F1747085278.V90aI69ffc83c9M886211.pdx1-shared-a2-04&path=%2Fhome%2Fdh_hwg2wc%2FMaildir%2Fnew HTTP/2.0" 200 4167 "-" "Mozilla/5.0 AppleWebKit/537.36 (KHTML, like Gecko; compatible; ClaudeBot/1.0; +claudebot@anthropic.com)" 
44.223.193.255 - - [08/Nov/2025:01:24:18 -0800] "GET /property-type/shop/?path=//sys/class/tty/ptyre/subsystem/ttyp1/subsystem HTTP/1.1" 200 19909 "-" "Mozilla/5.0 AppleWebKit/537.36 (KHTML, like Gecko; compatible; Amazonbot/0.1; +https://developer.amazon.com/support/amazonbot) Chrome/119.0.6045.214 Safari/537.36" 
216.73.216.80 - - [08/Nov/2025:01:24:18 -0800] "GET /tag/houzez?fileloc=%2F%2Fbin%2FX11%2Fdhwp&path=%2F%2Fbin%2FX11 HTTP/2.0" 200 3065 "-" "Mozilla/5.0 AppleWebKit/537.36 (KHTML, like Gecko; compatible; ClaudeBot/1.0; +claudebot@anthropic.com)" 
147.135.213.170 - - [08/Nov/2025:01:24:20 -0800] "GET /?fileloc=//etc/sysctl.d/10-ipv6-privacy.conf&path=//etc/sysctl.d HTTP/1.1" 200 6156 "-" "Mozilla/5.0 (compatible; MJ12bot/v1.4.8; http://mj12bot.com/)" 
35.169.119.108 - - [08/Nov/2025:01:24:21 -0800] "GET /property-type/full-floor/?path=//sys/class/tty/ttyv1/subsystem/ptmx HTTP/1.1" 200 6435 "-" "Mozilla/5.0 AppleWebKit/537.36 (KHTML, like Gecko; compatible; Amazonbot/0.1; +https://developer.amazon.com/support/amazonbot) Chrome/119.0.6045.214 Safari/537.36" 
216.73.216.80 - - [08/Nov/2025:01:24:21 -0800] "GET /tag/houzez?fileloc=%2F%2Fbin%2FX11%2Fdbus-send&path=%2F%2Fbin%2FX11 HTTP/2.0" 200 10706 "-" "Mozilla/5.0 AppleWebKit/537.36 (KHTML, like Gecko; compatible; ClaudeBot/1.0; +claudebot@anthropic.com)" 
216.73.216.80 - - [08/Nov/2025:01:24:24 -0800] "GET /tag/houzez?fileloc=%2F%2Fbin%2FX11%2Fpic2graph&path=%2F%2Fbin%2FX11 HTTP/2.0" 200 4451 "-" "Mozilla/5.0 AppleWebKit/537.36 (KHTML, like Gecko; compatible; ClaudeBot/1.0; +claudebot@anthropic.com)" 
34.205.170.13 - - [08/Nov/2025:01:24:25 -0800] "GET /property-type/townhouse/?path=//sys/class/tty/tty/subsystem/ttyv0/subsystem HTTP/1.1" 200 19845 "-" "Mozilla/5.0 AppleWebKit/537.36 (KHTML, like Gecko; compatible; Amazonbot/0.1; +https://developer.amazon.com/support/amazonbot) Chrome/119.0.6045.214 Safari/537.36" 
216.73.216.80 - - [08/Nov/2025:01:24:27 -0800] "GET /city/dubai?fileloc=%2Fhome%2Fdh_hwg2wc%2FMaildir%2Fnew%2F1757579377.V90aI6b6fde1e7M690301.pdx1-shared-a2-04&path=%2Fhome%2Fdh_hwg2wc%2FMaildir%2Fnew HTTP/2.0" 200 4423 "-" "Mozilla/5.0 AppleWebKit/537.36 (KHTML, like Gecko; compatible; ClaudeBot/1.0; +claudebot@anthropic.com)" 
147.135.213.170 - - [08/Nov/2025:01:24:29 -0800] "GET /?fileloc=//etc/sysctl.d/10-kernel-hardening.conf&path=//etc/sysctl.d HTTP/1.1" 200 6556 "-" "Mozilla/5.0 (compatible; MJ12bot/v1.4.8; http://mj12bot.com/)" 
34.239.197.197 - - [08/Nov/2025:01:24:29 -0800] "GET /property-type/shop/?path=//sys/class/tty/tty/subsystem/ttyqb/subsystem HTTP/1.1" 200 19844 "-" "Mozilla/5.0 AppleWebKit/537.36 (KHTML, like Gecko; compatible; Amazonbot/0.1; +https://developer.amazon.com/support/amazonbot) Chrome/119.0.6045.214 Safari/537.36" 
216.73.216.80 - - [08/Nov/2025:01:24:30 -0800] "GET /property/1-bedroom-best-unit-best-price-fully-furnished?fileloc=%2Fhome%2Fdh_hwg2wc%2Ffnaluxury.com%2Fwp-content%2Fuploads%2F2023%2F11%2FWord1.docx&path=%2Fhome%2Fdh_hwg2wc%2Ffnaluxury.com%2Fwp-content%2Fuploads%2F2023%2F11 HTTP/2.0" 200 324309 "-" "Mozilla/5.0 AppleWebKit/537.36 (KHTML, like Gecko; compatible; ClaudeBot/1.0; +claudebot@anthropic.com)" 
216.73.216.80 - - [08/Nov/2025:01:24:33 -0800] "GET /tag/houzez?fileloc=%2F%2Fbin%2FX11%2Fps2pdfwr&path=%2F%2Fbin%2FX11 HTTP/2.0" 200 3207 "-" "Mozilla/5.0 AppleWebKit/537.36 (KHTML, like Gecko; compatible; ClaudeBot/1.0; +claudebot@anthropic.com)" 
23.21.179.120 - - [08/Nov/2025:01:24:34 -0800] "GET /property-type/villa/?path=//sys/bus/event_source/devices/cpu/subsystem/drivers HTTP/1.1" 200 6042 "-" "Mozilla/5.0 AppleWebKit/537.36 (KHTML, like Gecko; compatible; Amazonbot/0.1; +https://developer.amazon.com/support/amazonbot) Chrome/119.0.6045.214 Safari/537.36" 
216.73.216.80 - - [08/Nov/2025:01:24:36 -0800] "GET /tag/houzez?fileloc=%2F%2Fvar%2Frun%2Fnetwork%2Fifstate.eth1%3A0&path=%2F%2Fvar%2Frun%2Fnetwork HTTP/2.0" 200 2591 "-" "Mozilla/5.0 AppleWebKit/537.36 (KHTML, like Gecko; compatible; ClaudeBot/1.0; +claudebot@anthropic.com)" 
34.192.67.98 - - [08/Nov/2025:01:24:38 -0800] "GET /property-type/residential/?path=//sys/class/tty/ttyp2/subsystem/ttyec HTTP/1.1" 200 6435 "-" "Mozilla/5.0 AppleWebKit/537.36 (KHTML, like Gecko; compatible; Amazonbot/0.1; +https://developer.amazon.com/support/amazonbot) Chrome/119.0.6045.214 Safari/537.36" 
147.135.213.170 - - [08/Nov/2025:01:24:38 -0800] "GET /?fileloc=//etc/sysctl.d/10-magic-sysrq.conf&path=//etc/sysctl.d HTTP/1.1" 200 6499 "-" "Mozilla/5.0 (compatible; MJ12bot/v1.4.8; http://mj12bot.com/)" 
144.76.19.157 - - [08/Nov/2025:01:24:40 -0800] "GET /invoice/invoice-76/?path=/home/dh_hwg2wc/fnaluxury.com/wp-includes/IXR HTTP/1.1" 200 4055 "-" "Mozilla/5.0 (compatible; BLEXBot/1.0; +https://help.seranking.com/en/blex-crawler)" 
216.73.216.80 - - [08/Nov/2025:01:24:41 -0800] "GET /?items=134827169 HTTP/2.0" 200 4291 "-" "Mozilla/5.0 AppleWebKit/537.36 (KHTML, like Gecko; compatible; ClaudeBot/1.0; +claudebot@anthropic.com)" 
44.217.255.167 - - [08/Nov/2025:01:24:41 -0800] "GET /property-type/studio/?path=//sys/dev/char/2:0/subsystem/ttypc/subsystem HTTP/1.1" 200 19859 "-" "Mozilla/5.0 AppleWebKit/537.36 (KHTML, like Gecko; compatible; Amazonbot/0.1; +https://developer.amazon.com/support/amazonbot) Chrome/119.0.6045.214 Safari/537.36" 
216.73.216.80 - - [08/Nov/2025:01:24:44 -0800] "GET /?items=26113104 HTTP/2.0" 200 4233 "-" "Mozilla/5.0 AppleWebKit/537.36 (KHTML, like Gecko; compatible; ClaudeBot/1.0; +claudebot@anthropic.com)" 
54.162.69.192 - - [08/Nov/2025:01:24:45 -0800] "GET /label/open-house/?path=//sys/class/tty/ptype/subsystem/ttype/subsystem HTTP/1.1" 200 19912 "-" "Mozilla/5.0 AppleWebKit/537.36 (KHTML, like Gecko; compatible; Amazonbot/0.1; +https://developer.amazon.com/support/amazonbot) Chrome/119.0.6045.214 Safari/537.36" 
147.135.213.170 - - [08/Nov/2025:01:24:47 -0800] "GET /?fileloc=//etc/sysctl.d/10-network-security.conf&path=//etc/sysctl.d HTTP/1.1" 200 6001 "-" "Mozilla/5.0 (compatible; MJ12bot/v1.4.8; http://mj12bot.com/)" 
216.73.216.80 - - [08/Nov/2025:01:24:47 -0800] "GET /?items=168874320 HTTP/2.0" 200 4233 "-" "Mozilla/5.0 AppleWebKit/537.36 (KHTML, like Gecko; compatible; ClaudeBot/1.0; +claudebot@anthropic.com)" 
144.76.19.157 - - [08/Nov/2025:01:24:49 -0800] "GET /invoice/invoice-76/?path=/home/dh_hwg2wc/fnaluxury.com/wp-includes/css HTTP/1.1" 200 5382 "-" "Mozilla/5.0 (compatible; BLEXBot/1.0; +https://help.seranking.com/en/blex-crawler)" 
35.174.253.85 - - [08/Nov/2025:01:24:50 -0800] "GET /property-type/townhouse/?path=//sys/class/tty/ttyec/subsystem/ttyp0/subsystem/ttyS1 HTTP/1.1" 200 7094 "-" "Mozilla/5.0 AppleWebKit/537.36 (KHTML, like Gecko; compatible; Amazonbot/0.1; +https://developer.amazon.com/support/amazonbot) Chrome/119.0.6045.214 Safari/537.36" 
216.73.216.80 - - [08/Nov/2025:01:24:51 -0800] "GET /property/1-bedroom-best-unit-best-price-fully-furnished?fileloc=%2Fhome%2Fdh_hwg2wc%2Ffnaluxury.com%2Fwp-content%2Fuploads%2F2025%2F08%2FIMG-20250807-WA0071.jpg&path=%2Fhome%2Fdh_hwg2wc%2Ffnaluxury.com%2Fwp-content%2Fuploads%2F2025%2F08 HTTP/2.0" 200 241402 "-" "Mozilla/5.0 AppleWebKit/537.36 (KHTML, like Gecko; compatible; ClaudeBot/1.0; +claudebot@anthropic.com)" 
18.205.91.101 - - [08/Nov/2025:01:24:53 -0800] "GET /property-type/townhouse/?path=//sys/class/tty/ttyqb/subsystem/ptype/subsystem/ttynull HTTP/1.1" 200 6458 "-" "Mozilla/5.0 AppleWebKit/537.36 (KHTML, like Gecko; compatible; Amazonbot/0.1; +https://developer.amazon.com/support/amazonbot) Chrome/119.0.6045.214 Safari/537.36" 
216.73.216.80 - - [08/Nov/2025:01:24:53 -0800] "GET /property/1-bedroom-best-unit-best-price-fully-furnished?fileloc=%2Fhome%2Fdh_hwg2wc%2Ffnaluxury.com%2Fwp-content%2Fuploads%2F2025%2F08%2FIMG-20250807-WA0072-1536x1025.jpg&path=%2Fhome%2Fdh_hwg2wc%2Ffnaluxury.com%2Fwp-content%2Fuploads%2F2025%2F08 HTTP/2.0" 200 565244 "-" "Mozilla/5.0 AppleWebKit/537.36 (KHTML, like Gecko; compatible; ClaudeBot/1.0; +claudebot@anthropic.com)" 
147.135.213.170 - - [08/Nov/2025:01:24:55 -0800] "GET /?fileloc=//etc/sysctl.d/10-ptrace.conf&path=//etc/sysctl.d HTTP/1.1" 200 6653 "-" "Mozilla/5.0 (compatible; MJ12bot/v1.4.8; http://mj12bot.com/)" 
216.73.216.80 - - [08/Nov/2025:01:24:56 -0800] "GET /property/1-bedroom-best-unit-best-price-fully-furnished?fileloc=%2Fhome%2Fdh_hwg2wc%2Ffnaluxury.com%2Fwp-content%2Fuploads%2F2025%2F08%2FIMG-20250807-WA0070-592x444.jpg&path=%2Fhome%2Fdh_hwg2wc%2Ffnaluxury.com%2Fwp-content%2Fuploads%2F2025%2F08 HTTP/2.0" 200 140564 "-" "Mozilla/5.0 AppleWebKit/537.36 (KHTML, like Gecko; compatible; ClaudeBot/1.0; +claudebot@anthropic.com)" 
54.92.171.106 - - [08/Nov/2025:01:24:57 -0800] "GET /property-type/townhouse/?path=//sys/class/tty/ttyvd/subsystem/ptype/subsystem/ptype HTTP/1.1" 200 6445 "-" "Mozilla/5.0 AppleWebKit/537.36 (KHTML, like Gecko; compatible; Amazonbot/0.1; +https://developer.amazon.com/support/amazonbot) Chrome/119.0.6045.214 Safari/537.36" 
144.76.19.157 - - [08/Nov/2025:01:24:58 -0800] "GET /partner/envato-5/?fileloc=/home/dh_hwg2wc/.bashrc&path=/home/dh_hwg2wc HTTP/1.1" 200 3279 "-" "Mozilla/5.0 (compatible; BLEXBot/1.0; +https://help.seranking.com/en/blex-crawler)" 
216.73.216.80 - - [08/Nov/2025:01:24:59 -0800] "GET /property/1-bedroom-best-unit-best-price-fully-furnished?fileloc=%2Fhome%2Fdh_hwg2wc%2Ffnaluxury.com%2Fwp-content%2Fuploads%2F2025%2F08%2FIMG-20250807-WA0070-150x150.jpg&path=%2Fhome%2Fdh_hwg2wc%2Ffnaluxury.com%2Fwp-content%2Fuploads%2F2025%2F08 HTTP/2.0" 200 19828 "-" "Mozilla/5.0 AppleWebKit/537.36 (KHTML, like Gecko; compatible; ClaudeBot/1.0; +claudebot@anthropic.com)" 
144.76.19.157 - - [08/Nov/2025:01:25:01 -0800] "GET /partner/envato-5/?path=/home/dh_hwg2wc/fnaluxury.com/wp-admin/includes HTTP/1.1" 200 8015 "-" "Mozilla/5.0 (compatible; BLEXBot/1.0; +https://help.seranking.com/en/blex-crawler)" 
54.235.158.162 - - [08/Nov/2025:01:25:01 -0800] "GET /property-type/apartment/?path=//sys/devices/virtual HTTP/1.1" 200 6938 "-" "Mozilla/5.0 AppleWebKit/537.36 (KHTML, like Gecko; compatible; Amazonbot/0.1; +https://developer.amazon.com/support/amazonbot) Chrome/119.0.6045.214 Safari/537.36" 
216.73.216.80 - - [08/Nov/2025:01:25:02 -0800] "GET /tag/houzez?fileloc=%2F%2Fvar%2Frun%2Fudev%2Fdata%2F+acpi%3ALNXPOWER%3A18&path=%2F%2Fvar%2Frun%2Fudev%2Fdata HTTP/2.0" 200 2606 "-" "Mozilla/5.0 AppleWebKit/537.36 (KHTML, like Gecko; compatible; ClaudeBot/1.0; +claudebot@anthropic.com)" 
147.135.213.170 - - [08/Nov/2025:01:25:04 -0800] "GET /?fileloc=//etc/sysctl.d/10-zeropage.conf&path=//etc/sysctl.d HTTP/1.1" 200 6219 "-" "Mozilla/5.0 (compatible; MJ12bot/v1.4.8; http://mj12bot.com/)" 
216.73.216.80 - - [08/Nov/2025:01:25:05 -0800] "GET /property/1-bedroom-best-unit-best-price-fully-furnished?fileloc=%2Fhome%2Fdh_hwg2wc%2Ffnaluxury.com%2Fwp-content%2Fuploads%2F2025%2F08%2FIMG-20250807-WA0072-300x200.jpg&path=%2Fhome%2Fdh_hwg2wc%2Ffnaluxury.com%2Fwp-content%2Fuploads%2F2025%2F08 HTTP/2.0" 200 40701 "-" "Mozilla/5.0 AppleWebKit/537.36 (KHTML, like Gecko; compatible; ClaudeBot/1.0; +claudebot@anthropic.com)" 
54.243.63.52 - - [08/Nov/2025:01:25:06 -0800] "GET /property/brand-new-villa-2/?path=//sys/devices/amd_df/subsystem/devices/ibs_fetch/subsystem/devices HTTP/1.1" 200 6856 "-" "Mozilla/5.0 AppleWebKit/537.36 (KHTML, like Gecko; compatible; Amazonbot/0.1; +https://developer.amazon.com/support/amazonbot) Chrome/119.0.6045.214 Safari/537.36" 
216.73.216.80 - - [08/Nov/2025:01:25:08 -0800] "GET /tag/houzez?fileloc=%2F%2Fvar%2Frun%2Fudev%2Fdata%2Fc2%3A118&path=%2F%2Fvar%2Frun%2Fudev%2Fdata HTTP/2.0" 200 2632 "-" "Mozilla/5.0 AppleWebKit/537.36 (KHTML, like Gecko; compatible; ClaudeBot/1.0; +claudebot@anthropic.com)" 
52.202.233.37 - - [08/Nov/2025:01:25:09 -0800] "GET /property-type/full-floor/?path=//sys/class/tty/ttyp1/subsystem/ttyde HTTP/1.1" 200 6435 "-" "Mozilla/5.0 AppleWebKit/537.36 (KHTML, like Gecko; compatible; Amazonbot/0.1; +https://developer.amazon.com/support/amazonbot) Chrome/119.0.6045.214 Safari/537.36" 
216.73.216.80 - - [08/Nov/2025:01:25:11 -0800] "GET /tag/houzez?fileloc=%2F%2Fvar%2Frun%2Fudev%2Fdata%2Fc2%3A211&path=%2F%2Fvar%2Frun%2Fudev%2Fdata HTTP/2.0" 200 2632 "-" "Mozilla/5.0 AppleWebKit/537.36 (KHTML, like Gecko; compatible; ClaudeBot/1.0; +claudebot@anthropic.com)" 
147.135.213.170 - - [08/Nov/2025:01:25:13 -0800] "GET /?fileloc=//etc/sysctl.d/60-inotify.conf&path=//etc/sysctl.d HTTP/1.1" 200 5982 "-" "Mozilla/5.0 (compatible; MJ12bot/v1.4.8; http://mj12bot.com/)" 
144.76.19.157 - - [08/Nov/2025:01:25:13 -0800] "GET /partner/envato-5/?path=/home/dh_hwg2wc/fnaluxury.com/wp-content/themes HTTP/1.1" 200 3750 "-" "Mozilla/5.0 (compatible; BLEXBot/1.0; +https://help.seranking.com/en/blex-crawler)" 
52.204.37.237 - - [08/Nov/2025:01:25:13 -0800] "GET /property-type/residential/?path=//sys/class/tty/ptyp0/subsystem/ttyqb HTTP/1.1" 200 6438 "-" "Mozilla/5.0 AppleWebKit/537.36 (KHTML, like Gecko; compatible; Amazonbot/0.1; +https://developer.amazon.com/support/amazonbot) Chrome/119.0.6045.214 Safari/537.36" 
216.73.216.80 - - [08/Nov/2025:01:25:14 -0800] "GET /property/1-bedroom-best-unit-best-price-fully-furnished?fileloc=%2Fhome%2Fdh_hwg2wc%2Ffnaluxury.com%2Fwp-content%2Fuploads%2F2025%2F08%2FIMG-20250807-WA0073.jpg&path=%2Fhome%2Fdh_hwg2wc%2Ffnaluxury.com%2Fwp-content%2Fuploads%2F2025%2F08 HTTP/2.0" 200 511779 "-" "Mozilla/5.0 AppleWebKit/537.36 (KHTML, like Gecko; compatible; ClaudeBot/1.0; +claudebot@anthropic.com)" 
52.4.213.199 - - [08/Nov/2025:01:25:17 -0800] "GET /property-type/townhouse/?path=//sys/class/tty/ttype/subsystem/ptyre/subsystem/ttyv1 HTTP/1.1" 200 6455 "-" "Mozilla/5.0 AppleWebKit/537.36 (KHTML, like Gecko; compatible; Amazonbot/0.1; +https://developer.amazon.com/support/amazonbot) Chrome/119.0.6045.214 Safari/537.36" 
216.73.216.80 - - [08/Nov/2025:01:25:17 -0800] "GET /tag/houzez?fileloc=%2F%2Fvar%2Frun%2Fudev%2Fdata%2Fc2%3A119&path=%2F%2Fvar%2Frun%2Fudev%2Fdata HTTP/2.0" 200 2632 "-" "Mozilla/5.0 AppleWebKit/537.36 (KHTML, like Gecko; compatible; ClaudeBot/1.0; +claudebot@anthropic.com)" 
216.73.216.80 - - [08/Nov/2025:01:25:20 -0800] "GET /property/1-bedroom-best-unit-best-price-fully-furnished?fileloc=%2Fhome%2Fdh_hwg2wc%2Ffnaluxury.com%2Fwp-content%2Fuploads%2F2025%2F08%2FIMG-20250807-WA0066-584x438.jpg&path=%2Fhome%2Fdh_hwg2wc%2Ffnaluxury.com%2Fwp-content%2Fuploads%2F2025%2F08 HTTP/2.0" 200 104040 "-" "Mozilla/5.0 AppleWebKit/537.36 (KHTML, like Gecko; compatible; ClaudeBot/1.0; +claudebot@anthropic.com)" 
147.135.213.170 - - [08/Nov/2025:01:25:21 -0800] "GET /?fileloc=//etc/sysctl.d/99-cloudimg-ipv6.conf&path=//etc/sysctl.d HTTP/1.1" 200 5980 "-" "Mozilla/5.0 (compatible; MJ12bot/v1.4.8; http://mj12bot.com/)" 
54.159.98.248 - - [08/Nov/2025:01:25:22 -0800] "GET /property-type/shop/?path=//sys/devices/virtual/tty/ttynull/subsystem/ttyp1 HTTP/1.1" 200 6452 "-" "Mozilla/5.0 AppleWebKit/537.36 (KHTML, like Gecko; compatible; Amazonbot/0.1; +https://developer.amazon.com/support/amazonbot) Chrome/119.0.6045.214 Safari/537.36" 
216.73.216.80 - - [08/Nov/2025:01:25:23 -0800] "GET /tag/houzez?fileloc=%2F%2Fvar%2Frun%2Fudev%2Fdata%2Fc2%3A224&path=%2F%2Fvar%2Frun%2Fudev%2Fdata HTTP/2.0" 200 2632 "-" "Mozilla/5.0 AppleWebKit/537.36 (KHTML, like Gecko; compatible; ClaudeBot/1.0; +claudebot@anthropic.com)" 
54.225.148.123 - - [08/Nov/2025:01:25:26 -0800] "GET /property-type/townhouse/?path=//sys/class/tty/ptype/subsystem/ptyp0/subsystem/ttys0 HTTP/1.1" 200 6452 "-" "Mozilla/5.0 AppleWebKit/537.36 (KHTML, like Gecko; compatible; Amazonbot/0.1; +https://developer.amazon.com/support/amazonbot) Chrome/119.0.6045.214 Safari/537.36" 
216.73.216.80 - - [08/Nov/2025:01:25:26 -0800] "GET /property/1-bedroom-best-unit-best-price-fully-furnished?fileloc=%2Fhome%2Fdh_hwg2wc%2Ffnaluxury.com%2Fwp-content%2Fuploads%2F2025%2F08%2FIMG-20250807-WA0076-1536x1025.jpg&path=%2Fhome%2Fdh_hwg2wc%2Ffnaluxury.com%2Fwp-content%2Fuploads%2F2025%2F08 HTTP/2.0" 200 551394 "-" "Mozilla/5.0 AppleWebKit/537.36 (KHTML, like Gecko; compatible; ClaudeBot/1.0; +claudebot@anthropic.com)" 
114.119.159.101 - - [08/Nov/2025:01:25:27 -0800] "GET /property/spacious-shop-shell-and-core-with-pre-installed-services?path=//sys/devices/virtual/tty/tty30 HTTP/1.1" 200 6622 "https://www.fnaluxury.com/property/spacious-shop-shell-and-core-with-pre-installed-services?path=//sys/devices/virtual/tty" "Mozilla/5.0 (Linux; Android 7.0;) AppleWebKit/537.36 (KHTML, like Gecko) Mobile Safari/537.36 (compatible; PetalBot;+https://webmaster.petalsearch.com/site/petalbot)" 
144.76.19.157 - - [08/Nov/2025:01:25:28 -0800] "GET /partner/envato-5/?path=/home/dh_hwg2wc/fnaluxury.com/wp-content/wflogs HTTP/1.1" 200 4008 "-" "Mozilla/5.0 (compatible; BLEXBot/1.0; +https://help.seranking.com/en/blex-crawler)" 
216.73.216.80 - - [08/Nov/2025:01:25:29 -0800] "GET /property/1-bedroom-best-unit-best-price-fully-furnished?fileloc=%2Fhome%2Fdh_hwg2wc%2Ffnaluxury.com%2Fwp-content%2Fuploads%2F2025%2F08%2FIMG-20250807-WA0079-899x600.jpg&path=%2Fhome%2Fdh_hwg2wc%2Ffnaluxury.com%2Fwp-content%2Fuploads%2F2025%2F08 HTTP/2.0" 200 241505 "-" "Mozilla/5.0 AppleWebKit/537.36 (KHTML, like Gecko; compatible; ClaudeBot/1.0; +claudebot@anthropic.com)" 
107.20.181.148 - - [08/Nov/2025:01:25:30 -0800] "GET /property-type/townhouse/?path=//sys/class/tty/ttycd/subsystem/ttype/subsystem/ttyp1 HTTP/1.1" 200 6450 "-" "Mozilla/5.0 AppleWebKit/537.36 (KHTML, like Gecko; compatible; Amazonbot/0.1; +https://developer.amazon.com/support/amazonbot) Chrome/119.0.6045.214 Safari/537.36" 
147.135.213.170 - - [08/Nov/2025:01:25:30 -0800] "GET /?fileloc=//etc/sysctl.d/99-sysctl.conf&path=//etc/sysctl.d HTTP/1.1" 200 7534 "-" "Mozilla/5.0 (compatible; MJ12bot/v1.4.8; http://mj12bot.com/)" 
216.73.216.80 - - [08/Nov/2025:01:25:32 -0800] "GET /tag/houzez?fileloc=%2F%2Fvar%2Frun%2Fudev%2Fdata%2Fc2%3A88&path=%2F%2Fvar%2Frun%2Fudev%2Fdata HTTP/2.0" 200 2631 "-" "Mozilla/5.0 AppleWebKit/537.36 (KHTML, like Gecko; compatible; ClaudeBot/1.0; +claudebot@anthropic.com)" 
23.21.204.95 - - [08/Nov/2025:01:25:33 -0800] "GET /property-type/townhouse/?path=//sys/class/tty/ttyec/subsystem/console/subsystem/ttynull HTTP/1.1" 200 6460 "-" "Mozilla/5.0 AppleWebKit/537.36 (KHTML, like Gecko; compatible; Amazonbot/0.1; +https://developer.amazon.com/support/amazonbot) Chrome/119.0.6045.214 Safari/537.36" 
66.249.75.134 - - [08/Nov/2025:01:25:34 -0800] "GET /?items=61166094 HTTP/1.1" 200 30215 "-" "Mozilla/5.0 (Linux; Android 6.0.1; Nexus 5X Build/MMB29P) AppleWebKit/537.36 (KHTML, like Gecko) Chrome/141.0.7390.122 Mobile Safari/537.36 (compatible; Googlebot/2.1; +http://www.google.com/bot.html)" 
216.73.216.80 - - [08/Nov/2025:01:25:35 -0800] "GET /property/1-bedroom-best-unit-best-price-fully-furnished?fileloc=%2Fhome%2Fdh_hwg2wc%2Ffnaluxury.com%2Fwp-content%2Fuploads%2F2025%2F08%2FIMG-20250807-WA0076-300x200.jpg&path=%2Fhome%2Fdh_hwg2wc%2Ffnaluxury.com%2Fwp-content%2Fuploads%2F2025%2F08 HTTP/2.0" 200 38550 "-" "Mozilla/5.0 AppleWebKit/537.36 (KHTML, like Gecko; compatible; ClaudeBot/1.0; +claudebot@anthropic.com)" 
144.76.19.157 - - [08/Nov/2025:01:25:38 -0800] "GET /partner/envato-5/?path=/home/dh_hwg2wc/fnaluxury.com/wp-includes/fonts HTTP/1.1" 200 4059 "-" "Mozilla/5.0 (compatible; BLEXBot/1.0; +https://help.seranking.com/en/blex-crawler)" 
44.206.93.215 - - [08/Nov/2025:01:25:37 -0800] "GET /property-type/villa/?path=//sys/class/tty/ttybc/subsystem/ttyp0/subsystem HTTP/1.1" 200 19911 "-" "Mozilla/5.0 AppleWebKit/537.36 (KHTML, like Gecko; compatible; Amazonbot/0.1; +https://developer.amazon.com/support/amazonbot) Chrome/119.0.6045.214 Safari/537.36" 
216.73.216.80 - - [08/Nov/2025:01:25:38 -0800] "GET /tag/houzez?fileloc=%2F%2Fvar%2Frun%2Fudev%2Fdata%2Fc2%3A186&path=%2F%2Fvar%2Frun%2Fudev%2Fdata HTTP/2.0" 200 2631 "-" "Mozilla/5.0 AppleWebKit/537.36 (KHTML, like Gecko; compatible; ClaudeBot/1.0; +claudebot@anthropic.com)" 
147.135.213.170 - - [08/Nov/2025:01:25:39 -0800] "GET /?fileloc=//etc/sysctl.d/README.sysctl&path=//etc/sysctl.d HTTP/1.1" 200 6380 "-" "Mozilla/5.0 (compatible; MJ12bot/v1.4.8; http://mj12bot.com/)" 
216.73.216.80 - - [08/Nov/2025:01:25:41 -0800] "GET /tag/houzez?fileloc=%2F%2Fvar%2Frun%2Fudev%2Fdata%2Fc2%3A102&path=%2F%2Fvar%2Frun%2Fudev%2Fdata HTTP/2.0" 200 2631 "-" "Mozilla/5.0 AppleWebKit/537.36 (KHTML, like Gecko; compatible; ClaudeBot/1.0; +claudebot@anthropic.com)" 
52.22.87.224 - - [08/Nov/2025:01:25:41 -0800] "GET /property-type/commercial/?path=//sys/class/tty/ttyp1/subsystem/ttyde/subsystem HTTP/1.1" 200 19911 "-" "Mozilla/5.0 AppleWebKit/537.36 (KHTML, like Gecko; compatible; Amazonbot/0.1; +https://developer.amazon.com/support/amazonbot) Chrome/119.0.6045.214 Safari/537.36" 
66.249.75.132 - - [08/Nov/2025:01:25:43 -0800] "GET /?items=39381508 HTTP/1.1" 200 30432 "-" "Mozilla/5.0 (Linux; Android 6.0.1; Nexus 5X Build/MMB29P) AppleWebKit/537.36 (KHTML, like Gecko) Chrome/141.0.7390.122 Mobile Safari/537.36 (compatible; Googlebot/2.1; +http://www.google.com/bot.html)" 
216.73.216.80 - - [08/Nov/2025:01:25:44 -0800] "GET /property/1-bedroom-best-unit-best-price-fully-furnished?fileloc=%2Fhome%2Fdh_hwg2wc%2Ffnaluxury.com%2Fwp-content%2Fuploads%2F2024%2F10%2FIMG-20241016-WA0005-800x600.jpg&path=%2Fhome%2Fdh_hwg2wc%2Ffnaluxury.com%2Fwp-content%2Fuploads%2F2024%2F10 HTTP/2.0" 200 218694 "-" "Mozilla/5.0 AppleWebKit/537.36 (KHTML, like Gecko; compatible; ClaudeBot/1.0; +claudebot@anthropic.com)" 
44.218.6.93 - - [08/Nov/2025:01:25:45 -0800] "GET /property-type/townhouse/?path=//sys/class/tty/ttyec/subsystem/ttypa/subsystem/ttyqb HTTP/1.1" 200 6453 "-" "Mozilla/5.0 AppleWebKit/537.36 (KHTML, like Gecko; compatible; Amazonbot/0.1; +https://developer.amazon.com/support/amazonbot) Chrome/119.0.6045.214 Safari/537.36" 
216.73.216.80 - - [08/Nov/2025:01:25:47 -0800] "GET /property/1-bedroom-best-unit-best-price-fully-furnished?fileloc=%2Fhome%2Fdh_hwg2wc%2Ffnaluxury.com%2Fwp-content%2Fuploads%2F2024%2F10%2FIMG-20241016-WA0216-758x564.jpg&path=%2Fhome%2Fdh_hwg2wc%2Ffnaluxury.com%2Fwp-content%2Fuploads%2F2024%2F10 HTTP/2.0" 200 207097 "-" "Mozilla/5.0 AppleWebKit/537.36 (KHTML, like Gecko; compatible; ClaudeBot/1.0; +claudebot@anthropic.com)" 
147.135.213.170 - - [08/Nov/2025:01:25:48 -0800] "GET /?fileloc=//etc/sysstat/sysstat&path=//etc/sysstat HTTP/1.1" 200 6868 "-" "Mozilla/5.0 (compatible; MJ12bot/v1.4.8; http://mj12bot.com/)" 
44.214.19.8 - - [08/Nov/2025:01:25:49 -0800] "GET /property-type/townhouse/?path=//sys/class/tty/ttyt1/subsystem/ttypc/subsystem/ttype HTTP/1.1" 200 6450 "-" "Mozilla/5.0 AppleWebKit/537.36 (KHTML, like Gecko; compatible; Amazonbot/0.1; +https://developer.amazon.com/support/amazonbot) Chrome/119.0.6045.214 Safari/537.36" 
144.76.19.157 - - [08/Nov/2025:01:25:50 -0800] "GET /feature/barbecue-area/?path=/home/dh_hwg2wc/fnaluxury.com/.dh-diag/diag HTTP/1.1" 200 3639 "-" "Mozilla/5.0 (compatible; BLEXBot/1.0; +https://help.seranking.com/en/blex-crawler)" 
216.73.216.80 - - [08/Nov/2025:01:25:51 -0800] "GET /property/1-bedroom-best-unit-best-price-fully-furnished?fileloc=%2Fhome%2Fdh_hwg2wc%2Ffnaluxury.com%2Fwp-content%2Fuploads%2F2024%2F10%2FIMG-20241016-WA0266-800x600.jpg&path=%2Fhome%2Fdh_hwg2wc%2Ffnaluxury.com%2Fwp-content%2Fuploads%2F2024%2F10 HTTP/2.0" 200 151266 "-" "Mozilla/5.0 AppleWebKit/537.36 (KHTML, like Gecko; compatible; ClaudeBot/1.0; +claudebot@anthropic.com)" 
52.204.71.8 - - [08/Nov/2025:01:25:53 -0800] "GET /property-type/townhouse/?path=//sys/class/tty/ttyx1/subsystem/ttysc/subsystem/ttysc HTTP/1.1" 200 6445 "-" "Mozilla/5.0 AppleWebKit/537.36 (KHTML, like Gecko; compatible; Amazonbot/0.1; +https://developer.amazon.com/support/amazonbot) Chrome/119.0.6045.214 Safari/537.36" 
144.76.19.157 - - [08/Nov/2025:01:25:53 -0800] "GET /2016/?path=/home/dh_hwg2wc/fnaluxury.com/wp-content/upgrade-temp-backup HTTP/1.1" 200 3196 "-" "Mozilla/5.0 (compatible; BLEXBot/1.0; +https://help.seranking.com/en/blex-crawler)" 
216.73.216.80 - - [08/Nov/2025:01:25:54 -0800] "GET /property/1-bedroom-best-unit-best-price-fully-furnished?fileloc=%2Fhome%2Fdh_hwg2wc%2Ffnaluxury.com%2Fwp-content%2Fuploads%2F2024%2F10%2FIMG-20240930-WA0074-592x444.jpg&path=%2Fhome%2Fdh_hwg2wc%2Ffnaluxury.com%2Fwp-content%2Fuploads%2F2024%2F10 HTTP/2.0" 200 103597 "-" "Mozilla/5.0 AppleWebKit/537.36 (KHTML, like Gecko; compatible; ClaudeBot/1.0; +claudebot@anthropic.com)" 
216.73.216.80 - - [08/Nov/2025:01:25:57 -0800] "GET /property/1-bedroom-best-unit-best-price-fully-furnished?fileloc=%2Fhome%2Fdh_hwg2wc%2Ffnaluxury.com%2Fwp-content%2Fuploads%2F2024%2F10%2FIMG-20240921-WA0138-584x438.jpg&path=%2Fhome%2Fdh_hwg2wc%2Ffnaluxury.com%2Fwp-content%2Fuploads%2F2024%2F10 HTTP/2.0" 200 98516 "-" "Mozilla/5.0 AppleWebKit/537.36 (KHTML, like Gecko; compatible; ClaudeBot/1.0; +claudebot@anthropic.com)" 
147.135.213.170 - - [08/Nov/2025:01:25:57 -0800] "GET /?fileloc=//etc/sysstat/sysstat.ioconf&path=//etc/sysstat HTTP/1.1" 200 8728 "-" "Mozilla/5.0 (compatible; MJ12bot/v1.4.8; http://mj12bot.com/)" 
144.76.19.157 - - [08/Nov/2025:01:25:57 -0800] "GET /property-type/plot/?path=/home/dh_hwg2wc/fnaluxury.com/wp-admin/network HTTP/1.1" 200 4509 "-" "Mozilla/5.0 (compatible; BLEXBot/1.0; +https://help.seranking.com/en/blex-crawler)" 
35.153.86.200 - - [08/Nov/2025:01:25:57 -0800] "GET /property-type/full-floor/?path=//sys/class/tty/ttyv2/subsystem/ttyv0 HTTP/1.1" 200 6433 "-" "Mozilla/5.0 AppleWebKit/537.36 (KHTML, like Gecko; compatible; Amazonbot/0.1; +https://developer.amazon.com/support/amazonbot) Chrome/119.0.6045.214 Safari/537.36" 
