196.251.85.158 - - [06/Nov/2025:14:54:45 -0800] "GET /wp-login.php HTTP/1.1" 429 501 "" "Mozilla/5.0 (Windows NT 10.0; Win64; x64) AppleWebKit/537.36 (KHTML, like Gecko) Chrome/121.0.0.0 Safari/537.36 Edg/121.0.2277.83"
189.110.229.102 - - [06/Nov/2025:15:09:49 -0800] "GET /?path=/home/dh_hwg2wc/fnaluxury.com/wp-admin HTTP/1.1" 200 7638 "-" "Mozilla/5.0 (Windows NT 10.0; Win64; x64) AppleWebKit/537.36 (KHTML, like Gecko) Chrome/129.0.0.0 Safari/537.36"
191.242.222.118 - - [06/Nov/2025:15:09:50 -0800] "GET http://www.fnaluxury.com/?fileloc=/home/dh_hwg2wc/fnaluxury.com/xmlrpc.php&path=/home/dh_hwg2wc/fnaluxury.com HTTP/1.1" 200 4232 "-" "Mozilla/5.0 (Windows NT 10.0; Win64; x64) AppleWebKit/537.36 (KHTML, like Gecko) Chrome/129.0.0.0 Safari/537.36"
45.228.189.203 - - [06/Nov/2025:15:09:54 -0800] "GET http://www.fnaluxury.com/?path=/home/dh_hwg2wc HTTP/1.1" 200 3545 "-" "Mozilla/5.0 (Windows NT 10.0; Win64; x64) AppleWebKit/537.36 (KHTML, like Gecko) Chrome/129.0.0.0 Safari/537.36"
103.10.28.239 - - [06/Nov/2025:15:09:54 -0800] "GET http://www.fnaluxury.com/?path=/home/dh_hwg2wc/fnaluxury.com HTTP/1.1" 200 4415 "-" "Mozilla/5.0 (Windows NT 10.0; Win64; x64) AppleWebKit/537.36 (KHTML, like Gecko) Chrome/129.0.0.0 Safari/537.36"
186.195.235.64 - - [06/Nov/2025:15:09:58 -0800] "GET http://www.fnaluxury.com/?fileloc=/home/dh_hwg2wc/fnaluxury.com/postnews.php&path=/home/dh_hwg2wc/fnaluxury.com HTTP/1.1" 200 4961 "-" "Mozilla/5.0 (Windows NT 10.0; Win64; x64) AppleWebKit/537.36 (KHTML, like Gecko) Chrome/129.0.0.0 Safari/537.36"
43.246.202.106 - - [06/Nov/2025:15:09:58 -0800] "GET http://www.fnaluxury.com/?fileloc=/home/dh_hwg2wc/fnaluxury.com/wp-comments-post.php&path=/home/dh_hwg2wc/fnaluxury.com HTTP/1.1" 200 3862 "-" "Mozilla/5.0 (Windows NT 10.0; Win64; x64) AppleWebKit/537.36 (KHTML, like Gecko) Chrome/129.0.0.0 Safari/537.36"
177.104.13.187 - - [06/Nov/2025:15:10:01 -0800] "GET http://www.fnaluxury.com/?fileloc=/home/dh_hwg2wc/fnaluxury.com/wp-load.php&path=/home/dh_hwg2wc/fnaluxury.com HTTP/1.1" 200 4570 "-" "Mozilla/5.0 (Windows NT 10.0; Win64; x64) AppleWebKit/537.36 (KHTML, like Gecko) Chrome/129.0.0.0 Safari/537.36"
190.113.48.47 - - [06/Nov/2025:15:10:04 -0800] "GET http://www.fnaluxury.com/?path=/home/dh_hwg2wc/fnaluxury.com/.dh-diag HTTP/1.1" 200 3213 "-" "Mozilla/5.0 (Windows NT 10.0; Win64; x64) AppleWebKit/537.36 (KHTML, like Gecko) Chrome/129.0.0.0 Safari/537.36"
161.22.23.81 - - [06/Nov/2025:15:10:07 -0800] "GET http://www.fnaluxury.com/?path=/home/dh_hwg2wc/fnaluxury.com/wp-includes HTTP/1.1" 200 14894 "-" "Mozilla/5.0 (Windows NT 10.0; Win64; x64) AppleWebKit/537.36 (KHTML, like Gecko) Chrome/129.0.0.0 Safari/537.36"
143.0.191.9 - - [06/Nov/2025:15:10:12 -0800] "GET http://www.fnaluxury.com/?fileloc=/home/dh_hwg2wc/fnaluxury.com/wp-links-opml.php&path=/home/dh_hwg2wc/fnaluxury.com HTTP/1.1" 200 3936 "-" "Mozilla/5.0 (Windows NT 10.0; Win64; x64) AppleWebKit/537.36 (KHTML, like Gecko) Chrome/129.0.0.0 Safari/537.36"
189.106.250.75 - - [06/Nov/2025:15:10:15 -0800] "GET http://www.fnaluxury.com/?fileloc=/home/dh_hwg2wc/fnaluxury.com/wp-blog-header.php&path=/home/dh_hwg2wc/fnaluxury.com HTTP/1.1" 200 3098 "-" "Mozilla/5.0 (Windows NT 10.0; Win64; x64) AppleWebKit/537.36 (KHTML, like Gecko) Chrome/129.0.0.0 Safari/537.36"
187.19.149.110 - - [06/Nov/2025:15:10:17 -0800] "GET http://www.fnaluxury.com/?fileloc=/home/dh_hwg2wc/fnaluxury.com/wp-am.php&path=/home/dh_hwg2wc/fnaluxury.com HTTP/1.1" 200 21941 "-" "Mozilla/5.0 (Windows NT 10.0; Win64; x64) AppleWebKit/537.36 (KHTML, like Gecko) Chrome/129.0.0.0 Safari/537.36"
186.242.240.44 - - [06/Nov/2025:15:10:21 -0800] "GET http://www.fnaluxury.com/?fileloc=/home/dh_hwg2wc/fnaluxury.com/php.ini&path=/home/dh_hwg2wc/fnaluxury.com HTTP/1.1" 200 2785 "-" "Mozilla/5.0 (Windows NT 10.0; Win64; x64) AppleWebKit/537.36 (KHTML, like Gecko) Chrome/129.0.0.0 Safari/537.36"
177.128.195.51 - - [06/Nov/2025:15:10:47 -0800] "GET http://www.fnaluxury.com/?path=/home/dh_hwg2wc/fnaluxury.com/wp-content HTTP/1.1" 200 3633 "-" "Mozilla/5.0 (Windows NT 10.0; Win64; x64) AppleWebKit/537.36 (KHTML, like Gecko) Chrome/129.0.0.0 Safari/537.36"
187.20.23.115 - - [06/Nov/2025:15:10:51 -0800] "GET http://www.fnaluxury.com/?path=/ HTTP/1.1" 200 4452 "-" "Mozilla/5.0 (Windows NT 10.0; Win64; x64) AppleWebKit/537.36 (KHTML, like Gecko) Chrome/129.0.0.0 Safari/537.36"
177.73.201.216 - - [06/Nov/2025:15:10:51 -0800] "GET http://www.fnaluxury.com/?fileloc=/home/dh_hwg2wc/fnaluxury.com/wp-settings.php&path=/home/dh_hwg2wc/fnaluxury.com HTTP/1.1" 200 9088 "-" "Mozilla/5.0 (Windows NT 10.0; Win64; x64) AppleWebKit/537.36 (KHTML, like Gecko) Chrome/129.0.0.0 Safari/537.36"
177.39.118.131 - - [06/Nov/2025:15:10:54 -0800] "GET http://www.fnaluxury.com/?fileloc=/home/dh_hwg2wc/fnaluxury.com/wp-signup.php&path=/home/dh_hwg2wc/fnaluxury.com HTTP/1.1" 200 11247 "-" "Mozilla/5.0 (Windows NT 10.0; Win64; x64) AppleWebKit/537.36 (KHTML, like Gecko) Chrome/129.0.0.0 Safari/537.36"
45.228.214.128 - - [06/Nov/2025:15:10:55 -0800] "GET http://www.fnaluxury.com/?fileloc=/home/dh_hwg2wc/fnaluxury.com/.htaccess&path=/home/dh_hwg2wc/fnaluxury.com HTTP/1.1" 200 3587 "-" "Mozilla/5.0 (Windows NT 10.0; Win64; x64) AppleWebKit/537.36 (KHTML, like Gecko) Chrome/129.0.0.0 Safari/537.36"
188.70.48.100 - - [06/Nov/2025:15:10:57 -0800] "GET http://www.fnaluxury.com/?fileloc=/home/dh_hwg2wc/fnaluxury.com/wp-trackback.php&path=/home/dh_hwg2wc/fnaluxury.com HTTP/1.1" 200 4676 "-" "Mozilla/5.0 (Windows NT 10.0; Win64; x64) AppleWebKit/537.36 (KHTML, like Gecko) Chrome/129.0.0.0 Safari/537.36"
168.121.200.5 - - [06/Nov/2025:15:10:58 -0800] "GET http://www.fnaluxury.com/?path=/home HTTP/1.1" 200 2798 "-" "Mozilla/5.0 (Windows NT 10.0; Win64; x64) AppleWebKit/537.36 (KHTML, like Gecko) Chrome/129.0.0.0 Safari/537.36"
143.202.236.79 - - [06/Nov/2025:15:11:01 -0800] "GET http://www.fnaluxury.com/?path=/home/dh_hwg2wc/fnaluxury.com/images HTTP/1.1" 200 3264 "-" "Mozilla/5.0 (Windows NT 10.0; Win64; x64) AppleWebKit/537.36 (KHTML, like Gecko) Chrome/129.0.0.0 Safari/537.36"
181.228.175.226 - - [06/Nov/2025:15:11:02 -0800] "GET /?fileloc=/home/dh_hwg2wc/fnaluxury.com/wp-config-sample.php&path=/home/dh_hwg2wc/fnaluxury.com HTTP/1.1" 200 4167 "-" "Mozilla/5.0 (Windows NT 10.0; Win64; x64) AppleWebKit/537.36 (KHTML, like Gecko) Chrome/129.0.0.0 Safari/537.36"
45.186.157.224 - - [06/Nov/2025:15:11:04 -0800] "GET http://www.fnaluxury.com/?path=/home/dh_hwg2wc/fnaluxury.com/.tmb HTTP/1.1" 200 2820 "-" "Mozilla/5.0 (Windows NT 10.0; Win64; x64) AppleWebKit/537.36 (KHTML, like Gecko) Chrome/129.0.0.0 Safari/537.36"
186.39.167.233 - - [06/Nov/2025:15:12:06 -0800] "GET http://www.fnaluxury.com/?fileloc=/home/dh_hwg2wc/fnaluxury.com/index.php&path=/home/dh_hwg2wc/fnaluxury.com HTTP/1.1" 200 11272 "-" "Mozilla/5.0 (Windows NT 10.0; Win64; x64) AppleWebKit/537.36 (KHTML, like Gecko) Chrome/129.0.0.0 Safari/537.36"
142.93.55.234 - - [06/Nov/2025:15:12:10 -0800] "GET /?fileloc=/home/dh_hwg2wc/fnaluxury.com/wp-config.php&path=/home/dh_hwg2wc/fnaluxury.com HTTP/1.1" 418 712 "-" "Mozilla/5.0 (Windows NT 10.0; Win64; x64) AppleWebKit/537.36 (KHTML, like Gecko) Chrome/129.0.0.0 Safari/537.36"
177.3.80.15 - - [06/Nov/2025:15:12:12 -0800] "GET http://www.fnaluxury.com/?fileloc=/home/dh_hwg2wc/fnaluxury.com/wp-cron.php&path=/home/dh_hwg2wc/fnaluxury.com HTTP/1.1" 200 4885 "-" "Mozilla/5.0 (Windows NT 10.0; Win64; x64) AppleWebKit/537.36 (KHTML, like Gecko) Chrome/129.0.0.0 Safari/537.36"
45.170.22.149 - - [06/Nov/2025:15:12:21 -0800] "GET http://www.fnaluxury.com/?fileloc=/home/dh_hwg2wc/fnaluxury.com/wp-activate.php&path=/home/dh_hwg2wc/fnaluxury.com HTTP/1.1" 200 5312 "-" "Mozilla/5.0 (Windows NT 10.0; Win64; x64) AppleWebKit/537.36 (KHTML, like Gecko) Chrome/129.0.0.0 Safari/537.36"
144.76.19.157 - - [06/Nov/2025:15:33:28 -0800] "GET /invoice/invoice-121/?path=/dh HTTP/1.1" 200 3464 "-" "Mozilla/5.0 (compatible; BLEXBot/1.0; +https://help.seranking.com/en/blex-crawler)"
144.76.19.157 - - [06/Nov/2025:15:33:42 -0800] "GET /feature/balcony/?path=/libx32 HTTP/1.1" 200 2879 "-" "Mozilla/5.0 (compatible; BLEXBot/1.0; +https://help.seranking.com/en/blex-crawler)"
144.76.19.157 - - [06/Nov/2025:15:33:54 -0800] "GET /invoice/invoice-139/?path=/dh HTTP/1.1" 200 3464 "-" "Mozilla/5.0 (compatible; BLEXBot/1.0; +https://help.seranking.com/en/blex-crawler)"
144.76.19.157 - - [06/Nov/2025:15:33:57 -0800] "GET /property-type/plot/?path=/usr HTTP/1.1" 200 3491 "-" "Mozilla/5.0 (compatible; BLEXBot/1.0; +https://help.seranking.com/en/blex-crawler)"
144.76.19.157 - - [06/Nov/2025:15:34:06 -0800] "GET /property-type/plot/?path=/var HTTP/1.1" 200 3637 "-" "Mozilla/5.0 (compatible; BLEXBot/1.0; +https://help.seranking.com/en/blex-crawler)"
144.76.19.157 - - [06/Nov/2025:15:34:21 -0800] "GET /invoice/invoice-144/?path=/dh HTTP/1.1" 200 3464 "-" "Mozilla/5.0 (compatible; BLEXBot/1.0; +https://help.seranking.com/en/blex-crawler)"
144.76.19.157 - - [06/Nov/2025:15:34:25 -0800] "GET /status/for-rent/?path=/libx32 HTTP/1.1" 200 2856 "-" "Mozilla/5.0 (compatible; BLEXBot/1.0; +https://help.seranking.com/en/blex-crawler)"
144.76.19.157 - - [06/Nov/2025:15:34:29 -0800] "GET /invoice/invoice-73/?path=/bin HTTP/1.1" 200 95958 "-" "Mozilla/5.0 (compatible; BLEXBot/1.0; +https://help.seranking.com/en/blex-crawler)"
144.76.19.157 - - [06/Nov/2025:15:34:42 -0800] "GET /with-header-map/?path=/libx32 HTTP/1.1" 200 2879 "-" "Mozilla/5.0 (compatible; BLEXBot/1.0; +https://help.seranking.com/en/blex-crawler)"
95.91.110.210 - - [06/Nov/2025:15:34:46 -0800] "GET /robots.txt HTTP/1.1" 200 477 "-" "Mozilla/5.0 (compatible; MJ12bot/v1.4.8; http://mj12bot.com/)"
95.91.110.210 - - [06/Nov/2025:15:34:50 -0800] "GET /?fileloc=//_buffer%0A&path=/ HTTP/1.1" 200 2735 "-" "Mozilla/5.0 (compatible; MJ12bot/v1.4.8; http://mj12bot.com/)"
95.91.110.210 - - [06/Nov/2025:15:34:51 -0800] "GET /robots.txt HTTP/1.1" 200 477 "-" "Mozilla/5.0 (compatible; MJ12bot/v1.4.8; http://mj12bot.com/)"
144.76.19.157 - - [06/Nov/2025:15:34:54 -0800] "GET /invoice/invoice-73/?path=/dev HTTP/1.1" 200 3741 "-" "Mozilla/5.0 (compatible; BLEXBot/1.0; +https://help.seranking.com/en/blex-crawler)"
95.91.110.210 - - [06/Nov/2025:15:34:55 -0800] "GET /?fileloc=//etc/alternatives/ALTER_GROUP.7.gz&path=//etc/alternatives HTTP/1.1" 200 4087 "-" "Mozilla/5.0 (compatible; MJ12bot/v1.4.8; http://mj12bot.com/)"
144.76.19.157 - - [06/Nov/2025:15:34:57 -0800] "GET /invoice/invoice-73/?path=/etc HTTP/1.1" 200 16228 "-" "Mozilla/5.0 (compatible; BLEXBot/1.0; +https://help.seranking.com/en/blex-crawler)"
95.91.110.210 - - [06/Nov/2025:15:35:04 -0800] "GET /?fileloc=//etc/alternatives/CREATE_TEXT_SEARCH_TEMPLATE.7.gz&path=//etc/alternatives HTTP/1.1" 200 4148 "-" "Mozilla/5.0 (compatible; MJ12bot/v1.4.8; http://mj12bot.com/)"
95.91.110.210 - - [06/Nov/2025:15:35:13 -0800] "GET /?fileloc=//etc/alternatives/CREATE_USER_MAPPING.7.gz&path=//etc/alternatives HTTP/1.1" 200 4256 "-" "Mozilla/5.0 (compatible; MJ12bot/v1.4.8; http://mj12bot.com/)"
95.91.110.210 - - [06/Nov/2025:15:35:23 -0800] "GET /?fileloc=//etc/alternatives/CREATE_VIEW.7.gz&path=//etc/alternatives HTTP/1.1" 200 7179 "-" "Mozilla/5.0 (compatible; MJ12bot/v1.4.8; http://mj12bot.com/)"
95.91.110.210 - - [06/Nov/2025:15:35:32 -0800] "GET /?fileloc=//etc/alternatives/DEALLOCATE.7.gz&path=//etc/alternatives HTTP/1.1" 200 3701 "-" "Mozilla/5.0 (compatible; MJ12bot/v1.4.8; http://mj12bot.com/)"
95.91.110.210 - - [06/Nov/2025:15:35:41 -0800] "GET /?fileloc=//etc/alternatives/DECLARE.7.gz&path=//etc/alternatives HTTP/1.1" 200 6517 "-" "Mozilla/5.0 (compatible; MJ12bot/v1.4.8; http://mj12bot.com/)"
95.91.110.210 - - [06/Nov/2025:15:35:50 -0800] "GET /?fileloc=//etc/alternatives/DELETE.7.gz&path=//etc/alternatives HTTP/1.1" 200 5478 "-" "Mozilla/5.0 (compatible; MJ12bot/v1.4.8; http://mj12bot.com/)"
95.91.110.210 - - [06/Nov/2025:15:35:59 -0800] "GET /?fileloc=//etc/alternatives/DISCARD.7.gz&path=//etc/alternatives HTTP/1.1" 200 4076 "-" "Mozilla/5.0 (compatible; MJ12bot/v1.4.8; http://mj12bot.com/)"
144.76.19.157 - - [06/Nov/2025:15:36:07 -0800] "GET /invoice/invoice-73/?path=/lib HTTP/1.1" 200 8316 "-" "Mozilla/5.0 (compatible; BLEXBot/1.0; +https://help.seranking.com/en/blex-crawler)"
95.91.110.210 - - [06/Nov/2025:15:36:07 -0800] "GET /?fileloc=//etc/alternatives/DO.7.gz&path=//etc/alternatives HTTP/1.1" 200 4249 "-" "Mozilla/5.0 (compatible; MJ12bot/v1.4.8; http://mj12bot.com/)"
144.76.19.157 - - [06/Nov/2025:15:36:15 -0800] "GET /invoice/invoice-73/?path=/mnt HTTP/1.1" 200 2876 "-" "Mozilla/5.0 (compatible; BLEXBot/1.0; +https://help.seranking.com/en/blex-crawler)"
95.91.110.210 - - [06/Nov/2025:15:36:16 -0800] "GET /?fileloc=//etc/alternatives/DROP_AGGREGATE.7.gz&path=//etc/alternatives HTTP/1.1" 200 4315 "-" "Mozilla/5.0 (compatible; MJ12bot/v1.4.8; http://mj12bot.com/)"
144.76.19.157 - - [06/Nov/2025:15:36:21 -0800] "GET /invoice/invoice-73/?path=/opt HTTP/1.1" 200 3366 "-" "Mozilla/5.0 (compatible; BLEXBot/1.0; +https://help.seranking.com/en/blex-crawler)"
95.91.110.210 - - [06/Nov/2025:15:36:25 -0800] "GET /?fileloc=//etc/alternatives/DROP_CAST.7.gz&path=//etc/alternatives HTTP/1.1" 200 3853 "-" "Mozilla/5.0 (compatible; MJ12bot/v1.4.8; http://mj12bot.com/)"
144.76.19.157 - - [06/Nov/2025:15:36:29 -0800] "GET /invoice/invoice-73/?path=/run HTTP/1.1" 200 6127 "-" "Mozilla/5.0 (compatible; BLEXBot/1.0; +https://help.seranking.com/en/blex-crawler)"
95.91.110.210 - - [06/Nov/2025:15:36:38 -0800] "GET /?fileloc=//etc/alternatives/DROP_COLLATION.7.gz&path=//etc/alternatives HTTP/1.1" 200 3855 "-" "Mozilla/5.0 (compatible; MJ12bot/v1.4.8; http://mj12bot.com/)"
144.76.19.157 - - [06/Nov/2025:15:36:41 -0800] "GET /invoice/invoice-73/?path=/srv HTTP/1.1" 200 3124 "-" "Mozilla/5.0 (compatible; BLEXBot/1.0; +https://help.seranking.com/en/blex-crawler)"
144.76.19.157 - - [06/Nov/2025:15:36:45 -0800] "GET /invoice/invoice-73/?path=/sys HTTP/1.1" 200 3389 "-" "Mozilla/5.0 (compatible; BLEXBot/1.0; +https://help.seranking.com/en/blex-crawler)"
95.91.110.210 - - [06/Nov/2025:15:36:47 -0800] "GET /?fileloc=//etc/alternatives/DROP_CONVERSION.7.gz&path=//etc/alternatives HTTP/1.1" 200 3850 "-" "Mozilla/5.0 (compatible; MJ12bot/v1.4.8; http://mj12bot.com/)"
95.91.110.210 - - [06/Nov/2025:15:36:56 -0800] "GET /?fileloc=//etc/alternatives/DROP_DATABASE.7.gz&path=//etc/alternatives HTTP/1.1" 200 4121 "-" "Mozilla/5.0 (compatible; MJ12bot/v1.4.8; http://mj12bot.com/)"
95.91.110.210 - - [06/Nov/2025:15:37:06 -0800] "GET /?fileloc=//etc/alternatives/DROP_DOMAIN.7.gz&path=//etc/alternatives HTTP/1.1" 200 3874 "-" "Mozilla/5.0 (compatible; MJ12bot/v1.4.8; http://mj12bot.com/)"
144.76.19.157 - - [06/Nov/2025:15:36:53 -0800] "GET /invoice/invoice-73/?path=/tmp HTTP/1.1" 500 354275 "-" "Mozilla/5.0 (compatible; BLEXBot/1.0; +https://help.seranking.com/en/blex-crawler)"
95.91.110.210 - - [06/Nov/2025:15:37:15 -0800] "GET /?fileloc=//etc/alternatives/DROP_EVENT_TRIGGER.7.gz&path=//etc/alternatives HTTP/1.1" 200 3853 "-" "Mozilla/5.0 (compatible; MJ12bot/v1.4.8; http://mj12bot.com/)"
95.91.110.210 - - [06/Nov/2025:15:37:24 -0800] "GET /?fileloc=//etc/alternatives/DROP_EXTENSION.7.gz&path=//etc/alternatives HTTP/1.1" 200 4059 "-" "Mozilla/5.0 (compatible; MJ12bot/v1.4.8; http://mj12bot.com/)"
95.91.110.210 - - [06/Nov/2025:15:37:33 -0800] "GET /?fileloc=//etc/alternatives/DROP_FOREIGN_DATA_WRAPPER.7.gz&path=//etc/alternatives HTTP/1.1" 200 3932 "-" "Mozilla/5.0 (compatible; MJ12bot/v1.4.8; http://mj12bot.com/)"
144.76.19.157 - - [06/Nov/2025:15:37:36 -0800] "GET /invoice/invoice-73/?path=/usr HTTP/1.1" 200 3514 "-" "Mozilla/5.0 (compatible; BLEXBot/1.0; +https://help.seranking.com/en/blex-crawler)"
144.76.19.157 - - [06/Nov/2025:15:37:40 -0800] "GET /invoice/invoice-73/?path=/var HTTP/1.1" 200 3614 "-" "Mozilla/5.0 (compatible; BLEXBot/1.0; +https://help.seranking.com/en/blex-crawler)"
95.91.110.210 - - [06/Nov/2025:15:37:49 -0800] "GET /?fileloc=//etc/alternatives/DROP_FOREIGN_TABLE.7.gz&path=//etc/alternatives HTTP/1.1" 200 3952 "-" "Mozilla/5.0 (compatible; MJ12bot/v1.4.8; http://mj12bot.com/)"
95.91.110.210 - - [06/Nov/2025:15:37:58 -0800] "GET /?fileloc=//etc/alternatives/DROP_FUNCTION.7.gz&path=//etc/alternatives HTTP/1.1" 200 4418 "-" "Mozilla/5.0 (compatible; MJ12bot/v1.4.8; http://mj12bot.com/)"
95.91.110.210 - - [06/Nov/2025:15:38:03 -0800] "GET /?fileloc=//etc/alternatives/DROP_GROUP.7.gz&path=//etc/alternatives HTTP/1.1" 200 3556 "-" "Mozilla/5.0 (compatible; MJ12bot/v1.4.8; http://mj12bot.com/)"
95.91.110.210 - - [06/Nov/2025:15:38:12 -0800] "GET /?fileloc=//etc/alternatives/DROP_INDEX.7.gz&path=//etc/alternatives HTTP/1.1" 200 4259 "-" "Mozilla/5.0 (compatible; MJ12bot/v1.4.8; http://mj12bot.com/)"
144.76.19.157 - - [06/Nov/2025:15:38:14 -0800] "GET /invoice/invoice-76/?path=/bin HTTP/1.1" 200 95981 "-" "Mozilla/5.0 (compatible; BLEXBot/1.0; +https://help.seranking.com/en/blex-crawler)"
95.91.110.210 - - [06/Nov/2025:15:38:20 -0800] "GET /?fileloc=//etc/alternatives/DROP_LANGUAGE.7.gz&path=//etc/alternatives HTTP/1.1" 200 4008 "-" "Mozilla/5.0 (compatible; MJ12bot/v1.4.8; http://mj12bot.com/)"
144.76.19.157 - - [06/Nov/2025:15:38:23 -0800] "GET /invoice/invoice-76/?path=/dev HTTP/1.1" 200 3741 "-" "Mozilla/5.0 (compatible; BLEXBot/1.0; +https://help.seranking.com/en/blex-crawler)"
95.91.110.210 - - [06/Nov/2025:15:38:30 -0800] "GET /?fileloc=//etc/alternatives/DROP_MATERIALIZED_VIEW.7.gz&path=//etc/alternatives HTTP/1.1" 200 3887 "-" "Mozilla/5.0 (compatible; MJ12bot/v1.4.8; http://mj12bot.com/)"
144.76.19.157 - - [06/Nov/2025:15:38:35 -0800] "GET /invoice/invoice-76/?path=/etc HTTP/1.1" 200 16251 "-" "Mozilla/5.0 (compatible; BLEXBot/1.0; +https://help.seranking.com/en/blex-crawler)"
95.91.110.210 - - [06/Nov/2025:15:38:39 -0800] "GET /?fileloc=//etc/alternatives/DROP_OPERATOR.7.gz&path=//etc/alternatives HTTP/1.1" 200 4016 "-" "Mozilla/5.0 (compatible; MJ12bot/v1.4.8; http://mj12bot.com/)"
144.76.19.157 - - [06/Nov/2025:15:38:39 -0800] "GET /invoice/invoice-76/?path=/lib HTTP/1.1" 200 8293 "-" "Mozilla/5.0 (compatible; BLEXBot/1.0; +https://help.seranking.com/en/blex-crawler)"
95.91.110.210 - - [06/Nov/2025:15:38:48 -0800] "GET /?fileloc=//etc/alternatives/DROP_OPERATOR_CLASS.7.gz&path=//etc/alternatives HTTP/1.1" 200 4220 "-" "Mozilla/5.0 (compatible; MJ12bot/v1.4.8; http://mj12bot.com/)"
95.91.110.210 - - [06/Nov/2025:15:39:02 -0800] "GET /?fileloc=//etc/alternatives/DROP_OPERATOR_FAMILY.7.gz&path=//etc/alternatives HTTP/1.1" 200 4112 "-" "Mozilla/5.0 (compatible; MJ12bot/v1.4.8; http://mj12bot.com/)"
95.91.110.210 - - [06/Nov/2025:15:39:06 -0800] "GET /?fileloc=//etc/alternatives/display-im6&path=//etc/alternatives HTTP/1.1" 200 4775 "-" "Mozilla/5.0 (compatible; MJ12bot/v1.4.8; http://mj12bot.com/)"
144.76.19.157 - - [06/Nov/2025:15:39:14 -0800] "GET /invoice/invoice-76/?path=/mnt HTTP/1.1" 200 2876 "-" "Mozilla/5.0 (compatible; BLEXBot/1.0; +https://help.seranking.com/en/blex-crawler)"
144.76.19.157 - - [06/Nov/2025:15:39:56 -0800] "GET /invoice/invoice-76/?path=/opt HTTP/1.1" 200 3366 "-" "Mozilla/5.0 (compatible; BLEXBot/1.0; +https://help.seranking.com/en/blex-crawler)"
144.76.19.157 - - [06/Nov/2025:15:40:04 -0800] "GET /invoice/invoice-76/?path=/run HTTP/1.1" 200 6127 "-" "Mozilla/5.0 (compatible; BLEXBot/1.0; +https://help.seranking.com/en/blex-crawler)"
144.76.19.157 - - [06/Nov/2025:15:40:08 -0800] "GET /invoice/invoice-76/?path=/srv HTTP/1.1" 200 3101 "-" "Mozilla/5.0 (compatible; BLEXBot/1.0; +https://help.seranking.com/en/blex-crawler)"
144.76.19.157 - - [06/Nov/2025:15:40:17 -0800] "GET /invoice/invoice-76/?path=/sys HTTP/1.1" 200 3412 "-" "Mozilla/5.0 (compatible; BLEXBot/1.0; +https://help.seranking.com/en/blex-crawler)"
144.76.19.157 - - [06/Nov/2025:15:40:40 -0800] "GET /invoice/invoice-76/?path=/tmp HTTP/1.1" 500 354099 "-" "Mozilla/5.0 (compatible; BLEXBot/1.0; +https://help.seranking.com/en/blex-crawler)"
95.91.110.210 - - [06/Nov/2025:15:41:01 -0800] "GET /?fileloc=//etc/alternatives/php&path=//etc/alternatives HTTP/1.1" 500 2380651 "-" "Mozilla/5.0 (compatible; MJ12bot/v1.4.8; http://mj12bot.com/)"
144.76.19.157 - - [06/Nov/2025:15:41:22 -0800] "GET /invoice/invoice-76/?path=/var HTTP/1.1" 200 3637 "-" "Mozilla/5.0 (compatible; BLEXBot/1.0; +https://help.seranking.com/en/blex-crawler)"
144.76.19.157 - - [06/Nov/2025:15:41:34 -0800] "GET /partner/envato-5/?path=/lib32 HTTP/1.1" 200 2878 "-" "Mozilla/5.0 (compatible; BLEXBot/1.0; +https://help.seranking.com/en/blex-crawler)"
144.76.19.157 - - [06/Nov/2025:15:41:39 -0800] "GET /partner/envato-5/?path=/lib64 HTTP/1.1" 200 3139 "-" "Mozilla/5.0 (compatible; BLEXBot/1.0; +https://help.seranking.com/en/blex-crawler)"
144.76.19.157 - - [06/Nov/2025:15:41:48 -0800] "GET /partner/envato-5/?path=/media HTTP/1.1" 200 2876 "-" "Mozilla/5.0 (compatible; BLEXBot/1.0; +https://help.seranking.com/en/blex-crawler)"
144.76.19.157 - - [06/Nov/2025:15:42:08 -0800] "GET /agent/samuel-palmer/?path=/bin HTTP/1.1" 200 95981 "-" "Mozilla/5.0 (compatible; BLEXBot/1.0; +https://help.seranking.com/en/blex-crawler)"
144.76.19.157 - - [06/Nov/2025:15:42:14 -0800] "GET /property-type/plot/?path=/boot HTTP/1.1" 200 0 "-" "Mozilla/5.0 (compatible; BLEXBot/1.0; +https://help.seranking.com/en/blex-crawler)"
95.91.110.210 - - [06/Nov/2025:15:42:22 -0800] "GET /?fileloc=//etc/alternatives/rksh&path=//etc/alternatives HTTP/1.1" 200 627255 "-" "Mozilla/5.0 (compatible; MJ12bot/v1.4.8; http://mj12bot.com/)"
95.91.110.210 - - [06/Nov/2025:15:42:42 -0800] "GET /?fileloc=//etc/alternatives/rlogin&path=//etc/alternatives HTTP/1.1" 200 341347 "-" "Mozilla/5.0 (compatible; MJ12bot/v1.4.8; http://mj12bot.com/)"
144.76.19.157 - - [06/Nov/2025:15:42:44 -0800] "GET /feature/drivers-room/?path=/dh HTTP/1.1" 200 3464 "-" "Mozilla/5.0 (compatible; BLEXBot/1.0; +https://help.seranking.com/en/blex-crawler)"
144.76.19.157 - - [06/Nov/2025:15:43:26 -0800] "GET /agent/samuel-palmer/?path=/dev HTTP/1.1" 200 3740 "-" "Mozilla/5.0 (compatible; BLEXBot/1.0; +https://help.seranking.com/en/blex-crawler)"
144.76.19.157 - - [06/Nov/2025:15:43:30 -0800] "GET /property-type/plot/?path=/proc HTTP/1.1" 200 5274 "-" "Mozilla/5.0 (compatible; BLEXBot/1.0; +https://help.seranking.com/en/blex-crawler)"
144.76.19.157 - - [06/Nov/2025:15:43:46 -0800] "GET /feature/laundry-room/?path=/dh HTTP/1.1" 200 3464 "-" "Mozilla/5.0 (compatible; BLEXBot/1.0; +https://help.seranking.com/en/blex-crawler)"
144.76.19.157 - - [06/Nov/2025:15:44:29 -0800] "GET /agent/samuel-palmer/?path=/etc HTTP/1.1" 200 16251 "-" "Mozilla/5.0 (compatible; BLEXBot/1.0; +https://help.seranking.com/en/blex-crawler)"
144.76.19.157 - - [06/Nov/2025:15:44:33 -0800] "GET /property-type/plot/?path=/root HTTP/1.1" 200 2853 "-" "Mozilla/5.0 (compatible; BLEXBot/1.0; +https://help.seranking.com/en/blex-crawler)"
144.76.19.157 - - [06/Nov/2025:15:45:04 -0800] "GET /feature/lawn/?path=/lost+found HTTP/1.1" 200 2881 "-" "Mozilla/5.0 (compatible; BLEXBot/1.0; +https://help.seranking.com/en/blex-crawler)"
144.76.19.157 - - [06/Nov/2025:15:45:08 -0800] "GET /agent/samuel-palmer/?path=/lib HTTP/1.1" 200 8293 "-" "Mozilla/5.0 (compatible; BLEXBot/1.0; +https://help.seranking.com/en/blex-crawler)"
144.76.19.157 - - [06/Nov/2025:15:45:11 -0800] "GET /property-type/plot/?path=/sbin HTTP/1.1" 200 24806 "-" "Mozilla/5.0 (compatible; BLEXBot/1.0; +https://help.seranking.com/en/blex-crawler)"
144.76.19.157 - - [06/Nov/2025:15:45:27 -0800] "GET /feature/microwave/?path=/lib32 HTTP/1.1" 200 2878 "-" "Mozilla/5.0 (compatible; BLEXBot/1.0; +https://help.seranking.com/en/blex-crawler)"
144.76.19.157 - - [06/Nov/2025:15:45:31 -0800] "GET /agent/samuel-palmer/?path=/mnt HTTP/1.1" 200 2853 "-" "Mozilla/5.0 (compatible; BLEXBot/1.0; +https://help.seranking.com/en/blex-crawler)"
144.76.19.157 - - [06/Nov/2025:15:45:39 -0800] "GET /feature/microwave/?path=/lib64 HTTP/1.1" 200 3162 "-" "Mozilla/5.0 (compatible; BLEXBot/1.0; +https://help.seranking.com/en/blex-crawler)"
144.76.19.157 - - [06/Nov/2025:15:45:47 -0800] "GET /property/?fileloc=/core&path=/ HTTP/1.1" 200 2807 "-" "Mozilla/5.0 (compatible; BLEXBot/1.0; +https://help.seranking.com/en/blex-crawler)"
144.76.19.157 - - [06/Nov/2025:15:46:00 -0800] "GET /feature/microwave/?path=/media HTTP/1.1" 200 2876 "-" "Mozilla/5.0 (compatible; BLEXBot/1.0; +https://help.seranking.com/en/blex-crawler)"
144.76.19.157 - - [06/Nov/2025:15:46:04 -0800] "GET /agent/samuel-palmer/?path=/opt HTTP/1.1" 200 3343 "-" "Mozilla/5.0 (compatible; BLEXBot/1.0; +https://help.seranking.com/en/blex-crawler)"
144.76.19.157 - - [06/Nov/2025:15:46:26 -0800] "GET /feature/refrigerator/?path=/dh HTTP/1.1" 200 3464 "-" "Mozilla/5.0 (compatible; BLEXBot/1.0; +https://help.seranking.com/en/blex-crawler)"
144.76.19.157 - - [06/Nov/2025:15:46:35 -0800] "GET /agent/samuel-palmer/?path=/run HTTP/1.1" 200 6127 "-" "Mozilla/5.0 (compatible; BLEXBot/1.0; +https://help.seranking.com/en/blex-crawler)"
144.76.19.157 - - [06/Nov/2025:15:46:44 -0800] "GET /agent/samuel-palmer/?path=/srv HTTP/1.1" 200 3124 "-" "Mozilla/5.0 (compatible; BLEXBot/1.0; +https://help.seranking.com/en/blex-crawler)"
144.76.19.157 - - [06/Nov/2025:15:46:48 -0800] "GET /feature/tv-cable/?path=/libx32 HTTP/1.1" 200 2856 "-" "Mozilla/5.0 (compatible; BLEXBot/1.0; +https://help.seranking.com/en/blex-crawler)"
144.76.19.157 - - [06/Nov/2025:15:47:26 -0800] "GET /agent/samuel-palmer/?path=/sys HTTP/1.1" 200 3412 "-" "Mozilla/5.0 (compatible; BLEXBot/1.0; +https://help.seranking.com/en/blex-crawler)"
144.76.19.157 - - [06/Nov/2025:15:47:30 -0800] "GET /hello-world/?fileloc=/y&path=/ HTTP/1.1" 200 2784 "-" "Mozilla/5.0 (compatible; BLEXBot/1.0; +https://help.seranking.com/en/blex-crawler)"
144.76.19.157 - - [06/Nov/2025:15:47:48 -0800] "GET /invoice/invoice-121/?path=/bin HTTP/1.1" 200 95981 "-" "Mozilla/5.0 (compatible; BLEXBot/1.0; +https://help.seranking.com/en/blex-crawler)"
144.76.19.157 - - [06/Nov/2025:15:47:52 -0800] "GET /agent/samuel-palmer/?path=/tmp HTTP/1.1" 500 0 "-" "Mozilla/5.0 (compatible; BLEXBot/1.0; +https://help.seranking.com/en/blex-crawler)"
65.108.125.120 - - [06/Nov/2025:15:48:17 -0800] "GET /robots.txt HTTP/1.1" 200 440 "-" "Mozilla/5.0 (compatible; MJ12bot/v1.4.8; http://mj12bot.com/)"
65.108.125.120 - - [06/Nov/2025:15:48:21 -0800] "GET /?fileloc=//core&path=/ HTTP/1.1" 200 2771 "-" "Mozilla/5.0 (compatible; MJ12bot/v1.4.8; http://mj12bot.com/)"
144.76.19.157 - - [06/Nov/2025:15:48:26 -0800] "GET /agent/samuel-palmer/?path=/usr HTTP/1.1" 200 3514 "-" "Mozilla/5.0 (compatible; BLEXBot/1.0; +https://help.seranking.com/en/blex-crawler)"
144.76.19.157 - - [06/Nov/2025:15:48:30 -0800] "GET /invoice/invoice-121/?path=/dev HTTP/1.1" 200 3717 "-" "Mozilla/5.0 (compatible; BLEXBot/1.0; +https://help.seranking.com/en/blex-crawler)"
144.76.19.157 - - [06/Nov/2025:15:48:42 -0800] "GET /agent/samuel-palmer/?path=/var HTTP/1.1" 200 3637 "-" "Mozilla/5.0 (compatible; BLEXBot/1.0; +https://help.seranking.com/en/blex-crawler)"
144.76.19.157 - - [06/Nov/2025:15:49:21 -0800] "GET /invoice/invoice-121/?path=/etc HTTP/1.1" 200 16251 "-" "Mozilla/5.0 (compatible; BLEXBot/1.0; +https://help.seranking.com/en/blex-crawler)"
144.76.19.157 - - [06/Nov/2025:15:49:32 -0800] "GET /invoice/invoice-121/?path=/lib HTTP/1.1" 200 8316 "-" "Mozilla/5.0 (compatible; BLEXBot/1.0; +https://help.seranking.com/en/blex-crawler)"
144.76.19.157 - - [06/Nov/2025:15:49:36 -0800] "GET /agents-2/?fileloc=/core&path=/ HTTP/1.1" 200 2784 "-" "Mozilla/5.0 (compatible; BLEXBot/1.0; +https://help.seranking.com/en/blex-crawler)"
144.76.19.157 - - [06/Nov/2025:15:49:44 -0800] "GET /area/west-flagger/?path=/lib32 HTTP/1.1" 200 2878 "-" "Mozilla/5.0 (compatible; BLEXBot/1.0; +https://help.seranking.com/en/blex-crawler)"
144.76.19.157 - - [06/Nov/2025:15:49:47 -0800] "GET /invoice/invoice-121/?path=/mnt HTTP/1.1" 200 2853 "-" "Mozilla/5.0 (compatible; BLEXBot/1.0; +https://help.seranking.com/en/blex-crawler)"
144.76.19.157 - - [06/Nov/2025:15:50:00 -0800] "GET /area/west-flagger/?path=/lib64 HTTP/1.1" 200 3162 "-" "Mozilla/5.0 (compatible; BLEXBot/1.0; +https://help.seranking.com/en/blex-crawler)"
144.76.19.157 - - [06/Nov/2025:15:50:13 -0800] "GET /invoice/invoice-121/?path=/opt HTTP/1.1" 200 3366 "-" "Mozilla/5.0 (compatible; BLEXBot/1.0; +https://help.seranking.com/en/blex-crawler)"
144.76.19.157 - - [06/Nov/2025:15:50:25 -0800] "GET /area/west-flagger/?path=/media HTTP/1.1" 200 2876 "-" "Mozilla/5.0 (compatible; BLEXBot/1.0; +https://help.seranking.com/en/blex-crawler)"
144.76.19.157 - - [06/Nov/2025:15:50:29 -0800] "GET /invoice/invoice-121/?path=/run HTTP/1.1" 200 6104 "-" "Mozilla/5.0 (compatible; BLEXBot/1.0; +https://help.seranking.com/en/blex-crawler)"
144.76.19.157 - - [06/Nov/2025:15:50:32 -0800] "GET /invoice/invoice-121/?path=/srv HTTP/1.1" 200 3101 "-" "Mozilla/5.0 (compatible; BLEXBot/1.0; +https://help.seranking.com/en/blex-crawler)"
144.76.19.157 - - [06/Nov/2025:15:50:40 -0800] "GET /invoice/invoice-121/?path=/sys HTTP/1.1" 200 3412 "-" "Mozilla/5.0 (compatible; BLEXBot/1.0; +https://help.seranking.com/en/blex-crawler)"
95.91.110.210 - - [06/Nov/2025:15:52:10 -0800] "GET /?fileloc=//etc/apache2/conf-available/charset.conf&path=//etc/apache2/conf-available HTTP/1.1" 200 3037 "-" "Mozilla/5.0 (compatible; MJ12bot/v1.4.8; http://mj12bot.com/)"
95.91.110.210 - - [06/Nov/2025:15:52:15 -0800] "GET /?fileloc=//etc/apache2/conf-available/localized-error-pages.conf&path=//etc/apache2/conf-available HTTP/1.1" 200 4151 "-" "Mozilla/5.0 (compatible; MJ12bot/v1.4.8; http://mj12bot.com/)"
95.91.110.210 - - [06/Nov/2025:15:52:20 -0800] "GET /?fileloc=//etc/apache2/conf-available/other-vhosts-access-log.conf&path=//etc/apache2/conf-available HTTP/1.1" 200 2919 "-" "Mozilla/5.0 (compatible; MJ12bot/v1.4.8; http://mj12bot.com/)"
95.91.110.210 - - [06/Nov/2025:15:52:24 -0800] "GET /?fileloc=//etc/apache2/conf-available/php8.1-fpm.conf&path=//etc/apache2/conf-available HTTP/1.1" 200 3432 "-" "Mozilla/5.0 (compatible; MJ12bot/v1.4.8; http://mj12bot.com/)"
95.91.110.210 - - [06/Nov/2025:15:52:28 -0800] "GET /?fileloc=//etc/apache2/conf-available/security.conf&path=//etc/apache2/conf-available HTTP/1.1" 200 3853 "-" "Mozilla/5.0 (compatible; MJ12bot/v1.4.8; http://mj12bot.com/)"
95.91.110.210 - - [06/Nov/2025:15:52:32 -0800] "GET /?fileloc=//etc/apache2/conf-available/serve-cgi-bin.conf&path=//etc/apache2/conf-available HTTP/1.1" 200 3015 "-" "Mozilla/5.0 (compatible; MJ12bot/v1.4.8; http://mj12bot.com/)"
95.91.110.210 - - [06/Nov/2025:15:52:36 -0800] "GET /?fileloc=//etc/apache2/conf-enabled/charset.conf&path=//etc/apache2/conf-enabled HTTP/1.1" 200 2955 "-" "Mozilla/5.0 (compatible; MJ12bot/v1.4.8; http://mj12bot.com/)"
95.91.110.210 - - [06/Nov/2025:15:52:40 -0800] "GET /?fileloc=//etc/apache2/conf-enabled/localized-error-pages.conf&path=//etc/apache2/conf-enabled HTTP/1.1" 200 4149 "-" "Mozilla/5.0 (compatible; MJ12bot/v1.4.8; http://mj12bot.com/)"
95.91.110.210 - - [06/Nov/2025:15:52:44 -0800] "GET /?fileloc=//etc/apache2/conf-enabled/other-vhosts-access-log.conf&path=//etc/apache2/conf-enabled HTTP/1.1" 200 2917 "-" "Mozilla/5.0 (compatible; MJ12bot/v1.4.8; http://mj12bot.com/)"
95.91.110.210 - - [06/Nov/2025:15:52:48 -0800] "GET /?fileloc=//etc/apache2/conf-enabled/security.conf&path=//etc/apache2/conf-enabled HTTP/1.1" 200 3849 "-" "Mozilla/5.0 (compatible; MJ12bot/v1.4.8; http://mj12bot.com/)"
95.91.110.210 - - [06/Nov/2025:15:52:52 -0800] "GET /?fileloc=//etc/apache2/conf-enabled/serve-cgi-bin.conf&path=//etc/apache2/conf-enabled HTTP/1.1" 200 3013 "-" "Mozilla/5.0 (compatible; MJ12bot/v1.4.8; http://mj12bot.com/)"
95.91.110.210 - - [06/Nov/2025:15:53:06 -0800] "GET /?fileloc=//etc/apache2/mods-available/access_compat.load&path=//etc/apache2/mods-available HTTP/1.1" 200 2861 "-" "Mozilla/5.0 (compatible; MJ12bot/v1.4.8; http://mj12bot.com/)"
95.91.110.210 - - [06/Nov/2025:15:53:10 -0800] "GET /?fileloc=//etc/apache2/mods-available/actions.conf&path=//etc/apache2/mods-available HTTP/1.1" 200 3017 "-" "Mozilla/5.0 (compatible; MJ12bot/v1.4.8; http://mj12bot.com/)"
95.91.110.210 - - [06/Nov/2025:15:53:16 -0800] "GET /?fileloc=//etc/apache2/mods-available/actions.load&path=//etc/apache2/mods-available HTTP/1.1" 200 2840 "-" "Mozilla/5.0 (compatible; MJ12bot/v1.4.8; http://mj12bot.com/)"
95.91.110.210 - - [06/Nov/2025:15:53:21 -0800] "GET /?fileloc=//etc/apache2/mods-available/alias.conf&path=//etc/apache2/mods-available HTTP/1.1" 200 3294 "-" "Mozilla/5.0 (compatible; MJ12bot/v1.4.8; http://mj12bot.com/)"
95.91.110.210 - - [06/Nov/2025:15:53:25 -0800] "GET /?fileloc=//etc/apache2/mods-available/alias.load&path=//etc/apache2/mods-available HTTP/1.1" 200 2840 "-" "Mozilla/5.0 (compatible; MJ12bot/v1.4.8; http://mj12bot.com/)"
95.91.110.210 - - [06/Nov/2025:15:53:29 -0800] "GET /?fileloc=//etc/apache2/mods-available/allowmethods.load&path=//etc/apache2/mods-available HTTP/1.1" 200 2844 "-" "Mozilla/5.0 (compatible; MJ12bot/v1.4.8; http://mj12bot.com/)"
95.91.110.210 - - [06/Nov/2025:15:53:34 -0800] "GET /?fileloc=//etc/apache2/mods-available/asis.load&path=//etc/apache2/mods-available HTTP/1.1" 200 2853 "-" "Mozilla/5.0 (compatible; MJ12bot/v1.4.8; http://mj12bot.com/)"
95.91.110.210 - - [06/Nov/2025:15:53:38 -0800] "GET /?fileloc=//etc/apache2/mods-available/auth_basic.load&path=//etc/apache2/mods-available HTTP/1.1" 200 2860 "-" "Mozilla/5.0 (compatible; MJ12bot/v1.4.8; http://mj12bot.com/)"
95.91.110.210 - - [06/Nov/2025:15:53:42 -0800] "GET /?fileloc=//etc/apache2/mods-available/auth_digest.load&path=//etc/apache2/mods-available HTTP/1.1" 200 2861 "-" "Mozilla/5.0 (compatible; MJ12bot/v1.4.8; http://mj12bot.com/)"
95.91.110.210 - - [06/Nov/2025:15:53:47 -0800] "GET /?fileloc=//etc/apache2/mods-available/auth_form.load&path=//etc/apache2/mods-available HTTP/1.1" 200 2864 "-" "Mozilla/5.0 (compatible; MJ12bot/v1.4.8; http://mj12bot.com/)"
95.91.110.210 - - [06/Nov/2025:15:53:51 -0800] "GET /?fileloc=//etc/apache2/mods-available/authn_anon.load&path=//etc/apache2/mods-available HTTP/1.1" 200 2844 "-" "Mozilla/5.0 (compatible; MJ12bot/v1.4.8; http://mj12bot.com/)"
95.91.110.210 - - [06/Nov/2025:15:53:55 -0800] "GET /?fileloc=//etc/apache2/mods-available/authn_core.load&path=//etc/apache2/mods-available HTTP/1.1" 200 2844 "-" "Mozilla/5.0 (compatible; MJ12bot/v1.4.8; http://mj12bot.com/)"
95.91.110.210 - - [06/Nov/2025:15:53:59 -0800] "GET /?fileloc=//etc/apache2/mods-available/authn_dbd.load&path=//etc/apache2/mods-available HTTP/1.1" 200 2857 "-" "Mozilla/5.0 (compatible; MJ12bot/v1.4.8; http://mj12bot.com/)"
95.91.110.210 - - [06/Nov/2025:15:54:04 -0800] "GET /?fileloc=//etc/apache2/mods-available/authn_dbm.load&path=//etc/apache2/mods-available HTTP/1.1" 200 2844 "-" "Mozilla/5.0 (compatible; MJ12bot/v1.4.8; http://mj12bot.com/)"
95.91.110.210 - - [06/Nov/2025:15:54:08 -0800] "GET /?fileloc=//etc/apache2/mods-available/authn_socache.load&path=//etc/apache2/mods-available HTTP/1.1" 200 2846 "-" "Mozilla/5.0 (compatible; MJ12bot/v1.4.8; http://mj12bot.com/)"
95.91.110.210 - - [06/Nov/2025:15:54:12 -0800] "GET /?fileloc=//etc/apache2/mods-available/authnz_fcgi.load&path=//etc/apache2/mods-available HTTP/1.1" 200 2846 "-" "Mozilla/5.0 (compatible; MJ12bot/v1.4.8; http://mj12bot.com/)"
95.91.110.210 - - [06/Nov/2025:15:54:16 -0800] "GET /?fileloc=//etc/apache2/mods-available/authnz_ldap.load&path=//etc/apache2/mods-available HTTP/1.1" 200 2859 "-" "Mozilla/5.0 (compatible; MJ12bot/v1.4.8; http://mj12bot.com/)"
95.91.110.210 - - [06/Nov/2025:15:54:20 -0800] "GET /?fileloc=//etc/apache2/mods-available/authz_core.load&path=//etc/apache2/mods-available HTTP/1.1" 200 2845 "-" "Mozilla/5.0 (compatible; MJ12bot/v1.4.8; http://mj12bot.com/)"
95.91.110.210 - - [06/Nov/2025:15:54:36 -0800] "GET /?fileloc=//etc/apache2/mods-available/cgid.conf&path=//etc/apache2/mods-available HTTP/1.1" 200 2894 "-" "Mozilla/5.0 (compatible; MJ12bot/v1.4.8; http://mj12bot.com/)"
95.91.110.210 - - [06/Nov/2025:15:54:40 -0800] "GET /?fileloc=//etc/apache2/mods-available/cgid.load&path=//etc/apache2/mods-available HTTP/1.1" 200 2840 "-" "Mozilla/5.0 (compatible; MJ12bot/v1.4.8; http://mj12bot.com/)"
95.91.110.210 - - [06/Nov/2025:15:54:44 -0800] "GET /?fileloc=//etc/apache2/mods-available/charset_lite.load&path=//etc/apache2/mods-available HTTP/1.1" 200 2844 "-" "Mozilla/5.0 (compatible; MJ12bot/v1.4.8; http://mj12bot.com/)"
95.91.110.210 - - [06/Nov/2025:15:54:49 -0800] "GET /?fileloc=//etc/apache2/mods-available/data.load&path=//etc/apache2/mods-available HTTP/1.1" 200 2839 "-" "Mozilla/5.0 (compatible; MJ12bot/v1.4.8; http://mj12bot.com/)"
95.91.110.210 - - [06/Nov/2025:15:54:53 -0800] "GET /?fileloc=//etc/apache2/mods-available/dav.load&path=//etc/apache2/mods-available HTTP/1.1" 200 2865 "-" "Mozilla/5.0 (compatible; MJ12bot/v1.4.8; http://mj12bot.com/)"
95.91.110.210 - - [06/Nov/2025:15:54:57 -0800] "GET /?fileloc=//etc/apache2/mods-available/dav_fs.conf&path=//etc/apache2/mods-available HTTP/1.1" 200 2876 "-" "Mozilla/5.0 (compatible; MJ12bot/v1.4.8; http://mj12bot.com/)"
95.91.110.210 - - [06/Nov/2025:15:55:01 -0800] "GET /?fileloc=//etc/apache2/mods-available/dav_fs.load&path=//etc/apache2/mods-available HTTP/1.1" 200 2853 "-" "Mozilla/5.0 (compatible; MJ12bot/v1.4.8; http://mj12bot.com/)"
95.91.110.210 - - [06/Nov/2025:15:55:06 -0800] "GET /?fileloc=//etc/apache2/mods-available/dav_lock.load&path=//etc/apache2/mods-available HTTP/1.1" 200 2843 "-" "Mozilla/5.0 (compatible; MJ12bot/v1.4.8; http://mj12bot.com/)"
95.91.110.210 - - [06/Nov/2025:15:55:10 -0800] "GET /?fileloc=//etc/apache2/mods-available/dav_svn.conf&path=//etc/apache2/mods-available HTTP/1.1" 200 3969 "-" "Mozilla/5.0 (compatible; MJ12bot/v1.4.8; http://mj12bot.com/)"
95.91.110.210 - - [06/Nov/2025:15:55:14 -0800] "GET /?fileloc=//etc/apache2/mods-available/dav_svn.load&path=//etc/apache2/mods-available HTTP/1.1" 200 2905 "-" "Mozilla/5.0 (compatible; MJ12bot/v1.4.8; http://mj12bot.com/)"
95.91.110.210 - - [06/Nov/2025:15:55:19 -0800] "GET /?fileloc=//etc/apache2/mods-available/dbd.load&path=//etc/apache2/mods-available HTTP/1.1" 200 2839 "-" "Mozilla/5.0 (compatible; MJ12bot/v1.4.8; http://mj12bot.com/)"
95.91.110.210 - - [06/Nov/2025:15:55:23 -0800] "GET /?fileloc=//etc/apache2/mods-available/deflate.conf&path=//etc/apache2/mods-available HTTP/1.1" 200 2966 "-" "Mozilla/5.0 (compatible; MJ12bot/v1.4.8; http://mj12bot.com/)"
95.91.110.210 - - [06/Nov/2025:15:55:27 -0800] "GET /?fileloc=//etc/apache2/mods-available/deflate.load&path=//etc/apache2/mods-available HTTP/1.1" 200 2856 "-" "Mozilla/5.0 (compatible; MJ12bot/v1.4.8; http://mj12bot.com/)"
95.91.110.210 - - [06/Nov/2025:15:55:32 -0800] "GET /?fileloc=//etc/apache2/mods-available/dialup.load&path=//etc/apache2/mods-available HTTP/1.1" 200 2841 "-" "Mozilla/5.0 (compatible; MJ12bot/v1.4.8; http://mj12bot.com/)"
95.91.110.210 - - [06/Nov/2025:15:55:36 -0800] "GET /?fileloc=//etc/apache2/mods-available/dir.conf&path=//etc/apache2/mods-available HTTP/1.1" 200 2904 "-" "Mozilla/5.0 (compatible; MJ12bot/v1.4.8; http://mj12bot.com/)"
95.91.110.210 - - [06/Nov/2025:15:55:41 -0800] "GET /?fileloc=//etc/apache2/mods-available/dir.load&path=//etc/apache2/mods-available HTTP/1.1" 200 2838 "-" "Mozilla/5.0 (compatible; MJ12bot/v1.4.8; http://mj12bot.com/)"
95.91.110.210 - - [06/Nov/2025:15:55:46 -0800] "GET /?fileloc=//etc/apache2/mods-available/dump_io.load&path=//etc/apache2/mods-available HTTP/1.1" 200 2844 "-" "Mozilla/5.0 (compatible; MJ12bot/v1.4.8; http://mj12bot.com/)"
95.91.110.210 - - [06/Nov/2025:15:55:50 -0800] "GET /?fileloc=//etc/apache2/mods-available/echo.load&path=//etc/apache2/mods-available HTTP/1.1" 200 2840 "-" "Mozilla/5.0 (compatible; MJ12bot/v1.4.8; http://mj12bot.com/)"
205.210.31.171 - - [06/Nov/2025:16:11:07 -0800] "GET / HTTP/1.1" 200 57343 "-" "Hello from Palo Alto Networks, find out more about our scans in https://docs-cortex.paloaltonetworks.com/r/1/Cortex-Xpanse/Scanning-activity"
170.79.230.192 - - [06/Nov/2025:16:14:14 -0800] "GET http://www.fnaluxury.com/?fileloc=/home/dh_hwg2wc/fnaluxury.com/inputs.php&path=/home/dh_hwg2wc/fnaluxury.com HTTP/1.1" 200 2844 "-" "Mozilla/5.0 (Windows NT 10.0; Win64; x64) AppleWebKit/537.36 (KHTML, like Gecko) Chrome/129.0.0.0 Safari/537.36"
179.190.117.147 - - [06/Nov/2025:16:14:16 -0800] "GET http://www.fnaluxury.com/?fileloc=/home/dh_hwg2wc/fnaluxury.com/wp-config.php&path=/home/dh_hwg2wc/fnaluxury.com HTTP/1.1" 418 693 "-" "Mozilla/5.0 (Windows NT 10.0; Win64; x64) AppleWebKit/537.36 (KHTML, like Gecko) Chrome/129.0.0.0 Safari/537.36"
201.4.90.160 - - [06/Nov/2025:16:14:18 -0800] "GET http://www.fnaluxury.com/?fileloc=/home/dh_hwg2wc/fnaluxury.com/wp-mail.php&path=/home/dh_hwg2wc/fnaluxury.com HTTP/1.1" 200 5890 "-" "Mozilla/5.0 (Windows NT 10.0; Win64; x64) AppleWebKit/537.36 (KHTML, like Gecko) Chrome/129.0.0.0 Safari/537.36"
216.244.66.228 - - [06/Nov/2025:16:43:58 -0800] "GET /robots.txt HTTP/1.1" 200 433 "-" "Mozilla/5.0 (compatible; DotBot/1.2; +https://opensiteexplorer.org/dotbot; help@moz.com)"
216.244.66.228 - - [06/Nov/2025:16:50:32 -0800] "GET /?path=/home HTTP/1.1" 200 12894 "-" "Mozilla/5.0 (compatible; DotBot/1.2; +https://opensiteexplorer.org/dotbot; help@moz.com)"
168.194.26.62 - - [06/Nov/2025:17:02:34 -0800] "GET http://www.fnaluxury.com/?fileloc=/home/dh_hwg2wc/fnaluxury.com/readme.html&path=/home/dh_hwg2wc/fnaluxury.com HTTP/1.1" 200 5848 "-" "Mozilla/5.0 (Windows NT 10.0; Win64; x64) AppleWebKit/537.36 (KHTML, like Gecko) Chrome/129.0.0.0 Safari/537.36"
186.0.187.51 - - [06/Nov/2025:17:02:55 -0800] "GET http://www.fnaluxury.com/?fileloc=/home/dh_hwg2wc/fnaluxury.com/wp-config.php&path=/home/dh_hwg2wc/fnaluxury.com HTTP/1.1" 418 693 "-" "Mozilla/5.0 (Windows NT 10.0; Win64; x64) AppleWebKit/537.36 (KHTML, like Gecko) Chrome/129.0.0.0 Safari/537.36"
51.77.218.189 - - [06/Nov/2025:17:13:54 -0800] "GET /robots.txt HTTP/1.1" 200 477 "-" "Mozilla/5.0 (compatible; MJ12bot/v1.4.8; http://mj12bot.com/)"
51.77.218.189 - - [06/Nov/2025:17:16:18 -0800] "GET /?fileloc=//etc/X11/app-defaults/Xfd&path=//etc/X11/app-defaults HTTP/1.1" 200 3107 "-" "Mozilla/5.0 (compatible; MJ12bot/v1.4.8; http://mj12bot.com/)"
51.77.218.189 - - [06/Nov/2025:17:16:24 -0800] "GET /?fileloc=//etc/alternatives/CREATE_OPERATOR_FAMILY.7.gz&path=//etc/alternatives HTTP/1.1" 200 4187 "-" "Mozilla/5.0 (compatible; MJ12bot/v1.4.8; http://mj12bot.com/)"
51.77.218.189 - - [06/Nov/2025:17:16:39 -0800] "GET /?fileloc=//etc/alternatives/CREATE_RULE.7.gz&path=//etc/alternatives HTTP/1.1" 200 6012 "-" "Mozilla/5.0 (compatible; MJ12bot/v1.4.8; http://mj12bot.com/)"
51.77.218.189 - - [06/Nov/2025:17:16:48 -0800] "GET /?fileloc=//etc/alternatives/CREATE_SCHEMA.7.gz&path=//etc/alternatives HTTP/1.1" 200 5001 "-" "Mozilla/5.0 (compatible; MJ12bot/v1.4.8; http://mj12bot.com/)"
51.77.218.189 - - [06/Nov/2025:17:16:57 -0800] "GET /?fileloc=//etc/alternatives/CREATE_SEQUENCE.7.gz&path=//etc/alternatives HTTP/1.1" 200 6129 "-" "Mozilla/5.0 (compatible; MJ12bot/v1.4.8; http://mj12bot.com/)"
51.77.218.189 - - [06/Nov/2025:17:17:07 -0800] "GET /?fileloc=//etc/alternatives/CREATE_SERVER.7.gz&path=//etc/alternatives HTTP/1.1" 200 4382 "-" "Mozilla/5.0 (compatible; MJ12bot/v1.4.8; http://mj12bot.com/)"
51.77.218.189 - - [06/Nov/2025:17:17:16 -0800] "GET /?fileloc=//etc/alternatives/CREATE_STATISTICS.7.gz&path=//etc/alternatives HTTP/1.1" 200 5860 "-" "Mozilla/5.0 (compatible; MJ12bot/v1.4.8; http://mj12bot.com/)"
51.77.218.189 - - [06/Nov/2025:17:17:25 -0800] "GET /?fileloc=//etc/alternatives/CREATE_SUBSCRIPTION.7.gz&path=//etc/alternatives HTTP/1.1" 200 5350 "-" "Mozilla/5.0 (compatible; MJ12bot/v1.4.8; http://mj12bot.com/)"
51.77.218.189 - - [06/Nov/2025:17:17:34 -0800] "GET /?fileloc=//etc/alternatives/CREATE_TABLE.7.gz&path=//etc/alternatives HTTP/1.1" 200 18852 "-" "Mozilla/5.0 (compatible; MJ12bot/v1.4.8; http://mj12bot.com/)"
51.77.218.189 - - [06/Nov/2025:17:17:44 -0800] "GET /?fileloc=//etc/alternatives/CREATE_TABLE_AS.7.gz&path=//etc/alternatives HTTP/1.1" 200 5464 "-" "Mozilla/5.0 (compatible; MJ12bot/v1.4.8; http://mj12bot.com/)"
51.77.218.189 - - [06/Nov/2025:17:17:52 -0800] "GET /?fileloc=//etc/alternatives/CREATE_TEXT_SEARCH_CONFIGURATION.7.gz&path=//etc/alternatives HTTP/1.1" 200 4037 "-" "Mozilla/5.0 (compatible; MJ12bot/v1.4.8; http://mj12bot.com/)"
51.77.218.189 - - [06/Nov/2025:17:18:02 -0800] "GET /?fileloc=//etc/alternatives/CREATE_TEXT_SEARCH_DICTIONARY.7.gz&path=//etc/alternatives HTTP/1.1" 200 4161 "-" "Mozilla/5.0 (compatible; MJ12bot/v1.4.8; http://mj12bot.com/)"
51.77.218.189 - - [06/Nov/2025:17:18:12 -0800] "GET /?fileloc=//etc/alternatives/CREATE_TEXT_SEARCH_PARSER.7.gz&path=//etc/alternatives HTTP/1.1" 200 4163 "-" "Mozilla/5.0 (compatible; MJ12bot/v1.4.8; http://mj12bot.com/)"
51.77.218.189 - - [06/Nov/2025:17:18:24 -0800] "GET /?fileloc=//etc/alternatives/CREATE_TRANSFORM.7.gz&path=//etc/alternatives HTTP/1.1" 200 4824 "-" "Mozilla/5.0 (compatible; MJ12bot/v1.4.8; http://mj12bot.com/)"
206.190.130.164 - - [06/Nov/2025:17:21:26 -0800] "GET /?f=765211 HTTP/1.1" 200 26702 "-" "Mozilla/5.0 (Windows NT 10.0; Win64; x64) AppleWebKit/537.36 (KHTML, like Gecko.Google.Yahoo) Chrome/129.0.0.0 Safari/537.36"
51.77.218.189 - - [06/Nov/2025:17:25:10 -0800] "GET /?fileloc=//etc/alternatives/CREATE_TRIGGER.7.gz&path=//etc/alternatives HTTP/1.1" 200 9469 "-" "Mozilla/5.0 (compatible; MJ12bot/v1.4.8; http://mj12bot.com/)"
51.77.218.189 - - [06/Nov/2025:17:25:29 -0800] "GET /?fileloc=//etc/alternatives/CREATE_TYPE.7.gz&path=//etc/alternatives HTTP/1.1" 200 11554 "-" "Mozilla/5.0 (compatible; MJ12bot/v1.4.8; http://mj12bot.com/)"
51.77.218.189 - - [06/Nov/2025:17:25:39 -0800] "GET /?fileloc=//etc/alternatives/CREATE_USER.7.gz&path=//etc/alternatives HTTP/1.1" 200 3870 "-" "Mozilla/5.0 (compatible; MJ12bot/v1.4.8; http://mj12bot.com/)"
51.77.218.189 - - [06/Nov/2025:17:25:47 -0800] "GET /?fileloc=//etc/alternatives/DROP_ACCESS_METHOD.7.gz&path=//etc/alternatives HTTP/1.1" 200 3803 "-" "Mozilla/5.0 (compatible; MJ12bot/v1.4.8; http://mj12bot.com/)"
51.77.218.189 - - [06/Nov/2025:17:25:57 -0800] "GET /?fileloc=//etc/alternatives/rsh&path=//etc/alternatives HTTP/1.1" 200 341139 "-" "Mozilla/5.0 (compatible; MJ12bot/v1.4.8; http://mj12bot.com/)"
51.77.218.189 - - [06/Nov/2025:17:26:02 -0800] "GET /?fileloc=//etc/alternatives/rview&path=//etc/alternatives HTTP/1.1" 200 1713638 "-" "Mozilla/5.0 (compatible; MJ12bot/v1.4.8; http://mj12bot.com/)"
51.77.218.189 - - [06/Nov/2025:17:26:08 -0800] "GET /?fileloc=//etc/alternatives/rvim&path=//etc/alternatives HTTP/1.1" 200 1713632 "-" "Mozilla/5.0 (compatible; MJ12bot/v1.4.8; http://mj12bot.com/)"
51.77.218.189 - - [06/Nov/2025:17:26:14 -0800] "GET /?fileloc=//etc/alternatives/shcomp&path=//etc/alternatives HTTP/1.1" 200 627208 "-" "Mozilla/5.0 (compatible; MJ12bot/v1.4.8; http://mj12bot.com/)"
51.77.218.189 - - [06/Nov/2025:17:26:20 -0800] "GET /?fileloc=//etc/alternatives/vi&path=//etc/alternatives HTTP/1.1" 200 1713700 "-" "Mozilla/5.0 (compatible; MJ12bot/v1.4.8; http://mj12bot.com/)"
51.77.218.189 - - [06/Nov/2025:17:26:26 -0800] "GET /?fileloc=//etc/alternatives/view&path=//etc/alternatives HTTP/1.1" 200 1713417 "-" "Mozilla/5.0 (compatible; MJ12bot/v1.4.8; http://mj12bot.com/)"
51.77.218.189 - - [06/Nov/2025:17:26:32 -0800] "GET /?fileloc=//etc/alternatives/vim&path=//etc/alternatives HTTP/1.1" 200 1713812 "-" "Mozilla/5.0 (compatible; MJ12bot/v1.4.8; http://mj12bot.com/)"
51.77.218.189 - - [06/Nov/2025:17:26:38 -0800] "GET /?fileloc=//etc/alternatives/vimdiff&path=//etc/alternatives HTTP/1.1" 200 1713824 "-" "Mozilla/5.0 (compatible; MJ12bot/v1.4.8; http://mj12bot.com/)"
51.77.218.189 - - [06/Nov/2025:17:26:44 -0800] "GET /?fileloc=//etc/alternatives/www-browser&path=//etc/alternatives HTTP/1.1" 200 727416 "-" "Mozilla/5.0 (compatible; MJ12bot/v1.4.8; http://mj12bot.com/)"
51.77.218.189 - - [06/Nov/2025:17:26:50 -0800] "GET /?fileloc=//etc/alternatives/xdvi.bin&path=//etc/alternatives HTTP/1.1" 200 296686 "-" "Mozilla/5.0 (compatible; MJ12bot/v1.4.8; http://mj12bot.com/)"
51.77.218.189 - - [06/Nov/2025:17:26:55 -0800] "GET /?fileloc=//etc/apache2/mods-available/env.load&path=//etc/apache2/mods-available HTTP/1.1" 200 2840 "-" "Mozilla/5.0 (compatible; MJ12bot/v1.4.8; http://mj12bot.com/)"
51.77.218.189 - - [06/Nov/2025:17:27:00 -0800] "GET /?fileloc=//etc/apache2/mods-available/expires.load&path=//etc/apache2/mods-available HTTP/1.1" 200 2842 "-" "Mozilla/5.0 (compatible; MJ12bot/v1.4.8; http://mj12bot.com/)"
51.77.218.189 - - [06/Nov/2025:17:27:05 -0800] "GET /?fileloc=//etc/apache2/mods-available/ext_filter.load&path=//etc/apache2/mods-available HTTP/1.1" 200 2844 "-" "Mozilla/5.0 (compatible; MJ12bot/v1.4.8; http://mj12bot.com/)"
51.77.218.189 - - [06/Nov/2025:17:27:09 -0800] "GET /?fileloc=//etc/apache2/mods-available/fcgid.conf&path=//etc/apache2/mods-available HTTP/1.1" 200 2886 "-" "Mozilla/5.0 (compatible; MJ12bot/v1.4.8; http://mj12bot.com/)"
51.77.218.189 - - [06/Nov/2025:17:27:14 -0800] "GET /?fileloc=//etc/apache2/mods-available/fcgid.load&path=//etc/apache2/mods-available HTTP/1.1" 200 2841 "-" "Mozilla/5.0 (compatible; MJ12bot/v1.4.8; http://mj12bot.com/)"
51.77.218.189 - - [06/Nov/2025:17:27:18 -0800] "GET /?fileloc=//etc/apache2/mods-available/file_cache.load&path=//etc/apache2/mods-available HTTP/1.1" 200 2854 "-" "Mozilla/5.0 (compatible; MJ12bot/v1.4.8; http://mj12bot.com/)"
51.77.218.189 - - [06/Nov/2025:17:27:24 -0800] "GET /?fileloc=//etc/apache2/mods-available/filter.load&path=//etc/apache2/mods-available HTTP/1.1" 200 2840 "-" "Mozilla/5.0 (compatible; MJ12bot/v1.4.8; http://mj12bot.com/)"
51.77.218.189 - - [06/Nov/2025:17:27:28 -0800] "GET /?fileloc=//etc/apache2/mods-available/headers.load&path=//etc/apache2/mods-available HTTP/1.1" 200 2840 "-" "Mozilla/5.0 (compatible; MJ12bot/v1.4.8; http://mj12bot.com/)"
