144.76.19.157 - - [06/Nov/2025:23:14:16 -0800] "GET /feature/laundry-room/?path=/home/dh_hwg2wc/Maildir HTTP/1.1" 200 3218 "-" "Mozilla/5.0 (compatible; BLEXBot/1.0; +https://help.seranking.com/en/blex-crawler)"
144.76.19.157 - - [06/Nov/2025:23:14:20 -0800] "GET /property/furnished-1bhk-for-rent-in-jvc/?path=/mnt HTTP/1.1" 200 2853 "-" "Mozilla/5.0 (compatible; BLEXBot/1.0; +https://help.seranking.com/en/blex-crawler)"
144.76.19.157 - - [06/Nov/2025:23:14:24 -0800] "GET /?path=/home/dh_hwg2wc/fnaluxury.com_20241117233659 HTTP/1.1" 200 4440 "-" "Mozilla/5.0 (compatible; BLEXBot/1.0; +https://help.seranking.com/en/blex-crawler)"
144.76.19.157 - - [06/Nov/2025:23:14:33 -0800] "GET /property/furnished-1bhk-for-rent-in-jvc/?path=/opt HTTP/1.1" 200 3366 "-" "Mozilla/5.0 (compatible; BLEXBot/1.0; +https://help.seranking.com/en/blex-crawler)"
144.76.19.157 - - [06/Nov/2025:23:14:37 -0800] "GET /?path=/home/dh_hwg2wc/fnaluxury.com_20241117233659 HTTP/1.1" 200 4463 "-" "Mozilla/5.0 (compatible; BLEXBot/1.0; +https://help.seranking.com/en/blex-crawler)"
144.76.19.157 - - [06/Nov/2025:23:14:41 -0800] "GET /feature/lawn/?fileloc=/hs_err_pid211711.log&path=/ HTTP/1.1" 200 10670 "-" "Mozilla/5.0 (compatible; BLEXBot/1.0; +https://help.seranking.com/en/blex-crawler)"
144.76.19.157 - - [06/Nov/2025:23:14:58 -0800] "GET /property/furnished-1bhk-for-rent-in-jvc/?path=/run HTTP/1.1" 200 6127 "-" "Mozilla/5.0 (compatible; BLEXBot/1.0; +https://help.seranking.com/en/blex-crawler)"
144.76.19.157 - - [06/Nov/2025:23:15:01 -0800] "GET /author/fnaluxury_xmua30/?path=/home/dh_hwg2wc/.php HTTP/1.1" 200 3442 "-" "Mozilla/5.0 (compatible; BLEXBot/1.0; +https://help.seranking.com/en/blex-crawler)"
144.76.19.157 - - [06/Nov/2025:23:15:05 -0800] "GET /feature/lawn/?fileloc=/hs_err_pid758221.log&path=/ HTTP/1.1" 200 10460 "-" "Mozilla/5.0 (compatible; BLEXBot/1.0; +https://help.seranking.com/en/blex-crawler)"
144.76.19.157 - - [06/Nov/2025:23:15:24 -0800] "GET /author/fnaluxury_xmua30/?path=/home/dh_hwg2wc/logs HTTP/1.1" 200 3152 "-" "Mozilla/5.0 (compatible; BLEXBot/1.0; +https://help.seranking.com/en/blex-crawler)"
144.76.19.157 - - [06/Nov/2025:23:15:28 -0800] "GET /feature/lawn/?fileloc=/hs_err_pid901582.log&path=/ HTTP/1.1" 200 10560 "-" "Mozilla/5.0 (compatible; BLEXBot/1.0; +https://help.seranking.com/en/blex-crawler)"
144.76.19.157 - - [06/Nov/2025:23:15:32 -0800] "GET /property/furnished-1bhk-for-rent-in-jvc/?path=/srv HTTP/1.1" 200 3101 "-" "Mozilla/5.0 (compatible; BLEXBot/1.0; +https://help.seranking.com/en/blex-crawler)"
144.76.19.157 - - [06/Nov/2025:23:15:45 -0800] "GET /property/furnished-1bhk-for-rent-in-jvc/?path=/sys HTTP/1.1" 200 3412 "-" "Mozilla/5.0 (compatible; BLEXBot/1.0; +https://help.seranking.com/en/blex-crawler)"
144.76.19.157 - - [06/Nov/2025:23:15:52 -0800] "GET /feature/outdoor-shower/?fileloc=/_buffer%20&path=/ HTTP/1.1" 200 2811 "-" "Mozilla/5.0 (compatible; BLEXBot/1.0; +https://help.seranking.com/en/blex-crawler)"
144.76.19.157 - - [06/Nov/2025:23:16:04 -0800] "GET /category/uncategorized/?fileloc=/_buffer%20&path=/ HTTP/1.1" 200 2811 "-" "Mozilla/5.0 (compatible; BLEXBot/1.0; +https://help.seranking.com/en/blex-crawler)"
144.76.19.157 - - [06/Nov/2025:23:16:19 -0800] "GET /property/furnished-1bhk-for-rent-in-jvc/?path=/tmp HTTP/1.1" 500 354044 "-" "Mozilla/5.0 (compatible; BLEXBot/1.0; +https://help.seranking.com/en/blex-crawler)"
144.76.19.157 - - [06/Nov/2025:23:18:40 -0800] "GET /feature/refrigerator/?path=/home/dh_hwg2wc/.wp-cli HTTP/1.1" 200 3137 "-" "Mozilla/5.0 (compatible; BLEXBot/1.0; +https://help.seranking.com/en/blex-crawler)"
144.76.19.157 - - [06/Nov/2025:23:18:45 -0800] "GET /property/furnished-1bhk-for-rent-in-jvc/?path=/usr HTTP/1.1" 200 3491 "-" "Mozilla/5.0 (compatible; BLEXBot/1.0; +https://help.seranking.com/en/blex-crawler)"
65.108.78.33 - - [06/Nov/2025:23:18:51 -0800] "GET /robots.txt HTTP/1.1" 200 440 "-" "Mozilla/5.0 (compatible; MJ12bot/v1.4.8; http://mj12bot.com/)"
144.76.19.157 - - [06/Nov/2025:23:18:53 -0800] "GET /property/furnished-1bhk-for-rent-in-jvc/?path=/var HTTP/1.1" 200 3637 "-" "Mozilla/5.0 (compatible; BLEXBot/1.0; +https://help.seranking.com/en/blex-crawler)"
65.108.78.33 - - [06/Nov/2025:23:18:55 -0800] "GET /?fileloc=//hs_err_pid1155819.log&path=/ HTTP/1.1" 200 10452 "-" "Mozilla/5.0 (compatible; MJ12bot/v1.4.8; http://mj12bot.com/)"
144.76.19.157 - - [06/Nov/2025:23:18:57 -0800] "GET /feature/refrigerator/?path=/home/dh_hwg2wc/Maildir HTTP/1.1" 200 3195 "-" "Mozilla/5.0 (compatible; BLEXBot/1.0; +https://help.seranking.com/en/blex-crawler)"
65.108.78.33 - - [06/Nov/2025:23:19:02 -0800] "GET /robots.txt HTTP/1.1" 200 440 "-" "Mozilla/5.0 (compatible; MJ12bot/v1.4.8; http://mj12bot.com/)"
65.108.78.33 - - [06/Nov/2025:23:19:05 -0800] "GET /?fileloc=//etc/apparmor.d/abstractions/mdns&path=//etc/apparmor.d/abstractions HTTP/1.1" 200 3083 "-" "Mozilla/5.0 (compatible; MJ12bot/v1.4.8; http://mj12bot.com/)"
65.108.78.33 - - [06/Nov/2025:23:19:09 -0800] "GET /?fileloc=//etc/apparmor.d/abstractions/orbit2&path=//etc/apparmor.d/abstractions HTTP/1.1" 200 2924 "-" "Mozilla/5.0 (compatible; MJ12bot/v1.4.8; http://mj12bot.com/)"
144.76.19.157 - - [06/Nov/2025:23:19:10 -0800] "GET /real-estate-industry-and-competitors/?path=/libx32 HTTP/1.1" 200 2879 "-" "Mozilla/5.0 (compatible; BLEXBot/1.0; +https://help.seranking.com/en/blex-crawler)"
65.108.78.33 - - [06/Nov/2025:23:19:14 -0800] "GET /?path=//dev/shm/acme_support.bhcgraphix.shop HTTP/1.1" 418 712 "-" "Mozilla/5.0 (compatible; MJ12bot/v1.4.8; http://mj12bot.com/)"
144.76.19.157 - - [06/Nov/2025:23:19:14 -0800] "GET /grid-full-width-2-cols/?fileloc=/_buffer%20&path=/ HTTP/1.1" 200 2788 "-" "Mozilla/5.0 (compatible; BLEXBot/1.0; +https://help.seranking.com/en/blex-crawler)"
65.108.78.33 - - [06/Nov/2025:23:19:22 -0800] "GET /?path=//dev/shm/acme_surat.fungirl.in HTTP/1.1" 418 712 "-" "Mozilla/5.0 (compatible; MJ12bot/v1.4.8; http://mj12bot.com/)"
65.108.78.33 - - [06/Nov/2025:23:19:30 -0800] "GET /?path=//dev/shm/acme_svn.tairisnadur.com HTTP/1.1" 418 712 "-" "Mozilla/5.0 (compatible; MJ12bot/v1.4.8; http://mj12bot.com/)"
144.76.19.157 - - [06/Nov/2025:23:19:32 -0800] "GET /hello-world/?fileloc=/hs_err_pid1155819.log&path=/ HTTP/1.1" 200 10488 "-" "Mozilla/5.0 (compatible; BLEXBot/1.0; +https://help.seranking.com/en/blex-crawler)"
65.108.78.33 - - [06/Nov/2025:23:19:38 -0800] "GET /?path=//dev/shm/acme_swimming.webstudio.contact HTTP/1.1" 418 712 "-" "Mozilla/5.0 (compatible; MJ12bot/v1.4.8; http://mj12bot.com/)"
144.76.19.157 - - [06/Nov/2025:23:19:41 -0800] "GET /hello-world/?fileloc=/hs_err_pid1579381.log&path=/ HTTP/1.1" 200 10694 "-" "Mozilla/5.0 (compatible; BLEXBot/1.0; +https://help.seranking.com/en/blex-crawler)"
65.108.78.33 - - [06/Nov/2025:23:19:46 -0800] "GET /?path=//dev/shm/acme_swiztech.kvtech.net HTTP/1.1" 418 712 "-" "Mozilla/5.0 (compatible; MJ12bot/v1.4.8; http://mj12bot.com/)"
144.76.19.157 - - [06/Nov/2025:23:19:45 -0800] "GET /hello-world/?fileloc=/hs_err_pid1666955.log&path=/ HTTP/1.1" 200 10653 "-" "Mozilla/5.0 (compatible; BLEXBot/1.0; +https://help.seranking.com/en/blex-crawler)"
65.108.78.33 - - [06/Nov/2025:23:19:54 -0800] "GET /?path=//dev/shm/acme_swiztechmarine.kvtech.net HTTP/1.1" 418 712 "-" "Mozilla/5.0 (compatible; MJ12bot/v1.4.8; http://mj12bot.com/)"
144.76.19.157 - - [06/Nov/2025:23:19:58 -0800] "GET /hello-world/?fileloc=/hs_err_pid2155801.log&path=/ HTTP/1.1" 200 11126 "-" "Mozilla/5.0 (compatible; BLEXBot/1.0; +https://help.seranking.com/en/blex-crawler)"
65.108.78.33 - - [06/Nov/2025:23:20:02 -0800] "GET /?path=//dev/shm/acme_sydney.theaureview.com HTTP/1.1" 418 712 "-" "Mozilla/5.0 (compatible; MJ12bot/v1.4.8; http://mj12bot.com/)"
144.76.19.157 - - [06/Nov/2025:23:20:06 -0800] "GET /hello-world/?fileloc=/hs_err_pid2251798.log&path=/ HTTP/1.1" 200 10694 "-" "Mozilla/5.0 (compatible; BLEXBot/1.0; +https://help.seranking.com/en/blex-crawler)"
65.108.78.33 - - [06/Nov/2025:23:20:09 -0800] "GET /?path=//dev/shm/acme_synthesis.sbecker.net HTTP/1.1" 418 712 "-" "Mozilla/5.0 (compatible; MJ12bot/v1.4.8; http://mj12bot.com/)"
144.76.19.157 - - [06/Nov/2025:23:20:14 -0800] "GET /property/furnished-1bhk-for-rent-in-jvc/?path=/boot HTTP/1.1" 200 2877 "-" "Mozilla/5.0 (compatible; BLEXBot/1.0; +https://help.seranking.com/en/blex-crawler)"
65.108.78.33 - - [06/Nov/2025:23:20:18 -0800] "GET /?path=//dev/shm/acme_tablelinenandmore.ewdsites.com HTTP/1.1" 418 712 "-" "Mozilla/5.0 (compatible; MJ12bot/v1.4.8; http://mj12bot.com/)"
144.76.19.157 - - [06/Nov/2025:23:20:18 -0800] "GET /feature/barbecue-area/?path=/home/dh_hwg2wc/.wp-cli HTTP/1.1" 200 3114 "-" "Mozilla/5.0 (compatible; BLEXBot/1.0; +https://help.seranking.com/en/blex-crawler)"
144.76.19.157 - - [06/Nov/2025:23:20:22 -0800] "GET /?path=/home/dh_hwg2wc/fnaluxury.com/wp-admin/backup HTTP/1.1" 200 3166 "-" "Mozilla/5.0 (compatible; BLEXBot/1.0; +https://help.seranking.com/en/blex-crawler)"
43.153.49.151 - - [06/Nov/2025:23:20:23 -0800] "GET /? HTTP/1.1" 200 4456 "-" "Mozilla/5.0 (iPhone; CPU iPhone OS 13_2_3 like Mac OS X) AppleWebKit/605.1.15 (KHTML, like Gecko) Version/13.0.3 Mobile/15E148 Safari/604.1"
65.108.78.33 - - [06/Nov/2025:23:20:25 -0800] "GET /?path=//dev/shm/acme_tal.knight47.com HTTP/1.1" 418 712 "-" "Mozilla/5.0 (compatible; MJ12bot/v1.4.8; http://mj12bot.com/)"
144.76.19.157 - - [06/Nov/2025:23:20:34 -0800] "GET /?path=/home/dh_hwg2wc/fnaluxury.com/wp-admin/backup HTTP/1.1" 200 3189 "-" "Mozilla/5.0 (compatible; BLEXBot/1.0; +https://help.seranking.com/en/blex-crawler)"
65.108.78.33 - - [06/Nov/2025:23:20:38 -0800] "GET /?path=//dev/shm/acme_talentotec.fotostock.cloud HTTP/1.1" 418 712 "-" "Mozilla/5.0 (compatible; MJ12bot/v1.4.8; http://mj12bot.com/)"
144.76.19.157 - - [06/Nov/2025:23:20:38 -0800] "GET /property/furnished-1bhk-for-rent-in-jvc/?path=/proc HTTP/1.1" 200 5242 "-" "Mozilla/5.0 (compatible; BLEXBot/1.0; +https://help.seranking.com/en/blex-crawler)"
65.108.78.33 - - [06/Nov/2025:23:20:46 -0800] "GET /?path=//dev/shm/acme_tasks.workereight.com HTTP/1.1" 418 712 "-" "Mozilla/5.0 (compatible; MJ12bot/v1.4.8; http://mj12bot.com/)"
65.108.78.33 - - [06/Nov/2025:23:20:54 -0800] "GET /?path=//dev/shm/acme_taste2025.tylerhathaway.com HTTP/1.1" 418 712 "-" "Mozilla/5.0 (compatible; MJ12bot/v1.4.8; http://mj12bot.com/)"
144.76.19.157 - - [06/Nov/2025:23:20:54 -0800] "GET /feature/barbecue-area/?path=/home/dh_hwg2wc/Maildir HTTP/1.1" 200 3218 "-" "Mozilla/5.0 (compatible; BLEXBot/1.0; +https://help.seranking.com/en/blex-crawler)"
144.76.19.157 - - [06/Nov/2025:23:20:58 -0800] "GET /?path=/home/dh_hwg2wc/fnaluxury.com/wp-admin/images HTTP/1.1" 200 6394 "-" "Mozilla/5.0 (compatible; BLEXBot/1.0; +https://help.seranking.com/en/blex-crawler)"
65.108.78.33 - - [06/Nov/2025:23:21:02 -0800] "GET /?path=//dev/shm/acme_tattoo.e-designstock.com HTTP/1.1" 418 712 "-" "Mozilla/5.0 (compatible; MJ12bot/v1.4.8; http://mj12bot.com/)"
144.76.19.157 - - [06/Nov/2025:23:21:03 -0800] "GET /property/furnished-1bhk-for-rent-in-jvc/?path=/root HTTP/1.1" 200 2853 "-" "Mozilla/5.0 (compatible; BLEXBot/1.0; +https://help.seranking.com/en/blex-crawler)"
144.76.19.157 - - [06/Nov/2025:23:21:07 -0800] "GET /feature/dryer/?fileloc=/hs_err_pid211711.log&path=/ HTTP/1.1" 200 10667 "-" "Mozilla/5.0 (compatible; BLEXBot/1.0; +https://help.seranking.com/en/blex-crawler)"
65.108.78.33 - - [06/Nov/2025:23:21:10 -0800] "GET /?path=//dev/shm/acme_tattoo5.equinera.org HTTP/1.1" 418 712 "-" "Mozilla/5.0 (compatible; MJ12bot/v1.4.8; http://mj12bot.com/)"
65.108.78.33 - - [06/Nov/2025:23:21:17 -0800] "GET /?path=//dev/shm/acme_tattoo6.equusalmatinicus.com HTTP/1.1" 418 712 "-" "Mozilla/5.0 (compatible; MJ12bot/v1.4.8; http://mj12bot.com/)"
144.76.19.157 - - [06/Nov/2025:23:21:23 -0800] "GET /?path=/home/dh_hwg2wc/fnaluxury.com/wp-admin/images HTTP/1.1" 200 6417 "-" "Mozilla/5.0 (compatible; BLEXBot/1.0; +https://help.seranking.com/en/blex-crawler)"
65.108.78.33 - - [06/Nov/2025:23:21:25 -0800] "GET /?path=//dev/shm/acme_tattoo8.equinera.org HTTP/1.1" 418 712 "-" "Mozilla/5.0 (compatible; MJ12bot/v1.4.8; http://mj12bot.com/)"
144.76.19.157 - - [06/Nov/2025:23:21:27 -0800] "GET /property/furnished-1bhk-for-rent-in-jvc/?path=/sbin HTTP/1.1" 200 24829 "-" "Mozilla/5.0 (compatible; BLEXBot/1.0; +https://help.seranking.com/en/blex-crawler)"
144.76.19.157 - - [06/Nov/2025:23:21:31 -0800] "GET /feature/dryer/?fileloc=/hs_err_pid758221.log&path=/ HTTP/1.1" 500 0 "-" "Mozilla/5.0 (compatible; BLEXBot/1.0; +https://help.seranking.com/en/blex-crawler)"
65.108.78.33 - - [06/Nov/2025:23:21:33 -0800] "GET /?path=//dev/shm/acme_teaminsights.kevintuskey.com HTTP/1.1" 418 712 "-" "Mozilla/5.0 (compatible; MJ12bot/v1.4.8; http://mj12bot.com/)"
65.108.78.33 - - [06/Nov/2025:23:21:45 -0800] "GET /?path=//dev/shm/acme_technical.kvtech.net HTTP/1.1" 418 712 "-" "Mozilla/5.0 (compatible; MJ12bot/v1.4.8; http://mj12bot.com/)"
65.108.78.33 - - [06/Nov/2025:23:21:53 -0800] "GET /?path=//dev/shm/acme_teeny.wuce.rocks HTTP/1.1" 418 712 "-" "Mozilla/5.0 (compatible; MJ12bot/v1.4.8; http://mj12bot.com/)"
65.108.78.33 - - [06/Nov/2025:23:22:01 -0800] "GET /?path=//dev/shm/acme_teh.cehl.com.br HTTP/1.1" 418 712 "-" "Mozilla/5.0 (compatible; MJ12bot/v1.4.8; http://mj12bot.com/)"
65.108.78.33 - - [06/Nov/2025:23:22:09 -0800] "GET /?path=//dev/shm/acme_test.bostonrollerderby.com HTTP/1.1" 418 712 "-" "Mozilla/5.0 (compatible; MJ12bot/v1.4.8; http://mj12bot.com/)"
65.108.78.33 - - [06/Nov/2025:23:22:17 -0800] "GET /?path=//dev/shm/acme_test.calontir.org HTTP/1.1" 418 712 "-" "Mozilla/5.0 (compatible; MJ12bot/v1.4.8; http://mj12bot.com/)"
65.108.78.33 - - [06/Nov/2025:23:22:29 -0800] "GET /?path=//dev/shm/acme_test.creator.xyz HTTP/1.1" 418 712 "-" "Mozilla/5.0 (compatible; MJ12bot/v1.4.8; http://mj12bot.com/)"
65.108.78.33 - - [06/Nov/2025:23:22:37 -0800] "GET /?path=//dev/shm/acme_test.jobchase.info HTTP/1.1" 418 712 "-" "Mozilla/5.0 (compatible; MJ12bot/v1.4.8; http://mj12bot.com/)"
65.108.78.33 - - [06/Nov/2025:23:22:45 -0800] "GET /?path=//dev/shm/acme_test.kvtech.net HTTP/1.1" 418 712 "-" "Mozilla/5.0 (compatible; MJ12bot/v1.4.8; http://mj12bot.com/)"
65.108.78.33 - - [06/Nov/2025:23:22:53 -0800] "GET /?path=//dev/shm/acme_test.ourcarolinas.org HTTP/1.1" 418 712 "-" "Mozilla/5.0 (compatible; MJ12bot/v1.4.8; http://mj12bot.com/)"
65.108.78.33 - - [06/Nov/2025:23:23:01 -0800] "GET /?path=//dev/shm/acme_test.rosannahall.net HTTP/1.1" 418 712 "-" "Mozilla/5.0 (compatible; MJ12bot/v1.4.8; http://mj12bot.com/)"
65.108.78.33 - - [06/Nov/2025:23:23:09 -0800] "GET /?path=//dev/shm/acme_test8.bubbles002.online HTTP/1.1" 418 712 "-" "Mozilla/5.0 (compatible; MJ12bot/v1.4.8; http://mj12bot.com/)"
65.108.78.33 - - [06/Nov/2025:23:23:17 -0800] "GET /?path=//dev/shm/acme_teste.caooliver.com HTTP/1.1" 418 712 "-" "Mozilla/5.0 (compatible; MJ12bot/v1.4.8; http://mj12bot.com/)"
65.108.78.33 - - [06/Nov/2025:23:23:25 -0800] "GET /?path=//dev/shm/acme_teste1.caooliver.com HTTP/1.1" 418 712 "-" "Mozilla/5.0 (compatible; MJ12bot/v1.4.8; http://mj12bot.com/)"
65.108.78.33 - - [06/Nov/2025:23:23:33 -0800] "GET /?path=//dev/shm/acme_testing.bowensbusinc.com HTTP/1.1" 418 712 "-" "Mozilla/5.0 (compatible; MJ12bot/v1.4.8; http://mj12bot.com/)"
65.108.78.33 - - [06/Nov/2025:23:23:41 -0800] "GET /?path=//dev/shm/acme_thad.frogley.info HTTP/1.1" 418 712 "-" "Mozilla/5.0 (compatible; MJ12bot/v1.4.8; http://mj12bot.com/)"
144.76.19.157 - - [06/Nov/2025:23:23:40 -0800] "GET /?path=/home/dh_hwg2wc/fnaluxury.com/wp-includes/ID3 HTTP/1.1" 200 4072 "-" "Mozilla/5.0 (compatible; BLEXBot/1.0; +https://help.seranking.com/en/blex-crawler)"
144.76.19.157 - - [06/Nov/2025:23:23:45 -0800] "GET /feature/dryer/?fileloc=/hs_err_pid901582.log&path=/ HTTP/1.1" 200 10583 "-" "Mozilla/5.0 (compatible; BLEXBot/1.0; +https://help.seranking.com/en/blex-crawler)"
65.108.78.33 - - [06/Nov/2025:23:23:57 -0800] "GET /?path=//dev/shm/acme_themitchellgold.com HTTP/1.1" 418 712 "-" "Mozilla/5.0 (compatible; MJ12bot/v1.4.8; http://mj12bot.com/)"
144.76.19.157 - - [06/Nov/2025:23:24:01 -0800] "GET /feature/lawn/?fileloc=/hs_err_pid1155819.log&path=/ HTTP/1.1" 200 10467 "-" "Mozilla/5.0 (compatible; BLEXBot/1.0; +https://help.seranking.com/en/blex-crawler)"
65.108.78.33 - - [06/Nov/2025:23:24:05 -0800] "GET /?path=//dev/shm/acme_thermotek.arroniz.mx HTTP/1.1" 418 712 "-" "Mozilla/5.0 (compatible; MJ12bot/v1.4.8; http://mj12bot.com/)"
144.76.19.157 - - [06/Nov/2025:23:24:06 -0800] "GET /?path=/home/dh_hwg2wc/fnaluxury.com/wp-includes/ID3 HTTP/1.1" 200 4049 "-" "Mozilla/5.0 (compatible; BLEXBot/1.0; +https://help.seranking.com/en/blex-crawler)"
65.108.78.33 - - [06/Nov/2025:23:24:13 -0800] "GET /?path=//dev/shm/acme_tienda.turrones.net HTTP/1.1" 418 712 "-" "Mozilla/5.0 (compatible; MJ12bot/v1.4.8; http://mj12bot.com/)"
144.76.19.157 - - [06/Nov/2025:23:24:16 -0800] "GET /?path=/home/dh_hwg2wc/fnaluxury.com/wp-includes/IXR HTTP/1.1" 200 3709 "-" "Mozilla/5.0 (compatible; BLEXBot/1.0; +https://help.seranking.com/en/blex-crawler)"
65.108.78.33 - - [06/Nov/2025:23:24:21 -0800] "GET /?path=//dev/shm/acme_tiny.wuce.rocks HTTP/1.1" 418 712 "-" "Mozilla/5.0 (compatible; MJ12bot/v1.4.8; http://mj12bot.com/)"
144.76.19.157 - - [06/Nov/2025:23:24:20 -0800] "GET /feature/lawn/?fileloc=/hs_err_pid1579381.log&path=/ HTTP/1.1" 200 10694 "-" "Mozilla/5.0 (compatible; BLEXBot/1.0; +https://help.seranking.com/en/blex-crawler)"
65.108.78.33 - - [06/Nov/2025:23:24:29 -0800] "GET /?path=//dev/shm/acme_tipdeck.academically-productive-talk.org HTTP/1.1" 418 712 "-" "Mozilla/5.0 (compatible; MJ12bot/v1.4.8; http://mj12bot.com/)"
65.108.78.33 - - [06/Nov/2025:23:24:37 -0800] "GET /?path=//dev/shm/acme_tools.pcsforrefugees.com HTTP/1.1" 418 712 "-" "Mozilla/5.0 (compatible; MJ12bot/v1.4.8; http://mj12bot.com/)"
144.76.19.157 - - [06/Nov/2025:23:24:40 -0800] "GET /feature/lawn/?fileloc=/hs_err_pid1666955.log&path=/ HTTP/1.1" 200 10676 "-" "Mozilla/5.0 (compatible; BLEXBot/1.0; +https://help.seranking.com/en/blex-crawler)"
144.76.19.157 - - [06/Nov/2025:23:24:44 -0800] "GET /?path=/home/dh_hwg2wc/fnaluxury.com/wp-includes/IXR HTTP/1.1" 200 3686 "-" "Mozilla/5.0 (compatible; BLEXBot/1.0; +https://help.seranking.com/en/blex-crawler)"
65.108.78.33 - - [06/Nov/2025:23:24:45 -0800] "GET /?path=//dev/shm/acme_training.fricksco.com HTTP/1.1" 418 712 "-" "Mozilla/5.0 (compatible; MJ12bot/v1.4.8; http://mj12bot.com/)"
65.108.78.33 - - [06/Nov/2025:23:24:53 -0800] "GET /?path=//dev/shm/acme_translation.gendoria.pl HTTP/1.1" 418 712 "-" "Mozilla/5.0 (compatible; MJ12bot/v1.4.8; http://mj12bot.com/)"
144.76.19.157 - - [06/Nov/2025:23:24:52 -0800] "GET /?path=/home/dh_hwg2wc/fnaluxury.com/wp-includes/css HTTP/1.1" 200 5014 "-" "Mozilla/5.0 (compatible; BLEXBot/1.0; +https://help.seranking.com/en/blex-crawler)"
144.76.19.157 - - [06/Nov/2025:23:24:56 -0800] "GET /feature/lawn/?fileloc=/hs_err_pid2155801.log&path=/ HTTP/1.1" 200 11083 "-" "Mozilla/5.0 (compatible; BLEXBot/1.0; +https://help.seranking.com/en/blex-crawler)"
65.108.78.33 - - [06/Nov/2025:23:25:00 -0800] "GET /?path=//dev/shm/acme_trustzabo.com HTTP/1.1" 418 712 "-" "Mozilla/5.0 (compatible; MJ12bot/v1.4.8; http://mj12bot.com/)"
65.108.78.33 - - [06/Nov/2025:23:25:08 -0800] "GET /?path=//dev/shm/acme_tshirt.appsreviewshub.com HTTP/1.1" 418 712 "-" "Mozilla/5.0 (compatible; MJ12bot/v1.4.8; http://mj12bot.com/)"
144.76.19.157 - - [06/Nov/2025:23:25:08 -0800] "GET /?path=/home/dh_hwg2wc/fnaluxury.com/wp-includes/css HTTP/1.1" 200 5014 "-" "Mozilla/5.0 (compatible; BLEXBot/1.0; +https://help.seranking.com/en/blex-crawler)"
144.76.19.157 - - [06/Nov/2025:23:25:13 -0800] "GET /feature/lawn/?fileloc=/hs_err_pid2251798.log&path=/ HTTP/1.1" 200 10688 "-" "Mozilla/5.0 (compatible; BLEXBot/1.0; +https://help.seranking.com/en/blex-crawler)"
65.108.78.33 - - [06/Nov/2025:23:25:25 -0800] "GET /?path=//dev/shm/acme_ttsg.gleeson.us HTTP/1.1" 418 712 "-" "Mozilla/5.0 (compatible; MJ12bot/v1.4.8; http://mj12bot.com/)"
144.76.19.157 - - [06/Nov/2025:23:25:26 -0800] "GET /author/fnaluxury_xmua30/?fileloc=/_buffer%20&path=/ HTTP/1.1" 200 2811 "-" "Mozilla/5.0 (compatible; BLEXBot/1.0; +https://help.seranking.com/en/blex-crawler)"
144.76.19.157 - - [06/Nov/2025:23:25:30 -0800] "GET /feature/outdoor-shower/?path=/home/dh_hwg2wc/.cache HTTP/1.1" 200 3140 "-" "Mozilla/5.0 (compatible; BLEXBot/1.0; +https://help.seranking.com/en/blex-crawler)"
65.108.78.33 - - [06/Nov/2025:23:25:33 -0800] "GET /?path=//dev/shm/acme_ttss.gleeson.us HTTP/1.1" 418 712 "-" "Mozilla/5.0 (compatible; MJ12bot/v1.4.8; http://mj12bot.com/)"
65.108.78.33 - - [06/Nov/2025:23:25:40 -0800] "GET /?path=//dev/shm/acme_udaipur.fungirl.in HTTP/1.1" 418 712 "-" "Mozilla/5.0 (compatible; MJ12bot/v1.4.8; http://mj12bot.com/)"
144.76.19.157 - - [06/Nov/2025:23:25:42 -0800] "GET /category/uncategorized/?path=/home/dh_hwg2wc/.cache HTTP/1.1" 200 3163 "-" "Mozilla/5.0 (compatible; BLEXBot/1.0; +https://help.seranking.com/en/blex-crawler)"
144.76.19.157 - - [06/Nov/2025:23:25:46 -0800] "GET /feature/private-garden/?path=/home/dh_hwg2wc/.cache HTTP/1.1" 200 3140 "-" "Mozilla/5.0 (compatible; BLEXBot/1.0; +https://help.seranking.com/en/blex-crawler)"
65.108.78.33 - - [06/Nov/2025:23:25:48 -0800] "GET /?path=//dev/shm/acme_uhmm.jwjacobs.com HTTP/1.1" 418 712 "-" "Mozilla/5.0 (compatible; MJ12bot/v1.4.8; http://mj12bot.com/)"
65.108.78.33 - - [06/Nov/2025:23:25:56 -0800] "GET /?path=//dev/shm/acme_ukegeeks.doerck.net HTTP/1.1" 418 712 "-" "Mozilla/5.0 (compatible; MJ12bot/v1.4.8; http://mj12bot.com/)"
144.76.19.157 - - [06/Nov/2025:23:25:59 -0800] "GET /feature/air-conditioning/?path=/home/dh_hwg2wc/.php HTTP/1.1" 200 3465 "-" "Mozilla/5.0 (compatible; BLEXBot/1.0; +https://help.seranking.com/en/blex-crawler)"
144.76.19.157 - - [06/Nov/2025:23:26:03 -0800] "GET /grid-full-width-2-cols/?path=/home/dh_hwg2wc/.cache HTTP/1.1" 200 3140 "-" "Mozilla/5.0 (compatible; BLEXBot/1.0; +https://help.seranking.com/en/blex-crawler)"
65.108.78.33 - - [06/Nov/2025:23:26:04 -0800] "GET /?path=//dev/shm/acme_uniforms.kvtech.net HTTP/1.1" 418 712 "-" "Mozilla/5.0 (compatible; MJ12bot/v1.4.8; http://mj12bot.com/)"
65.108.78.33 - - [06/Nov/2025:23:26:12 -0800] "GET /?path=//dev/shm/acme_unstill-life.augmentedcompost.xyz HTTP/1.1" 418 712 "-" "Mozilla/5.0 (compatible; MJ12bot/v1.4.8; http://mj12bot.com/)"
65.108.78.33 - - [06/Nov/2025:23:26:20 -0800] "GET /?path=//dev/shm/acme_up.bittar.tv HTTP/1.1" 418 712 "-" "Mozilla/5.0 (compatible; MJ12bot/v1.4.8; http://mj12bot.com/)"
144.76.19.157 - - [06/Nov/2025:23:26:31 -0800] "GET /feature/air-conditioning/?path=/home/dh_hwg2wc/logs HTTP/1.1" 200 3152 "-" "Mozilla/5.0 (compatible; BLEXBot/1.0; +https://help.seranking.com/en/blex-crawler)"
65.108.78.33 - - [06/Nov/2025:23:26:32 -0800] "GET /?path=//dev/shm/acme_uy.jobl.es HTTP/1.1" 418 712 "-" "Mozilla/5.0 (compatible; MJ12bot/v1.4.8; http://mj12bot.com/)"
65.108.78.33 - - [06/Nov/2025:23:26:40 -0800] "GET /?path=//dev/shm/acme_valentine.appsreviewshub.com HTTP/1.1" 418 712 "-" "Mozilla/5.0 (compatible; MJ12bot/v1.4.8; http://mj12bot.com/)"
65.108.78.33 - - [06/Nov/2025:23:26:48 -0800] "GET /?path=//dev/shm/acme_valentine.e-designstock.com HTTP/1.1" 418 712 "-" "Mozilla/5.0 (compatible; MJ12bot/v1.4.8; http://mj12bot.com/)"
65.108.78.33 - - [06/Nov/2025:23:27:00 -0800] "GET /?path=//dev/shm/acme_vatavia.calontir.org HTTP/1.1" 418 712 "-" "Mozilla/5.0 (compatible; MJ12bot/v1.4.8; http://mj12bot.com/)"
65.108.78.33 - - [06/Nov/2025:23:27:08 -0800] "GET /?path=//dev/shm/acme_venue.uufarmington.org HTTP/1.1" 418 712 "-" "Mozilla/5.0 (compatible; MJ12bot/v1.4.8; http://mj12bot.com/)"
144.76.19.157 - - [06/Nov/2025:23:27:15 -0800] "GET /feature/built-in-wardrobe/?path=/home/dh_hwg2wc/.php HTTP/1.1" 200 3465 "-" "Mozilla/5.0 (compatible; BLEXBot/1.0; +https://help.seranking.com/en/blex-crawler)"
65.108.78.33 - - [06/Nov/2025:23:27:16 -0800] "GET /?path=//dev/shm/acme_vicen.io HTTP/1.1" 418 712 "-" "Mozilla/5.0 (compatible; MJ12bot/v1.4.8; http://mj12bot.com/)"
144.76.19.157 - - [06/Nov/2025:23:27:18 -0800] "GET /2016/?path=/home/dh_hwg2wc/fnaluxury.com/wp-admin/js HTTP/1.1" 200 7414 "-" "Mozilla/5.0 (compatible; BLEXBot/1.0; +https://help.seranking.com/en/blex-crawler)"
144.76.19.157 - - [06/Nov/2025:23:27:22 -0800] "GET /property/furnished-1bhk-for-rent-in-jvc/?path=/lib32 HTTP/1.1" 200 2855 "-" "Mozilla/5.0 (compatible; BLEXBot/1.0; +https://help.seranking.com/en/blex-crawler)"
65.108.78.33 - - [06/Nov/2025:23:27:24 -0800] "GET /?path=//dev/shm/acme_vicen.org HTTP/1.1" 418 712 "-" "Mozilla/5.0 (compatible; MJ12bot/v1.4.8; http://mj12bot.com/)"
144.76.19.157 - - [06/Nov/2025:23:27:34 -0800] "GET /property/furnished-1bhk-for-rent-in-jvc/?path=/lib64 HTTP/1.1" 200 3162 "-" "Mozilla/5.0 (compatible; BLEXBot/1.0; +https://help.seranking.com/en/blex-crawler)"
144.76.19.157 - - [06/Nov/2025:23:27:38 -0800] "GET /feature/built-in-wardrobe/?path=/home/dh_hwg2wc/logs HTTP/1.1" 200 3129 "-" "Mozilla/5.0 (compatible; BLEXBot/1.0; +https://help.seranking.com/en/blex-crawler)"
65.108.78.33 - - [06/Nov/2025:23:27:40 -0800] "GET /?path=//dev/shm/acme_visabot.pikkle.com HTTP/1.1" 418 712 "-" "Mozilla/5.0 (compatible; MJ12bot/v1.4.8; http://mj12bot.com/)"
65.108.78.33 - - [06/Nov/2025:23:27:48 -0800] "GET /?path=//dev/shm/acme_visitor.apiexpress.io HTTP/1.1" 418 712 "-" "Mozilla/5.0 (compatible; MJ12bot/v1.4.8; http://mj12bot.com/)"
65.108.78.33 - - [06/Nov/2025:23:27:56 -0800] "GET /?path=//dev/shm/acme_vote.hirebryan.com HTTP/1.1" 418 712 "-" "Mozilla/5.0 (compatible; MJ12bot/v1.4.8; http://mj12bot.com/)"
65.108.78.33 - - [06/Nov/2025:23:28:17 -0800] "GET /?path=//dev/shm/acme_water4.equinera.org HTTP/1.1" 418 712 "-" "Mozilla/5.0 (compatible; MJ12bot/v1.4.8; http://mj12bot.com/)"
144.76.19.157 - - [06/Nov/2025:23:28:21 -0800] "GET /?fileloc=/home/dh_hwg2wc/.alias&path=/home/dh_hwg2wc HTTP/1.1" 200 3016 "-" "Mozilla/5.0 (compatible; BLEXBot/1.0; +https://help.seranking.com/en/blex-crawler)"
144.76.19.157 - - [06/Nov/2025:23:28:25 -0800] "GET /property/furnished-1bhk-for-rent-in-jvc/?path=/media HTTP/1.1" 200 2853 "-" "Mozilla/5.0 (compatible; BLEXBot/1.0; +https://help.seranking.com/en/blex-crawler)"
65.108.78.33 - - [06/Nov/2025:23:28:29 -0800] "GET /?path=//dev/shm/acme_website.appsreviewshub.com HTTP/1.1" 418 712 "-" "Mozilla/5.0 (compatible; MJ12bot/v1.4.8; http://mj12bot.com/)"
144.76.19.157 - - [06/Nov/2025:23:28:29 -0800] "GET /feature/dryer/?fileloc=/hs_err_pid1155819.log&path=/ HTTP/1.1" 200 10465 "-" "Mozilla/5.0 (compatible; BLEXBot/1.0; +https://help.seranking.com/en/blex-crawler)"
144.76.19.157 - - [06/Nov/2025:23:28:33 -0800] "GET /?fileloc=/home/dh_hwg2wc/.alias&path=/home/dh_hwg2wc HTTP/1.1" 200 3016 "-" "Mozilla/5.0 (compatible; BLEXBot/1.0; +https://help.seranking.com/en/blex-crawler)"
65.108.78.33 - - [06/Nov/2025:23:28:36 -0800] "GET /?path=//dev/shm/acme_website.cathsmithfineart.com HTTP/1.1" 418 712 "-" "Mozilla/5.0 (compatible; MJ12bot/v1.4.8; http://mj12bot.com/)"
65.108.78.33 - - [06/Nov/2025:23:28:44 -0800] "GET /?path=//dev/shm/acme_website2.e-designstock.com HTTP/1.1" 418 712 "-" "Mozilla/5.0 (compatible; MJ12bot/v1.4.8; http://mj12bot.com/)"
144.76.19.157 - - [06/Nov/2025:23:28:49 -0800] "GET /rent/?path=/home/dh_hwg2wc/fnaluxury.com/wp-admin/js HTTP/1.1" 200 7437 "-" "Mozilla/5.0 (compatible; BLEXBot/1.0; +https://help.seranking.com/en/blex-crawler)"
65.108.78.33 - - [06/Nov/2025:23:28:52 -0800] "GET /?path=//dev/shm/acme_website3.equinera.org HTTP/1.1" 418 712 "-" "Mozilla/5.0 (compatible; MJ12bot/v1.4.8; http://mj12bot.com/)"
144.76.19.157 - - [06/Nov/2025:23:28:53 -0800] "GET /feature/dryer/?fileloc=/hs_err_pid1579381.log&path=/ HTTP/1.1" 200 10671 "-" "Mozilla/5.0 (compatible; BLEXBot/1.0; +https://help.seranking.com/en/blex-crawler)"
144.76.19.157 - - [06/Nov/2025:23:28:57 -0800] "GET /?fileloc=/home/dh_hwg2wc/.cshrc&path=/home/dh_hwg2wc HTTP/1.1" 200 3098 "-" "Mozilla/5.0 (compatible; BLEXBot/1.0; +https://help.seranking.com/en/blex-crawler)"
65.108.78.33 - - [06/Nov/2025:23:29:00 -0800] "GET /?path=//dev/shm/acme_wedding.e-designstock.com HTTP/1.1" 418 712 "-" "Mozilla/5.0 (compatible; MJ12bot/v1.4.8; http://mj12bot.com/)"
65.108.78.33 - - [06/Nov/2025:23:29:08 -0800] "GET /?path=//dev/shm/acme_wedding.equinera.org HTTP/1.1" 418 712 "-" "Mozilla/5.0 (compatible; MJ12bot/v1.4.8; http://mj12bot.com/)"
144.76.19.157 - - [06/Nov/2025:23:29:14 -0800] "GET /feature/dryer/?fileloc=/hs_err_pid1666955.log&path=/ HTTP/1.1" 200 10698 "-" "Mozilla/5.0 (compatible; BLEXBot/1.0; +https://help.seranking.com/en/blex-crawler)"
65.108.78.33 - - [06/Nov/2025:23:29:16 -0800] "GET /?path=//dev/shm/acme_wedding3.equusalmatinicus.com HTTP/1.1" 418 712 "-" "Mozilla/5.0 (compatible; MJ12bot/v1.4.8; http://mj12bot.com/)"
65.108.78.33 - - [06/Nov/2025:23:29:24 -0800] "GET /?path=//dev/shm/acme_welcome.calontir.org HTTP/1.1" 418 712 "-" "Mozilla/5.0 (compatible; MJ12bot/v1.4.8; http://mj12bot.com/)"
144.76.19.157 - - [06/Nov/2025:23:29:28 -0800] "GET /?fileloc=/home/dh_hwg2wc/.cshrc&path=/home/dh_hwg2wc HTTP/1.1" 200 3098 "-" "Mozilla/5.0 (compatible; BLEXBot/1.0; +https://help.seranking.com/en/blex-crawler)"
144.76.19.157 - - [06/Nov/2025:23:29:32 -0800] "GET /feature/dryer/?fileloc=/hs_err_pid2155801.log&path=/ HTTP/1.1" 200 11103 "-" "Mozilla/5.0 (compatible; BLEXBot/1.0; +https://help.seranking.com/en/blex-crawler)"
65.108.78.33 - - [06/Nov/2025:23:29:32 -0800] "GET /?path=//dh/analog/analog/headers HTTP/1.1" 200 3367 "-" "Mozilla/5.0 (compatible; MJ12bot/v1.4.8; http://mj12bot.com/)"
144.76.19.157 - - [06/Nov/2025:23:29:37 -0800] "GET /?path=/home/dh_hwg2wc/fnaluxury.com/wp-admin/network HTTP/1.1" 200 4510 "-" "Mozilla/5.0 (compatible; BLEXBot/1.0; +https://help.seranking.com/en/blex-crawler)"
65.108.78.33 - - [06/Nov/2025:23:29:38 -0800] "GET /?path=//dh/analog/analog/images HTTP/1.1" 200 3540 "-" "Mozilla/5.0 (compatible; MJ12bot/v1.4.8; http://mj12bot.com/)"
65.108.78.33 - - [06/Nov/2025:23:29:48 -0800] "GET /?path=//dh/apache2/logs/parking HTTP/1.1" 200 2871 "-" "Mozilla/5.0 (compatible; MJ12bot/v1.4.8; http://mj12bot.com/)"
144.76.19.157 - - [06/Nov/2025:23:29:56 -0800] "GET /feature/dryer/?fileloc=/hs_err_pid2251798.log&path=/ HTTP/1.1" 200 10710 "-" "Mozilla/5.0 (compatible; BLEXBot/1.0; +https://help.seranking.com/en/blex-crawler)"
144.76.19.157 - - [06/Nov/2025:23:30:11 -0800] "GET /?path=/home/dh_hwg2wc/fnaluxury.com/wp-admin/network HTTP/1.1" 200 4510 "-" "Mozilla/5.0 (compatible; BLEXBot/1.0; +https://help.seranking.com/en/blex-crawler)"
144.76.19.157 - - [06/Nov/2025:23:30:15 -0800] "GET /feature/outdoor-shower/?path=/home/dh_hwg2wc/.wp-cli HTTP/1.1" 200 3114 "-" "Mozilla/5.0 (compatible; BLEXBot/1.0; +https://help.seranking.com/en/blex-crawler)"
144.76.19.157 - - [06/Nov/2025:23:30:19 -0800] "GET /?path=/home/dh_hwg2wc/fnaluxury.com/wp-includes/Text HTTP/1.1" 200 3388 "-" "Mozilla/5.0 (compatible; BLEXBot/1.0; +https://help.seranking.com/en/blex-crawler)"
65.108.78.33 - - [06/Nov/2025:23:30:25 -0800] "GET /?path=//dh/etc/skel/default HTTP/1.1" 200 3484 "-" "Mozilla/5.0 (compatible; MJ12bot/v1.4.8; http://mj12bot.com/)"
144.76.19.157 - - [06/Nov/2025:23:30:27 -0800] "GET /?path=/home/dh_hwg2wc/fnaluxury.com/wp-includes/Text HTTP/1.1" 200 3411 "-" "Mozilla/5.0 (compatible; BLEXBot/1.0; +https://help.seranking.com/en/blex-crawler)"
65.108.78.33 - - [06/Nov/2025:23:30:29 -0800] "GET /?path=//dh/etc/skel/mail HTTP/1.1" 200 3118 "-" "Mozilla/5.0 (compatible; MJ12bot/v1.4.8; http://mj12bot.com/)"
144.76.19.157 - - [06/Nov/2025:23:30:31 -0800] "GET /feature/outdoor-shower/?path=/home/dh_hwg2wc/Maildir HTTP/1.1" 200 3218 "-" "Mozilla/5.0 (compatible; BLEXBot/1.0; +https://help.seranking.com/en/blex-crawler)"
65.108.78.33 - - [06/Nov/2025:23:30:52 -0800] "GET /?path=//dh/web/diag/diag HTTP/1.1" 200 3231 "-" "Mozilla/5.0 (compatible; MJ12bot/v1.4.8; http://mj12bot.com/)"
144.76.19.157 - - [06/Nov/2025:23:30:58 -0800] "GET /feature/pantry/?fileloc=/hs_err_pid211711.log&path=/ HTTP/1.1" 200 10670 "-" "Mozilla/5.0 (compatible; BLEXBot/1.0; +https://help.seranking.com/en/blex-crawler)"
144.76.19.157 - - [06/Nov/2025:23:31:02 -0800] "GET /?path=/home/dh_hwg2wc/fnaluxury.com/wp-includes/l10n HTTP/1.1" 200 3456 "-" "Mozilla/5.0 (compatible; BLEXBot/1.0; +https://help.seranking.com/en/blex-crawler)"
65.108.78.33 - - [06/Nov/2025:23:31:05 -0800] "GET /?path=//dh/web/parking/.dh-diag HTTP/1.1" 200 3245 "-" "Mozilla/5.0 (compatible; MJ12bot/v1.4.8; http://mj12bot.com/)"
144.76.19.157 - - [06/Nov/2025:23:31:06 -0800] "GET /feature/pantry/?fileloc=/hs_err_pid758221.log&path=/ HTTP/1.1" 200 10460 "-" "Mozilla/5.0 (compatible; BLEXBot/1.0; +https://help.seranking.com/en/blex-crawler)"
144.76.19.157 - - [06/Nov/2025:23:31:10 -0800] "GET /?path=/home/dh_hwg2wc/fnaluxury.com/wp-includes/l10n HTTP/1.1" 200 3479 "-" "Mozilla/5.0 (compatible; BLEXBot/1.0; +https://help.seranking.com/en/blex-crawler)"
144.76.19.157 - - [06/Nov/2025:23:31:22 -0800] "GET /feature/pantry/?fileloc=/hs_err_pid901582.log&path=/ HTTP/1.1" 200 10583 "-" "Mozilla/5.0 (compatible; BLEXBot/1.0; +https://help.seranking.com/en/blex-crawler)"
144.76.19.157 - - [06/Nov/2025:23:31:26 -0800] "GET /?path=/home/dh_hwg2wc/fnaluxury.com/wp-includes/pomo HTTP/1.1" 200 3520 "-" "Mozilla/5.0 (compatible; BLEXBot/1.0; +https://help.seranking.com/en/blex-crawler)"
144.76.19.157 - - [06/Nov/2025:23:31:48 -0800] "GET /feature/private-garden/?path=/home/dh_hwg2wc/.wp-cli HTTP/1.1" 200 3137 "-" "Mozilla/5.0 (compatible; BLEXBot/1.0; +https://help.seranking.com/en/blex-crawler)"
144.76.19.157 - - [06/Nov/2025:23:31:54 -0800] "GET /?path=/home/dh_hwg2wc/fnaluxury.com/wp-includes/pomo HTTP/1.1" 200 3497 "-" "Mozilla/5.0 (compatible; BLEXBot/1.0; +https://help.seranking.com/en/blex-crawler)"
144.76.19.157 - - [06/Nov/2025:23:32:03 -0800] "GET /author/fnaluxury_xmua30/?path=/home/dh_hwg2wc/.cache HTTP/1.1" 200 3163 "-" "Mozilla/5.0 (compatible; BLEXBot/1.0; +https://help.seranking.com/en/blex-crawler)"
144.76.19.157 - - [06/Nov/2025:23:32:07 -0800] "GET /feature/private-garden/?path=/home/dh_hwg2wc/Maildir HTTP/1.1" 200 3195 "-" "Mozilla/5.0 (compatible; BLEXBot/1.0; +https://help.seranking.com/en/blex-crawler)"
144.76.19.157 - - [06/Nov/2025:23:32:15 -0800] "GET /grid-full-width-2-cols/?path=/home/dh_hwg2wc/.wp-cli HTTP/1.1" 200 3137 "-" "Mozilla/5.0 (compatible; BLEXBot/1.0; +https://help.seranking.com/en/blex-crawler)"
144.76.19.157 - - [06/Nov/2025:23:32:29 -0800] "GET /category/uncategorized/?path=/home/dh_hwg2wc/.wp-cli HTTP/1.1" 200 3137 "-" "Mozilla/5.0 (compatible; BLEXBot/1.0; +https://help.seranking.com/en/blex-crawler)"
65.108.78.33 - - [06/Nov/2025:23:32:39 -0800] "GET /?path=//etc/apparmor.d/abstractions/apparmor_api HTTP/1.1" 200 3400 "-" "Mozilla/5.0 (compatible; MJ12bot/v1.4.8; http://mj12bot.com/)"
144.76.19.157 - - [06/Nov/2025:23:32:40 -0800] "GET /category/uncategorized/?path=/home/dh_hwg2wc/Maildir HTTP/1.1" 200 3218 "-" "Mozilla/5.0 (compatible; BLEXBot/1.0; +https://help.seranking.com/en/blex-crawler)"
65.108.78.33 - - [06/Nov/2025:23:32:44 -0800] "GET /?path=//etc/apparmor.d/abstractions/ubuntu-browsers.d HTTP/1.1" 200 3707 "-" "Mozilla/5.0 (compatible; MJ12bot/v1.4.8; http://mj12bot.com/)"
144.76.19.157 - - [06/Nov/2025:23:32:45 -0800] "GET /grid-full-width-2-cols/?path=/home/dh_hwg2wc/Maildir HTTP/1.1" 200 3195 "-" "Mozilla/5.0 (compatible; BLEXBot/1.0; +https://help.seranking.com/en/blex-crawler)"
144.76.19.157 - - [06/Nov/2025:23:32:54 -0800] "GET /property-type/commercial-floor/?fileloc=/core&path=/ HTTP/1.1" 200 2807 "-" "Mozilla/5.0 (compatible; BLEXBot/1.0; +https://help.seranking.com/en/blex-crawler)"
65.108.78.33 - - [06/Nov/2025:23:33:07 -0800] "GET /?path=//etc/apparmor.d/tunables/home.d HTTP/1.1" 200 3217 "-" "Mozilla/5.0 (compatible; MJ12bot/v1.4.8; http://mj12bot.com/)"
144.76.19.157 - - [06/Nov/2025:23:33:08 -0800] "GET /feature/air-conditioning/?fileloc=/_buffer%20&path=/ HTTP/1.1" 200 2811 "-" "Mozilla/5.0 (compatible; BLEXBot/1.0; +https://help.seranking.com/en/blex-crawler)"
65.108.78.33 - - [06/Nov/2025:23:33:11 -0800] "GET /?path=//etc/apparmor.d/tunables/multiarch.d HTTP/1.1" 200 3155 "-" "Mozilla/5.0 (compatible; MJ12bot/v1.4.8; http://mj12bot.com/)"
144.76.19.157 - - [06/Nov/2025:23:33:12 -0800] "GET /property/furnished-1bhk-for-rent-in-jvc/?path=/libx32 HTTP/1.1" 200 2856 "-" "Mozilla/5.0 (compatible; BLEXBot/1.0; +https://help.seranking.com/en/blex-crawler)"
65.108.78.33 - - [06/Nov/2025:23:33:15 -0800] "GET /?path=//etc/apparmor.d/tunables/xdg-user-dirs.d HTTP/1.1" 200 3160 "-" "Mozilla/5.0 (compatible; MJ12bot/v1.4.8; http://mj12bot.com/)"
144.76.19.157 - - [06/Nov/2025:23:33:16 -0800] "GET /feature/built-in-wardrobe/?fileloc=/_buffer%20&path=/ HTTP/1.1" 200 2788 "-" "Mozilla/5.0 (compatible; BLEXBot/1.0; +https://help.seranking.com/en/blex-crawler)"
65.108.78.33 - - [06/Nov/2025:23:33:24 -0800] "GET /?path=//etc/apparmor/init/network-interface-security HTTP/1.1" 200 3240 "-" "Mozilla/5.0 (compatible; MJ12bot/v1.4.8; http://mj12bot.com/)"
144.76.19.157 - - [06/Nov/2025:23:33:34 -0800] "GET /2016/?path=/home/dh_hwg2wc/fnaluxury.com/wp-admin/css HTTP/1.1" 200 7139 "-" "Mozilla/5.0 (compatible; BLEXBot/1.0; +https://help.seranking.com/en/blex-crawler)"
144.76.19.157 - - [06/Nov/2025:23:33:47 -0800] "GET /?fileloc=/home/dh_hwg2wc/.bashrc&path=/home/dh_hwg2wc HTTP/1.1" 200 2933 "-" "Mozilla/5.0 (compatible; BLEXBot/1.0; +https://help.seranking.com/en/blex-crawler)"
144.76.19.157 - - [06/Nov/2025:23:33:51 -0800] "GET /rent/?path=/home/dh_hwg2wc/fnaluxury.com/wp-admin/css HTTP/1.1" 200 7139 "-" "Mozilla/5.0 (compatible; BLEXBot/1.0; +https://help.seranking.com/en/blex-crawler)"
144.76.19.157 - - [06/Nov/2025:23:33:56 -0800] "GET /feature/laundry/?fileloc=/hs_err_pid211711.log&path=/ HTTP/1.1" 200 10667 "-" "Mozilla/5.0 (compatible; BLEXBot/1.0; +https://help.seranking.com/en/blex-crawler)"
144.76.19.157 - - [06/Nov/2025:23:34:07 -0800] "GET /status/for-rent/?fileloc=/hs_err_pid211711.log&path=/ HTTP/1.1" 200 10690 "-" "Mozilla/5.0 (compatible; BLEXBot/1.0; +https://help.seranking.com/en/blex-crawler)"
144.76.19.157 - - [06/Nov/2025:23:34:11 -0800] "GET /feature/laundry/?fileloc=/hs_err_pid758221.log&path=/ HTTP/1.1" 200 10460 "-" "Mozilla/5.0 (compatible; BLEXBot/1.0; +https://help.seranking.com/en/blex-crawler)"
65.108.78.33 - - [06/Nov/2025:23:34:20 -0800] "GET /?path=//etc/dbus-1/session.d HTTP/1.1" 200 2865 "-" "Mozilla/5.0 (compatible; MJ12bot/v1.4.8; http://mj12bot.com/)"
144.76.19.157 - - [06/Nov/2025:23:34:24 -0800] "GET /area/west-flagger/?path=/home/dh_hwg2wc/.wp-cli HTTP/1.1" 200 3137 "-" "Mozilla/5.0 (compatible; BLEXBot/1.0; +https://help.seranking.com/en/blex-crawler)"
65.108.78.33 - - [06/Nov/2025:23:34:29 -0800] "GET /?path=//etc/dbus-1/system.d HTTP/1.1" 200 3353 "-" "Mozilla/5.0 (compatible; MJ12bot/v1.4.8; http://mj12bot.com/)"
144.76.19.157 - - [06/Nov/2025:23:34:41 -0800] "GET /?path=/home/dh_hwg2wc/fnaluxury.com/wp-includes/js HTTP/1.1" 200 7953 "-" "Mozilla/5.0 (compatible; BLEXBot/1.0; +https://help.seranking.com/en/blex-crawler)"
65.108.78.33 - - [06/Nov/2025:23:34:43 -0800] "GET /?path=//etc/dconf/db HTTP/1.1" 200 2859 "-" "Mozilla/5.0 (compatible; MJ12bot/v1.4.8; http://mj12bot.com/)"
144.76.19.157 - - [06/Nov/2025:23:34:49 -0800] "GET /feature/private-garden/?fileloc=/_buffer%20&path=/ HTTP/1.1" 200 2811 "-" "Mozilla/5.0 (compatible; BLEXBot/1.0; +https://help.seranking.com/en/blex-crawler)"
65.108.78.33 - - [06/Nov/2025:23:34:51 -0800] "GET /?path=//etc/default/grub.d HTTP/1.1" 200 3323 "-" "Mozilla/5.0 (compatible; MJ12bot/v1.4.8; http://mj12bot.com/)"
144.76.19.157 - - [06/Nov/2025:23:34:57 -0800] "GET /feature/dryer/?fileloc=/hs_err_pid758221.log&path=/ HTTP/1.1" 200 10483 "-" "Mozilla/5.0 (compatible; BLEXBot/1.0; +https://help.seranking.com/en/blex-crawler)"
65.108.78.33 - - [06/Nov/2025:23:35:04 -0800] "GET /?path=//etc/dhcp/dhclient-enter-hooks.d HTTP/1.1" 200 3222 "-" "Mozilla/5.0 (compatible; MJ12bot/v1.4.8; http://mj12bot.com/)"
65.108.78.33 - - [06/Nov/2025:23:35:09 -0800] "GET /?path=//etc/dhcp/dhclient-exit-hooks.d HTTP/1.1" 200 3448 "-" "Mozilla/5.0 (compatible; MJ12bot/v1.4.8; http://mj12bot.com/)"
144.76.19.157 - - [06/Nov/2025:23:35:11 -0800] "GET /?fileloc=/home/dh_hwg2wc/.bashrc&path=/home/dh_hwg2wc HTTP/1.1" 200 2933 "-" "Mozilla/5.0 (compatible; BLEXBot/1.0; +https://help.seranking.com/en/blex-crawler)"
144.76.19.157 - - [06/Nov/2025:23:35:19 -0800] "GET /feature/laundry/?fileloc=/hs_err_pid901582.log&path=/ HTTP/1.1" 200 10583 "-" "Mozilla/5.0 (compatible; BLEXBot/1.0; +https://help.seranking.com/en/blex-crawler)"
144.76.19.157 - - [06/Nov/2025:23:35:28 -0800] "GET /status/for-rent/?fileloc=/hs_err_pid758221.log&path=/ HTTP/1.1" 200 10483 "-" "Mozilla/5.0 (compatible; BLEXBot/1.0; +https://help.seranking.com/en/blex-crawler)"
65.108.78.33 - - [06/Nov/2025:23:35:32 -0800] "GET /?path=//etc/dkms/template-dkms-mkbmdeb HTTP/1.1" 200 3239 "-" "Mozilla/5.0 (compatible; MJ12bot/v1.4.8; http://mj12bot.com/)"
65.108.78.33 - - [06/Nov/2025:23:35:36 -0800] "GET /?path=//etc/dkms/template-dkms-mkdeb HTTP/1.1" 200 3237 "-" "Mozilla/5.0 (compatible; MJ12bot/v1.4.8; http://mj12bot.com/)"
144.76.19.157 - - [06/Nov/2025:23:35:37 -0800] "GET /?path=/home/dh_hwg2wc/fnaluxury.com/wp-admin/includes HTTP/1.1" 200 7972 "-" "Mozilla/5.0 (compatible; BLEXBot/1.0; +https://help.seranking.com/en/blex-crawler)"
65.108.78.33 - - [06/Nov/2025:23:35:41 -0800] "GET /?path=//etc/dkms/template-dkms-mkdsc HTTP/1.1" 200 3238 "-" "Mozilla/5.0 (compatible; MJ12bot/v1.4.8; http://mj12bot.com/)"
144.76.19.157 - - [06/Nov/2025:23:35:51 -0800] "GET /?path=/home/dh_hwg2wc/fnaluxury.com/wp-admin/includes HTTP/1.1" 200 7972 "-" "Mozilla/5.0 (compatible; BLEXBot/1.0; +https://help.seranking.com/en/blex-crawler)"
144.76.19.157 - - [06/Nov/2025:23:35:56 -0800] "GET /status/for-rent/?fileloc=/hs_err_pid901582.log&path=/ HTTP/1.1" 200 10583 "-" "Mozilla/5.0 (compatible; BLEXBot/1.0; +https://help.seranking.com/en/blex-crawler)"
144.76.19.157 - - [06/Nov/2025:23:36:00 -0800] "GET /feature/pantry/?fileloc=/hs_err_pid1155819.log&path=/ HTTP/1.1" 200 10454 "-" "Mozilla/5.0 (compatible; BLEXBot/1.0; +https://help.seranking.com/en/blex-crawler)"
144.76.19.157 - - [06/Nov/2025:23:36:08 -0800] "GET /testimonials/testimonial-1/?path=/home/dh_hwg2wc/.php HTTP/1.1" 200 3465 "-" "Mozilla/5.0 (compatible; BLEXBot/1.0; +https://help.seranking.com/en/blex-crawler)"
144.76.19.157 - - [06/Nov/2025:23:36:13 -0800] "GET /feature/pantry/?fileloc=/hs_err_pid1579381.log&path=/ HTTP/1.1" 200 10663 "-" "Mozilla/5.0 (compatible; BLEXBot/1.0; +https://help.seranking.com/en/blex-crawler)"
144.76.19.157 - - [06/Nov/2025:23:36:17 -0800] "GET /?path=/home/dh_hwg2wc/fnaluxury.com/wp-content/themes HTTP/1.1" 200 3381 "-" "Mozilla/5.0 (compatible; BLEXBot/1.0; +https://help.seranking.com/en/blex-crawler)"
144.76.19.157 - - [06/Nov/2025:23:36:34 -0800] "GET /testimonials/testimonial-1/?path=/home/dh_hwg2wc/logs HTTP/1.1" 200 3152 "-" "Mozilla/5.0 (compatible; BLEXBot/1.0; +https://help.seranking.com/en/blex-crawler)"
144.76.19.157 - - [06/Nov/2025:23:36:42 -0800] "GET /?path=/home/dh_hwg2wc/fnaluxury.com/wp-content/themes HTTP/1.1" 200 3404 "-" "Mozilla/5.0 (compatible; BLEXBot/1.0; +https://help.seranking.com/en/blex-crawler)"
144.76.19.157 - - [06/Nov/2025:23:36:52 -0800] "GET /feature/pantry/?fileloc=/hs_err_pid1666955.log&path=/ HTTP/1.1" 200 10698 "-" "Mozilla/5.0 (compatible; BLEXBot/1.0; +https://help.seranking.com/en/blex-crawler)"
144.76.19.157 - - [06/Nov/2025:23:37:06 -0800] "GET /feature/pantry/?fileloc=/hs_err_pid2155801.log&path=/ HTTP/1.1" 200 11126 "-" "Mozilla/5.0 (compatible; BLEXBot/1.0; +https://help.seranking.com/en/blex-crawler)"
144.76.19.157 - - [06/Nov/2025:23:37:10 -0800] "GET /?path=/home/dh_hwg2wc/fnaluxury.com/wp-content/wflogs HTTP/1.1" 200 3639 "-" "Mozilla/5.0 (compatible; BLEXBot/1.0; +https://help.seranking.com/en/blex-crawler)"
144.76.19.157 - - [06/Nov/2025:23:37:14 -0800] "GET /with-header-map/?fileloc=/hs_err_pid211711.log&path=/ HTTP/1.1" 200 10667 "-" "Mozilla/5.0 (compatible; BLEXBot/1.0; +https://help.seranking.com/en/blex-crawler)"
144.76.19.157 - - [06/Nov/2025:23:37:51 -0800] "GET /?path=/home/dh_hwg2wc/fnaluxury.com/wp-content/wflogs HTTP/1.1" 200 3662 "-" "Mozilla/5.0 (compatible; BLEXBot/1.0; +https://help.seranking.com/en/blex-crawler)"
144.76.19.157 - - [06/Nov/2025:23:37:56 -0800] "GET /with-header-map/?fileloc=/hs_err_pid758221.log&path=/ HTTP/1.1" 200 10483 "-" "Mozilla/5.0 (compatible; BLEXBot/1.0; +https://help.seranking.com/en/blex-crawler)"
144.76.19.157 - - [06/Nov/2025:23:38:00 -0800] "GET /feature/pantry/?fileloc=/hs_err_pid2251798.log&path=/ HTTP/1.1" 200 10687 "-" "Mozilla/5.0 (compatible; BLEXBot/1.0; +https://help.seranking.com/en/blex-crawler)"
144.76.19.157 - - [06/Nov/2025:23:38:21 -0800] "GET /with-header-map/?fileloc=/hs_err_pid901582.log&path=/ HTTP/1.1" 200 10561 "-" "Mozilla/5.0 (compatible; BLEXBot/1.0; +https://help.seranking.com/en/blex-crawler)"
144.76.19.157 - - [06/Nov/2025:23:38:32 -0800] "GET /?path=/home/dh_hwg2wc/fnaluxury.com/wp-includes/fonts HTTP/1.1" 200 3713 "-" "Mozilla/5.0 (compatible; BLEXBot/1.0; +https://help.seranking.com/en/blex-crawler)"
144.76.19.157 - - [06/Nov/2025:23:38:51 -0800] "GET /?path=/home/dh_hwg2wc/fnaluxury.com/wp-includes/fonts HTTP/1.1" 200 3713 "-" "Mozilla/5.0 (compatible; BLEXBot/1.0; +https://help.seranking.com/en/blex-crawler)"
144.76.19.157 - - [06/Nov/2025:23:39:07 -0800] "GET /about/?path=/home/dh_hwg2wc/fnaluxury.com/wp-admin/js HTTP/1.1" 200 7437 "-" "Mozilla/5.0 (compatible; BLEXBot/1.0; +https://help.seranking.com/en/blex-crawler)"
144.76.19.157 - - [06/Nov/2025:23:39:11 -0800] "GET /author/fnaluxury_xmua30/?path=/home/dh_hwg2wc/.wp-cli HTTP/1.1" 200 3114 "-" "Mozilla/5.0 (compatible; BLEXBot/1.0; +https://help.seranking.com/en/blex-crawler)"
144.76.19.157 - - [06/Nov/2025:23:39:21 -0800] "GET /author/fnaluxury_xmua30/?path=/home/dh_hwg2wc/Maildir HTTP/1.1" 200 3218 "-" "Mozilla/5.0 (compatible; BLEXBot/1.0; +https://help.seranking.com/en/blex-crawler)"
144.76.19.157 - - [06/Nov/2025:23:39:33 -0800] "GET /feature/air-conditioning/?path=/home/dh_hwg2wc/.cache HTTP/1.1" 200 3163 "-" "Mozilla/5.0 (compatible; BLEXBot/1.0; +https://help.seranking.com/en/blex-crawler)"
144.76.19.157 - - [06/Nov/2025:23:39:37 -0800] "GET /feature/balcony/?fileloc=/hs_err_pid211711.log&path=/ HTTP/1.1" 200 10647 "-" "Mozilla/5.0 (compatible; BLEXBot/1.0; +https://help.seranking.com/en/blex-crawler)"
144.76.19.157 - - [06/Nov/2025:23:39:52 -0800] "GET /feature/balcony/?fileloc=/hs_err_pid758221.log&path=/ HTTP/1.1" 200 10483 "-" "Mozilla/5.0 (compatible; BLEXBot/1.0; +https://help.seranking.com/en/blex-crawler)"
170.106.160.90 - - [06/Nov/2025:23:39:53 -0800] "GET /wp-login.php?path=/home HTTP/1.1" 200 2839 "-" "Mozilla/5.0 (iPhone; CPU iPhone OS 13_2_3 like Mac OS X) AppleWebKit/605.1.15 (KHTML, like Gecko) Version/13.0.3 Mobile/15E148 Safari/604.1"
144.76.19.157 - - [06/Nov/2025:23:40:01 -0800] "GET /feature/balcony/?fileloc=/hs_err_pid901582.log&path=/ HTTP/1.1" 200 10561 "-" "Mozilla/5.0 (compatible; BLEXBot/1.0; +https://help.seranking.com/en/blex-crawler)"
144.76.19.157 - - [06/Nov/2025:23:40:05 -0800] "GET /feature/built-in-wardrobe/?path=/home/dh_hwg2wc/.cache HTTP/1.1" 200 3140 "-" "Mozilla/5.0 (compatible; BLEXBot/1.0; +https://help.seranking.com/en/blex-crawler)"
144.76.19.157 - - [06/Nov/2025:23:40:08 -0800] "GET /real-estate-industry-and-competitors/?path=/lost+found HTTP/1.1" 200 2858 "-" "Mozilla/5.0 (compatible; BLEXBot/1.0; +https://help.seranking.com/en/blex-crawler)"
144.76.19.157 - - [06/Nov/2025:23:40:12 -0800] "GET /2016/?path=/home/dh_hwg2wc/fnaluxury.com/.dh-diag/diag HTTP/1.1" 200 3270 "-" "Mozilla/5.0 (compatible; BLEXBot/1.0; +https://help.seranking.com/en/blex-crawler)"
144.76.19.157 - - [06/Nov/2025:23:40:30 -0800] "GET /feature/laundry/?fileloc=/hs_err_pid1155819.log&path=/ HTTP/1.1" 200 10488 "-" "Mozilla/5.0 (compatible; BLEXBot/1.0; +https://help.seranking.com/en/blex-crawler)"
144.76.19.157 - - [06/Nov/2025:23:40:34 -0800] "GET /rent/?path=/home/dh_hwg2wc/fnaluxury.com/.dh-diag/diag HTTP/1.1" 200 3270 "-" "Mozilla/5.0 (compatible; BLEXBot/1.0; +https://help.seranking.com/en/blex-crawler)"
144.76.19.157 - - [06/Nov/2025:23:40:49 -0800] "GET /2016/?path=/home/dh_hwg2wc/fnaluxury.com/images/images HTTP/1.1" 200 3388 "-" "Mozilla/5.0 (compatible; BLEXBot/1.0; +https://help.seranking.com/en/blex-crawler)"
144.76.19.157 - - [06/Nov/2025:23:40:54 -0800] "GET /feature/laundry/?fileloc=/hs_err_pid1579381.log&path=/ HTTP/1.1" 200 10651 "-" "Mozilla/5.0 (compatible; BLEXBot/1.0; +https://help.seranking.com/en/blex-crawler)"
144.76.19.157 - - [06/Nov/2025:23:41:03 -0800] "GET /2016/?path=/home/dh_hwg2wc/fnaluxury.com/wp-admin/user HTTP/1.1" 200 3685 "-" "Mozilla/5.0 (compatible; BLEXBot/1.0; +https://help.seranking.com/en/blex-crawler)"
144.76.19.157 - - [06/Nov/2025:23:41:11 -0800] "GET /rent/?path=/home/dh_hwg2wc/fnaluxury.com/images/images HTTP/1.1" 200 3388 "-" "Mozilla/5.0 (compatible; BLEXBot/1.0; +https://help.seranking.com/en/blex-crawler)"
144.76.19.157 - - [06/Nov/2025:23:41:19 -0800] "GET /feature/laundry/?fileloc=/hs_err_pid1666955.log&path=/ HTTP/1.1" 200 10698 "-" "Mozilla/5.0 (compatible; BLEXBot/1.0; +https://help.seranking.com/en/blex-crawler)"
144.76.19.157 - - [06/Nov/2025:23:41:23 -0800] "GET /rent/?path=/home/dh_hwg2wc/fnaluxury.com/wp-admin/user HTTP/1.1" 200 3662 "-" "Mozilla/5.0 (compatible; BLEXBot/1.0; +https://help.seranking.com/en/blex-crawler)"
144.76.19.157 - - [06/Nov/2025:23:41:27 -0800] "GET /?path=/home/dh_hwg2wc/fnaluxury.com/wp-content/plugins HTTP/1.1" 200 4615 "-" "Mozilla/5.0 (compatible; BLEXBot/1.0; +https://help.seranking.com/en/blex-crawler)"
