144.76.19.157 - - [06/Nov/2025:07:30:14 -0800] "GET /area/west-flagger/?path=/srv HTTP/1.1" 200 3124 "-" "Mozilla/5.0 (compatible; BLEXBot/1.0; +https://help.seranking.com/en/blex-crawler)"
144.76.19.157 - - [06/Nov/2025:07:31:27 -0800] "GET /feature/microwave/?path=/run HTTP/1.1" 200 6128 "-" "Mozilla/5.0 (compatible; BLEXBot/1.0; +https://help.seranking.com/en/blex-crawler)"
43.135.142.7 - - [06/Nov/2025:07:35:39 -0800] "GET /?fileloc=/home/dh_hwg2wc/.cshrc&path=/home/dh_hwg2wc HTTP/1.1" 200 3061 "-" "Mozilla/5.0 (iPhone; CPU iPhone OS 13_2_3 like Mac OS X) AppleWebKit/605.1.15 (KHTML, like Gecko) Version/13.0.3 Mobile/15E148 Safari/604.1"
144.76.19.157 - - [06/Nov/2025:07:36:17 -0800] "GET /feature/microwave/?path=/srv HTTP/1.1" 200 3124 "-" "Mozilla/5.0 (compatible; BLEXBot/1.0; +https://help.seranking.com/en/blex-crawler)"
144.76.19.157 - - [06/Nov/2025:07:37:29 -0800] "GET /area/west-flagger/?path=/sys HTTP/1.1" 200 3412 "-" "Mozilla/5.0 (compatible; BLEXBot/1.0; +https://help.seranking.com/en/blex-crawler)"
144.76.19.157 - - [06/Nov/2025:07:39:56 -0800] "GET /area/west-flagger/?path=/tmp HTTP/1.1" 500 490416 "-" "Mozilla/5.0 (compatible; BLEXBot/1.0; +https://help.seranking.com/en/blex-crawler)"
144.76.19.157 - - [06/Nov/2025:07:43:40 -0800] "GET /feature/microwave/?path=/sys HTTP/1.1" 200 3412 "-" "Mozilla/5.0 (compatible; BLEXBot/1.0; +https://help.seranking.com/en/blex-crawler)"
144.76.19.157 - - [06/Nov/2025:07:44:54 -0800] "GET /area/west-flagger/?path=/usr HTTP/1.1" 200 3514 "-" "Mozilla/5.0 (compatible; BLEXBot/1.0; +https://help.seranking.com/en/blex-crawler)"
49.51.47.100 - - [06/Nov/2025:07:45:56 -0800] "GET /?path=/home/dh_hwg2wc/fnaluxury.com/.dh-diag HTTP/1.1" 200 3254 "-" "Mozilla/5.0 (iPhone; CPU iPhone OS 13_2_3 like Mac OS X) AppleWebKit/605.1.15 (KHTML, like Gecko) Version/13.0.3 Mobile/15E148 Safari/604.1"
144.76.19.157 - - [06/Nov/2025:07:46:07 -0800] "GET /feature/microwave/?path=/tmp HTTP/1.1" 500 452071 "-" "Mozilla/5.0 (compatible; BLEXBot/1.0; +https://help.seranking.com/en/blex-crawler)"
54.37.86.225 - - [06/Nov/2025:07:46:32 -0800] "GET /robots.txt HTTP/1.1" 200 477 "-" "Mozilla/5.0 (compatible; MJ12bot/v1.4.8; http://mj12bot.com/)"
54.37.86.225 - - [06/Nov/2025:07:46:36 -0800] "GET /?fileloc=/home/dh_hwg2wc/fnaluxury.com/wp-settings.php&path=/home/dh_hwg2wc/fnaluxury.com HTTP/1.1" 200 9088 "-" "Mozilla/5.0 (compatible; MJ12bot/v1.4.8; http://mj12bot.com/)"
54.37.86.225 - - [06/Nov/2025:07:46:53 -0800] "GET /robots.txt HTTP/1.1" 200 477 "-" "Mozilla/5.0 (compatible; MJ12bot/v1.4.8; http://mj12bot.com/)"
54.37.86.225 - - [06/Nov/2025:07:46:59 -0800] "GET /?fileloc=//etc/alternatives/EXPLAIN.7.gz&path=//etc/alternatives HTTP/1.1" 200 7395 "-" "Mozilla/5.0 (compatible; MJ12bot/v1.4.8; http://mj12bot.com/)"
54.37.86.225 - - [06/Nov/2025:07:47:06 -0800] "GET /?fileloc=//etc/alternatives/conjure-im6.1.gz&path=//etc/alternatives HTTP/1.1" 200 3818 "-" "Mozilla/5.0 (compatible; MJ12bot/v1.4.8; http://mj12bot.com/)"
54.37.86.225 - - [06/Nov/2025:07:47:19 -0800] "GET /?path=//dev/shm/acme_pa.jobl.es HTTP/1.1" 418 693 "-" "Mozilla/5.0 (compatible; MJ12bot/v1.4.8; http://mj12bot.com/)"
54.37.86.225 - - [06/Nov/2025:07:47:33 -0800] "GET /?path=//dev/shm/acme_paddling.andrewabernathy.com HTTP/1.1" 418 693 "-" "Mozilla/5.0 (compatible; MJ12bot/v1.4.8; http://mj12bot.com/)"
54.37.86.225 - - [06/Nov/2025:07:47:47 -0800] "GET /?path=//dev/shm/acme_pamela38.journalismanddesign.com HTTP/1.1" 418 693 "-" "Mozilla/5.0 (compatible; MJ12bot/v1.4.8; http://mj12bot.com/)"
54.37.86.225 - - [06/Nov/2025:07:48:08 -0800] "GET /?path=//dev/shm/acme_patiomarco.360s.mx HTTP/1.1" 418 693 "-" "Mozilla/5.0 (compatible; MJ12bot/v1.4.8; http://mj12bot.com/)"
54.37.86.225 - - [06/Nov/2025:07:48:19 -0800] "GET /?path=//dev/shm/acme_patna.fungirl.in HTTP/1.1" 418 693 "-" "Mozilla/5.0 (compatible; MJ12bot/v1.4.8; http://mj12bot.com/)"
54.37.86.225 - - [06/Nov/2025:07:48:23 -0800] "GET /?path=//dev/shm/acme_patrickkuntz.com HTTP/1.1" 418 693 "-" "Mozilla/5.0 (compatible; MJ12bot/v1.4.8; http://mj12bot.com/)"
54.37.86.225 - - [06/Nov/2025:07:48:41 -0800] "GET /?path=//dev/shm/acme_perth.theaureview.com HTTP/1.1" 418 693 "-" "Mozilla/5.0 (compatible; MJ12bot/v1.4.8; http://mj12bot.com/)"
54.37.86.225 - - [06/Nov/2025:07:48:51 -0800] "GET /?path=//dev/shm/acme_photo.arroniz.mx HTTP/1.1" 418 693 "-" "Mozilla/5.0 (compatible; MJ12bot/v1.4.8; http://mj12bot.com/)"
54.37.86.225 - - [06/Nov/2025:07:49:01 -0800] "GET /?path=//dev/shm/acme_photos.esengo.net HTTP/1.1" 418 693 "-" "Mozilla/5.0 (compatible; MJ12bot/v1.4.8; http://mj12bot.com/)"
54.37.86.225 - - [06/Nov/2025:07:49:11 -0800] "GET /?path=//dev/shm/acme_photos.rsbg.org HTTP/1.1" 418 693 "-" "Mozilla/5.0 (compatible; MJ12bot/v1.4.8; http://mj12bot.com/)"
54.37.86.225 - - [06/Nov/2025:07:49:23 -0800] "GET /?path=//dev/shm/acme_pilot.seeklearngrow.org HTTP/1.1" 418 693 "-" "Mozilla/5.0 (compatible; MJ12bot/v1.4.8; http://mj12bot.com/)"
54.37.86.225 - - [06/Nov/2025:07:49:32 -0800] "GET /?path=//dev/shm/acme_pin3.equinera.org HTTP/1.1" 418 693 "-" "Mozilla/5.0 (compatible; MJ12bot/v1.4.8; http://mj12bot.com/)"
54.37.86.225 - - [06/Nov/2025:07:49:58 -0800] "GET /?path=//dev/shm/acme_pipp.growglide.com HTTP/1.1" 418 693 "-" "Mozilla/5.0 (compatible; MJ12bot/v1.4.8; http://mj12bot.com/)"
144.76.19.157 - - [06/Nov/2025:07:50:03 -0800] "GET /area/west-flagger/?path=/var HTTP/1.1" 200 3637 "-" "Mozilla/5.0 (compatible; BLEXBot/1.0; +https://help.seranking.com/en/blex-crawler)"
54.37.86.225 - - [06/Nov/2025:07:50:18 -0800] "GET /?path=//dev/shm/acme_planner7.equinera.org HTTP/1.1" 418 693 "-" "Mozilla/5.0 (compatible; MJ12bot/v1.4.8; http://mj12bot.com/)"
54.37.86.225 - - [06/Nov/2025:07:50:59 -0800] "GET /?path=//dev/shm/acme_plants.kvtech.net HTTP/1.1" 418 693 "-" "Mozilla/5.0 (compatible; MJ12bot/v1.4.8; http://mj12bot.com/)"
144.76.19.157 - - [06/Nov/2025:07:51:16 -0800] "GET /feature/microwave/?path=/usr HTTP/1.1" 200 3514 "-" "Mozilla/5.0 (compatible; BLEXBot/1.0; +https://help.seranking.com/en/blex-crawler)"
54.37.86.225 - - [06/Nov/2025:07:51:39 -0800] "GET /?path=//dev/shm/acme_poolservice.itseverythingmarketing.com HTTP/1.1" 418 693 "-" "Mozilla/5.0 (compatible; MJ12bot/v1.4.8; http://mj12bot.com/)"
54.37.86.225 - - [06/Nov/2025:07:52:19 -0800] "GET /?path=//dev/shm/acme_portal.crowdgrip.com HTTP/1.1" 418 693 "-" "Mozilla/5.0 (compatible; MJ12bot/v1.4.8; http://mj12bot.com/)"
54.37.86.225 - - [06/Nov/2025:07:52:53 -0800] "GET /?path=//dev/shm/acme_portal.nuviasites.com HTTP/1.1" 418 693 "-" "Mozilla/5.0 (compatible; MJ12bot/v1.4.8; http://mj12bot.com/)"
54.37.86.225 - - [06/Nov/2025:07:53:23 -0800] "GET /?path=//dev/shm/acme_portal.primarycarechandler.com HTTP/1.1" 418 693 "-" "Mozilla/5.0 (compatible; MJ12bot/v1.4.8; http://mj12bot.com/)"
54.37.86.225 - - [06/Nov/2025:07:53:54 -0800] "GET /?path=//dev/shm/acme_portfolio.republikbrandcom.net HTTP/1.1" 418 693 "-" "Mozilla/5.0 (compatible; MJ12bot/v1.4.8; http://mj12bot.com/)"
54.37.86.225 - - [06/Nov/2025:07:54:24 -0800] "GET /?path=//dev/shm/acme_pos.novalfoods.com HTTP/1.1" 418 693 "-" "Mozilla/5.0 (compatible; MJ12bot/v1.4.8; http://mj12bot.com/)"
54.37.86.225 - - [06/Nov/2025:07:54:48 -0800] "GET /?path=//dev/shm/acme_pr.jobl.es HTTP/1.1" 418 693 "-" "Mozilla/5.0 (compatible; MJ12bot/v1.4.8; http://mj12bot.com/)"
144.76.19.157 - - [06/Nov/2025:07:54:52 -0800] "GET /feature/balcony/?path=/lib32 HTTP/1.1" 200 2878 "-" "Mozilla/5.0 (compatible; BLEXBot/1.0; +https://help.seranking.com/en/blex-crawler)"
54.37.86.225 - - [06/Nov/2025:07:55:18 -0800] "GET /?path=//dev/shm/acme_pr.kvtech.net HTTP/1.1" 418 693 "-" "Mozilla/5.0 (compatible; MJ12bot/v1.4.8; http://mj12bot.com/)"
54.37.86.225 - - [06/Nov/2025:07:55:40 -0800] "GET /?path=//dev/shm/acme_pr.yelenasitnikova.com HTTP/1.1" 418 693 "-" "Mozilla/5.0 (compatible; MJ12bot/v1.4.8; http://mj12bot.com/)"
54.37.86.225 - - [06/Nov/2025:07:56:06 -0800] "GET /?path=//dev/shm/acme_preparatorio2019.cehl.com.br HTTP/1.1" 418 693 "-" "Mozilla/5.0 (compatible; MJ12bot/v1.4.8; http://mj12bot.com/)"
54.37.86.225 - - [06/Nov/2025:07:56:31 -0800] "GET /?path=//dev/shm/acme_press.curiostic.com HTTP/1.1" 418 693 "-" "Mozilla/5.0 (compatible; MJ12bot/v1.4.8; http://mj12bot.com/)"
54.37.86.225 - - [06/Nov/2025:07:56:56 -0800] "GET /?path=//dev/shm/acme_print.kvtech.net HTTP/1.1" 418 693 "-" "Mozilla/5.0 (compatible; MJ12bot/v1.4.8; http://mj12bot.com/)"
54.37.86.225 - - [06/Nov/2025:07:57:13 -0800] "GET /?path=//dev/shm/acme_prizes.asianrestaurantmonth.com HTTP/1.1" 418 693 "-" "Mozilla/5.0 (compatible; MJ12bot/v1.4.8; http://mj12bot.com/)"
54.37.86.225 - - [06/Nov/2025:07:57:34 -0800] "GET /?path=//dev/shm/acme_problemsolving2017.kevintuskey.com HTTP/1.1" 418 693 "-" "Mozilla/5.0 (compatible; MJ12bot/v1.4.8; http://mj12bot.com/)"
54.37.86.225 - - [06/Nov/2025:07:57:52 -0800] "GET /?path=//dev/shm/acme_professionalparenting.kevintuskey.com HTTP/1.1" 418 693 "-" "Mozilla/5.0 (compatible; MJ12bot/v1.4.8; http://mj12bot.com/)"
54.37.86.225 - - [06/Nov/2025:07:58:13 -0800] "GET /?path=//dev/shm/acme_projects.morshed-alam.com HTTP/1.1" 418 693 "-" "Mozilla/5.0 (compatible; MJ12bot/v1.4.8; http://mj12bot.com/)"
144.76.19.157 - - [06/Nov/2025:07:58:27 -0800] "GET /feature/microwave/?path=/var HTTP/1.1" 200 3637 "-" "Mozilla/5.0 (compatible; BLEXBot/1.0; +https://help.seranking.com/en/blex-crawler)"
54.37.86.225 - - [06/Nov/2025:07:58:32 -0800] "GET /?path=//dev/shm/acme_projects.mortalken.com HTTP/1.1" 418 693 "-" "Mozilla/5.0 (compatible; MJ12bot/v1.4.8; http://mj12bot.com/)"
54.37.86.225 - - [06/Nov/2025:07:58:48 -0800] "GET /?path=//dev/shm/acme_properties.kvtech.net HTTP/1.1" 418 693 "-" "Mozilla/5.0 (compatible; MJ12bot/v1.4.8; http://mj12bot.com/)"
54.37.86.225 - - [06/Nov/2025:07:59:02 -0800] "GET /?path=//dev/shm/acme_properties.okanaganscouting.ca HTTP/1.1" 418 693 "-" "Mozilla/5.0 (compatible; MJ12bot/v1.4.8; http://mj12bot.com/)"
54.37.86.225 - - [06/Nov/2025:07:59:18 -0800] "GET /?path=//dev/shm/acme_pub.globalhelp.ro HTTP/1.1" 418 693 "-" "Mozilla/5.0 (compatible; MJ12bot/v1.4.8; http://mj12bot.com/)"
54.37.86.225 - - [06/Nov/2025:07:59:34 -0800] "GET /?path=//dev/shm/acme_public.globalmusicmatch.com HTTP/1.1" 418 693 "-" "Mozilla/5.0 (compatible; MJ12bot/v1.4.8; http://mj12bot.com/)"
54.37.86.225 - - [06/Nov/2025:07:59:48 -0800] "GET /?path=//dev/shm/acme_puzzle.tylerhathaway.com HTTP/1.1" 418 693 "-" "Mozilla/5.0 (compatible; MJ12bot/v1.4.8; http://mj12bot.com/)"
54.37.86.225 - - [06/Nov/2025:08:00:00 -0800] "GET /?path=//dev/shm/acme_py.jobl.es HTTP/1.1" 418 693 "-" "Mozilla/5.0 (compatible; MJ12bot/v1.4.8; http://mj12bot.com/)"
54.37.86.225 - - [06/Nov/2025:08:00:12 -0800] "GET /?path=//dev/shm/acme_qa.backoffice.tupaseapp.com HTTP/1.1" 418 693 "-" "Mozilla/5.0 (compatible; MJ12bot/v1.4.8; http://mj12bot.com/)"
54.37.86.225 - - [06/Nov/2025:08:00:37 -0800] "GET /?path=//dev/shm/acme_rawstic.curiostic.com HTTP/1.1" 418 693 "-" "Mozilla/5.0 (compatible; MJ12bot/v1.4.8; http://mj12bot.com/)"
54.37.86.225 - - [06/Nov/2025:08:00:49 -0800] "GET /?path=//dev/shm/acme_reader.bogosian.net HTTP/1.1" 418 693 "-" "Mozilla/5.0 (compatible; MJ12bot/v1.4.8; http://mj12bot.com/)"
144.76.19.157 - - [06/Nov/2025:08:00:53 -0800] "GET /feature/pantry/?path=/libx32 HTTP/1.1" 200 2879 "-" "Mozilla/5.0 (compatible; BLEXBot/1.0; +https://help.seranking.com/en/blex-crawler)"
54.37.86.225 - - [06/Nov/2025:08:01:03 -0800] "GET /?path=//dev/shm/acme_report.bullheadlaughlinnews.com HTTP/1.1" 418 693 "-" "Mozilla/5.0 (compatible; MJ12bot/v1.4.8; http://mj12bot.com/)"
54.37.86.225 - - [06/Nov/2025:08:01:16 -0800] "GET /?path=//dev/shm/acme_reverb.kevintuskey.com HTTP/1.1" 418 693 "-" "Mozilla/5.0 (compatible; MJ12bot/v1.4.8; http://mj12bot.com/)"
54.37.86.225 - - [06/Nov/2025:08:01:28 -0800] "GET /?path=//dev/shm/acme_review.you-inspireme.com HTTP/1.1" 418 693 "-" "Mozilla/5.0 (compatible; MJ12bot/v1.4.8; http://mj12bot.com/)"
54.37.86.225 - - [06/Nov/2025:08:01:40 -0800] "GET /?path=//dev/shm/acme_rezerve.studijasievietem.lv HTTP/1.1" 418 693 "-" "Mozilla/5.0 (compatible; MJ12bot/v1.4.8; http://mj12bot.com/)"
54.37.86.225 - - [06/Nov/2025:08:02:02 -0800] "GET /?path=//dev/shm/acme_rich.roqueshauling.com HTTP/1.1" 418 693 "-" "Mozilla/5.0 (compatible; MJ12bot/v1.4.8; http://mj12bot.com/)"
144.76.19.157 - - [06/Nov/2025:08:02:05 -0800] "GET /feature/balcony/?path=/lib64 HTTP/1.1" 200 3162 "-" "Mozilla/5.0 (compatible; BLEXBot/1.0; +https://help.seranking.com/en/blex-crawler)"
54.37.86.225 - - [06/Nov/2025:08:02:16 -0800] "GET /?path=//dev/shm/acme_rickbrugger.com HTTP/1.1" 418 693 "-" "Mozilla/5.0 (compatible; MJ12bot/v1.4.8; http://mj12bot.com/)"
54.37.86.225 - - [06/Nov/2025:08:02:27 -0800] "GET /?path=//dev/shm/acme_rickbruggerrealtor.com HTTP/1.1" 418 693 "-" "Mozilla/5.0 (compatible; MJ12bot/v1.4.8; http://mj12bot.com/)"
54.37.86.225 - - [06/Nov/2025:08:02:38 -0800] "GET /?path=//dev/shm/acme_rishikesh.fungirl.in HTTP/1.1" 418 693 "-" "Mozilla/5.0 (compatible; MJ12bot/v1.4.8; http://mj12bot.com/)"
54.37.86.225 - - [06/Nov/2025:08:02:49 -0800] "GET /?path=//dev/shm/acme_robots.thearbweb.com HTTP/1.1" 418 693 "-" "Mozilla/5.0 (compatible; MJ12bot/v1.4.8; http://mj12bot.com/)"
54.37.86.225 - - [06/Nov/2025:08:03:01 -0800] "GET /?path=//dev/shm/acme_rss.e-designstock.com HTTP/1.1" 418 693 "-" "Mozilla/5.0 (compatible; MJ12bot/v1.4.8; http://mj12bot.com/)"
54.37.86.225 - - [06/Nov/2025:08:03:13 -0800] "GET /?path=//dev/shm/acme_rss.equusalmatinicus.com HTTP/1.1" 418 693 "-" "Mozilla/5.0 (compatible; MJ12bot/v1.4.8; http://mj12bot.com/)"
54.37.86.225 - - [06/Nov/2025:08:03:25 -0800] "GET /?path=//dev/shm/acme_rss.verish-ili.net HTTP/1.1" 418 693 "-" "Mozilla/5.0 (compatible; MJ12bot/v1.4.8; http://mj12bot.com/)"
54.37.86.225 - - [06/Nov/2025:08:03:39 -0800] "GET /?path=//dev/shm/acme_rss2.e-designstock.com HTTP/1.1" 418 693 "-" "Mozilla/5.0 (compatible; MJ12bot/v1.4.8; http://mj12bot.com/)"
54.37.86.225 - - [06/Nov/2025:08:03:50 -0800] "GET /?path=//dev/shm/acme_ru.ogrevet.lv HTTP/1.1" 418 693 "-" "Mozilla/5.0 (compatible; MJ12bot/v1.4.8; http://mj12bot.com/)"
54.37.86.225 - - [06/Nov/2025:08:04:03 -0800] "GET /?path=//dev/shm/acme_rubicon.the-collective.net HTTP/1.1" 418 693 "-" "Mozilla/5.0 (compatible; MJ12bot/v1.4.8; http://mj12bot.com/)"
54.37.86.225 - - [06/Nov/2025:08:04:12 -0800] "GET /?path=//dev/shm/acme_rules.larrabeehoa.com HTTP/1.1" 418 693 "-" "Mozilla/5.0 (compatible; MJ12bot/v1.4.8; http://mj12bot.com/)"
54.37.86.225 - - [06/Nov/2025:08:04:23 -0800] "GET /?path=//dev/shm/acme_ruymadsen.cehl.com.br HTTP/1.1" 418 693 "-" "Mozilla/5.0 (compatible; MJ12bot/v1.4.8; http://mj12bot.com/)"
144.76.19.157 - - [06/Nov/2025:08:04:29 -0800] "GET /feature/balcony/?path=/media HTTP/1.1" 200 2876 "-" "Mozilla/5.0 (compatible; BLEXBot/1.0; +https://help.seranking.com/en/blex-crawler)"
54.37.86.225 - - [06/Nov/2025:08:04:33 -0800] "GET /?path=//dev/shm/acme_saas.legareknows.com HTTP/1.1" 418 693 "-" "Mozilla/5.0 (compatible; MJ12bot/v1.4.8; http://mj12bot.com/)"
54.37.86.225 - - [06/Nov/2025:08:04:43 -0800] "GET /?path=//dev/shm/acme_safer.mindfulrecoveries.com HTTP/1.1" 418 693 "-" "Mozilla/5.0 (compatible; MJ12bot/v1.4.8; http://mj12bot.com/)"
54.37.86.225 - - [06/Nov/2025:08:04:53 -0800] "GET /?path=//dev/shm/acme_sandbox.goddessworks.biz HTTP/1.1" 418 693 "-" "Mozilla/5.0 (compatible; MJ12bot/v1.4.8; http://mj12bot.com/)"
54.37.86.225 - - [06/Nov/2025:08:05:04 -0800] "GET /?path=//dev/shm/acme_sandbox.mapptechnology.com HTTP/1.1" 418 693 "-" "Mozilla/5.0 (compatible; MJ12bot/v1.4.8; http://mj12bot.com/)"
54.37.86.225 - - [06/Nov/2025:08:05:14 -0800] "GET /?path=//dev/shm/acme_santafe.gleeson.us HTTP/1.1" 418 693 "-" "Mozilla/5.0 (compatible; MJ12bot/v1.4.8; http://mj12bot.com/)"
54.37.86.225 - - [06/Nov/2025:08:05:23 -0800] "GET /?path=//dev/shm/acme_sasa.blog HTTP/1.1" 418 693 "-" "Mozilla/5.0 (compatible; MJ12bot/v1.4.8; http://mj12bot.com/)"
54.37.86.225 - - [06/Nov/2025:08:05:33 -0800] "GET /?path=//dev/shm/acme_sbf.kvtech.net HTTP/1.1" 418 693 "-" "Mozilla/5.0 (compatible; MJ12bot/v1.4.8; http://mj12bot.com/)"
54.37.86.225 - - [06/Nov/2025:08:05:42 -0800] "GET /?path=//dev/shm/acme_schedule.shakoordental.com HTTP/1.1" 418 693 "-" "Mozilla/5.0 (compatible; MJ12bot/v1.4.8; http://mj12bot.com/)"
54.37.86.225 - - [06/Nov/2025:08:05:52 -0800] "GET /?path=//dev/shm/acme_scia.calontir.org HTTP/1.1" 418 693 "-" "Mozilla/5.0 (compatible; MJ12bot/v1.4.8; http://mj12bot.com/)"
54.37.86.225 - - [06/Nov/2025:08:06:02 -0800] "GET /?path=//dev/shm/acme_se.wbledfo.com HTTP/1.1" 418 693 "-" "Mozilla/5.0 (compatible; MJ12bot/v1.4.8; http://mj12bot.com/)"
54.37.86.225 - - [06/Nov/2025:08:06:12 -0800] "GET /?path=//dev/shm/acme_seattleaces.org HTTP/1.1" 418 693 "-" "Mozilla/5.0 (compatible; MJ12bot/v1.4.8; http://mj12bot.com/)"
54.37.86.225 - - [06/Nov/2025:08:06:22 -0800] "GET /?path=//dev/shm/acme_secure.peakeserver.com HTTP/1.1" 418 693 "-" "Mozilla/5.0 (compatible; MJ12bot/v1.4.8; http://mj12bot.com/)"
54.37.86.225 - - [06/Nov/2025:08:06:36 -0800] "GET /?path=//dev/shm/acme_senda.360s.mx HTTP/1.1" 418 693 "-" "Mozilla/5.0 (compatible; MJ12bot/v1.4.8; http://mj12bot.com/)"
54.37.86.225 - - [06/Nov/2025:08:06:47 -0800] "GET /?path=//dev/shm/acme_serenity.driss.me HTTP/1.1" 418 693 "-" "Mozilla/5.0 (compatible; MJ12bot/v1.4.8; http://mj12bot.com/)"
54.37.86.225 - - [06/Nov/2025:08:06:56 -0800] "GET /?path=//dev/shm/acme_settalpay.driss.me HTTP/1.1" 418 693 "-" "Mozilla/5.0 (compatible; MJ12bot/v1.4.8; http://mj12bot.com/)"
54.37.86.225 - - [06/Nov/2025:08:07:06 -0800] "GET /?path=//dev/shm/acme_sew.appsreviewshub.com HTTP/1.1" 418 693 "-" "Mozilla/5.0 (compatible; MJ12bot/v1.4.8; http://mj12bot.com/)"
54.37.86.225 - - [06/Nov/2025:08:07:20 -0800] "GET /?path=//dev/shm/acme_shelfy.wuce.rocks HTTP/1.1" 418 693 "-" "Mozilla/5.0 (compatible; MJ12bot/v1.4.8; http://mj12bot.com/)"
54.37.86.225 - - [06/Nov/2025:08:07:29 -0800] "GET /?path=//dev/shm/acme_shift.kevin-bui.com HTTP/1.1" 418 693 "-" "Mozilla/5.0 (compatible; MJ12bot/v1.4.8; http://mj12bot.com/)"
54.37.86.225 - - [06/Nov/2025:08:07:39 -0800] "GET /?path=//dev/shm/acme_shl0ms.creator.xyz HTTP/1.1" 418 693 "-" "Mozilla/5.0 (compatible; MJ12bot/v1.4.8; http://mj12bot.com/)"
54.37.86.225 - - [06/Nov/2025:08:07:48 -0800] "GET /?path=//dev/shm/acme_shop.feebeeglee.com HTTP/1.1" 418 693 "-" "Mozilla/5.0 (compatible; MJ12bot/v1.4.8; http://mj12bot.com/)"
54.37.86.225 - - [06/Nov/2025:08:07:57 -0800] "GET /?path=//dev/shm/acme_shop.fusedcreations.com HTTP/1.1" 418 693 "-" "Mozilla/5.0 (compatible; MJ12bot/v1.4.8; http://mj12bot.com/)"
144.76.19.157 - - [06/Nov/2025:08:08:04 -0800] "GET /feature/tv-cable/?path=/boot HTTP/1.1" 200 2877 "-" "Mozilla/5.0 (compatible; BLEXBot/1.0; +https://help.seranking.com/en/blex-crawler)"
54.37.86.225 - - [06/Nov/2025:08:08:07 -0800] "GET /?path=//dev/shm/acme_sika.360s.mx HTTP/1.1" 418 693 "-" "Mozilla/5.0 (compatible; MJ12bot/v1.4.8; http://mj12bot.com/)"
54.37.86.225 - - [06/Nov/2025:08:08:17 -0800] "GET /?path=//dev/shm/acme_singlestone.kevintuskey.com HTTP/1.1" 418 693 "-" "Mozilla/5.0 (compatible; MJ12bot/v1.4.8; http://mj12bot.com/)"
54.37.86.225 - - [06/Nov/2025:08:08:26 -0800] "GET /?path=//dev/shm/acme_sistema.conceitoartesanato.com.br HTTP/1.1" 418 693 "-" "Mozilla/5.0 (compatible; MJ12bot/v1.4.8; http://mj12bot.com/)"
54.37.86.225 - - [06/Nov/2025:08:08:36 -0800] "GET /?path=//dev/shm/acme_sistema.eylemspa.com HTTP/1.1" 418 693 "-" "Mozilla/5.0 (compatible; MJ12bot/v1.4.8; http://mj12bot.com/)"
54.37.86.225 - - [06/Nov/2025:08:08:46 -0800] "GET /?path=//dev/shm/acme_site.cehl.com.br HTTP/1.1" 418 693 "-" "Mozilla/5.0 (compatible; MJ12bot/v1.4.8; http://mj12bot.com/)"
54.37.86.225 - - [06/Nov/2025:08:08:56 -0800] "GET /?path=//dev/shm/acme_sliceutilities.omegamagnus.com HTTP/1.1" 418 693 "-" "Mozilla/5.0 (compatible; MJ12bot/v1.4.8; http://mj12bot.com/)"
54.37.86.225 - - [06/Nov/2025:08:09:05 -0800] "GET /?path=//dev/shm/acme_smash.creator.xyz HTTP/1.1" 418 693 "-" "Mozilla/5.0 (compatible; MJ12bot/v1.4.8; http://mj12bot.com/)"
144.76.19.157 - - [06/Nov/2025:08:09:17 -0800] "GET /feature/tv-cable/?path=/proc HTTP/1.1" 200 5269 "-" "Mozilla/5.0 (compatible; BLEXBot/1.0; +https://help.seranking.com/en/blex-crawler)"
170.106.193.108 - - [06/Nov/2025:08:10:05 -0800] "GET /?path=/home/dh_hwg2wc/fnaluxury.com/.dh-diag/diag HTTP/1.1" 200 3256 "-" "Mozilla/5.0 (iPhone; CPU iPhone OS 13_2_3 like Mac OS X) AppleWebKit/605.1.15 (KHTML, like Gecko) Version/13.0.3 Mobile/15E148 Safari/604.1"
144.76.19.157 - - [06/Nov/2025:08:11:38 -0800] "GET /feature/tv-cable/?path=/root HTTP/1.1" 200 2876 "-" "Mozilla/5.0 (compatible; BLEXBot/1.0; +https://help.seranking.com/en/blex-crawler)"
51.75.116.210 - - [06/Nov/2025:08:12:41 -0800] "GET /robots.txt HTTP/1.1" 200 477 "-" "Mozilla/5.0 (compatible; MJ12bot/v1.4.8; http://mj12bot.com/)"
51.75.116.210 - - [06/Nov/2025:08:12:56 -0800] "GET /?fileloc=/home/dh_hwg2wc/fnaluxury.com/wp-signup.php&path=/home/dh_hwg2wc/fnaluxury.com HTTP/1.1" 200 11281 "-" "Mozilla/5.0 (compatible; MJ12bot/v1.4.8; http://mj12bot.com/)"
144.76.19.157 - - [06/Nov/2025:08:14:02 -0800] "GET /feature/tv-cable/?path=/sbin HTTP/1.1" 200 24829 "-" "Mozilla/5.0 (compatible; BLEXBot/1.0; +https://help.seranking.com/en/blex-crawler)"
144.76.19.157 - - [06/Nov/2025:08:16:26 -0800] "GET /invoice/invoice-73/?path=/dh HTTP/1.1" 200 3464 "-" "Mozilla/5.0 (compatible; BLEXBot/1.0; +https://help.seranking.com/en/blex-crawler)"
195.179.229.55 - - [06/Nov/2025:08:18:14 -0800] "GET /robots.txt HTTP/1.1" 200 477 "-" "Mozilla/5.0 (compatible; MJ12bot/v1.4.8; http://mj12bot.com/)"
195.179.229.55 - - [06/Nov/2025:08:18:27 -0800] "GET /?path=//dev/shm/acme_water.verish-ili.net HTTP/1.1" 418 693 "-" "Mozilla/5.0 (compatible; MJ12bot/v1.4.8; http://mj12bot.com/)"
195.179.229.55 - - [06/Nov/2025:08:19:20 -0800] "GET /?path=//dev/shm/apache2-yak HTTP/1.1" 418 693 "-" "Mozilla/5.0 (compatible; MJ12bot/v1.4.8; http://mj12bot.com/)"
5.182.17.87 - - [06/Nov/2025:08:19:39 -0800] "GET /robots.txt HTTP/1.1" 200 477 "-" "Mozilla/5.0 (compatible; MJ12bot/v1.4.8; http://mj12bot.com/)"
144.76.19.157 - - [06/Nov/2025:08:19:58 -0800] "GET /invoice/invoice-76/?path=/dh HTTP/1.1" 200 3464 "-" "Mozilla/5.0 (compatible; BLEXBot/1.0; +https://help.seranking.com/en/blex-crawler)"
5.182.17.87 - - [06/Nov/2025:08:20:16 -0800] "GET /?path=//dh/web/parking HTTP/1.1" 200 3315 "-" "Mozilla/5.0 (compatible; MJ12bot/v1.4.8; http://mj12bot.com/)"
144.76.19.157 - - [06/Nov/2025:08:21:10 -0800] "GET /partner/envato-5/?path=/boot HTTP/1.1" 200 2877 "-" "Mozilla/5.0 (compatible; BLEXBot/1.0; +https://help.seranking.com/en/blex-crawler)"
5.182.17.87 - - [06/Nov/2025:08:22:18 -0800] "GET /?path=//etc/.java/.systemPrefs HTTP/1.1" 200 3224 "-" "Mozilla/5.0 (compatible; MJ12bot/v1.4.8; http://mj12bot.com/)"
144.76.19.157 - - [06/Nov/2025:08:23:31 -0800] "GET /partner/envato-5/?path=/proc HTTP/1.1" 200 5266 "-" "Mozilla/5.0 (compatible; BLEXBot/1.0; +https://help.seranking.com/en/blex-crawler)"
5.182.17.87 - - [06/Nov/2025:08:24:42 -0800] "GET /?path=//etc/ModemManager/connection.d HTTP/1.1" 200 2864 "-" "Mozilla/5.0 (compatible; MJ12bot/v1.4.8; http://mj12bot.com/)"
5.182.17.87 - - [06/Nov/2025:08:25:31 -0800] "GET /?path=//etc/ModemManager/fcc-unlock.d HTTP/1.1" 200 2866 "-" "Mozilla/5.0 (compatible; MJ12bot/v1.4.8; http://mj12bot.com/)"
144.76.19.157 - - [06/Nov/2025:08:25:52 -0800] "GET /partner/envato-5/?path=/root HTTP/1.1" 200 2876 "-" "Mozilla/5.0 (compatible; BLEXBot/1.0; +https://help.seranking.com/en/blex-crawler)"
36.111.67.189 - - [06/Nov/2025:08:26:19 -0800] "GET / HTTP/1.1" 429 448 "-" "Mozilla/5.0 (iPhone; CPU iPhone OS 13_2_3 like Mac OS X) AppleWebKit/605.1.15 (KHTML, like Gecko) Version/13.0.3 Mobile/15E148 Safari/604.1"
5.182.17.87 - - [06/Nov/2025:08:27:15 -0800] "GET /?path=//etc/NetworkManager/conf.d HTTP/1.1" 200 3183 "-" "Mozilla/5.0 (compatible; MJ12bot/v1.4.8; http://mj12bot.com/)"
5.182.17.87 - - [06/Nov/2025:08:27:41 -0800] "GET /?path=//etc/NetworkManager/dispatcher.d HTTP/1.1" 200 3137 "-" "Mozilla/5.0 (compatible; MJ12bot/v1.4.8; http://mj12bot.com/)"
43.173.177.217 - - [06/Nov/2025:08:27:43 -0800] "GET / HTTP/1.1" 200 4425 "-" "Mozilla/5.0 (Windows NT 6.1; Win64; x64) AppleWebKit/537.36 (KHTML, like Gecko) Chrome/126.0.6478.114 Safari/537.36"
144.76.19.157 - - [06/Nov/2025:08:28:12 -0800] "GET /partner/envato-5/?path=/sbin HTTP/1.1" 200 24829 "-" "Mozilla/5.0 (compatible; BLEXBot/1.0; +https://help.seranking.com/en/blex-crawler)"
5.182.17.87 - - [06/Nov/2025:08:29:07 -0800] "GET /?path=//etc/X11/Xreset.d HTTP/1.1" 200 3130 "-" "Mozilla/5.0 (compatible; MJ12bot/v1.4.8; http://mj12bot.com/)"
5.182.17.87 - - [06/Nov/2025:08:29:48 -0800] "GET /?path=//etc/X11/Xresources HTTP/1.1" 200 3133 "-" "Mozilla/5.0 (compatible; MJ12bot/v1.4.8; http://mj12bot.com/)"
5.182.17.87 - - [06/Nov/2025:08:30:33 -0800] "GET /?path=//etc/X11/Xsession.d HTTP/1.1" 200 3645 "-" "Mozilla/5.0 (compatible; MJ12bot/v1.4.8; http://mj12bot.com/)"
144.76.19.157 - - [06/Nov/2025:08:30:34 -0800] "GET /property-type/plot/?path=/bin HTTP/1.1" 200 95981 "-" "Mozilla/5.0 (compatible; BLEXBot/1.0; +https://help.seranking.com/en/blex-crawler)"
5.182.17.87 - - [06/Nov/2025:08:31:11 -0800] "GET /?path=//etc/X11/app-defaults HTTP/1.1" 200 3539 "-" "Mozilla/5.0 (compatible; MJ12bot/v1.4.8; http://mj12bot.com/)"
5.182.17.87 - - [06/Nov/2025:08:31:42 -0800] "GET /?path=//etc/X11/xkb HTTP/1.1" 200 2852 "-" "Mozilla/5.0 (compatible; MJ12bot/v1.4.8; http://mj12bot.com/)"
144.76.19.157 - - [06/Nov/2025:08:31:44 -0800] "GET /?path=/home/dh_hwg2wc/.wp-cli HTTP/1.1" 200 3137 "-" "Mozilla/5.0 (compatible; BLEXBot/1.0; +https://help.seranking.com/en/blex-crawler)"
5.182.17.87 - - [06/Nov/2025:08:32:05 -0800] "GET /?path=//etc/X11/xorg.conf.d HTTP/1.1" 200 2857 "-" "Mozilla/5.0 (compatible; MJ12bot/v1.4.8; http://mj12bot.com/)"
144.76.19.157 - - [06/Nov/2025:08:32:54 -0800] "GET /feature/laundry/?path=/libx32 HTTP/1.1" 200 2879 "-" "Mozilla/5.0 (compatible; BLEXBot/1.0; +https://help.seranking.com/en/blex-crawler)"
85.190.254.48 - - [06/Nov/2025:08:37:52 -0800] "GET /robots.txt HTTP/1.1" 200 477 "-" "Mozilla/5.0 (compatible; MJ12bot/v1.4.8; http://mj12bot.com/)"
85.190.254.48 - - [06/Nov/2025:08:38:24 -0800] "GET /?path=//dh/web/parking HTTP/1.1" 200 3315 "-" "Mozilla/5.0 (compatible; MJ12bot/v1.4.8; http://mj12bot.com/)"
85.190.254.48 - - [06/Nov/2025:08:40:02 -0800] "GET /?path=//etc/.java/.systemPrefs HTTP/1.1" 200 3180 "-" "Mozilla/5.0 (compatible; MJ12bot/v1.4.8; http://mj12bot.com/)"
85.190.254.48 - - [06/Nov/2025:08:42:01 -0800] "GET /?path=//etc/ModemManager/connection.d HTTP/1.1" 200 2908 "-" "Mozilla/5.0 (compatible; MJ12bot/v1.4.8; http://mj12bot.com/)"
85.190.254.48 - - [06/Nov/2025:08:42:26 -0800] "GET /?path=//etc/ModemManager/fcc-unlock.d HTTP/1.1" 200 2866 "-" "Mozilla/5.0 (compatible; MJ12bot/v1.4.8; http://mj12bot.com/)"
189.84.181.254 - - [06/Nov/2025:08:42:55 -0800] "GET http://www.fnaluxury.com/?fileloc=/home/dh_hwg2wc/fnaluxury.com/php.ini&path=/home/dh_hwg2wc/fnaluxury.com HTTP/1.1" 200 2785 "-" "Mozilla/5.0 (Windows NT 10.0; Win64; x64) AppleWebKit/537.36 (KHTML, like Gecko) Chrome/129.0.0.0 Safari/537.36"
85.190.254.48 - - [06/Nov/2025:08:43:56 -0800] "GET /?path=//etc/NetworkManager/conf.d HTTP/1.1" 200 3139 "-" "Mozilla/5.0 (compatible; MJ12bot/v1.4.8; http://mj12bot.com/)"
195.179.229.55 - - [06/Nov/2025:08:45:07 -0800] "GET /?path=//dh/etc/clean HTTP/1.1" 200 4346 "-" "Mozilla/5.0 (compatible; MJ12bot/v1.4.8; http://mj12bot.com/)"
195.179.229.55 - - [06/Nov/2025:08:45:18 -0800] "GET /?path=//dh/etc/client HTTP/1.1" 200 3129 "-" "Mozilla/5.0 (compatible; MJ12bot/v1.4.8; http://mj12bot.com/)"
195.179.229.55 - - [06/Nov/2025:08:45:25 -0800] "GET /?path=//dh/etc/demime HTTP/1.1" 200 3131 "-" "Mozilla/5.0 (compatible; MJ12bot/v1.4.8; http://mj12bot.com/)"
195.179.229.55 - - [06/Nov/2025:08:45:33 -0800] "GET /?path=//dh/etc/localdata HTTP/1.1" 200 3293 "-" "Mozilla/5.0 (compatible; MJ12bot/v1.4.8; http://mj12bot.com/)"
195.179.229.55 - - [06/Nov/2025:08:45:41 -0800] "GET /?path=//dh/etc/php-ini HTTP/1.1" 200 2853 "-" "Mozilla/5.0 (compatible; MJ12bot/v1.4.8; http://mj12bot.com/)"
195.179.229.55 - - [06/Nov/2025:08:45:51 -0800] "GET /?path=//dh/etc/procwatch HTTP/1.1" 200 3192 "-" "Mozilla/5.0 (compatible; MJ12bot/v1.4.8; http://mj12bot.com/)"
195.179.229.55 - - [06/Nov/2025:08:46:03 -0800] "GET /?path=//dh/etc/skel HTTP/1.1" 200 3147 "-" "Mozilla/5.0 (compatible; MJ12bot/v1.4.8; http://mj12bot.com/)"
195.179.229.55 - - [06/Nov/2025:08:46:22 -0800] "GET /?path=//dh/perl/Dh HTTP/1.1" 200 3121 "-" "Mozilla/5.0 (compatible; MJ12bot/v1.4.8; http://mj12bot.com/)"
195.179.229.55 - - [06/Nov/2025:08:46:53 -0800] "GET /?path=//dh/var/localdata HTTP/1.1" 200 3330 "-" "Mozilla/5.0 (compatible; MJ12bot/v1.4.8; http://mj12bot.com/)"
195.179.229.55 - - [06/Nov/2025:08:47:31 -0800] "GET /?path=//dh/web/diag HTTP/1.1" 200 3218 "-" "Mozilla/5.0 (compatible; MJ12bot/v1.4.8; http://mj12bot.com/)"
195.179.229.55 - - [06/Nov/2025:08:47:39 -0800] "GET /?path=//dh/web/missing HTTP/1.1" 200 3125 "-" "Mozilla/5.0 (compatible; MJ12bot/v1.4.8; http://mj12bot.com/)"
170.205.28.244 - - [06/Nov/2025:09:00:28 -0800] "POST /wp-login.php HTTP/1.1" 429 501 "http://fnaluxury.com/wp-admin/" "Mozilla/5.0 (Macintosh; Intel Mac OS X 10_15_7) AppleWebKit/537.36 (KHTML, like Gecko) Chrome/92.0.4515.107 Safari/537.36"
170.205.28.244 - - [06/Nov/2025:09:00:29 -0800] "GET /wp-admin/ HTTP/1.1" 429 500 "https://www.google.com" "Mozilla/5.0 (Windows NT 10.0; Win64; x64) AppleWebKit/537.36 (KHTML, like Gecko) Chrome/90.0.4430.85 Safari/537.36"
85.190.254.48 - - [06/Nov/2025:09:10:41 -0800] "GET /?path=//etc/NetworkManager/dispatcher.d HTTP/1.1" 200 3181 "-" "Mozilla/5.0 (compatible; MJ12bot/v1.4.8; http://mj12bot.com/)"
85.190.254.48 - - [06/Nov/2025:09:12:15 -0800] "GET /?path=//etc/X11/Xreset.d HTTP/1.1" 200 3130 "-" "Mozilla/5.0 (compatible; MJ12bot/v1.4.8; http://mj12bot.com/)"
85.190.254.48 - - [06/Nov/2025:09:12:53 -0800] "GET /?path=//etc/X11/Xresources HTTP/1.1" 200 3133 "-" "Mozilla/5.0 (compatible; MJ12bot/v1.4.8; http://mj12bot.com/)"
85.190.254.48 - - [06/Nov/2025:09:13:12 -0800] "GET /?path=//etc/X11/Xsession.d HTTP/1.1" 200 3645 "-" "Mozilla/5.0 (compatible; MJ12bot/v1.4.8; http://mj12bot.com/)"
85.190.254.48 - - [06/Nov/2025:09:13:26 -0800] "GET /?path=//etc/X11/app-defaults HTTP/1.1" 200 3539 "-" "Mozilla/5.0 (compatible; MJ12bot/v1.4.8; http://mj12bot.com/)"
85.190.254.48 - - [06/Nov/2025:09:13:49 -0800] "GET /?path=//etc/X11/xkb HTTP/1.1" 200 2852 "-" "Mozilla/5.0 (compatible; MJ12bot/v1.4.8; http://mj12bot.com/)"
85.190.254.48 - - [06/Nov/2025:09:14:12 -0800] "GET /?path=//etc/X11/xorg.conf.d HTTP/1.1" 200 2857 "-" "Mozilla/5.0 (compatible; MJ12bot/v1.4.8; http://mj12bot.com/)"
147.135.215.173 - - [06/Nov/2025:09:51:29 -0800] "GET /robots.txt HTTP/1.1" 200 477 "-" "Mozilla/5.0 (compatible; MJ12bot/v1.4.8; http://mj12bot.com/)"
170.205.28.244 - - [06/Nov/2025:09:51:41 -0800] "POST /wp-login.php HTTP/1.1" 429 501 "http://fnaluxury.com/wp-admin/" "Mozilla/5.0 (Windows NT 10.0; Win64; x64) AppleWebKit/537.36 (KHTML, like Gecko) Chrome/95.0.4638.54 Safari/537.36"
170.205.28.244 - - [06/Nov/2025:09:51:42 -0800] "GET /wp-admin/ HTTP/1.1" 429 500 "https://www.google.com" "Mozilla/5.0 (Windows NT 10.0; Win64; x64) AppleWebKit/537.36 (KHTML, like Gecko) Chrome/90.0.4430.85 Safari/537.36"
185.26.236.83 - - [06/Nov/2025:09:58:18 -0800] "HEAD / HTTP/1.1" 200 276 "https://www.fnaluxury.com/" "Mozilla/5.0 (Windows NT 10.0; Win64; x64) AppleWebKit/537.36 (KHTML, like Gecko) Chrome/91.0.4472.124 Safari/537.36"
173.211.15.110 - - [06/Nov/2025:10:08:55 -0800] "GET / HTTP/1.1" 200 4462 "-" "Mozilla/5.0 (Windows NT 10.0; WOW64; rv:82.0) Gecko/20100101 Firefox/82.0"
147.135.215.173 - - [06/Nov/2025:10:22:28 -0800] "GET /?fileloc=/home/dh_hwg2wc/fnaluxury.com/wp-trackback.php&path=/home/dh_hwg2wc/fnaluxury.com HTTP/1.1" 200 4754 "-" "Mozilla/5.0 (compatible; MJ12bot/v1.4.8; http://mj12bot.com/)"
147.135.215.173 - - [06/Nov/2025:10:22:33 -0800] "GET /robots.txt HTTP/1.1" 200 477 "-" "Mozilla/5.0 (compatible; MJ12bot/v1.4.8; http://mj12bot.com/)"
147.135.215.173 - - [06/Nov/2025:10:22:37 -0800] "GET /?path=//dev/shm/acme_water2.verish-ili.net HTTP/1.1" 418 693 "-" "Mozilla/5.0 (compatible; MJ12bot/v1.4.8; http://mj12bot.com/)"
147.135.215.173 - - [06/Nov/2025:10:22:40 -0800] "GET /?path=//dev/shm/acme_water3.equinera.org HTTP/1.1" 418 693 "-" "Mozilla/5.0 (compatible; MJ12bot/v1.4.8; http://mj12bot.com/)"
147.135.215.173 - - [06/Nov/2025:10:22:44 -0800] "GET /?path=//dev/shm/acme_weddings.ericshropshire.com HTTP/1.1" 418 693 "-" "Mozilla/5.0 (compatible; MJ12bot/v1.4.8; http://mj12bot.com/)"
147.135.215.173 - - [06/Nov/2025:10:22:56 -0800] "GET /?path=//dev/shm/acme_westumbria.calontir.org HTTP/1.1" 418 693 "-" "Mozilla/5.0 (compatible; MJ12bot/v1.4.8; http://mj12bot.com/)"
147.135.215.173 - - [06/Nov/2025:10:23:04 -0800] "GET /?path=//dev/shm/acme_wiki.chaiyoinc.com HTTP/1.1" 418 693 "-" "Mozilla/5.0 (compatible; MJ12bot/v1.4.8; http://mj12bot.com/)"
147.135.215.173 - - [06/Nov/2025:10:23:13 -0800] "GET /?path=//dev/shm/acme_wiki.thearbweb.com HTTP/1.1" 418 693 "-" "Mozilla/5.0 (compatible; MJ12bot/v1.4.8; http://mj12bot.com/)"
147.135.215.173 - - [06/Nov/2025:10:23:20 -0800] "GET /?path=//dev/shm/acme_wiki.ysgard.org HTTP/1.1" 418 693 "-" "Mozilla/5.0 (compatible; MJ12bot/v1.4.8; http://mj12bot.com/)"
147.135.215.173 - - [06/Nov/2025:10:23:29 -0800] "GET /?path=//dev/shm/acme_withboost.com HTTP/1.1" 418 693 "-" "Mozilla/5.0 (compatible; MJ12bot/v1.4.8; http://mj12bot.com/)"
147.135.215.173 - - [06/Nov/2025:10:23:37 -0800] "GET /?path=//dev/shm/acme_woma.driss.me HTTP/1.1" 418 693 "-" "Mozilla/5.0 (compatible; MJ12bot/v1.4.8; http://mj12bot.com/)"
147.135.215.173 - - [06/Nov/2025:10:23:45 -0800] "GET /?path=//dev/shm/acme_womatraining.driss.me HTTP/1.1" 418 693 "-" "Mozilla/5.0 (compatible; MJ12bot/v1.4.8; http://mj12bot.com/)"
147.135.215.173 - - [06/Nov/2025:10:23:53 -0800] "GET /?path=//dev/shm/acme_wordgen.serpmedia.org HTTP/1.1" 418 693 "-" "Mozilla/5.0 (compatible; MJ12bot/v1.4.8; http://mj12bot.com/)"
147.135.215.173 - - [06/Nov/2025:10:24:01 -0800] "GET /?path=//dev/shm/acme_wp.amberhollister.com HTTP/1.1" 418 693 "-" "Mozilla/5.0 (compatible; MJ12bot/v1.4.8; http://mj12bot.com/)"
147.135.215.173 - - [06/Nov/2025:10:24:09 -0800] "GET /?path=//dev/shm/acme_wp.d2tlabs.xyz HTTP/1.1" 418 693 "-" "Mozilla/5.0 (compatible; MJ12bot/v1.4.8; http://mj12bot.com/)"
147.135.215.173 - - [06/Nov/2025:10:24:17 -0800] "GET /?path=//dev/shm/acme_wp.wheelofhealth.io HTTP/1.1" 418 693 "-" "Mozilla/5.0 (compatible; MJ12bot/v1.4.8; http://mj12bot.com/)"
147.135.215.173 - - [06/Nov/2025:10:24:25 -0800] "GET /?path=//dev/shm/acme_wyverncliffe.calontir.org HTTP/1.1" 418 693 "-" "Mozilla/5.0 (compatible; MJ12bot/v1.4.8; http://mj12bot.com/)"
147.135.215.173 - - [06/Nov/2025:10:24:33 -0800] "GET /?path=//dev/shm/acme_xmas.e-designstock.com HTTP/1.1" 418 693 "-" "Mozilla/5.0 (compatible; MJ12bot/v1.4.8; http://mj12bot.com/)"
147.135.215.173 - - [06/Nov/2025:10:24:41 -0800] "GET /?path=//dev/shm/acme_xmas3.appsreviewshub.com HTTP/1.1" 418 693 "-" "Mozilla/5.0 (compatible; MJ12bot/v1.4.8; http://mj12bot.com/)"
147.135.215.173 - - [06/Nov/2025:10:25:13 -0800] "GET /?path=//dev/shm/acme_xmas4.equinera.org HTTP/1.1" 418 693 "-" "Mozilla/5.0 (compatible; MJ12bot/v1.4.8; http://mj12bot.com/)"
147.135.215.173 - - [06/Nov/2025:10:25:21 -0800] "GET /?path=//dev/shm/acme_xmas5.equusalmatinicus.com HTTP/1.1" 418 693 "-" "Mozilla/5.0 (compatible; MJ12bot/v1.4.8; http://mj12bot.com/)"
147.135.215.173 - - [06/Nov/2025:10:25:29 -0800] "GET /?path=//dev/shm/acme_yourguidetomortgages.com HTTP/1.1" 418 693 "-" "Mozilla/5.0 (compatible; MJ12bot/v1.4.8; http://mj12bot.com/)"
147.135.215.173 - - [06/Nov/2025:10:25:37 -0800] "GET /?path=//dev/shm/acme_zaher.sbai.me HTTP/1.1" 418 693 "-" "Mozilla/5.0 (compatible; MJ12bot/v1.4.8; http://mj12bot.com/)"
147.135.215.173 - - [06/Nov/2025:10:25:45 -0800] "GET /?path=//dev/shm/acme_zeiss.360s.mx HTTP/1.1" 418 693 "-" "Mozilla/5.0 (compatible; MJ12bot/v1.4.8; http://mj12bot.com/)"
147.135.215.173 - - [06/Nov/2025:10:25:57 -0800] "GET /?path=//dev/shm/acme_zirakpur.fungirl.in HTTP/1.1" 418 693 "-" "Mozilla/5.0 (compatible; MJ12bot/v1.4.8; http://mj12bot.com/)"
147.135.215.173 - - [06/Nov/2025:10:26:05 -0800] "GET /?path=//dev/shm/apache2-adamant HTTP/1.1" 418 693 "-" "Mozilla/5.0 (compatible; MJ12bot/v1.4.8; http://mj12bot.com/)"
147.135.215.173 - - [06/Nov/2025:10:26:13 -0800] "GET /?path=//dev/shm/apache2-argon HTTP/1.1" 418 693 "-" "Mozilla/5.0 (compatible; MJ12bot/v1.4.8; http://mj12bot.com/)"
147.135.215.173 - - [06/Nov/2025:10:26:21 -0800] "GET /?path=//dev/shm/apache2-blow HTTP/1.1" 418 693 "-" "Mozilla/5.0 (compatible; MJ12bot/v1.4.8; http://mj12bot.com/)"
147.135.215.173 - - [06/Nov/2025:10:26:30 -0800] "GET /?path=//dev/shm/apache2-bongo HTTP/1.1" 418 693 "-" "Mozilla/5.0 (compatible; MJ12bot/v1.4.8; http://mj12bot.com/)"
147.135.215.173 - - [06/Nov/2025:10:26:37 -0800] "GET /?path=//dev/shm/apache2-cabo HTTP/1.1" 418 693 "-" "Mozilla/5.0 (compatible; MJ12bot/v1.4.8; http://mj12bot.com/)"
147.135.215.173 - - [06/Nov/2025:10:26:45 -0800] "GET /?path=//dev/shm/apache2-cid HTTP/1.1" 418 693 "-" "Mozilla/5.0 (compatible; MJ12bot/v1.4.8; http://mj12bot.com/)"
141.98.11.16 - - [06/Nov/2025:10:29:48 -0800] "GET /admin.php?520 HTTP/1.1" 429 486 "-" "Mozlila/5.0 (Linux; Android 7.0; SM-G892A Bulid/NRD90M; wv) AppleWebKit/537.36 (KHTML, like Gecko) Version/4.0 Chrome/60.0.3112.107 Moblie Safari/537.36"
51.68.111.199 - - [06/Nov/2025:10:29:48 -0800] "GET /robots.txt HTTP/1.1" 200 521 "-" "Mozilla/5.0 (compatible; MJ12bot/v2.0.4; http://mj12bot.com/)"
51.68.111.199 - - [06/Nov/2025:10:29:48 -0800] "GET / HTTP/1.1" 200 4439 "-" "Mozilla/5.0 (compatible; MJ12bot/v2.0.4; http://mj12bot.com/)"
147.135.215.173 - - [06/Nov/2025:10:40:59 -0800] "GET /?path=//dev/shm/apache2-daisy HTTP/1.1" 418 749 "-" "Mozilla/5.0 (compatible; MJ12bot/v1.4.8; http://mj12bot.com/)"
147.135.215.173 - - [06/Nov/2025:10:41:06 -0800] "GET /?path=//dev/shm/apache2-dap HTTP/1.1" 418 693 "-" "Mozilla/5.0 (compatible; MJ12bot/v1.4.8; http://mj12bot.com/)"
147.135.215.173 - - [06/Nov/2025:10:41:14 -0800] "GET /?path=//dev/shm/apache2-echo HTTP/1.1" 418 693 "-" "Mozilla/5.0 (compatible; MJ12bot/v1.4.8; http://mj12bot.com/)"
147.135.215.173 - - [06/Nov/2025:10:41:22 -0800] "GET /?path=//dev/shm/apache2-emu HTTP/1.1" 418 693 "-" "Mozilla/5.0 (compatible; MJ12bot/v1.4.8; http://mj12bot.com/)"
147.135.215.173 - - [06/Nov/2025:10:41:30 -0800] "GET /?path=//dev/shm/apache2-fritz HTTP/1.1" 418 693 "-" "Mozilla/5.0 (compatible; MJ12bot/v1.4.8; http://mj12bot.com/)"
147.135.215.173 - - [06/Nov/2025:10:41:38 -0800] "GET /?path=//dev/shm/apache2-grog HTTP/1.1" 418 693 "-" "Mozilla/5.0 (compatible; MJ12bot/v1.4.8; http://mj12bot.com/)"
147.135.215.173 - - [06/Nov/2025:10:41:46 -0800] "GET /?path=//dev/shm/apache2-heavy HTTP/1.1" 418 693 "-" "Mozilla/5.0 (compatible; MJ12bot/v1.4.8; http://mj12bot.com/)"
147.135.215.173 - - [06/Nov/2025:10:41:54 -0800] "GET /?path=//dev/shm/apache2-igloo HTTP/1.1" 418 693 "-" "Mozilla/5.0 (compatible; MJ12bot/v1.4.8; http://mj12bot.com/)"
147.135.215.173 - - [06/Nov/2025:10:42:01 -0800] "GET /?path=//dev/shm/apache2-jolly HTTP/1.1" 418 693 "-" "Mozilla/5.0 (compatible; MJ12bot/v1.4.8; http://mj12bot.com/)"
147.135.215.173 - - [06/Nov/2025:10:42:09 -0800] "GET /?path=//dev/shm/apache2-kant HTTP/1.1" 418 693 "-" "Mozilla/5.0 (compatible; MJ12bot/v1.4.8; http://mj12bot.com/)"
147.135.215.173 - - [06/Nov/2025:10:42:17 -0800] "GET /?path=//dev/shm/apache2-linus HTTP/1.1" 418 693 "-" "Mozilla/5.0 (compatible; MJ12bot/v1.4.8; http://mj12bot.com/)"
147.135.215.173 - - [06/Nov/2025:10:42:21 -0800] "GET /?path=//dev/shm/apache2-moon HTTP/1.1" 418 693 "-" "Mozilla/5.0 (compatible; MJ12bot/v1.4.8; http://mj12bot.com/)"
147.135.215.173 - - [06/Nov/2025:10:42:29 -0800] "GET /?path=//dev/shm/apache2-noxim HTTP/1.1" 418 693 "-" "Mozilla/5.0 (compatible; MJ12bot/v1.4.8; http://mj12bot.com/)"
147.135.215.173 - - [06/Nov/2025:10:42:37 -0800] "GET /?path=//dev/shm/apache2-ogle HTTP/1.1" 418 693 "-" "Mozilla/5.0 (compatible; MJ12bot/v1.4.8; http://mj12bot.com/)"
147.135.215.173 - - [06/Nov/2025:10:42:45 -0800] "GET /?path=//dev/shm/apache2-pat HTTP/1.1" 418 693 "-" "Mozilla/5.0 (compatible; MJ12bot/v1.4.8; http://mj12bot.com/)"
147.135.215.173 - - [06/Nov/2025:10:42:53 -0800] "GET /?path=//dev/shm/apache2-quack HTTP/1.1" 418 693 "-" "Mozilla/5.0 (compatible; MJ12bot/v1.4.8; http://mj12bot.com/)"
147.135.215.173 - - [06/Nov/2025:10:43:01 -0800] "GET /?path=//dev/shm/apache2-rank HTTP/1.1" 418 693 "-" "Mozilla/5.0 (compatible; MJ12bot/v1.4.8; http://mj12bot.com/)"
147.135.215.173 - - [06/Nov/2025:10:43:09 -0800] "GET /?path=//dev/shm/apache2-sith HTTP/1.1" 418 693 "-" "Mozilla/5.0 (compatible; MJ12bot/v1.4.8; http://mj12bot.com/)"
147.135.215.173 - - [06/Nov/2025:10:43:17 -0800] "GET /?path=//dev/shm/apache2-twiddle HTTP/1.1" 418 693 "-" "Mozilla/5.0 (compatible; MJ12bot/v1.4.8; http://mj12bot.com/)"
147.135.215.173 - - [06/Nov/2025:10:43:25 -0800] "GET /?path=//dev/shm/apache2-udder HTTP/1.1" 418 693 "-" "Mozilla/5.0 (compatible; MJ12bot/v1.4.8; http://mj12bot.com/)"
147.135.215.173 - - [06/Nov/2025:10:43:34 -0800] "GET /?path=//dev/shm/apache2-vat HTTP/1.1" 418 693 "-" "Mozilla/5.0 (compatible; MJ12bot/v1.4.8; http://mj12bot.com/)"
147.135.215.173 - - [06/Nov/2025:10:43:42 -0800] "GET /?path=//dev/shm/apache2-whippit HTTP/1.1" 418 693 "-" "Mozilla/5.0 (compatible; MJ12bot/v1.4.8; http://mj12bot.com/)"
147.135.215.173 - - [06/Nov/2025:10:43:50 -0800] "GET /?path=//dev/shm/apache2-xenon HTTP/1.1" 418 693 "-" "Mozilla/5.0 (compatible; MJ12bot/v1.4.8; http://mj12bot.com/)"
147.135.215.173 - - [06/Nov/2025:10:44:01 -0800] "GET /?path=//dev/shm/apache2-zoo HTTP/1.1" 418 693 "-" "Mozilla/5.0 (compatible; MJ12bot/v1.4.8; http://mj12bot.com/)"
147.135.215.173 - - [06/Nov/2025:10:44:10 -0800] "GET /?path=//dev/shm/modsec_tmp HTTP/1.1" 418 693 "-" "Mozilla/5.0 (compatible; MJ12bot/v1.4.8; http://mj12bot.com/)"
147.135.215.173 - - [06/Nov/2025:10:44:18 -0800] "GET /?path=//dev/shm/modsec_upload HTTP/1.1" 418 693 "-" "Mozilla/5.0 (compatible; MJ12bot/v1.4.8; http://mj12bot.com/)"
147.135.215.173 - - [06/Nov/2025:10:44:30 -0800] "GET /?path=//dh/analog/analog HTTP/1.1" 200 3310 "-" "Mozilla/5.0 (compatible; MJ12bot/v1.4.8; http://mj12bot.com/)"
147.135.215.173 - - [06/Nov/2025:10:44:40 -0800] "GET /?path=//dh/apache2/logs HTTP/1.1" 200 3106 "-" "Mozilla/5.0 (compatible; MJ12bot/v1.4.8; http://mj12bot.com/)"
147.135.215.173 - - [06/Nov/2025:10:44:53 -0800] "GET /?path=//dh/etc/yara HTTP/1.1" 200 2851 "-" "Mozilla/5.0 (compatible; MJ12bot/v1.4.8; http://mj12bot.com/)"
147.135.215.173 - - [06/Nov/2025:10:46:02 -0800] "GET /?path=//etc/apache2/conf-available HTTP/1.1" 200 3438 "-" "Mozilla/5.0 (compatible; MJ12bot/v1.4.8; http://mj12bot.com/)"
147.135.215.173 - - [06/Nov/2025:10:46:06 -0800] "GET /?path=//etc/apache2/conf-enabled HTTP/1.1" 200 3381 "-" "Mozilla/5.0 (compatible; MJ12bot/v1.4.8; http://mj12bot.com/)"
147.135.215.173 - - [06/Nov/2025:10:46:10 -0800] "GET /?path=//etc/apache2/mods-available HTTP/1.1" 200 8731 "-" "Mozilla/5.0 (compatible; MJ12bot/v1.4.8; http://mj12bot.com/)"
147.135.215.173 - - [06/Nov/2025:10:46:15 -0800] "GET /?path=//etc/apache2/mods-enabled HTTP/1.1" 200 4755 "-" "Mozilla/5.0 (compatible; MJ12bot/v1.4.8; http://mj12bot.com/)"
147.135.215.173 - - [06/Nov/2025:10:46:19 -0800] "GET /?path=//etc/apache2/sites-available HTTP/1.1" 200 3204 "-" "Mozilla/5.0 (compatible; MJ12bot/v1.4.8; http://mj12bot.com/)"
147.135.215.173 - - [06/Nov/2025:10:46:23 -0800] "GET /?path=//etc/apache2/sites-enabled HTTP/1.1" 200 3138 "-" "Mozilla/5.0 (compatible; MJ12bot/v1.4.8; http://mj12bot.com/)"
147.135.215.173 - - [06/Nov/2025:10:46:37 -0800] "GET /?path=//etc/apparmor.d/abi HTTP/1.1" 200 3300 "-" "Mozilla/5.0 (compatible; MJ12bot/v1.4.8; http://mj12bot.com/)"
147.135.215.173 - - [06/Nov/2025:10:46:41 -0800] "GET /?path=//etc/apparmor.d/abstractions HTTP/1.1" 200 7676 "-" "Mozilla/5.0 (compatible; MJ12bot/v1.4.8; http://mj12bot.com/)"
147.135.215.173 - - [06/Nov/2025:10:46:45 -0800] "GET /?path=//etc/apparmor.d/disable HTTP/1.1" 200 3139 "-" "Mozilla/5.0 (compatible; MJ12bot/v1.4.8; http://mj12bot.com/)"
147.135.215.173 - - [06/Nov/2025:10:46:49 -0800] "GET /?path=//etc/apparmor.d/force-complain HTTP/1.1" 200 2862 "-" "Mozilla/5.0 (compatible; MJ12bot/v1.4.8; http://mj12bot.com/)"
147.135.215.173 - - [06/Nov/2025:10:46:54 -0800] "GET /?path=//etc/apparmor.d/local HTTP/1.1" 200 3543 "-" "Mozilla/5.0 (compatible; MJ12bot/v1.4.8; http://mj12bot.com/)"
147.135.215.173 - - [06/Nov/2025:10:46:58 -0800] "GET /?path=//etc/apparmor.d/tunables HTTP/1.1" 200 3877 "-" "Mozilla/5.0 (compatible; MJ12bot/v1.4.8; http://mj12bot.com/)"
147.135.215.173 - - [06/Nov/2025:10:47:03 -0800] "GET /?path=//etc/apparmor/init HTTP/1.1" 200 3124 "-" "Mozilla/5.0 (compatible; MJ12bot/v1.4.8; http://mj12bot.com/)"
147.135.215.173 - - [06/Nov/2025:10:47:12 -0800] "GET /?path=//etc/apport/blacklist.d HTTP/1.1" 200 3192 "-" "Mozilla/5.0 (compatible; MJ12bot/v1.4.8; http://mj12bot.com/)"
147.135.215.173 - - [06/Nov/2025:10:47:21 -0800] "GET /?path=//etc/apt/apt.conf.d HTTP/1.1" 200 4179 "-" "Mozilla/5.0 (compatible; MJ12bot/v1.4.8; http://mj12bot.com/)"
147.135.215.173 - - [06/Nov/2025:10:47:26 -0800] "GET /?path=//etc/apt/auth.conf.d HTTP/1.1" 200 2856 "-" "Mozilla/5.0 (compatible; MJ12bot/v1.4.8; http://mj12bot.com/)"
147.135.215.173 - - [06/Nov/2025:10:47:31 -0800] "GET /?path=//etc/apt/keyrings HTTP/1.1" 200 2855 "-" "Mozilla/5.0 (compatible; MJ12bot/v1.4.8; http://mj12bot.com/)"
147.135.215.173 - - [06/Nov/2025:10:47:35 -0800] "GET /?path=//etc/apt/preferences.d HTTP/1.1" 200 3424 "-" "Mozilla/5.0 (compatible; MJ12bot/v1.4.8; http://mj12bot.com/)"
147.135.215.173 - - [06/Nov/2025:10:47:39 -0800] "GET /?path=//etc/apt/sources.list.d HTTP/1.1" 200 3436 "-" "Mozilla/5.0 (compatible; MJ12bot/v1.4.8; http://mj12bot.com/)"
147.135.215.173 - - [06/Nov/2025:10:47:44 -0800] "GET /?path=//etc/apt/trusted.gpg.d HTTP/1.1" 200 3379 "-" "Mozilla/5.0 (compatible; MJ12bot/v1.4.8; http://mj12bot.com/)"
147.135.215.173 - - [06/Nov/2025:10:48:07 -0800] "GET /?path=//etc/ca-certificates/update.d HTTP/1.1" 200 3143 "-" "Mozilla/5.0 (compatible; MJ12bot/v1.4.8; http://mj12bot.com/)"
147.135.215.173 - - [06/Nov/2025:10:48:33 -0800] "GET /?path=//etc/cloud/cloud.cfg.d HTTP/1.1" 200 3219 "-" "Mozilla/5.0 (compatible; MJ12bot/v1.4.8; http://mj12bot.com/)"
147.135.215.173 - - [06/Nov/2025:10:49:16 -0800] "GET /?path=//etc/csh/cshrc.d HTTP/1.1" 200 2853 "-" "Mozilla/5.0 (compatible; MJ12bot/v1.4.8; http://mj12bot.com/)"
147.135.215.173 - - [06/Nov/2025:10:49:20 -0800] "GET /?path=//etc/csh/login.d HTTP/1.1" 200 2855 "-" "Mozilla/5.0 (compatible; MJ12bot/v1.4.8; http://mj12bot.com/)"
159.100.19.18 - - [06/Nov/2025:11:06:17 -0800] "GET /agent/samuel-palmer/ HTTP/1.0" 200 55836 "http://fnaluxury.com/agent/samuel-palmer/" "Mozilla/5.0 (Windows NT 10.0; Win64; x64) AppleWebKit/537.36 (KHTML, like Gecko) Chrome/129.0.0.0 Safari/537.36"
170.205.28.244 - - [06/Nov/2025:11:08:19 -0800] "POST /wp-login.php HTTP/1.1" 429 501 "http://fnaluxury.com/wp-admin/" "Mozilla/5.0 (Windows NT 10.0; Win64; x64) AppleWebKit/537.36 (KHTML, like Gecko) Chrome/94.0.4606.61 Safari/537.36"
170.205.28.244 - - [06/Nov/2025:11:08:19 -0800] "GET /wp-admin/ HTTP/1.1" 429 500 "https://www.google.com" "Mozilla/5.0 (Windows NT 10.0; Win64; x64) AppleWebKit/537.36 (KHTML, like Gecko) Chrome/90.0.4430.85 Safari/537.36"
147.135.252.179 - - [06/Nov/2025:11:23:56 -0800] "GET /robots.txt HTTP/1.1" 200 477 "-" "Mozilla/5.0 (compatible; MJ12bot/v1.4.8; http://mj12bot.com/)"
147.135.252.179 - - [06/Nov/2025:11:24:00 -0800] "GET /?path=//etc/kernel/preinst.d HTTP/1.1" 200 3104 "-" "Mozilla/5.0 (compatible; MJ12bot/v1.4.8; http://mj12bot.com/)"
147.135.252.179 - - [06/Nov/2025:11:24:27 -0800] "GET /?path=//etc/libblockdev/conf.d HTTP/1.1" 200 3138 "-" "Mozilla/5.0 (compatible; MJ12bot/v1.4.8; http://mj12bot.com/)"
147.135.252.179 - - [06/Nov/2025:11:25:08 -0800] "GET /?path=//etc/logcheck/ignore.d.server HTTP/1.1" 200 3369 "-" "Mozilla/5.0 (compatible; MJ12bot/v1.4.8; http://mj12bot.com/)"
147.135.252.179 - - [06/Nov/2025:11:25:17 -0800] "GET /?path=//etc/logcheck/ignore.d.workstation HTTP/1.1" 200 3141 "-" "Mozilla/5.0 (compatible; MJ12bot/v1.4.8; http://mj12bot.com/)"
147.135.252.179 - - [06/Nov/2025:11:25:26 -0800] "GET /?path=//etc/logcheck/violations.d HTTP/1.1" 200 3131 "-" "Mozilla/5.0 (compatible; MJ12bot/v1.4.8; http://mj12bot.com/)"
147.135.252.179 - - [06/Nov/2025:11:25:52 -0800] "GET /?path=//etc/lvm/profile HTTP/1.1" 200 3480 "-" "Mozilla/5.0 (compatible; MJ12bot/v1.4.8; http://mj12bot.com/)"
147.135.252.179 - - [06/Nov/2025:11:26:17 -0800] "GET /?path=//etc/mail/domains HTTP/1.1" 200 4340 "-" "Mozilla/5.0 (compatible; MJ12bot/v1.4.8; http://mj12bot.com/)"
170.205.28.244 - - [06/Nov/2025:11:49:49 -0800] "POST /wp-login.php HTTP/1.1" 429 485 "http://fnaluxury.com/wp-admin/" "Mozilla/5.0 (X11; Linux x86_64) AppleWebKit/537.36 (KHTML, like Gecko) Chrome/92.0.4515.107 Safari/537.36"
170.205.28.244 - - [06/Nov/2025:11:49:49 -0800] "GET /wp-admin/ HTTP/1.1" 429 484 "https://www.google.com" "Mozilla/5.0 (Windows NT 10.0; Win64; x64) AppleWebKit/537.36 (KHTML, like Gecko) Chrome/90.0.4430.85 Safari/537.36"
170.205.28.244 - - [06/Nov/2025:11:50:26 -0800] "POST /wp-login.php HTTP/1.1" 429 485 "http://fnaluxury.com/wp-admin/" "Mozilla/5.0 (Windows NT 10.0; Win64; x64) AppleWebKit/537.36 (KHTML, like Gecko) Chrome/95.0.4638.54 Safari/537.36"
