51.77.218.207 - - [07/Nov/2025:19:03:08 -0800] "GET /?fileloc=//etc/nginx/modules-enabled/50-mod-http-geoip2.conf&path=//etc/nginx/modules-enabled HTTP/1.1" 200 2883 "-" "Mozilla/5.0 (compatible; MJ12bot/v1.4.8; http://mj12bot.com/)"
51.77.218.207 - - [07/Nov/2025:19:03:13 -0800] "GET /?fileloc=//etc/nginx/modules-enabled/50-mod-http-image-filter.conf&path=//etc/nginx/modules-enabled HTTP/1.1" 200 2812 "-" "Mozilla/5.0 (compatible; MJ12bot/v1.4.8; http://mj12bot.com/)"
51.77.218.207 - - [07/Nov/2025:19:03:18 -0800] "GET /?fileloc=//etc/nginx/modules-enabled/50-mod-http-xslt-filter.conf&path=//etc/nginx/modules-enabled HTTP/1.1" 200 2812 "-" "Mozilla/5.0 (compatible; MJ12bot/v1.4.8; http://mj12bot.com/)"
51.77.218.207 - - [07/Nov/2025:19:03:22 -0800] "GET /?fileloc=//etc/nginx/modules-enabled/50-mod-mail.conf&path=//etc/nginx/modules-enabled HTTP/1.1" 200 2797 "-" "Mozilla/5.0 (compatible; MJ12bot/v1.4.8; http://mj12bot.com/)"
51.77.218.207 - - [07/Nov/2025:19:03:26 -0800] "GET /?fileloc=//etc/nginx/modules-enabled/50-mod-stream.conf&path=//etc/nginx/modules-enabled HTTP/1.1" 200 2799 "-" "Mozilla/5.0 (compatible; MJ12bot/v1.4.8; http://mj12bot.com/)"
51.77.218.207 - - [07/Nov/2025:19:03:30 -0800] "GET /?fileloc=//etc/nginx/modules-enabled/70-mod-stream-geoip2.conf&path=//etc/nginx/modules-enabled HTTP/1.1" 200 2808 "-" "Mozilla/5.0 (compatible; MJ12bot/v1.4.8; http://mj12bot.com/)"
51.77.218.207 - - [07/Nov/2025:19:03:48 -0800] "GET /?fileloc=//etc/nginx/sites-available/default&path=//etc/nginx/sites-available HTTP/1.1" 200 3955 "-" "Mozilla/5.0 (compatible; MJ12bot/v1.4.8; http://mj12bot.com/)"
51.77.218.207 - - [07/Nov/2025:19:03:52 -0800] "GET /?fileloc=//etc/nginx/sites-enabled/default&path=//etc/nginx/sites-enabled HTTP/1.1" 200 3951 "-" "Mozilla/5.0 (compatible; MJ12bot/v1.4.8; http://mj12bot.com/)"
51.77.218.207 - - [07/Nov/2025:19:03:56 -0800] "GET /?fileloc=//etc/nginx/snippets/fastcgi-php.conf&path=//etc/nginx/snippets HTTP/1.1" 200 3023 "-" "Mozilla/5.0 (compatible; MJ12bot/v1.4.8; http://mj12bot.com/)"
51.77.218.207 - - [07/Nov/2025:19:04:00 -0800] "GET /?fileloc=//etc/nginx/snippets/snakeoil.conf&path=//etc/nginx/snippets HTTP/1.1" 200 2923 "-" "Mozilla/5.0 (compatible; MJ12bot/v1.4.8; http://mj12bot.com/)"
183.207.45.115 - - [07/Nov/2025:19:14:09 -0800] "GET / HTTP/1.1" 200 0 "-" "Mozilla/5.0 (Windows NT 10.0; Win64; x64) AppleWebKit/537.36 (KHTML, like Gecko) Chrome/107.0.0.0 Safari/537.36"
46.226.10.69 - - [07/Nov/2025:19:23:05 -0800] "POST /xmlrpc.php HTTP/1.1" 429 449 "-" "Mozilla/5.0 (X11; Ubuntu; Linux x86_64; rv:85.0) Gecko/20100101 Firefox/91.0"
43.173.176.33 - - [07/Nov/2025:19:48:36 -0800] "GET /?fileloc=/home/dh_hwg2wc/fnaluxury.com_20241117233659/wp-config.php&path=/home/dh_hwg2wc/fnaluxury.com_20241117233659 HTTP/1.1" 418 712 "-" "Mozilla/5.0 (Windows NT 6.1; Win64; x64) AppleWebKit/537.36 (KHTML, like Gecko) Chrome/126.0.6478.114 Safari/537.36"
43.173.173.91 - - [07/Nov/2025:19:48:40 -0800] "GET /?path=/home/dh_hwg2wc/fnaluxury.com_20241117233659/wp-admin HTTP/1.1" 200 7655 "-" "Mozilla/5.0 (Windows NT 6.1; Win64; x64) AppleWebKit/537.36 (KHTML, like Gecko) Chrome/126.0.6478.114 Safari/537.36"
181.214.218.190 - - [07/Nov/2025:19:48:57 -0800] "GET / HTTP/1.0" 200 57350 "http://fnaluxury.com/" "Mozilla/5.0 (Windows NT 10.0; Win64; x64) AppleWebKit/537.36 (KHTML, like Gecko) Chrome/129.0.0.0 Safari/537.36"
16.16.79.171 - - [07/Nov/2025:19:50:15 -0800] "GET / HTTP/1.1" 429 431 "-" "-"
216.244.66.228 - - [07/Nov/2025:19:54:15 -0800] "GET /robots.txt HTTP/1.1" 200 433 "-" "Mozilla/5.0 (compatible; DotBot/1.2; +https://opensiteexplorer.org/dotbot; help@moz.com)"
216.244.66.228 - - [07/Nov/2025:20:02:04 -0800] "GET /?path=/home/dh_hwg2wc/fnaluxury.com/.tmb HTTP/1.1" 200 13064 "-" "Mozilla/5.0 (compatible; DotBot/1.2; +https://opensiteexplorer.org/dotbot; help@moz.com)"
43.173.180.214 - - [07/Nov/2025:20:15:21 -0800] "GET / HTTP/1.1" 200 4456 "-" "Mozilla/5.0 (Windows NT 6.1; Win64; x64) AppleWebKit/537.36 (KHTML, like Gecko) Chrome/126.0.6478.114 Safari/537.36"
175.6.217.4 - - [07/Nov/2025:20:16:17 -0800] "GET / HTTP/1.1" 429 448 "-" "Mozilla/5.0 (iPhone; CPU iPhone OS 13_2_3 like Mac OS X) AppleWebKit/605.1.15 (KHTML, like Gecko) Version/13.0.3 Mobile/15E148 Safari/604.1"
144.76.19.157 - - [07/Nov/2025:20:20:02 -0800] "GET /feature/dryer/?path=/home/dh_hwg2wc/fnaluxury.com/wp-admin/js HTTP/1.1" 200 7437 "-" "Mozilla/5.0 (compatible; BLEXBot/1.0; +https://help.seranking.com/en/blex-crawler)"
144.76.19.157 - - [07/Nov/2025:20:20:47 -0800] "GET /14-common-misconceptions-about-business-development/?path=/dh HTTP/1.1" 200 3464 "-" "Mozilla/5.0 (compatible; BLEXBot/1.0; +https://help.seranking.com/en/blex-crawler)"
144.76.19.157 - - [07/Nov/2025:20:21:31 -0800] "GET /property/?fileloc=/home/dh_hwg2wc/.cshrc&path=/home/dh_hwg2wc HTTP/1.1" 200 3098 "-" "Mozilla/5.0 (compatible; BLEXBot/1.0; +https://help.seranking.com/en/blex-crawler)"
144.76.19.157 - - [07/Nov/2025:20:22:15 -0800] "GET /feature/lawn/?path=/home/dh_hwg2wc/fnaluxury.com/wp-admin/css HTTP/1.1" 200 7139 "-" "Mozilla/5.0 (compatible; BLEXBot/1.0; +https://help.seranking.com/en/blex-crawler)"
144.76.19.157 - - [07/Nov/2025:20:22:58 -0800] "GET /2016/?path=/home/dh_hwg2wc/fnaluxury.com/wp-includes/Requests HTTP/1.1" 200 3338 "-" "Mozilla/5.0 (compatible; BLEXBot/1.0; +https://help.seranking.com/en/blex-crawler)"
82.129.135.155 - - [07/Nov/2025:20:24:52 -0800] "GET /wp-json/wp/v2/posts HTTP/1.1" 200 4449 "-" "Mozilla/5.0 (Windows NT 10.0; Win64; x64) AppleWebKit/537.36 (KHTML, like Gecko) Chrome/120.0.0.0 Safari/537.36"
144.76.19.157 - - [07/Nov/2025:20:25:56 -0800] "GET /property/?path=/home/dh_hwg2wc/fnaluxury.com/wp-admin/network HTTP/1.1" 200 4510 "-" "Mozilla/5.0 (compatible; BLEXBot/1.0; +https://help.seranking.com/en/blex-crawler)"
144.76.19.157 - - [07/Nov/2025:20:26:40 -0800] "GET /feature/outdoor-shower/?fileloc=/hs_err_pid1155819.log&path=/ HTTP/1.1" 200 10488 "-" "Mozilla/5.0 (compatible; BLEXBot/1.0; +https://help.seranking.com/en/blex-crawler)"
147.135.213.11 - - [07/Nov/2025:20:27:37 -0800] "GET /robots.txt HTTP/1.1" 200 477 "-" "Mozilla/5.0 (compatible; MJ12bot/v1.4.8; http://mj12bot.com/)"
147.135.213.11 - - [07/Nov/2025:20:27:42 -0800] "GET /?fileloc=//hs_err_pid758221.log&path=/ HTTP/1.1" 200 10416 "-" "Mozilla/5.0 (compatible; MJ12bot/v1.4.8; http://mj12bot.com/)"
147.135.213.11 - - [07/Nov/2025:20:27:48 -0800] "GET /robots.txt HTTP/1.1" 200 477 "-" "Mozilla/5.0 (compatible; MJ12bot/v1.4.8; http://mj12bot.com/)"
147.135.213.11 - - [07/Nov/2025:20:27:55 -0800] "GET /?fileloc=//dh/web/diag/dh-php-diags.php&path=//dh/web/diag HTTP/1.1" 200 3757 "-" "Mozilla/5.0 (compatible; MJ12bot/v1.4.8; http://mj12bot.com/)"
147.135.213.11 - - [07/Nov/2025:20:28:45 -0800] "GET /?fileloc=//etc/node_exporter/config.yaml&path=//etc/node_exporter HTTP/1.1" 200 2826 "-" "Mozilla/5.0 (compatible; MJ12bot/v1.4.8; http://mj12bot.com/)"
147.135.213.11 - - [07/Nov/2025:20:28:57 -0800] "GET /?fileloc=//etc/openal/alsoft.conf&path=//etc/openal HTTP/1.1" 200 9576 "-" "Mozilla/5.0 (compatible; MJ12bot/v1.4.8; http://mj12bot.com/)"
144.76.19.157 - - [07/Nov/2025:20:29:37 -0800] "GET /2016/?path=/home/dh_hwg2wc/fnaluxury.com/wp-includes/html-api HTTP/1.1" 200 3940 "-" "Mozilla/5.0 (compatible; BLEXBot/1.0; +https://help.seranking.com/en/blex-crawler)"
163.44.198.57 - - [07/Nov/2025:20:29:44 -0800] "GET /wp-login.php HTTP/1.1" 429 501 "" "Mozilla/5.0 (Windows NT 10.0; Win64; x64; rv:144.0) Gecko/20100101 Firefox/144.0"
163.44.198.57 - - [07/Nov/2025:20:29:45 -0800] "GET /wp-login.php HTTP/1.1" 429 501 "" "Mozilla/5.0 (Windows NT 10.0; Win64; x64; rv:144.0) Gecko/20100101 Firefox/144.0"
144.76.19.157 - - [07/Nov/2025:20:30:21 -0800] "GET /property/?path=/home/dh_hwg2wc/fnaluxury.com/wp-includes/Text HTTP/1.1" 200 3411 "-" "Mozilla/5.0 (compatible; BLEXBot/1.0; +https://help.seranking.com/en/blex-crawler)"
144.76.19.157 - - [07/Nov/2025:20:31:05 -0800] "GET /feature/outdoor-shower/?fileloc=/hs_err_pid1579381.log&path=/ HTTP/1.1" 200 10674 "-" "Mozilla/5.0 (compatible; BLEXBot/1.0; +https://help.seranking.com/en/blex-crawler)"
144.76.19.157 - - [07/Nov/2025:20:31:49 -0800] "GET /2016/?path=/home/dh_hwg2wc/fnaluxury.com/wp-includes/rest-api HTTP/1.1" 200 3564 "-" "Mozilla/5.0 (compatible; BLEXBot/1.0; +https://help.seranking.com/en/blex-crawler)"
147.135.213.11 - - [07/Nov/2025:20:32:13 -0800] "GET /?fileloc=//etc/pam.d/atd&path=//etc/pam.d HTTP/1.1" 200 2961 "-" "Mozilla/5.0 (compatible; MJ12bot/v1.4.8; http://mj12bot.com/)"
147.135.213.11 - - [07/Nov/2025:20:32:22 -0800] "GET /?fileloc=//etc/pam.d/chfn&path=//etc/pam.d HTTP/1.1" 200 3022 "-" "Mozilla/5.0 (compatible; MJ12bot/v1.4.8; http://mj12bot.com/)"
147.135.213.11 - - [07/Nov/2025:20:32:31 -0800] "GET /?fileloc=//etc/pam.d/chpasswd&path=//etc/pam.d HTTP/1.1" 200 2860 "-" "Mozilla/5.0 (compatible; MJ12bot/v1.4.8; http://mj12bot.com/)"
147.135.213.11 - - [07/Nov/2025:20:32:49 -0800] "GET /?fileloc=//etc/pam.d/chsh&path=//etc/pam.d HTTP/1.1" 200 3121 "-" "Mozilla/5.0 (compatible; MJ12bot/v1.4.8; http://mj12bot.com/)"
43.173.179.46 - - [07/Nov/2025:20:33:06 -0800] "GET /?fileloc=/home/dh_hwg2wc/fnaluxury.com_20241117233659/wp-trackback.php&path=/home/dh_hwg2wc/fnaluxury.com_20241117233659 HTTP/1.1" 200 4731 "-" "Mozilla/5.0 (Windows NT 6.1; Win64; x64) AppleWebKit/537.36 (KHTML, like Gecko) Chrome/126.0.6478.114 Safari/537.36"
144.76.19.157 - - [07/Nov/2025:20:34:44 -0800] "GET /property/?path=/home/dh_hwg2wc/fnaluxury.com/wp-includes/l10n HTTP/1.1" 200 3479 "-" "Mozilla/5.0 (compatible; BLEXBot/1.0; +https://help.seranking.com/en/blex-crawler)"
64.227.164.233 - - [07/Nov/2025:20:35:09 -0800] "GET / HTTP/1.1" 200 4493 "-" "Mozilla/5.0 (X11; Linux x86_64; rv:139.0) Gecko/20100101 Firefox/139.0"
64.227.164.233 - - [07/Nov/2025:20:35:10 -0800] "GET /favicon.ico HTTP/1.1" 200 4493 "http://fnaluxury.com/" "Mozilla/5.0 (X11; Linux x86_64; rv:139.0) Gecko/20100101 Firefox/139.0"
144.76.19.157 - - [07/Nov/2025:20:36:37 -0800] "GET /2016/?path=/home/dh_hwg2wc/fnaluxury.com/wp-includes/sitemaps HTTP/1.1" 200 3605 "-" "Mozilla/5.0 (compatible; BLEXBot/1.0; +https://help.seranking.com/en/blex-crawler)"
144.76.19.157 - - [07/Nov/2025:20:38:36 -0800] "GET /feature/outdoor-shower/?fileloc=/hs_err_pid1666955.log&path=/ HTTP/1.1" 200 10676 "-" "Mozilla/5.0 (compatible; BLEXBot/1.0; +https://help.seranking.com/en/blex-crawler)"
144.76.19.157 - - [07/Nov/2025:20:40:05 -0800] "GET /property/?path=/home/dh_hwg2wc/fnaluxury.com/wp-includes/pomo HTTP/1.1" 200 3520 "-" "Mozilla/5.0 (compatible; BLEXBot/1.0; +https://help.seranking.com/en/blex-crawler)"
144.76.19.157 - - [07/Nov/2025:20:40:49 -0800] "GET /feature/outdoor-shower/?fileloc=/hs_err_pid2155801.log&path=/ HTTP/1.1" 200 11106 "-" "Mozilla/5.0 (compatible; BLEXBot/1.0; +https://help.seranking.com/en/blex-crawler)"
144.76.19.157 - - [07/Nov/2025:20:41:32 -0800] "GET /?path=/home/dh_hwg2wc/fnaluxury.com/wp-includes/sodium_compat HTTP/1.1" 200 3606 "-" "Mozilla/5.0 (compatible; BLEXBot/1.0; +https://help.seranking.com/en/blex-crawler)"
36.75.170.58 - - [07/Nov/2025:20:43:14 -0800] "GET /wp-json/wp/v2/posts HTTP/1.1" 200 4456 "-" "Mozilla/5.0 (Windows NT 10.0; Win64; x64) AppleWebKit/537.36 (KHTML, like Gecko) Chrome/120.0.0.0 Safari/537.36"
147.135.213.11 - - [07/Nov/2025:20:43:19 -0800] "GET /?fileloc=//etc/pam.d/common-auth&path=//etc/pam.d HTTP/1.1" 200 3503 "-" "Mozilla/5.0 (compatible; MJ12bot/v1.4.8; http://mj12bot.com/)"
147.135.213.11 - - [07/Nov/2025:20:43:37 -0800] "GET /?fileloc=//etc/pam.d/common-password&path=//etc/pam.d HTTP/1.1" 200 3644 "-" "Mozilla/5.0 (compatible; MJ12bot/v1.4.8; http://mj12bot.com/)"
147.135.213.11 - - [07/Nov/2025:20:43:46 -0800] "GET /?fileloc=//etc/pam.d/common-session&path=//etc/pam.d HTTP/1.1" 200 3542 "-" "Mozilla/5.0 (compatible; MJ12bot/v1.4.8; http://mj12bot.com/)"
147.135.213.11 - - [07/Nov/2025:20:44:00 -0800] "GET /?fileloc=//etc/pam.d/common-session-noninteractive&path=//etc/pam.d HTTP/1.1" 200 3520 "-" "Mozilla/5.0 (compatible; MJ12bot/v1.4.8; http://mj12bot.com/)"
147.135.213.11 - - [07/Nov/2025:20:44:10 -0800] "GET /?fileloc=//etc/pam.d/cron&path=//etc/pam.d HTTP/1.1" 200 3073 "-" "Mozilla/5.0 (compatible; MJ12bot/v1.4.8; http://mj12bot.com/)"
147.135.213.11 - - [07/Nov/2025:20:44:22 -0800] "GET /?fileloc=//etc/pam.d/login&path=//etc/pam.d HTTP/1.1" 200 4423 "-" "Mozilla/5.0 (compatible; MJ12bot/v1.4.8; http://mj12bot.com/)"
147.135.213.11 - - [07/Nov/2025:20:44:31 -0800] "GET /?fileloc=//etc/pam.d/newusers&path=//etc/pam.d HTTP/1.1" 200 2863 "-" "Mozilla/5.0 (compatible; MJ12bot/v1.4.8; http://mj12bot.com/)"
147.135.213.11 - - [07/Nov/2025:20:44:41 -0800] "GET /?fileloc=//etc/pam.d/other&path=//etc/pam.d HTTP/1.1" 200 3050 "-" "Mozilla/5.0 (compatible; MJ12bot/v1.4.8; http://mj12bot.com/)"
147.135.213.11 - - [07/Nov/2025:20:44:50 -0800] "GET /?fileloc=//etc/pam.d/passwd&path=//etc/pam.d HTTP/1.1" 200 2860 "-" "Mozilla/5.0 (compatible; MJ12bot/v1.4.8; http://mj12bot.com/)"
147.135.213.11 - - [07/Nov/2025:20:45:00 -0800] "GET /?fileloc=//etc/pam.d/polkit-1&path=//etc/pam.d HTTP/1.1" 200 2906 "-" "Mozilla/5.0 (compatible; MJ12bot/v1.4.8; http://mj12bot.com/)"
147.135.213.11 - - [07/Nov/2025:20:45:09 -0800] "GET /?fileloc=//etc/pam.d/proftpd&path=//etc/pam.d HTTP/1.1" 200 3008 "-" "Mozilla/5.0 (compatible; MJ12bot/v1.4.8; http://mj12bot.com/)"
147.135.213.11 - - [07/Nov/2025:20:45:14 -0800] "GET /?fileloc=//etc/pam.d/runuser&path=//etc/pam.d HTTP/1.1" 200 2873 "-" "Mozilla/5.0 (compatible; MJ12bot/v1.4.8; http://mj12bot.com/)"
144.76.19.157 - - [07/Nov/2025:20:45:15 -0800] "GET /feature/outdoor-shower/?fileloc=/hs_err_pid2251798.log&path=/ HTTP/1.1" 200 10710 "-" "Mozilla/5.0 (compatible; BLEXBot/1.0; +https://help.seranking.com/en/blex-crawler)"
147.135.213.11 - - [07/Nov/2025:20:45:23 -0800] "GET /?fileloc=//etc/pam.d/runuser-l&path=//etc/pam.d HTTP/1.1" 200 2867 "-" "Mozilla/5.0 (compatible; MJ12bot/v1.4.8; http://mj12bot.com/)"
147.135.213.11 - - [07/Nov/2025:20:45:32 -0800] "GET /?fileloc=//etc/pam.d/sshd&path=//etc/pam.d HTTP/1.1" 200 3809 "-" "Mozilla/5.0 (compatible; MJ12bot/v1.4.8; http://mj12bot.com/)"
147.135.213.11 - - [07/Nov/2025:20:45:41 -0800] "GET /?fileloc=//etc/pam.d/su&path=//etc/pam.d HTTP/1.1" 200 3838 "-" "Mozilla/5.0 (compatible; MJ12bot/v1.4.8; http://mj12bot.com/)"
147.135.213.11 - - [07/Nov/2025:20:45:50 -0800] "GET /?fileloc=//etc/pam.d/su-l&path=//etc/pam.d HTTP/1.1" 200 2865 "-" "Mozilla/5.0 (compatible; MJ12bot/v1.4.8; http://mj12bot.com/)"
147.135.213.11 - - [07/Nov/2025:20:45:59 -0800] "GET /?fileloc=//etc/pam.d/sudo&path=//etc/pam.d HTTP/1.1" 200 2931 "-" "Mozilla/5.0 (compatible; MJ12bot/v1.4.8; http://mj12bot.com/)"
144.76.19.157 - - [07/Nov/2025:20:45:59 -0800] "GET /?path=/home/dh_hwg2wc/fnaluxury.com/wp-includes/sodium_compat HTTP/1.1" 200 3606 "-" "Mozilla/5.0 (compatible; BLEXBot/1.0; +https://help.seranking.com/en/blex-crawler)"
147.135.213.11 - - [07/Nov/2025:20:46:08 -0800] "GET /?fileloc=//etc/pam.d/sudo-i&path=//etc/pam.d HTTP/1.1" 200 2923 "-" "Mozilla/5.0 (compatible; MJ12bot/v1.4.8; http://mj12bot.com/)"
147.135.213.11 - - [07/Nov/2025:20:46:18 -0800] "GET /?fileloc=//etc/pam.d/vmtoolsd&path=//etc/pam.d HTTP/1.1" 200 2859 "-" "Mozilla/5.0 (compatible; MJ12bot/v1.4.8; http://mj12bot.com/)"
147.135.213.11 - - [07/Nov/2025:20:46:27 -0800] "GET /?fileloc=//etc/php56/.dh2pushtemp.php.ini.generated.731245&path=//etc/php56 HTTP/1.1" 200 3665 "-" "Mozilla/5.0 (compatible; MJ12bot/v1.4.8; http://mj12bot.com/)"
147.135.213.11 - - [07/Nov/2025:20:46:36 -0800] "GET /?fileloc=//etc/php56/php.ini&path=//etc/php56 HTTP/1.1" 200 3665 "-" "Mozilla/5.0 (compatible; MJ12bot/v1.4.8; http://mj12bot.com/)"
144.76.19.157 - - [07/Nov/2025:20:46:44 -0800] "GET /property/furnished-1bhk-for-rent-in-jvc/?fileloc=/core&path=/ HTTP/1.1" 200 2807 "-" "Mozilla/5.0 (compatible; BLEXBot/1.0; +https://help.seranking.com/en/blex-crawler)"
147.135.213.11 - - [07/Nov/2025:20:46:45 -0800] "GET /?fileloc=//etc/php56/php.ini.generated&path=//etc/php56 HTTP/1.1" 200 3668 "-" "Mozilla/5.0 (compatible; MJ12bot/v1.4.8; http://mj12bot.com/)"
147.135.213.11 - - [07/Nov/2025:20:46:54 -0800] "GET /?fileloc=//etc/php70/.dh2pushtemp.php.ini.generated.1001875&path=//etc/php70 HTTP/1.1" 200 3618 "-" "Mozilla/5.0 (compatible; MJ12bot/v1.4.8; http://mj12bot.com/)"
147.135.213.11 - - [07/Nov/2025:20:47:04 -0800] "GET /?fileloc=//etc/php70/.dh2pushtemp.php.ini.generated.111444&path=//etc/php70 HTTP/1.1" 200 3617 "-" "Mozilla/5.0 (compatible; MJ12bot/v1.4.8; http://mj12bot.com/)"
147.135.213.11 - - [07/Nov/2025:20:47:13 -0800] "GET /?fileloc=//etc/php70/.dh2pushtemp.php.ini.generated.1757063&path=//etc/php70 HTTP/1.1" 200 3618 "-" "Mozilla/5.0 (compatible; MJ12bot/v1.4.8; http://mj12bot.com/)"
147.135.213.11 - - [07/Nov/2025:20:47:22 -0800] "GET /?fileloc=//etc/php70/.dh2pushtemp.php.ini.generated.4050617&path=//etc/php70 HTTP/1.1" 200 3618 "-" "Mozilla/5.0 (compatible; MJ12bot/v1.4.8; http://mj12bot.com/)"
147.135.213.11 - - [07/Nov/2025:20:47:31 -0800] "GET /?fileloc=//etc/php70/php.ini&path=//etc/php70 HTTP/1.1" 200 3618 "-" "Mozilla/5.0 (compatible; MJ12bot/v1.4.8; http://mj12bot.com/)"
147.135.213.11 - - [07/Nov/2025:20:47:40 -0800] "GET /?fileloc=//etc/php70/php.ini.generated&path=//etc/php70 HTTP/1.1" 200 3621 "-" "Mozilla/5.0 (compatible; MJ12bot/v1.4.8; http://mj12bot.com/)"
147.135.213.11 - - [07/Nov/2025:20:47:49 -0800] "GET /?fileloc=//etc/php71/.dh2pushtemp.php.ini.generated.1175698&path=//etc/php71 HTTP/1.1" 200 3615 "-" "Mozilla/5.0 (compatible; MJ12bot/v1.4.8; http://mj12bot.com/)"
147.135.213.11 - - [07/Nov/2025:20:47:58 -0800] "GET /?fileloc=//etc/php71/.dh2pushtemp.php.ini.generated.2510603&path=//etc/php71 HTTP/1.1" 200 3625 "-" "Mozilla/5.0 (compatible; MJ12bot/v1.4.8; http://mj12bot.com/)"
147.135.213.11 - - [07/Nov/2025:20:48:07 -0800] "GET /?fileloc=//etc/php71/.dh2pushtemp.php.ini.generated.3249067&path=//etc/php71 HTTP/1.1" 200 3615 "-" "Mozilla/5.0 (compatible; MJ12bot/v1.4.8; http://mj12bot.com/)"
147.135.213.11 - - [07/Nov/2025:20:48:15 -0800] "GET /?fileloc=//etc/php71/.dh2pushtemp.php.ini.generated.3986166&path=//etc/php71 HTTP/1.1" 200 3614 "-" "Mozilla/5.0 (compatible; MJ12bot/v1.4.8; http://mj12bot.com/)"
147.135.213.11 - - [07/Nov/2025:20:48:24 -0800] "GET /?fileloc=//etc/php71/php.ini&path=//etc/php71 HTTP/1.1" 200 3613 "-" "Mozilla/5.0 (compatible; MJ12bot/v1.4.8; http://mj12bot.com/)"
147.135.213.11 - - [07/Nov/2025:20:48:33 -0800] "GET /?fileloc=//etc/php71/php.ini.generated&path=//etc/php71 HTTP/1.1" 200 3615 "-" "Mozilla/5.0 (compatible; MJ12bot/v1.4.8; http://mj12bot.com/)"
147.135.213.11 - - [07/Nov/2025:20:48:41 -0800] "GET /?fileloc=//etc/php72/.dh2pushtemp.php.ini.generated.1175698&path=//etc/php72 HTTP/1.1" 200 3609 "-" "Mozilla/5.0 (compatible; MJ12bot/v1.4.8; http://mj12bot.com/)"
147.135.213.11 - - [07/Nov/2025:20:48:50 -0800] "GET /?fileloc=//etc/php72/.dh2pushtemp.php.ini.generated.1462970&path=//etc/php72 HTTP/1.1" 200 3609 "-" "Mozilla/5.0 (compatible; MJ12bot/v1.4.8; http://mj12bot.com/)"
144.76.19.157 - - [07/Nov/2025:20:48:58 -0800] "GET /rent/?path=/home/dh_hwg2wc/fnaluxury.com/wp-includes/Requests HTTP/1.1" 200 3338 "-" "Mozilla/5.0 (compatible; BLEXBot/1.0; +https://help.seranking.com/en/blex-crawler)"
147.135.213.11 - - [07/Nov/2025:20:48:58 -0800] "GET /?fileloc=//etc/php72/.dh2pushtemp.php.ini.generated.4050617&path=//etc/php72 HTTP/1.1" 200 3608 "-" "Mozilla/5.0 (compatible; MJ12bot/v1.4.8; http://mj12bot.com/)"
147.135.213.11 - - [07/Nov/2025:20:49:07 -0800] "GET /?fileloc=//etc/php72/php.ini&path=//etc/php72 HTTP/1.1" 200 3607 "-" "Mozilla/5.0 (compatible; MJ12bot/v1.4.8; http://mj12bot.com/)"
147.135.213.11 - - [07/Nov/2025:20:49:16 -0800] "GET /?fileloc=//etc/php72/php.ini.generated&path=//etc/php72 HTTP/1.1" 200 3610 "-" "Mozilla/5.0 (compatible; MJ12bot/v1.4.8; http://mj12bot.com/)"
147.135.213.11 - - [07/Nov/2025:20:49:25 -0800] "GET /?fileloc=//etc/php73/.dh2pushtemp.php.ini.generated.2018526&path=//etc/php73 HTTP/1.1" 200 3616 "-" "Mozilla/5.0 (compatible; MJ12bot/v1.4.8; http://mj12bot.com/)"
147.135.213.11 - - [07/Nov/2025:20:49:34 -0800] "GET /?fileloc=//etc/php73/.dh2pushtemp.php.ini.generated.3249067&path=//etc/php73 HTTP/1.1" 200 3617 "-" "Mozilla/5.0 (compatible; MJ12bot/v1.4.8; http://mj12bot.com/)"
147.135.213.11 - - [07/Nov/2025:20:49:43 -0800] "GET /?fileloc=//etc/php73/php.ini&path=//etc/php73 HTTP/1.1" 200 3615 "-" "Mozilla/5.0 (compatible; MJ12bot/v1.4.8; http://mj12bot.com/)"
147.135.213.11 - - [07/Nov/2025:20:49:51 -0800] "GET /?fileloc=//etc/php73/php.ini.generated&path=//etc/php73 HTTP/1.1" 200 3618 "-" "Mozilla/5.0 (compatible; MJ12bot/v1.4.8; http://mj12bot.com/)"
147.135.213.11 - - [07/Nov/2025:20:50:00 -0800] "GET /?fileloc=//etc/php74/php.ini&path=//etc/php74 HTTP/1.1" 200 3621 "-" "Mozilla/5.0 (compatible; MJ12bot/v1.4.8; http://mj12bot.com/)"
147.135.213.11 - - [07/Nov/2025:20:50:09 -0800] "GET /?fileloc=//etc/php74/php.ini.generated&path=//etc/php74 HTTP/1.1" 200 3624 "-" "Mozilla/5.0 (compatible; MJ12bot/v1.4.8; http://mj12bot.com/)"
147.135.213.11 - - [07/Nov/2025:20:50:17 -0800] "GET /?fileloc=//etc/php80/.dh2pushtemp.php.ini.generated.111444&path=//etc/php80 HTTP/1.1" 200 3610 "-" "Mozilla/5.0 (compatible; MJ12bot/v1.4.8; http://mj12bot.com/)"
144.76.19.157 - - [07/Nov/2025:20:50:26 -0800] "GET /about/?path=/home/dh_hwg2wc/fnaluxury.com/wp-includes/widgets HTTP/1.1" 200 4164 "-" "Mozilla/5.0 (compatible; BLEXBot/1.0; +https://help.seranking.com/en/blex-crawler)"
147.135.213.11 - - [07/Nov/2025:20:50:26 -0800] "GET /?fileloc=//etc/php80/.dh2pushtemp.php.ini.generated.1365709&path=//etc/php80 HTTP/1.1" 200 3611 "-" "Mozilla/5.0 (compatible; MJ12bot/v1.4.8; http://mj12bot.com/)"
147.135.213.11 - - [07/Nov/2025:20:50:35 -0800] "GET /?fileloc=//etc/php80/.dh2pushtemp.php.ini.generated.1462970&path=//etc/php80 HTTP/1.1" 200 3611 "-" "Mozilla/5.0 (compatible; MJ12bot/v1.4.8; http://mj12bot.com/)"
147.135.213.11 - - [07/Nov/2025:20:50:43 -0800] "GET /?fileloc=//etc/php80/.dh2pushtemp.php.ini.generated.18465&path=//etc/php80 HTTP/1.1" 200 3609 "-" "Mozilla/5.0 (compatible; MJ12bot/v1.4.8; http://mj12bot.com/)"
147.135.213.11 - - [07/Nov/2025:20:50:52 -0800] "GET /?fileloc=//etc/php80/.dh2pushtemp.php.ini.generated.2018526&path=//etc/php80 HTTP/1.1" 200 3611 "-" "Mozilla/5.0 (compatible; MJ12bot/v1.4.8; http://mj12bot.com/)"
147.135.213.11 - - [07/Nov/2025:20:51:00 -0800] "GET /?fileloc=//etc/php80/.dh2pushtemp.php.ini.generated.4050617&path=//etc/php80 HTTP/1.1" 200 3611 "-" "Mozilla/5.0 (compatible; MJ12bot/v1.4.8; http://mj12bot.com/)"
147.135.213.11 - - [07/Nov/2025:20:51:09 -0800] "GET /?fileloc=//etc/php80/.dh2pushtemp.php.ini.generated.731245&path=//etc/php80 HTTP/1.1" 200 3610 "-" "Mozilla/5.0 (compatible; MJ12bot/v1.4.8; http://mj12bot.com/)"
147.135.213.11 - - [07/Nov/2025:20:51:18 -0800] "GET /?fileloc=//etc/php80/php.ini&path=//etc/php80 HTTP/1.1" 200 3616 "-" "Mozilla/5.0 (compatible; MJ12bot/v1.4.8; http://mj12bot.com/)"
147.135.213.11 - - [07/Nov/2025:20:51:26 -0800] "GET /?fileloc=//etc/php80/php.ini.generated&path=//etc/php80 HTTP/1.1" 200 3619 "-" "Mozilla/5.0 (compatible; MJ12bot/v1.4.8; http://mj12bot.com/)"
147.135.213.11 - - [07/Nov/2025:20:51:35 -0800] "GET /?fileloc=//etc/php81/.dh2pushtemp.php.ini.generated.4050617&path=//etc/php81 HTTP/1.1" 200 3612 "-" "Mozilla/5.0 (compatible; MJ12bot/v1.4.8; http://mj12bot.com/)"
147.135.213.11 - - [07/Nov/2025:20:51:44 -0800] "GET /?fileloc=//etc/php81/php.ini&path=//etc/php81 HTTP/1.1" 200 3617 "-" "Mozilla/5.0 (compatible; MJ12bot/v1.4.8; http://mj12bot.com/)"
144.76.19.157 - - [07/Nov/2025:20:51:52 -0800] "GET /feature/private-garden/?fileloc=/hs_err_pid1155819.log&path=/ HTTP/1.1" 200 10488 "-" "Mozilla/5.0 (compatible; BLEXBot/1.0; +https://help.seranking.com/en/blex-crawler)"
147.135.213.11 - - [07/Nov/2025:20:51:53 -0800] "GET /?fileloc=//etc/php81/php.ini.generated&path=//etc/php81 HTTP/1.1" 200 3619 "-" "Mozilla/5.0 (compatible; MJ12bot/v1.4.8; http://mj12bot.com/)"
147.135.213.11 - - [07/Nov/2025:20:52:02 -0800] "GET /?fileloc=//etc/php82/php.ini&path=//etc/php82 HTTP/1.1" 200 3617 "-" "Mozilla/5.0 (compatible; MJ12bot/v1.4.8; http://mj12bot.com/)"
147.135.213.11 - - [07/Nov/2025:20:52:11 -0800] "GET /?fileloc=//etc/php82/php.ini.generated&path=//etc/php82 HTTP/1.1" 200 3619 "-" "Mozilla/5.0 (compatible; MJ12bot/v1.4.8; http://mj12bot.com/)"
147.135.213.11 - - [07/Nov/2025:20:52:20 -0800] "GET /?fileloc=//etc/php83/.dh2pushtemp.php.ini.generated.731245&path=//etc/php83 HTTP/1.1" 200 3612 "-" "Mozilla/5.0 (compatible; MJ12bot/v1.4.8; http://mj12bot.com/)"
147.135.213.11 - - [07/Nov/2025:20:52:28 -0800] "GET /?fileloc=//etc/php83/php.ini&path=//etc/php83 HTTP/1.1" 200 3617 "-" "Mozilla/5.0 (compatible; MJ12bot/v1.4.8; http://mj12bot.com/)"
147.135.213.11 - - [07/Nov/2025:20:52:37 -0800] "GET /?fileloc=//etc/php83/php.ini.generated&path=//etc/php83 HTTP/1.1" 200 3620 "-" "Mozilla/5.0 (compatible; MJ12bot/v1.4.8; http://mj12bot.com/)"
147.135.213.11 - - [07/Nov/2025:20:52:46 -0800] "GET /?fileloc=//etc/php84/php.ini&path=//etc/php84 HTTP/1.1" 200 3611 "-" "Mozilla/5.0 (compatible; MJ12bot/v1.4.8; http://mj12bot.com/)"
173.236.196.141 - - [07/Nov/2025:20:52:50 -0800] "GET /wp-login.php HTTP/1.1" 200 4493 "" "Mozilla/5.0 (Windows NT 10.0; Win64; x64; rv:144.0) Gecko/20100101 Firefox/144.0"
147.135.213.11 - - [07/Nov/2025:20:52:55 -0800] "GET /?fileloc=//etc/php84/php.ini.dpkg-old&path=//etc/php84 HTTP/1.1" 200 3609 "-" "Mozilla/5.0 (compatible; MJ12bot/v1.4.8; http://mj12bot.com/)"
147.135.213.11 - - [07/Nov/2025:20:53:03 -0800] "GET /?fileloc=//etc/php84/php.ini.generated&path=//etc/php84 HTTP/1.1" 200 3614 "-" "Mozilla/5.0 (compatible; MJ12bot/v1.4.8; http://mj12bot.com/)"
147.135.213.11 - - [07/Nov/2025:20:53:12 -0800] "GET /?fileloc=//etc/pollinate/entropy.ubuntu.com.pem&path=//etc/pollinate HTTP/1.1" 200 4826 "-" "Mozilla/5.0 (compatible; MJ12bot/v1.4.8; http://mj12bot.com/)"
144.76.19.157 - - [07/Nov/2025:20:53:19 -0800] "GET /rent/?path=/home/dh_hwg2wc/fnaluxury.com/wp-includes/html-api HTTP/1.1" 200 3940 "-" "Mozilla/5.0 (compatible; BLEXBot/1.0; +https://help.seranking.com/en/blex-crawler)"
147.135.213.11 - - [07/Nov/2025:20:53:21 -0800] "GET /?fileloc=//etc/postfix/Makefile&path=//etc/postfix HTTP/1.1" 200 3373 "-" "Mozilla/5.0 (compatible; MJ12bot/v1.4.8; http://mj12bot.com/)"
147.135.213.11 - - [07/Nov/2025:20:53:30 -0800] "GET /?fileloc=//etc/postfix/access&path=//etc/postfix HTTP/1.1" 200 2821 "-" "Mozilla/5.0 (compatible; MJ12bot/v1.4.8; http://mj12bot.com/)"
147.135.213.11 - - [07/Nov/2025:20:53:38 -0800] "GET /?fileloc=//etc/postfix/access.db&path=//etc/postfix HTTP/1.1" 200 2979 "-" "Mozilla/5.0 (compatible; MJ12bot/v1.4.8; http://mj12bot.com/)"
147.135.213.11 - - [07/Nov/2025:20:53:47 -0800] "GET /?fileloc=//etc/postfix/access.top&path=//etc/postfix HTTP/1.1" 200 2793 "-" "Mozilla/5.0 (compatible; MJ12bot/v1.4.8; http://mj12bot.com/)"
147.135.213.11 - - [07/Nov/2025:20:53:56 -0800] "GET /?fileloc=//etc/postfix/aliases&path=//etc/postfix HTTP/1.1" 200 2955 "-" "Mozilla/5.0 (compatible; MJ12bot/v1.4.8; http://mj12bot.com/)"
144.76.19.157 - - [07/Nov/2025:20:54:04 -0800] "GET /feature/private-garden/?fileloc=/hs_err_pid1579381.log&path=/ HTTP/1.1" 200 10674 "-" "Mozilla/5.0 (compatible; BLEXBot/1.0; +https://help.seranking.com/en/blex-crawler)"
147.135.213.11 - - [07/Nov/2025:20:54:05 -0800] "GET /?fileloc=//etc/postfix/aliases.db&path=//etc/postfix HTTP/1.1" 200 3157 "-" "Mozilla/5.0 (compatible; MJ12bot/v1.4.8; http://mj12bot.com/)"
147.135.213.11 - - [07/Nov/2025:20:54:13 -0800] "GET /?fileloc=//etc/postfix/aliases.local&path=//etc/postfix HTTP/1.1" 200 2796 "-" "Mozilla/5.0 (compatible; MJ12bot/v1.4.8; http://mj12bot.com/)"
147.135.213.11 - - [07/Nov/2025:20:54:22 -0800] "GET /?fileloc=//etc/postfix/aliases.top&path=//etc/postfix HTTP/1.1" 200 2928 "-" "Mozilla/5.0 (compatible; MJ12bot/v1.4.8; http://mj12bot.com/)"
147.135.213.11 - - [07/Nov/2025:20:54:30 -0800] "GET /?fileloc=//etc/postfix/bounce.cf&path=//etc/postfix HTTP/1.1" 200 3226 "-" "Mozilla/5.0 (compatible; MJ12bot/v1.4.8; http://mj12bot.com/)"
147.135.213.11 - - [07/Nov/2025:20:54:39 -0800] "GET /?fileloc=//etc/postfix/dynamicmaps.cf&path=//etc/postfix HTTP/1.1" 200 2866 "-" "Mozilla/5.0 (compatible; MJ12bot/v1.4.8; http://mj12bot.com/)"
147.135.213.11 - - [07/Nov/2025:20:54:47 -0800] "GET /?fileloc=//etc/postfix/local-host-names&path=//etc/postfix HTTP/1.1" 200 2837 "-" "Mozilla/5.0 (compatible; MJ12bot/v1.4.8; http://mj12bot.com/)"
144.76.19.157 - - [07/Nov/2025:20:54:48 -0800] "GET /agents-2/?fileloc=/home/dh_hwg2wc/.alias&path=/home/dh_hwg2wc HTTP/1.1" 200 3016 "-" "Mozilla/5.0 (compatible; BLEXBot/1.0; +https://help.seranking.com/en/blex-crawler)"
147.135.213.11 - - [07/Nov/2025:20:54:56 -0800] "GET /?fileloc=//etc/postfix/local-host-names.local&path=//etc/postfix HTTP/1.1" 200 2799 "-" "Mozilla/5.0 (compatible; MJ12bot/v1.4.8; http://mj12bot.com/)"
147.135.213.11 - - [07/Nov/2025:20:55:04 -0800] "GET /?fileloc=//etc/postfix/main.cf&path=//etc/postfix HTTP/1.1" 200 5948 "-" "Mozilla/5.0 (compatible; MJ12bot/v1.4.8; http://mj12bot.com/)"
147.135.213.11 - - [07/Nov/2025:20:55:13 -0800] "GET /?fileloc=//etc/postfix/main.cf.proto&path=//etc/postfix HTTP/1.1" 200 11997 "-" "Mozilla/5.0 (compatible; MJ12bot/v1.4.8; http://mj12bot.com/)"
147.135.213.11 - - [07/Nov/2025:20:55:22 -0800] "GET /?fileloc=//etc/postfix/makedefs.out&path=//etc/postfix HTTP/1.1" 200 4178 "-" "Mozilla/5.0 (compatible; MJ12bot/v1.4.8; http://mj12bot.com/)"
147.135.213.11 - - [07/Nov/2025:20:55:31 -0800] "GET /?fileloc=//etc/postfix/master.cf&path=//etc/postfix HTTP/1.1" 200 4122 "-" "Mozilla/5.0 (compatible; MJ12bot/v1.4.8; http://mj12bot.com/)"
147.135.213.11 - - [07/Nov/2025:20:55:39 -0800] "GET /?fileloc=//etc/postfix/master.cf.proto&path=//etc/postfix HTTP/1.1" 200 4501 "-" "Mozilla/5.0 (compatible; MJ12bot/v1.4.8; http://mj12bot.com/)"
147.135.213.11 - - [07/Nov/2025:20:55:48 -0800] "GET /?fileloc=//etc/postfix/post-install&path=//etc/postfix HTTP/1.1" 200 11102 "-" "Mozilla/5.0 (compatible; MJ12bot/v1.4.8; http://mj12bot.com/)"
147.135.213.11 - - [07/Nov/2025:20:55:56 -0800] "GET /?fileloc=//etc/postfix/postfix-files&path=//etc/postfix HTTP/1.1" 200 4673 "-" "Mozilla/5.0 (compatible; MJ12bot/v1.4.8; http://mj12bot.com/)"
147.135.213.11 - - [07/Nov/2025:20:56:05 -0800] "GET /?fileloc=//etc/postfix/postfix-script&path=//etc/postfix HTTP/1.1" 200 6298 "-" "Mozilla/5.0 (compatible; MJ12bot/v1.4.8; http://mj12bot.com/)"
147.135.213.11 - - [07/Nov/2025:20:56:14 -0800] "GET /?fileloc=//etc/postfix/transport&path=//etc/postfix HTTP/1.1" 200 2792 "-" "Mozilla/5.0 (compatible; MJ12bot/v1.4.8; http://mj12bot.com/)"
147.135.213.11 - - [07/Nov/2025:20:56:22 -0800] "GET /?fileloc=//etc/postfix/transport.db&path=//etc/postfix HTTP/1.1" 200 2973 "-" "Mozilla/5.0 (compatible; MJ12bot/v1.4.8; http://mj12bot.com/)"
147.135.213.11 - - [07/Nov/2025:20:56:31 -0800] "GET /?fileloc=//etc/postfix/virtusertable&path=//etc/postfix HTTP/1.1" 200 2895 "-" "Mozilla/5.0 (compatible; MJ12bot/v1.4.8; http://mj12bot.com/)"
147.135.213.11 - - [07/Nov/2025:20:56:39 -0800] "GET /?fileloc=//etc/postfix/virtusertable.db&path=//etc/postfix HTTP/1.1" 200 3124 "-" "Mozilla/5.0 (compatible; MJ12bot/v1.4.8; http://mj12bot.com/)"
147.135.213.11 - - [07/Nov/2025:20:56:48 -0800] "GET /?fileloc=//etc/postfix/virtusertable.local&path=//etc/postfix HTTP/1.1" 200 2801 "-" "Mozilla/5.0 (compatible; MJ12bot/v1.4.8; http://mj12bot.com/)"
147.135.213.11 - - [07/Nov/2025:20:56:56 -0800] "GET /?fileloc=//etc/postfix/virtusertable.top&path=//etc/postfix HTTP/1.1" 200 2801 "-" "Mozilla/5.0 (compatible; MJ12bot/v1.4.8; http://mj12bot.com/)"
147.135.213.11 - - [07/Nov/2025:20:57:05 -0800] "GET /?fileloc=//etc/postgresql-common/supported_versions&path=//etc/postgresql-common HTTP/1.1" 200 2851 "-" "Mozilla/5.0 (compatible; MJ12bot/v1.4.8; http://mj12bot.com/)"
147.135.213.11 - - [07/Nov/2025:20:57:14 -0800] "GET /?fileloc=//etc/postgresql-common/user_clusters&path=//etc/postgresql-common HTTP/1.1" 200 3397 "-" "Mozilla/5.0 (compatible; MJ12bot/v1.4.8; http://mj12bot.com/)"
147.135.213.11 - - [07/Nov/2025:20:57:23 -0800] "GET /?fileloc=//etc/profile.d/01-locale-fix.sh&path=//etc/profile.d HTTP/1.1" 200 2864 "-" "Mozilla/5.0 (compatible; MJ12bot/v1.4.8; http://mj12bot.com/)"
147.135.213.11 - - [07/Nov/2025:20:57:31 -0800] "GET /?fileloc=//etc/profile.d/Z97-byobu.sh&path=//etc/profile.d HTTP/1.1" 200 3579 "-" "Mozilla/5.0 (compatible; MJ12bot/v1.4.8; http://mj12bot.com/)"
147.135.213.11 - - [07/Nov/2025:20:57:40 -0800] "GET /?fileloc=//etc/profile.d/bash_completion.sh&path=//etc/profile.d HTTP/1.1" 200 3148 "-" "Mozilla/5.0 (compatible; MJ12bot/v1.4.8; http://mj12bot.com/)"
144.76.19.157 - - [07/Nov/2025:20:57:43 -0800] "GET /rent/?path=/home/dh_hwg2wc/fnaluxury.com/wp-includes/rest-api HTTP/1.1" 200 3564 "-" "Mozilla/5.0 (compatible; BLEXBot/1.0; +https://help.seranking.com/en/blex-crawler)"
147.135.213.11 - - [07/Nov/2025:20:57:49 -0800] "GET /?fileloc=//etc/profile.d/cedilla-portuguese.sh&path=//etc/profile.d HTTP/1.1" 200 3369 "-" "Mozilla/5.0 (compatible; MJ12bot/v1.4.8; http://mj12bot.com/)"
147.135.213.11 - - [07/Nov/2025:20:57:57 -0800] "GET /?fileloc=//etc/profile.d/debuginfod.csh&path=//etc/profile.d HTTP/1.1" 200 2800 "-" "Mozilla/5.0 (compatible; MJ12bot/v1.4.8; http://mj12bot.com/)"
147.135.213.11 - - [07/Nov/2025:20:58:06 -0800] "GET /?fileloc=//etc/profile.d/debuginfod.sh&path=//etc/profile.d HTTP/1.1" 200 2800 "-" "Mozilla/5.0 (compatible; MJ12bot/v1.4.8; http://mj12bot.com/)"
147.135.213.11 - - [07/Nov/2025:20:58:14 -0800] "GET /?fileloc=//etc/profile.d/dhwp.sh&path=//etc/profile.d HTTP/1.1" 200 2838 "-" "Mozilla/5.0 (compatible; MJ12bot/v1.4.8; http://mj12bot.com/)"
147.135.213.11 - - [07/Nov/2025:20:58:23 -0800] "GET /?fileloc=//etc/profile.d/gawk.csh&path=//etc/profile.d HTTP/1.1" 200 3027 "-" "Mozilla/5.0 (compatible; MJ12bot/v1.4.8; http://mj12bot.com/)"
147.135.213.11 - - [07/Nov/2025:20:58:31 -0800] "GET /?fileloc=//etc/profile.d/gawk.sh&path=//etc/profile.d HTTP/1.1" 200 2992 "-" "Mozilla/5.0 (compatible; MJ12bot/v1.4.8; http://mj12bot.com/)"
147.135.213.11 - - [07/Nov/2025:20:58:40 -0800] "GET /?fileloc=//etc/proftpd/blacklist.dat&path=//etc/proftpd HTTP/1.1" 200 1079044 "-" "Mozilla/5.0 (compatible; MJ12bot/v1.4.8; http://mj12bot.com/)"
147.135.213.11 - - [07/Nov/2025:20:58:51 -0800] "GET /?fileloc=//etc/proftpd/dhparams.pem&path=//etc/proftpd HTTP/1.1" 200 9174 "-" "Mozilla/5.0 (compatible; MJ12bot/v1.4.8; http://mj12bot.com/)"
147.135.213.11 - - [07/Nov/2025:20:58:59 -0800] "GET /?fileloc=//etc/proftpd/geoip.conf&path=//etc/proftpd HTTP/1.1" 200 4432 "-" "Mozilla/5.0 (compatible; MJ12bot/v1.4.8; http://mj12bot.com/)"
147.135.213.11 - - [07/Nov/2025:20:59:08 -0800] "GET /?fileloc=//etc/proftpd/ldap.conf&path=//etc/proftpd HTTP/1.1" 200 2794 "-" "Mozilla/5.0 (compatible; MJ12bot/v1.4.8; http://mj12bot.com/)"
147.135.213.11 - - [07/Nov/2025:20:59:16 -0800] "GET /?fileloc=//etc/proftpd/modules.conf&path=//etc/proftpd HTTP/1.1" 200 3309 "-" "Mozilla/5.0 (compatible; MJ12bot/v1.4.8; http://mj12bot.com/)"
147.135.213.11 - - [07/Nov/2025:20:59:25 -0800] "GET /?fileloc=//etc/proftpd/modules.conf.proftpd-new&path=//etc/proftpd HTTP/1.1" 200 3341 "-" "Mozilla/5.0 (compatible; MJ12bot/v1.4.8; http://mj12bot.com/)"
147.135.213.11 - - [07/Nov/2025:20:59:35 -0800] "GET /?fileloc=//etc/proftpd/modules.conf.proftpd-old&path=//etc/proftpd HTTP/1.1" 200 3314 "-" "Mozilla/5.0 (compatible; MJ12bot/v1.4.8; http://mj12bot.com/)"
147.135.213.11 - - [07/Nov/2025:20:59:43 -0800] "GET /?fileloc=//etc/proftpd/modules.conf.ucf-dist&path=//etc/proftpd HTTP/1.1" 200 3343 "-" "Mozilla/5.0 (compatible; MJ12bot/v1.4.8; http://mj12bot.com/)"
144.76.19.157 - - [07/Nov/2025:21:00:37 -0800] "GET /feature/private-garden/?fileloc=/hs_err_pid1666955.log&path=/ HTTP/1.1" 200 10698 "-" "Mozilla/5.0 (compatible; BLEXBot/1.0; +https://help.seranking.com/en/blex-crawler)"
144.76.19.157 - - [07/Nov/2025:21:01:20 -0800] "GET /agents-2/?fileloc=/home/dh_hwg2wc/.cshrc&path=/home/dh_hwg2wc HTTP/1.1" 200 3098 "-" "Mozilla/5.0 (compatible; BLEXBot/1.0; +https://help.seranking.com/en/blex-crawler)"
144.76.19.157 - - [07/Nov/2025:21:02:03 -0800] "GET /rent/?path=/home/dh_hwg2wc/fnaluxury.com/wp-includes/sitemaps HTTP/1.1" 200 3605 "-" "Mozilla/5.0 (compatible; BLEXBot/1.0; +https://help.seranking.com/en/blex-crawler)"
144.76.19.157 - - [07/Nov/2025:21:04:58 -0800] "GET /feature/private-garden/?fileloc=/hs_err_pid2155801.log&path=/ HTTP/1.1" 200 11106 "-" "Mozilla/5.0 (compatible; BLEXBot/1.0; +https://help.seranking.com/en/blex-crawler)"
144.76.19.157 - - [07/Nov/2025:21:05:43 -0800] "GET /agents-2/?path=/home/dh_hwg2wc/fnaluxury.com/wp-admin/network HTTP/1.1" 200 4510 "-" "Mozilla/5.0 (compatible; BLEXBot/1.0; +https://help.seranking.com/en/blex-crawler)"
144.76.19.157 - - [07/Nov/2025:21:06:27 -0800] "GET /feature/private-garden/?fileloc=/hs_err_pid2251798.log&path=/ HTTP/1.1" 200 10710 "-" "Mozilla/5.0 (compatible; BLEXBot/1.0; +https://help.seranking.com/en/blex-crawler)"
144.76.19.157 - - [07/Nov/2025:21:08:39 -0800] "GET /agents-2/?path=/home/dh_hwg2wc/fnaluxury.com/wp-includes/Text HTTP/1.1" 200 3411 "-" "Mozilla/5.0 (compatible; BLEXBot/1.0; +https://help.seranking.com/en/blex-crawler)"
144.76.19.157 - - [07/Nov/2025:21:10:08 -0800] "GET /agents-2/?path=/home/dh_hwg2wc/fnaluxury.com/wp-includes/l10n HTTP/1.1" 200 3479 "-" "Mozilla/5.0 (compatible; BLEXBot/1.0; +https://help.seranking.com/en/blex-crawler)"
144.76.19.157 - - [07/Nov/2025:21:10:52 -0800] "GET /grid-full-width-2-cols/?fileloc=/hs_err_pid1155819.log&path=/ HTTP/1.1" 200 10488 "-" "Mozilla/5.0 (compatible; BLEXBot/1.0; +https://help.seranking.com/en/blex-crawler)"
144.76.19.157 - - [07/Nov/2025:21:13:47 -0800] "GET /grid-full-width-2-cols/?fileloc=/hs_err_pid1579381.log&path=/ HTTP/1.1" 200 10694 "-" "Mozilla/5.0 (compatible; BLEXBot/1.0; +https://help.seranking.com/en/blex-crawler)"
144.76.19.157 - - [07/Nov/2025:21:14:32 -0800] "GET /agents-2/?path=/home/dh_hwg2wc/fnaluxury.com/wp-includes/pomo HTTP/1.1" 200 3520 "-" "Mozilla/5.0 (compatible; BLEXBot/1.0; +https://help.seranking.com/en/blex-crawler)"
144.76.19.157 - - [07/Nov/2025:21:16:42 -0800] "GET /grid-full-width-2-cols/?fileloc=/hs_err_pid1666955.log&path=/ HTTP/1.1" 200 10698 "-" "Mozilla/5.0 (compatible; BLEXBot/1.0; +https://help.seranking.com/en/blex-crawler)"
144.76.19.157 - - [07/Nov/2025:21:17:27 -0800] "GET /author/fnaluxury_xmua30/?fileloc=/hs_err_pid211711.log&path=/ HTTP/1.1" 200 10690 "-" "Mozilla/5.0 (compatible; BLEXBot/1.0; +https://help.seranking.com/en/blex-crawler)"
144.76.19.157 - - [07/Nov/2025:21:18:55 -0800] "GET /author/fnaluxury_xmua30/?fileloc=/hs_err_pid758221.log&path=/ HTTP/1.1" 200 10483 "-" "Mozilla/5.0 (compatible; BLEXBot/1.0; +https://help.seranking.com/en/blex-crawler)"
144.76.19.157 - - [07/Nov/2025:21:19:39 -0800] "GET /grid-full-width-2-cols/?fileloc=/hs_err_pid2155801.log&path=/ HTTP/1.1" 200 11106 "-" "Mozilla/5.0 (compatible; BLEXBot/1.0; +https://help.seranking.com/en/blex-crawler)"
144.76.19.157 - - [07/Nov/2025:21:21:07 -0800] "GET /grid-full-width-2-cols/?fileloc=/hs_err_pid2251798.log&path=/ HTTP/1.1" 200 10710 "-" "Mozilla/5.0 (compatible; BLEXBot/1.0; +https://help.seranking.com/en/blex-crawler)"
144.76.19.157 - - [07/Nov/2025:21:21:51 -0800] "GET /author/fnaluxury_xmua30/?fileloc=/hs_err_pid901582.log&path=/ HTTP/1.1" 200 10583 "-" "Mozilla/5.0 (compatible; BLEXBot/1.0; +https://help.seranking.com/en/blex-crawler)"
43.173.180.179 - - [07/Nov/2025:21:21:55 -0800] "GET /?fileloc=/home/dh_hwg2wc/fnaluxury.com_20241117233659/wp-activate.php&path=/home/dh_hwg2wc/fnaluxury.com_20241117233659 HTTP/1.1" 200 5367 "-" "Mozilla/5.0 (Windows NT 6.1; Win64; x64) AppleWebKit/537.36 (KHTML, like Gecko) Chrome/126.0.6478.114 Safari/537.36"
144.76.19.157 - - [07/Nov/2025:21:24:01 -0800] "GET /hello-world/?path=/home/dh_hwg2wc/fnaluxury.com/.dh-diag/diag HTTP/1.1" 200 3293 "-" "Mozilla/5.0 (compatible; BLEXBot/1.0; +https://help.seranking.com/en/blex-crawler)"
144.76.19.157 - - [07/Nov/2025:21:24:45 -0800] "GET /category/uncategorized/?fileloc=/hs_err_pid1155819.log&path=/ HTTP/1.1" 200 10488 "-" "Mozilla/5.0 (compatible; BLEXBot/1.0; +https://help.seranking.com/en/blex-crawler)"
43.173.174.149 - - [07/Nov/2025:21:25:01 -0800] "GET /?path=//sys/class HTTP/1.1" 200 5035 "-" "Mozilla/5.0 (Windows NT 6.1; Win64; x64) AppleWebKit/537.36 (KHTML, like Gecko) Chrome/126.0.6478.114 Safari/537.36"
144.76.19.157 - - [07/Nov/2025:21:26:55 -0800] "GET /hello-world/?path=/home/dh_hwg2wc/fnaluxury.com/images/images HTTP/1.1" 200 3388 "-" "Mozilla/5.0 (compatible; BLEXBot/1.0; +https://help.seranking.com/en/blex-crawler)"
144.76.19.157 - - [07/Nov/2025:21:27:39 -0800] "GET /category/uncategorized/?fileloc=/hs_err_pid1579381.log&path=/ HTTP/1.1" 200 10674 "-" "Mozilla/5.0 (compatible; BLEXBot/1.0; +https://help.seranking.com/en/blex-crawler)"
144.76.19.157 - - [07/Nov/2025:21:29:48 -0800] "GET /hello-world/?path=/home/dh_hwg2wc/fnaluxury.com/wp-admin/user HTTP/1.1" 200 3685 "-" "Mozilla/5.0 (compatible; BLEXBot/1.0; +https://help.seranking.com/en/blex-crawler)"
144.76.19.157 - - [07/Nov/2025:21:30:33 -0800] "GET /category/uncategorized/?fileloc=/hs_err_pid1666955.log&path=/ HTTP/1.1" 200 10698 "-" "Mozilla/5.0 (compatible; BLEXBot/1.0; +https://help.seranking.com/en/blex-crawler)"
144.76.19.157 - - [07/Nov/2025:21:32:44 -0800] "GET /category/uncategorized/?fileloc=/hs_err_pid2155801.log&path=/ HTTP/1.1" 200 11127 "-" "Mozilla/5.0 (compatible; BLEXBot/1.0; +https://help.seranking.com/en/blex-crawler)"
144.76.19.157 - - [07/Nov/2025:21:34:56 -0800] "GET /category/uncategorized/?fileloc=/hs_err_pid2251798.log&path=/ HTTP/1.1" 200 10710 "-" "Mozilla/5.0 (compatible; BLEXBot/1.0; +https://help.seranking.com/en/blex-crawler)"
43.173.174.249 - - [07/Nov/2025:21:35:42 -0800] "GET /?fileloc=/home/dh_hwg2wc/fnaluxury.com_20241117233659/readme.html&path=/home/dh_hwg2wc/fnaluxury.com_20241117233659 HTTP/1.1" 200 5891 "-" "Mozilla/5.0 (Windows NT 6.1; Win64; x64) AppleWebKit/537.36 (KHTML, like Gecko) Chrome/126.0.6478.114 Safari/537.36"
144.76.19.157 - - [07/Nov/2025:21:36:23 -0800] "GET /feature/dryer/?path=/home/dh_hwg2wc/fnaluxury.com/wp-admin/css HTTP/1.1" 200 7139 "-" "Mozilla/5.0 (compatible; BLEXBot/1.0; +https://help.seranking.com/en/blex-crawler)"
144.76.19.157 - - [07/Nov/2025:21:37:07 -0800] "GET /14-common-misconceptions-about-business-development/?path=/bin HTTP/1.1" 200 95981 "-" "Mozilla/5.0 (compatible; BLEXBot/1.0; +https://help.seranking.com/en/blex-crawler)"
144.76.19.157 - - [07/Nov/2025:21:37:50 -0800] "GET /property/?fileloc=/home/dh_hwg2wc/.bashrc&path=/home/dh_hwg2wc HTTP/1.1" 200 2933 "-" "Mozilla/5.0 (compatible; BLEXBot/1.0; +https://help.seranking.com/en/blex-crawler)"
144.76.19.157 - - [07/Nov/2025:21:40:01 -0800] "GET /property/?path=/home/dh_hwg2wc/fnaluxury.com/wp-admin/includes HTTP/1.1" 200 7972 "-" "Mozilla/5.0 (compatible; BLEXBot/1.0; +https://help.seranking.com/en/blex-crawler)"
144.76.19.157 - - [07/Nov/2025:21:42:57 -0800] "GET /feature/lawn/?path=/home/dh_hwg2wc/fnaluxury.com/.dh-diag/diag HTTP/1.1" 200 3293 "-" "Mozilla/5.0 (compatible; BLEXBot/1.0; +https://help.seranking.com/en/blex-crawler)"
144.76.19.157 - - [07/Nov/2025:21:43:41 -0800] "GET /14-common-misconceptions-about-business-development/?path=/dev HTTP/1.1" 200 3745 "-" "Mozilla/5.0 (compatible; BLEXBot/1.0; +https://help.seranking.com/en/blex-crawler)"
144.76.19.157 - - [07/Nov/2025:21:44:25 -0800] "GET /property/?path=/home/dh_hwg2wc/fnaluxury.com/wp-content/themes HTTP/1.1" 200 3404 "-" "Mozilla/5.0 (compatible; BLEXBot/1.0; +https://help.seranking.com/en/blex-crawler)"
144.76.19.157 - - [07/Nov/2025:21:45:08 -0800] "GET /feature/lawn/?path=/home/dh_hwg2wc/fnaluxury.com/images/images HTTP/1.1" 200 3388 "-" "Mozilla/5.0 (compatible; BLEXBot/1.0; +https://help.seranking.com/en/blex-crawler)"
144.76.19.157 - - [07/Nov/2025:21:45:50 -0800] "GET /14-common-misconceptions-about-business-development/?path=/etc HTTP/1.1" 200 16235 "-" "Mozilla/5.0 (compatible; BLEXBot/1.0; +https://help.seranking.com/en/blex-crawler)"
144.76.19.157 - - [07/Nov/2025:21:49:29 -0800] "GET /feature/lawn/?path=/home/dh_hwg2wc/fnaluxury.com/wp-admin/user HTTP/1.1" 200 3685 "-" "Mozilla/5.0 (compatible; BLEXBot/1.0; +https://help.seranking.com/en/blex-crawler)"
144.76.19.157 - - [07/Nov/2025:21:50:56 -0800] "GET /property/?path=/home/dh_hwg2wc/fnaluxury.com/wp-content/wflogs HTTP/1.1" 200 3662 "-" "Mozilla/5.0 (compatible; BLEXBot/1.0; +https://help.seranking.com/en/blex-crawler)"
144.76.19.157 - - [07/Nov/2025:21:52:23 -0800] "GET /14-common-misconceptions-about-business-development/?path=/lib HTTP/1.1" 200 8316 "-" "Mozilla/5.0 (compatible; BLEXBot/1.0; +https://help.seranking.com/en/blex-crawler)"
144.76.19.157 - - [07/Nov/2025:21:53:50 -0800] "GET /feature/pantry/?path=/home/dh_hwg2wc/fnaluxury.com/wp-admin/js HTTP/1.1" 200 7437 "-" "Mozilla/5.0 (compatible; BLEXBot/1.0; +https://help.seranking.com/en/blex-crawler)"
144.76.19.157 - - [07/Nov/2025:21:54:35 -0800] "GET /14-common-misconceptions-about-business-development/?path=/mnt HTTP/1.1" 200 2876 "-" "Mozilla/5.0 (compatible; BLEXBot/1.0; +https://help.seranking.com/en/blex-crawler)"
144.76.19.157 - - [07/Nov/2025:21:55:18 -0800] "GET /property/?path=/home/dh_hwg2wc/fnaluxury.com/wp-includes/fonts HTTP/1.1" 200 3713 "-" "Mozilla/5.0 (compatible; BLEXBot/1.0; +https://help.seranking.com/en/blex-crawler)"
144.76.19.157 - - [07/Nov/2025:21:57:26 -0800] "GET /rent/?path=/home/dh_hwg2wc/fnaluxury.com/wp-includes/PHPMailer HTTP/1.1" 200 3387 "-" "Mozilla/5.0 (compatible; BLEXBot/1.0; +https://help.seranking.com/en/blex-crawler)"
144.76.19.157 - - [07/Nov/2025:21:58:53 -0800] "GET /14-common-misconceptions-about-business-development/?path=/opt HTTP/1.1" 200 3366 "-" "Mozilla/5.0 (compatible; BLEXBot/1.0; +https://help.seranking.com/en/blex-crawler)"
144.76.19.157 - - [07/Nov/2025:22:00:21 -0800] "GET /hello-world/?path=/home/dh_hwg2wc/fnaluxury.com/wp-admin/maint HTTP/1.1" 200 3268 "-" "Mozilla/5.0 (compatible; BLEXBot/1.0; +https://help.seranking.com/en/blex-crawler)"
144.76.19.157 - - [07/Nov/2025:22:01:48 -0800] "GET /robots.txt HTTP/1.1" 200 521 "-" "Mozilla/5.0 (compatible; BLEXBot/1.0; +https://help.seranking.com/en/blex-crawler)"
144.76.19.157 - - [07/Nov/2025:22:01:48 -0800] "GET /rent/?path=/home/dh_hwg2wc/fnaluxury.com/wp-includes/SimplePie HTTP/1.1" 200 3405 "-" "Mozilla/5.0 (compatible; BLEXBot/1.0; +https://help.seranking.com/en/blex-crawler)"
144.76.19.157 - - [07/Nov/2025:22:02:33 -0800] "GET /hello-world/?path=/home/dh_hwg2wc/fnaluxury.com/wp-includes/js HTTP/1.1" 200 7953 "-" "Mozilla/5.0 (compatible; BLEXBot/1.0; +https://help.seranking.com/en/blex-crawler)"
144.76.19.157 - - [07/Nov/2025:22:03:16 -0800] "GET /14-common-misconceptions-about-business-development/?path=/run HTTP/1.1" 200 6123 "-" "Mozilla/5.0 (compatible; BLEXBot/1.0; +https://help.seranking.com/en/blex-crawler)"
34.121.159.58 - - [07/Nov/2025:22:03:17 -0800] "GET / HTTP/1.1" 200 4493 "-" "Mozilla/5.0 (X11; Linux x86_64) AppleWebKit/537.36 (KHTML, like Gecko) Chrome/59.0.3071.104 Safari/537.36"
34.121.159.58 - - [07/Nov/2025:22:03:20 -0800] "GET / HTTP/1.1" 200 4493 "-" "Mozilla/5.0 (Macintosh; U; Intel Mac OS X; en-US) AppleWebKit/528.16 (KHTML, like Gecko, Safari/528.16) OmniWeb/v622.8.0.112941"
34.121.159.58 - - [07/Nov/2025:22:03:23 -0800] "GET / HTTP/1.1" 200 4493 "-" "python-requests/2.32.3"
144.76.19.157 - - [07/Nov/2025:22:06:52 -0800] "GET /hello-world/?path=/home/dh_hwg2wc/fnaluxury.com_20241117233659 HTTP/1.1" 200 4463 "-" "Mozilla/5.0 (compatible; BLEXBot/1.0; +https://help.seranking.com/en/blex-crawler)"
144.76.19.157 - - [07/Nov/2025:22:08:18 -0800] "GET /rent/?path=/home/dh_hwg2wc/fnaluxury.com/wp-includes/customize HTTP/1.1" 200 4908 "-" "Mozilla/5.0 (compatible; BLEXBot/1.0; +https://help.seranking.com/en/blex-crawler)"
144.76.19.157 - - [07/Nov/2025:22:09:44 -0800] "GET /14-common-misconceptions-about-business-development/?path=/srv HTTP/1.1" 200 3124 "-" "Mozilla/5.0 (compatible; BLEXBot/1.0; +https://help.seranking.com/en/blex-crawler)"
144.76.19.157 - - [07/Nov/2025:22:11:11 -0800] "GET /14-common-misconceptions-about-business-development/?path=/sys HTTP/1.1" 200 3412 "-" "Mozilla/5.0 (compatible; BLEXBot/1.0; +https://help.seranking.com/en/blex-crawler)"
144.76.19.157 - - [07/Nov/2025:22:11:53 -0800] "GET /14-common-misconceptions-about-business-development/?path=/tmp HTTP/1.1" 500 503366 "-" "Mozilla/5.0 (compatible; BLEXBot/1.0; +https://help.seranking.com/en/blex-crawler)"
144.76.19.157 - - [07/Nov/2025:22:13:22 -0800] "GET /14-common-misconceptions-about-business-development/?path=/usr HTTP/1.1" 200 3514 "-" "Mozilla/5.0 (compatible; BLEXBot/1.0; +https://help.seranking.com/en/blex-crawler)"
144.76.19.157 - - [07/Nov/2025:22:14:48 -0800] "GET /14-common-misconceptions-about-business-development/?path=/var HTTP/1.1" 200 3637 "-" "Mozilla/5.0 (compatible; BLEXBot/1.0; +https://help.seranking.com/en/blex-crawler)"
144.76.19.157 - - [07/Nov/2025:22:16:14 -0800] "GET /2016/?path=/home/dh_hwg2wc/fnaluxury.com/wp-includes/PHPMailer HTTP/1.1" 200 3387 "-" "Mozilla/5.0 (compatible; BLEXBot/1.0; +https://help.seranking.com/en/blex-crawler)"
54.37.252.46 - - [07/Nov/2025:22:16:32 -0800] "GET /robots.txt HTTP/1.1" 200 477 "-" "Mozilla/5.0 (compatible; MJ12bot/v1.4.8; http://mj12bot.com/)"
54.37.252.46 - - [07/Nov/2025:22:16:36 -0800] "GET /?fileloc=//dh/web/diag/diag/dh-php-diags.php&path=//dh/web/diag/diag HTTP/1.1" 200 3725 "-" "Mozilla/5.0 (compatible; MJ12bot/v1.4.8; http://mj12bot.com/)"
