51.77.218.191 - - [07/Nov/2025:09:45:29 -0800] "GET /?fileloc=//etc/fail2ban/filter.d/recidive.conf&path=//etc/fail2ban/filter.d HTTP/1.1" 200 3623 "-" "Mozilla/5.0 (compatible; MJ12bot/v1.4.8; http://mj12bot.com/)"
51.77.218.191 - - [07/Nov/2025:09:45:33 -0800] "GET /?fileloc=//etc/fail2ban/filter.d/rootpubkeybrute.conf&path=//etc/fail2ban/filter.d HTTP/1.1" 200 2968 "-" "Mozilla/5.0 (compatible; MJ12bot/v1.4.8; http://mj12bot.com/)"
51.77.218.191 - - [07/Nov/2025:09:45:37 -0800] "GET /?fileloc=//etc/fail2ban/filter.d/roundcube-auth.conf&path=//etc/fail2ban/filter.d HTTP/1.1" 200 3734 "-" "Mozilla/5.0 (compatible; MJ12bot/v1.4.8; http://mj12bot.com/)"
51.77.218.191 - - [07/Nov/2025:09:45:42 -0800] "GET /?fileloc=//etc/fail2ban/filter.d/scanlogd.conf&path=//etc/fail2ban/filter.d HTTP/1.1" 200 3056 "-" "Mozilla/5.0 (compatible; MJ12bot/v1.4.8; http://mj12bot.com/)"
51.77.218.191 - - [07/Nov/2025:09:45:47 -0800] "GET /?fileloc=//etc/fail2ban/filter.d/screensharingd.conf&path=//etc/fail2ban/filter.d HTTP/1.1" 200 3322 "-" "Mozilla/5.0 (compatible; MJ12bot/v1.4.8; http://mj12bot.com/)"
51.77.218.191 - - [07/Nov/2025:09:45:54 -0800] "GET /?fileloc=//etc/fail2ban/filter.d/selinux-common.conf&path=//etc/fail2ban/filter.d HTTP/1.1" 200 3166 "-" "Mozilla/5.0 (compatible; MJ12bot/v1.4.8; http://mj12bot.com/)"
51.77.218.191 - - [07/Nov/2025:09:45:59 -0800] "GET /?fileloc=//etc/fail2ban/filter.d/selinux-ssh.conf&path=//etc/fail2ban/filter.d HTTP/1.1" 200 3232 "-" "Mozilla/5.0 (compatible; MJ12bot/v1.4.8; http://mj12bot.com/)"
51.77.218.191 - - [07/Nov/2025:09:46:03 -0800] "GET /?fileloc=//etc/fail2ban/filter.d/sendmail-auth.conf&path=//etc/fail2ban/filter.d HTTP/1.1" 200 3346 "-" "Mozilla/5.0 (compatible; MJ12bot/v1.4.8; http://mj12bot.com/)"
51.77.218.191 - - [07/Nov/2025:09:46:08 -0800] "GET /?fileloc=//etc/fail2ban/filter.d/sendmail-reject.conf&path=//etc/fail2ban/filter.d HTTP/1.1" 200 4348 "-" "Mozilla/5.0 (compatible; MJ12bot/v1.4.8; http://mj12bot.com/)"
51.77.218.191 - - [07/Nov/2025:09:46:12 -0800] "GET /?fileloc=//etc/fail2ban/filter.d/sieve.conf&path=//etc/fail2ban/filter.d HTTP/1.1" 200 3055 "-" "Mozilla/5.0 (compatible; MJ12bot/v1.4.8; http://mj12bot.com/)"
51.77.218.191 - - [07/Nov/2025:09:46:17 -0800] "GET /?fileloc=//etc/fail2ban/filter.d/slapd.conf&path=//etc/fail2ban/filter.d HTTP/1.1" 200 3319 "-" "Mozilla/5.0 (compatible; MJ12bot/v1.4.8; http://mj12bot.com/)"
51.77.218.191 - - [07/Nov/2025:09:46:22 -0800] "GET /?fileloc=//etc/fail2ban/filter.d/softethervpn.conf&path=//etc/fail2ban/filter.d HTTP/1.1" 200 3156 "-" "Mozilla/5.0 (compatible; MJ12bot/v1.4.8; http://mj12bot.com/)"
51.77.218.191 - - [07/Nov/2025:09:46:26 -0800] "GET /?fileloc=//etc/fail2ban/filter.d/sogo-auth.conf&path=//etc/fail2ban/filter.d HTTP/1.1" 200 3322 "-" "Mozilla/5.0 (compatible; MJ12bot/v1.4.8; http://mj12bot.com/)"
51.77.218.191 - - [07/Nov/2025:09:46:31 -0800] "GET /?fileloc=//etc/fail2ban/filter.d/solid-pop3d.conf&path=//etc/fail2ban/filter.d HTTP/1.1" 200 3392 "-" "Mozilla/5.0 (compatible; MJ12bot/v1.4.8; http://mj12bot.com/)"
51.77.218.191 - - [07/Nov/2025:09:46:35 -0800] "GET /?fileloc=//etc/fail2ban/filter.d/squid.conf&path=//etc/fail2ban/filter.d HTTP/1.1" 200 2978 "-" "Mozilla/5.0 (compatible; MJ12bot/v1.4.8; http://mj12bot.com/)"
51.77.218.191 - - [07/Nov/2025:09:46:40 -0800] "GET /?fileloc=//etc/fail2ban/filter.d/squirrelmail.conf&path=//etc/fail2ban/filter.d HTTP/1.1" 200 2977 "-" "Mozilla/5.0 (compatible; MJ12bot/v1.4.8; http://mj12bot.com/)"
144.76.19.157 - - [07/Nov/2025:09:46:52 -0800] "GET /feature/drivers-room/?fileloc=/hs_err_pid2155801.log&path=/ HTTP/1.1" 200 11126 "-" "Mozilla/5.0 (compatible; BLEXBot/1.0; +https://help.seranking.com/en/blex-crawler)"
51.77.218.191 - - [07/Nov/2025:09:48:29 -0800] "GET /?fileloc=//etc/fail2ban/filter.d/sshd.conf&path=//etc/fail2ban/filter.d HTTP/1.1" 200 5600 "-" "Mozilla/5.0 (compatible; MJ12bot/v1.4.8; http://mj12bot.com/)"
51.77.218.191 - - [07/Nov/2025:09:48:34 -0800] "GET /?fileloc=//etc/fail2ban/filter.d/sshd_limit.conf&path=//etc/fail2ban/filter.d HTTP/1.1" 200 2883 "-" "Mozilla/5.0 (compatible; MJ12bot/v1.4.8; http://mj12bot.com/)"
51.77.218.191 - - [07/Nov/2025:09:48:38 -0800] "GET /?fileloc=//etc/fail2ban/filter.d/sshd_root.conf&path=//etc/fail2ban/filter.d HTTP/1.1" 200 2983 "-" "Mozilla/5.0 (compatible; MJ12bot/v1.4.8; http://mj12bot.com/)"
51.77.218.191 - - [07/Nov/2025:09:48:42 -0800] "GET /?fileloc=//etc/fail2ban/filter.d/stunnel.conf&path=//etc/fail2ban/filter.d HTTP/1.1" 200 3058 "-" "Mozilla/5.0 (compatible; MJ12bot/v1.4.8; http://mj12bot.com/)"
51.77.218.191 - - [07/Nov/2025:09:48:46 -0800] "GET /?fileloc=//etc/fail2ban/filter.d/suhosin.conf&path=//etc/fail2ban/filter.d HTTP/1.1" 200 3255 "-" "Mozilla/5.0 (compatible; MJ12bot/v1.4.8; http://mj12bot.com/)"
144.76.19.157 - - [07/Nov/2025:09:48:47 -0800] "GET /?fileloc=/home/dh_hwg2wc/.bash_profile&path=/home/dh_hwg2wc HTTP/1.1" 200 2891 "-" "Mozilla/5.0 (compatible; BLEXBot/1.0; +https://help.seranking.com/en/blex-crawler)"
51.77.218.191 - - [07/Nov/2025:09:48:51 -0800] "GET /?fileloc=//etc/fail2ban/filter.d/tine20.conf&path=//etc/fail2ban/filter.d HTTP/1.1" 200 3314 "-" "Mozilla/5.0 (compatible; MJ12bot/v1.4.8; http://mj12bot.com/)"
51.77.218.191 - - [07/Nov/2025:09:48:55 -0800] "GET /?fileloc=//etc/fail2ban/filter.d/traefik-auth.conf&path=//etc/fail2ban/filter.d HTTP/1.1" 200 3834 "-" "Mozilla/5.0 (compatible; MJ12bot/v1.4.8; http://mj12bot.com/)"
51.77.218.191 - - [07/Nov/2025:09:48:59 -0800] "GET /?fileloc=//etc/fail2ban/filter.d/uwimap-auth.conf&path=//etc/fail2ban/filter.d HTTP/1.1" 200 3019 "-" "Mozilla/5.0 (compatible; MJ12bot/v1.4.8; http://mj12bot.com/)"
51.77.218.191 - - [07/Nov/2025:09:49:03 -0800] "GET /?fileloc=//etc/fail2ban/filter.d/vsftpd.conf&path=//etc/fail2ban/filter.d HTTP/1.1" 200 3222 "-" "Mozilla/5.0 (compatible; MJ12bot/v1.4.8; http://mj12bot.com/)"
51.77.218.191 - - [07/Nov/2025:09:49:07 -0800] "GET /?fileloc=//etc/fail2ban/filter.d/webmin-auth.conf&path=//etc/fail2ban/filter.d HTTP/1.1" 200 3017 "-" "Mozilla/5.0 (compatible; MJ12bot/v1.4.8; http://mj12bot.com/)"
51.77.218.191 - - [07/Nov/2025:09:49:12 -0800] "GET /?fileloc=//etc/fail2ban/filter.d/wp.conf&path=//etc/fail2ban/filter.d HTTP/1.1" 200 3176 "-" "Mozilla/5.0 (compatible; MJ12bot/v1.4.8; http://mj12bot.com/)"
51.77.218.191 - - [07/Nov/2025:09:49:16 -0800] "GET /?fileloc=//etc/fail2ban/filter.d/wuftpd.conf&path=//etc/fail2ban/filter.d HTTP/1.1" 200 3113 "-" "Mozilla/5.0 (compatible; MJ12bot/v1.4.8; http://mj12bot.com/)"
51.77.218.191 - - [07/Nov/2025:09:49:20 -0800] "GET /?fileloc=//etc/fail2ban/filter.d/xinetd-fail.conf&path=//etc/fail2ban/filter.d HTTP/1.1" 200 3127 "-" "Mozilla/5.0 (compatible; MJ12bot/v1.4.8; http://mj12bot.com/)"
51.77.218.191 - - [07/Nov/2025:09:49:24 -0800] "GET /?fileloc=//etc/fail2ban/filter.d/xmlrpc.conf&path=//etc/fail2ban/filter.d HTTP/1.1" 200 3000 "-" "Mozilla/5.0 (compatible; MJ12bot/v1.4.8; http://mj12bot.com/)"
51.77.218.191 - - [07/Nov/2025:09:49:29 -0800] "GET /?fileloc=//etc/fail2ban/filter.d/znc-adminlog.conf&path=//etc/fail2ban/filter.d HTTP/1.1" 200 3315 "-" "Mozilla/5.0 (compatible; MJ12bot/v1.4.8; http://mj12bot.com/)"
51.77.218.191 - - [07/Nov/2025:09:49:33 -0800] "GET /?fileloc=//etc/fail2ban/filter.d/zoneminder.conf&path=//etc/fail2ban/filter.d HTTP/1.1" 200 3118 "-" "Mozilla/5.0 (compatible; MJ12bot/v1.4.8; http://mj12bot.com/)"
51.77.218.191 - - [07/Nov/2025:09:49:42 -0800] "GET /?fileloc=//etc/fail2ban/jail.d/defaults-debian.conf&path=//etc/fail2ban/jail.d HTTP/1.1" 200 2830 "-" "Mozilla/5.0 (compatible; MJ12bot/v1.4.8; http://mj12bot.com/)"
51.77.218.191 - - [07/Nov/2025:09:50:11 -0800] "GET /?fileloc=//etc/fonts/conf.avail/10-antialias.conf&path=//etc/fonts/conf.avail HTTP/1.1" 200 2959 "-" "Mozilla/5.0 (compatible; MJ12bot/v1.4.8; http://mj12bot.com/)"
51.77.218.191 - - [07/Nov/2025:09:50:15 -0800] "GET /?fileloc=//etc/fonts/conf.avail/10-autohint.conf&path=//etc/fonts/conf.avail HTTP/1.1" 200 3258 "-" "Mozilla/5.0 (compatible; MJ12bot/v1.4.8; http://mj12bot.com/)"
51.77.218.191 - - [07/Nov/2025:09:50:20 -0800] "GET /?fileloc=//etc/fonts/conf.avail/10-hinting-full.conf&path=//etc/fonts/conf.avail HTTP/1.1" 200 3249 "-" "Mozilla/5.0 (compatible; MJ12bot/v1.4.8; http://mj12bot.com/)"
51.77.218.191 - - [07/Nov/2025:09:50:25 -0800] "GET /?fileloc=//etc/fonts/conf.avail/10-hinting-medium.conf&path=//etc/fonts/conf.avail HTTP/1.1" 200 3249 "-" "Mozilla/5.0 (compatible; MJ12bot/v1.4.8; http://mj12bot.com/)"
51.77.218.191 - - [07/Nov/2025:09:50:29 -0800] "GET /?fileloc=//etc/fonts/conf.avail/10-hinting-none.conf&path=//etc/fonts/conf.avail HTTP/1.1" 200 3247 "-" "Mozilla/5.0 (compatible; MJ12bot/v1.4.8; http://mj12bot.com/)"
51.77.218.191 - - [07/Nov/2025:09:50:34 -0800] "GET /?fileloc=//etc/fonts/conf.avail/10-hinting-slight.conf&path=//etc/fonts/conf.avail HTTP/1.1" 200 3249 "-" "Mozilla/5.0 (compatible; MJ12bot/v1.4.8; http://mj12bot.com/)"
51.77.218.191 - - [07/Nov/2025:09:50:39 -0800] "GET /?fileloc=//etc/fonts/conf.avail/10-no-sub-pixel.conf&path=//etc/fonts/conf.avail HTTP/1.1" 200 3259 "-" "Mozilla/5.0 (compatible; MJ12bot/v1.4.8; http://mj12bot.com/)"
144.76.19.157 - - [07/Nov/2025:09:50:41 -0800] "GET /rent/?path=/home/dh_hwg2wc/fnaluxury.com/wp-content/plugins HTTP/1.1" 200 4638 "-" "Mozilla/5.0 (compatible; BLEXBot/1.0; +https://help.seranking.com/en/blex-crawler)"
51.77.218.191 - - [07/Nov/2025:09:50:44 -0800] "GET /?fileloc=//etc/fonts/conf.avail/10-scale-bitmap-fonts.conf&path=//etc/fonts/conf.avail HTTP/1.1" 200 3526 "-" "Mozilla/5.0 (compatible; MJ12bot/v1.4.8; http://mj12bot.com/)"
51.77.218.191 - - [07/Nov/2025:09:50:48 -0800] "GET /?fileloc=//etc/fonts/conf.avail/10-sub-pixel-bgr.conf&path=//etc/fonts/conf.avail HTTP/1.1" 200 3281 "-" "Mozilla/5.0 (compatible; MJ12bot/v1.4.8; http://mj12bot.com/)"
51.77.218.191 - - [07/Nov/2025:09:50:53 -0800] "GET /?fileloc=//etc/fonts/conf.avail/10-sub-pixel-rgb.conf&path=//etc/fonts/conf.avail HTTP/1.1" 200 3281 "-" "Mozilla/5.0 (compatible; MJ12bot/v1.4.8; http://mj12bot.com/)"
51.77.218.191 - - [07/Nov/2025:09:50:58 -0800] "GET /?fileloc=//etc/fonts/conf.avail/10-sub-pixel-vbgr.conf&path=//etc/fonts/conf.avail HTTP/1.1" 200 3285 "-" "Mozilla/5.0 (compatible; MJ12bot/v1.4.8; http://mj12bot.com/)"
51.77.218.191 - - [07/Nov/2025:09:51:03 -0800] "GET /?fileloc=//etc/fonts/conf.avail/10-sub-pixel-vrgb.conf&path=//etc/fonts/conf.avail HTTP/1.1" 200 3285 "-" "Mozilla/5.0 (compatible; MJ12bot/v1.4.8; http://mj12bot.com/)"
51.77.218.191 - - [07/Nov/2025:09:51:08 -0800] "GET /?fileloc=//etc/fonts/conf.avail/10-unhinted.conf&path=//etc/fonts/conf.avail HTTP/1.1" 200 3252 "-" "Mozilla/5.0 (compatible; MJ12bot/v1.4.8; http://mj12bot.com/)"
51.77.218.191 - - [07/Nov/2025:09:51:12 -0800] "GET /?fileloc=//etc/fonts/conf.avail/11-lcdfilter-default.conf&path=//etc/fonts/conf.avail HTTP/1.1" 200 3271 "-" "Mozilla/5.0 (compatible; MJ12bot/v1.4.8; http://mj12bot.com/)"
51.77.218.191 - - [07/Nov/2025:09:51:17 -0800] "GET /?fileloc=//etc/fonts/conf.avail/11-lcdfilter-legacy.conf&path=//etc/fonts/conf.avail HTTP/1.1" 200 3275 "-" "Mozilla/5.0 (compatible; MJ12bot/v1.4.8; http://mj12bot.com/)"
51.77.218.191 - - [07/Nov/2025:09:51:21 -0800] "GET /?fileloc=//etc/fonts/conf.avail/11-lcdfilter-light.conf&path=//etc/fonts/conf.avail HTTP/1.1" 200 3273 "-" "Mozilla/5.0 (compatible; MJ12bot/v1.4.8; http://mj12bot.com/)"
51.77.218.191 - - [07/Nov/2025:09:51:26 -0800] "GET /?fileloc=//etc/fonts/conf.avail/20-unhint-small-dejavu-lgc-sans-mono.conf&path=//etc/fonts/conf.avail HTTP/1.1" 200 3326 "-" "Mozilla/5.0 (compatible; MJ12bot/v1.4.8; http://mj12bot.com/)"
51.77.218.191 - - [07/Nov/2025:09:51:31 -0800] "GET /?fileloc=//etc/fonts/conf.avail/20-unhint-small-dejavu-lgc-sans.conf&path=//etc/fonts/conf.avail HTTP/1.1" 200 3321 "-" "Mozilla/5.0 (compatible; MJ12bot/v1.4.8; http://mj12bot.com/)"
51.77.218.191 - - [07/Nov/2025:09:51:35 -0800] "GET /?fileloc=//etc/fonts/conf.avail/20-unhint-small-dejavu-lgc-serif.conf&path=//etc/fonts/conf.avail HTTP/1.1" 200 3322 "-" "Mozilla/5.0 (compatible; MJ12bot/v1.4.8; http://mj12bot.com/)"
51.77.218.191 - - [07/Nov/2025:09:51:40 -0800] "GET /?fileloc=//etc/fonts/conf.avail/20-unhint-small-dejavu-sans-mono.conf&path=//etc/fonts/conf.avail HTTP/1.1" 200 3317 "-" "Mozilla/5.0 (compatible; MJ12bot/v1.4.8; http://mj12bot.com/)"
51.77.218.191 - - [07/Nov/2025:09:51:46 -0800] "GET /?fileloc=//etc/fonts/conf.avail/20-unhint-small-dejavu-sans.conf&path=//etc/fonts/conf.avail HTTP/1.1" 200 3312 "-" "Mozilla/5.0 (compatible; MJ12bot/v1.4.8; http://mj12bot.com/)"
51.77.218.191 - - [07/Nov/2025:09:51:50 -0800] "GET /?fileloc=//etc/fonts/conf.avail/20-unhint-small-dejavu-serif.conf&path=//etc/fonts/conf.avail HTTP/1.1" 200 3313 "-" "Mozilla/5.0 (compatible; MJ12bot/v1.4.8; http://mj12bot.com/)"
51.77.218.191 - - [07/Nov/2025:09:51:55 -0800] "GET /?fileloc=//etc/fonts/conf.avail/20-unhint-small-vera.conf&path=//etc/fonts/conf.avail HTTP/1.1" 200 3422 "-" "Mozilla/5.0 (compatible; MJ12bot/v1.4.8; http://mj12bot.com/)"
51.77.218.191 - - [07/Nov/2025:09:52:00 -0800] "GET /?fileloc=//etc/fonts/conf.avail/25-unhint-nonlatin.conf&path=//etc/fonts/conf.avail HTTP/1.1" 200 3365 "-" "Mozilla/5.0 (compatible; MJ12bot/v1.4.8; http://mj12bot.com/)"
51.77.218.191 - - [07/Nov/2025:09:52:04 -0800] "GET /?fileloc=//etc/fonts/conf.avail/25-wqy-zenhei.conf&path=//etc/fonts/conf.avail HTTP/1.1" 200 3234 "-" "Mozilla/5.0 (compatible; MJ12bot/v1.4.8; http://mj12bot.com/)"
51.77.218.191 - - [07/Nov/2025:09:52:09 -0800] "GET /?fileloc=//etc/fonts/conf.avail/30-cjk-aliases.conf&path=//etc/fonts/conf.avail HTTP/1.1" 200 4121 "-" "Mozilla/5.0 (compatible; MJ12bot/v1.4.8; http://mj12bot.com/)"
51.77.218.191 - - [07/Nov/2025:09:52:13 -0800] "GET /?fileloc=//etc/fonts/conf.avail/30-metric-aliases.conf&path=//etc/fonts/conf.avail HTTP/1.1" 200 4772 "-" "Mozilla/5.0 (compatible; MJ12bot/v1.4.8; http://mj12bot.com/)"
51.77.218.191 - - [07/Nov/2025:09:52:17 -0800] "GET /?fileloc=//etc/fonts/conf.avail/40-nonlatin.conf&path=//etc/fonts/conf.avail HTTP/1.1" 200 3699 "-" "Mozilla/5.0 (compatible; MJ12bot/v1.4.8; http://mj12bot.com/)"
51.77.218.191 - - [07/Nov/2025:09:52:22 -0800] "GET /?fileloc=//etc/fonts/conf.avail/45-generic.conf&path=//etc/fonts/conf.avail HTTP/1.1" 200 3656 "-" "Mozilla/5.0 (compatible; MJ12bot/v1.4.8; http://mj12bot.com/)"
51.77.218.191 - - [07/Nov/2025:09:52:26 -0800] "GET /?fileloc=//etc/fonts/conf.avail/45-latin.conf&path=//etc/fonts/conf.avail HTTP/1.1" 200 3736 "-" "Mozilla/5.0 (compatible; MJ12bot/v1.4.8; http://mj12bot.com/)"
51.77.218.191 - - [07/Nov/2025:09:52:30 -0800] "GET /?fileloc=//etc/fonts/conf.avail/49-sansserif.conf&path=//etc/fonts/conf.avail HTTP/1.1" 200 3174 "-" "Mozilla/5.0 (compatible; MJ12bot/v1.4.8; http://mj12bot.com/)"
51.77.218.191 - - [07/Nov/2025:09:52:35 -0800] "GET /?fileloc=//etc/fonts/conf.avail/50-user.conf&path=//etc/fonts/conf.avail HTTP/1.1" 200 3244 "-" "Mozilla/5.0 (compatible; MJ12bot/v1.4.8; http://mj12bot.com/)"
144.76.19.157 - - [07/Nov/2025:09:52:38 -0800] "GET /feature/drivers-room/?fileloc=/hs_err_pid2251798.log&path=/ HTTP/1.1" 200 10688 "-" "Mozilla/5.0 (compatible; BLEXBot/1.0; +https://help.seranking.com/en/blex-crawler)"
51.77.218.191 - - [07/Nov/2025:09:52:39 -0800] "GET /?fileloc=//etc/fonts/conf.avail/51-local.conf&path=//etc/fonts/conf.avail HTTP/1.1" 200 3047 "-" "Mozilla/5.0 (compatible; MJ12bot/v1.4.8; http://mj12bot.com/)"
51.77.218.191 - - [07/Nov/2025:09:52:43 -0800] "GET /?fileloc=//etc/fonts/conf.avail/53-monospace-lcd-filter.conf&path=//etc/fonts/conf.avail HTTP/1.1" 200 3111 "-" "Mozilla/5.0 (compatible; MJ12bot/v1.4.8; http://mj12bot.com/)"
51.77.218.191 - - [07/Nov/2025:09:52:48 -0800] "GET /?fileloc=//etc/fonts/conf.avail/56-language-selector-ar.conf&path=//etc/fonts/conf.avail HTTP/1.1" 200 3031 "-" "Mozilla/5.0 (compatible; MJ12bot/v1.4.8; http://mj12bot.com/)"
51.77.218.191 - - [07/Nov/2025:09:52:52 -0800] "GET /?fileloc=//etc/fonts/conf.avail/57-dejavu-sans-mono.conf&path=//etc/fonts/conf.avail HTTP/1.1" 200 3128 "-" "Mozilla/5.0 (compatible; MJ12bot/v1.4.8; http://mj12bot.com/)"
51.77.218.191 - - [07/Nov/2025:09:52:57 -0800] "GET /?fileloc=//etc/fonts/conf.avail/57-dejavu-sans.conf&path=//etc/fonts/conf.avail HTTP/1.1" 200 3191 "-" "Mozilla/5.0 (compatible; MJ12bot/v1.4.8; http://mj12bot.com/)"
51.77.218.191 - - [07/Nov/2025:09:53:01 -0800] "GET /?fileloc=//etc/fonts/conf.avail/57-dejavu-serif.conf&path=//etc/fonts/conf.avail HTTP/1.1" 200 3169 "-" "Mozilla/5.0 (compatible; MJ12bot/v1.4.8; http://mj12bot.com/)"
51.77.218.191 - - [07/Nov/2025:09:53:05 -0800] "GET /?fileloc=//etc/fonts/conf.avail/58-dejavu-lgc-sans-mono.conf&path=//etc/fonts/conf.avail HTTP/1.1" 200 3203 "-" "Mozilla/5.0 (compatible; MJ12bot/v1.4.8; http://mj12bot.com/)"
51.77.218.191 - - [07/Nov/2025:09:53:09 -0800] "GET /?fileloc=//etc/fonts/conf.avail/58-dejavu-lgc-sans.conf&path=//etc/fonts/conf.avail HTTP/1.1" 200 3268 "-" "Mozilla/5.0 (compatible; MJ12bot/v1.4.8; http://mj12bot.com/)"
51.77.218.191 - - [07/Nov/2025:09:53:14 -0800] "GET /?fileloc=//etc/fonts/conf.avail/58-dejavu-lgc-serif.conf&path=//etc/fonts/conf.avail HTTP/1.1" 200 3238 "-" "Mozilla/5.0 (compatible; MJ12bot/v1.4.8; http://mj12bot.com/)"
51.77.218.191 - - [07/Nov/2025:09:53:18 -0800] "GET /?fileloc=//etc/fonts/conf.avail/60-generic.conf&path=//etc/fonts/conf.avail HTTP/1.1" 200 3681 "-" "Mozilla/5.0 (compatible; MJ12bot/v1.4.8; http://mj12bot.com/)"
51.77.218.191 - - [07/Nov/2025:09:53:22 -0800] "GET /?fileloc=//etc/fonts/conf.avail/60-latin.conf&path=//etc/fonts/conf.avail HTTP/1.1" 200 3478 "-" "Mozilla/5.0 (compatible; MJ12bot/v1.4.8; http://mj12bot.com/)"
51.77.218.191 - - [07/Nov/2025:09:53:26 -0800] "GET /?fileloc=//etc/fonts/conf.avail/63-wqy-zenhei-sharp.conf&path=//etc/fonts/conf.avail HTTP/1.1" 200 2971 "-" "Mozilla/5.0 (compatible; MJ12bot/v1.4.8; http://mj12bot.com/)"
51.77.218.191 - - [07/Nov/2025:09:53:31 -0800] "GET /?fileloc=//etc/fonts/conf.avail/64-language-selector-prefer.conf&path=//etc/fonts/conf.avail HTTP/1.1" 200 3049 "-" "Mozilla/5.0 (compatible; MJ12bot/v1.4.8; http://mj12bot.com/)"
144.76.19.157 - - [07/Nov/2025:09:53:35 -0800] "GET /rent/?path=/home/dh_hwg2wc/fnaluxury.com/wp-content/upgrade HTTP/1.1" 200 2914 "-" "Mozilla/5.0 (compatible; BLEXBot/1.0; +https://help.seranking.com/en/blex-crawler)"
51.77.218.191 - - [07/Nov/2025:09:53:35 -0800] "GET /?fileloc=//etc/fonts/conf.avail/64-wqy-zenhei.conf&path=//etc/fonts/conf.avail HTTP/1.1" 200 3007 "-" "Mozilla/5.0 (compatible; MJ12bot/v1.4.8; http://mj12bot.com/)"
51.77.218.191 - - [07/Nov/2025:09:53:40 -0800] "GET /?fileloc=//etc/fonts/conf.avail/65-fonts-lmodern.conf&path=//etc/fonts/conf.avail HTTP/1.1" 200 3139 "-" "Mozilla/5.0 (compatible; MJ12bot/v1.4.8; http://mj12bot.com/)"
51.77.218.191 - - [07/Nov/2025:09:53:45 -0800] "GET /?fileloc=//etc/fonts/conf.avail/65-fonts-persian.conf&path=//etc/fonts/conf.avail HTTP/1.1" 200 5406 "-" "Mozilla/5.0 (compatible; MJ12bot/v1.4.8; http://mj12bot.com/)"
51.77.218.191 - - [07/Nov/2025:09:53:49 -0800] "GET /?fileloc=//etc/fonts/conf.avail/65-khmer.conf&path=//etc/fonts/conf.avail HTTP/1.1" 200 3030 "-" "Mozilla/5.0 (compatible; MJ12bot/v1.4.8; http://mj12bot.com/)"
51.77.218.191 - - [07/Nov/2025:09:53:53 -0800] "GET /?fileloc=//etc/fonts/conf.avail/65-nonlatin.conf&path=//etc/fonts/conf.avail HTTP/1.1" 200 4320 "-" "Mozilla/5.0 (compatible; MJ12bot/v1.4.8; http://mj12bot.com/)"
51.77.218.191 - - [07/Nov/2025:09:53:57 -0800] "GET /?fileloc=//etc/fonts/conf.avail/69-language-selector-ja.conf&path=//etc/fonts/conf.avail HTTP/1.1" 200 3083 "-" "Mozilla/5.0 (compatible; MJ12bot/v1.4.8; http://mj12bot.com/)"
51.77.218.191 - - [07/Nov/2025:09:54:01 -0800] "GET /?fileloc=//etc/fonts/conf.avail/69-language-selector-zh-cn.conf&path=//etc/fonts/conf.avail HTTP/1.1" 200 3188 "-" "Mozilla/5.0 (compatible; MJ12bot/v1.4.8; http://mj12bot.com/)"
51.77.218.191 - - [07/Nov/2025:09:54:06 -0800] "GET /?fileloc=//etc/fonts/conf.avail/69-language-selector-zh-hk.conf&path=//etc/fonts/conf.avail HTTP/1.1" 200 3163 "-" "Mozilla/5.0 (compatible; MJ12bot/v1.4.8; http://mj12bot.com/)"
51.77.218.191 - - [07/Nov/2025:09:54:10 -0800] "GET /?fileloc=//etc/fonts/conf.avail/69-language-selector-zh-mo.conf&path=//etc/fonts/conf.avail HTTP/1.1" 200 3178 "-" "Mozilla/5.0 (compatible; MJ12bot/v1.4.8; http://mj12bot.com/)"
51.77.218.191 - - [07/Nov/2025:09:54:15 -0800] "GET /?fileloc=//etc/fonts/conf.avail/69-language-selector-zh-sg.conf&path=//etc/fonts/conf.avail HTTP/1.1" 200 3180 "-" "Mozilla/5.0 (compatible; MJ12bot/v1.4.8; http://mj12bot.com/)"
51.77.218.191 - - [07/Nov/2025:09:54:19 -0800] "GET /?fileloc=//etc/fonts/conf.avail/69-language-selector-zh-tw.conf&path=//etc/fonts/conf.avail HTTP/1.1" 200 3275 "-" "Mozilla/5.0 (compatible; MJ12bot/v1.4.8; http://mj12bot.com/)"
51.77.218.191 - - [07/Nov/2025:09:54:23 -0800] "GET /?fileloc=//etc/fonts/conf.avail/69-unifont.conf&path=//etc/fonts/conf.avail HTTP/1.1" 200 3138 "-" "Mozilla/5.0 (compatible; MJ12bot/v1.4.8; http://mj12bot.com/)"
51.77.218.191 - - [07/Nov/2025:09:54:27 -0800] "GET /?fileloc=//etc/fonts/conf.avail/70-force-bitmaps.conf&path=//etc/fonts/conf.avail HTTP/1.1" 200 3075 "-" "Mozilla/5.0 (compatible; MJ12bot/v1.4.8; http://mj12bot.com/)"
51.77.218.191 - - [07/Nov/2025:09:54:32 -0800] "GET /?fileloc=//etc/fonts/conf.avail/70-no-bitmaps.conf&path=//etc/fonts/conf.avail HTTP/1.1" 200 3073 "-" "Mozilla/5.0 (compatible; MJ12bot/v1.4.8; http://mj12bot.com/)"
144.76.19.157 - - [07/Nov/2025:09:54:32 -0800] "GET /about/?fileloc=/home/dh_hwg2wc/.bashrc&path=/home/dh_hwg2wc HTTP/1.1" 200 2933 "-" "Mozilla/5.0 (compatible; BLEXBot/1.0; +https://help.seranking.com/en/blex-crawler)"
51.77.218.191 - - [07/Nov/2025:09:54:36 -0800] "GET /?fileloc=//etc/fonts/conf.avail/70-yes-bitmaps.conf&path=//etc/fonts/conf.avail HTTP/1.1" 200 2876 "-" "Mozilla/5.0 (compatible; MJ12bot/v1.4.8; http://mj12bot.com/)"
51.77.218.191 - - [07/Nov/2025:09:54:40 -0800] "GET /?fileloc=//etc/fonts/conf.avail/80-delicious.conf&path=//etc/fonts/conf.avail HTTP/1.1" 200 3157 "-" "Mozilla/5.0 (compatible; MJ12bot/v1.4.8; http://mj12bot.com/)"
51.77.218.191 - - [07/Nov/2025:09:54:44 -0800] "GET /?fileloc=//etc/fonts/conf.avail/90-synthetic.conf&path=//etc/fonts/conf.avail HTTP/1.1" 200 3577 "-" "Mozilla/5.0 (compatible; MJ12bot/v1.4.8; http://mj12bot.com/)"
51.77.218.191 - - [07/Nov/2025:09:54:48 -0800] "GET /?fileloc=//etc/fonts/conf.avail/99-language-selector-zh.conf&path=//etc/fonts/conf.avail HTTP/1.1" 200 3128 "-" "Mozilla/5.0 (compatible; MJ12bot/v1.4.8; http://mj12bot.com/)"
51.77.218.191 - - [07/Nov/2025:09:54:52 -0800] "GET /?fileloc=//etc/fonts/conf.d/10-antialias.conf&path=//etc/fonts/conf.d HTTP/1.1" 200 2956 "-" "Mozilla/5.0 (compatible; MJ12bot/v1.4.8; http://mj12bot.com/)"
51.77.218.191 - - [07/Nov/2025:09:54:56 -0800] "GET /?fileloc=//etc/fonts/conf.d/10-hinting-slight.conf&path=//etc/fonts/conf.d HTTP/1.1" 200 3248 "-" "Mozilla/5.0 (compatible; MJ12bot/v1.4.8; http://mj12bot.com/)"
51.77.218.191 - - [07/Nov/2025:09:55:00 -0800] "GET /?fileloc=//etc/fonts/conf.d/10-scale-bitmap-fonts.conf&path=//etc/fonts/conf.d HTTP/1.1" 200 3524 "-" "Mozilla/5.0 (compatible; MJ12bot/v1.4.8; http://mj12bot.com/)"
51.77.218.191 - - [07/Nov/2025:09:55:05 -0800] "GET /?fileloc=//etc/fonts/conf.d/11-lcdfilter-default.conf&path=//etc/fonts/conf.d HTTP/1.1" 200 3270 "-" "Mozilla/5.0 (compatible; MJ12bot/v1.4.8; http://mj12bot.com/)"
51.77.218.191 - - [07/Nov/2025:09:55:09 -0800] "GET /?fileloc=//etc/fonts/conf.d/20-unhint-small-dejavu-lgc-sans-mono.conf&path=//etc/fonts/conf.d HTTP/1.1" 200 3320 "-" "Mozilla/5.0 (compatible; MJ12bot/v1.4.8; http://mj12bot.com/)"
51.77.218.191 - - [07/Nov/2025:09:55:13 -0800] "GET /?fileloc=//etc/fonts/conf.d/20-unhint-small-dejavu-lgc-sans.conf&path=//etc/fonts/conf.d HTTP/1.1" 200 3317 "-" "Mozilla/5.0 (compatible; MJ12bot/v1.4.8; http://mj12bot.com/)"
51.77.218.191 - - [07/Nov/2025:09:55:17 -0800] "GET /?fileloc=//etc/fonts/conf.d/20-unhint-small-dejavu-lgc-serif.conf&path=//etc/fonts/conf.d HTTP/1.1" 200 3316 "-" "Mozilla/5.0 (compatible; MJ12bot/v1.4.8; http://mj12bot.com/)"
51.77.218.191 - - [07/Nov/2025:09:55:21 -0800] "GET /?fileloc=//etc/fonts/conf.d/20-unhint-small-dejavu-sans-mono.conf&path=//etc/fonts/conf.d HTTP/1.1" 200 3311 "-" "Mozilla/5.0 (compatible; MJ12bot/v1.4.8; http://mj12bot.com/)"
51.77.218.191 - - [07/Nov/2025:09:55:26 -0800] "GET /?fileloc=//etc/fonts/conf.d/20-unhint-small-dejavu-sans.conf&path=//etc/fonts/conf.d HTTP/1.1" 200 3306 "-" "Mozilla/5.0 (compatible; MJ12bot/v1.4.8; http://mj12bot.com/)"
144.76.19.157 - - [07/Nov/2025:09:55:29 -0800] "GET /feature/laundry-room/?fileloc=/hs_err_pid1155819.log&path=/ HTTP/1.1" 200 10488 "-" "Mozilla/5.0 (compatible; BLEXBot/1.0; +https://help.seranking.com/en/blex-crawler)"
51.77.218.191 - - [07/Nov/2025:09:55:30 -0800] "GET /?fileloc=//etc/fonts/conf.d/20-unhint-small-dejavu-serif.conf&path=//etc/fonts/conf.d HTTP/1.1" 200 3307 "-" "Mozilla/5.0 (compatible; MJ12bot/v1.4.8; http://mj12bot.com/)"
51.77.218.191 - - [07/Nov/2025:09:55:34 -0800] "GET /?fileloc=//etc/fonts/conf.d/20-unhint-small-vera.conf&path=//etc/fonts/conf.d HTTP/1.1" 200 3418 "-" "Mozilla/5.0 (compatible; MJ12bot/v1.4.8; http://mj12bot.com/)"
51.77.218.191 - - [07/Nov/2025:09:55:39 -0800] "GET /?fileloc=//etc/fonts/conf.d/25-wqy-zenhei.conf&path=//etc/fonts/conf.d HTTP/1.1" 200 3231 "-" "Mozilla/5.0 (compatible; MJ12bot/v1.4.8; http://mj12bot.com/)"
51.77.218.191 - - [07/Nov/2025:09:55:43 -0800] "GET /?fileloc=//etc/fonts/conf.d/30-metric-aliases.conf&path=//etc/fonts/conf.d HTTP/1.1" 200 4771 "-" "Mozilla/5.0 (compatible; MJ12bot/v1.4.8; http://mj12bot.com/)"
51.77.218.191 - - [07/Nov/2025:09:55:47 -0800] "GET /?fileloc=//etc/fonts/conf.d/40-nonlatin.conf&path=//etc/fonts/conf.d HTTP/1.1" 200 3697 "-" "Mozilla/5.0 (compatible; MJ12bot/v1.4.8; http://mj12bot.com/)"
51.77.218.191 - - [07/Nov/2025:09:55:51 -0800] "GET /?fileloc=//etc/fonts/conf.d/45-generic.conf&path=//etc/fonts/conf.d HTTP/1.1" 200 3653 "-" "Mozilla/5.0 (compatible; MJ12bot/v1.4.8; http://mj12bot.com/)"
51.77.218.191 - - [07/Nov/2025:09:55:55 -0800] "GET /?fileloc=//etc/fonts/conf.d/45-latin.conf&path=//etc/fonts/conf.d HTTP/1.1" 200 3733 "-" "Mozilla/5.0 (compatible; MJ12bot/v1.4.8; http://mj12bot.com/)"
51.77.218.191 - - [07/Nov/2025:09:56:00 -0800] "GET /?fileloc=//etc/fonts/conf.d/49-sansserif.conf&path=//etc/fonts/conf.d HTTP/1.1" 200 3170 "-" "Mozilla/5.0 (compatible; MJ12bot/v1.4.8; http://mj12bot.com/)"
24.249.199.12 - - [07/Nov/2025:09:56:00 -0800] "GET /agent/samuel-palmer/ HTTP/1.0" 200 57327 "http://fnaluxury.com/agent/samuel-palmer/" "Mozilla/5.0 (Windows NT 10.0; Win64; x64) AppleWebKit/537.36 (KHTML, like Gecko) Chrome/129.0.0.0 Safari/537.36"
51.77.218.191 - - [07/Nov/2025:09:56:04 -0800] "GET /?fileloc=//etc/fonts/conf.d/50-user.conf&path=//etc/fonts/conf.d HTTP/1.1" 200 3240 "-" "Mozilla/5.0 (compatible; MJ12bot/v1.4.8; http://mj12bot.com/)"
51.77.218.191 - - [07/Nov/2025:09:56:08 -0800] "GET /?fileloc=//etc/fonts/conf.d/51-local.conf&path=//etc/fonts/conf.d HTTP/1.1" 200 3044 "-" "Mozilla/5.0 (compatible; MJ12bot/v1.4.8; http://mj12bot.com/)"
51.77.218.191 - - [07/Nov/2025:09:56:12 -0800] "GET /?fileloc=//etc/fonts/conf.d/57-dejavu-sans-mono.conf&path=//etc/fonts/conf.d HTTP/1.1" 200 3122 "-" "Mozilla/5.0 (compatible; MJ12bot/v1.4.8; http://mj12bot.com/)"
51.77.218.191 - - [07/Nov/2025:09:56:16 -0800] "GET /?fileloc=//etc/fonts/conf.d/57-dejavu-sans.conf&path=//etc/fonts/conf.d HTTP/1.1" 200 3185 "-" "Mozilla/5.0 (compatible; MJ12bot/v1.4.8; http://mj12bot.com/)"
51.77.218.191 - - [07/Nov/2025:09:56:20 -0800] "GET /?fileloc=//etc/fonts/conf.d/57-dejavu-serif.conf&path=//etc/fonts/conf.d HTTP/1.1" 200 3164 "-" "Mozilla/5.0 (compatible; MJ12bot/v1.4.8; http://mj12bot.com/)"
51.77.218.191 - - [07/Nov/2025:09:56:25 -0800] "GET /?fileloc=//etc/fonts/conf.d/58-dejavu-lgc-sans-mono.conf&path=//etc/fonts/conf.d HTTP/1.1" 200 3197 "-" "Mozilla/5.0 (compatible; MJ12bot/v1.4.8; http://mj12bot.com/)"
51.77.218.191 - - [07/Nov/2025:09:56:29 -0800] "GET /?fileloc=//etc/fonts/conf.d/58-dejavu-lgc-sans.conf&path=//etc/fonts/conf.d HTTP/1.1" 200 3262 "-" "Mozilla/5.0 (compatible; MJ12bot/v1.4.8; http://mj12bot.com/)"
51.77.218.191 - - [07/Nov/2025:09:56:33 -0800] "GET /?fileloc=//etc/fonts/conf.d/58-dejavu-lgc-serif.conf&path=//etc/fonts/conf.d HTTP/1.1" 200 3233 "-" "Mozilla/5.0 (compatible; MJ12bot/v1.4.8; http://mj12bot.com/)"
51.77.218.191 - - [07/Nov/2025:09:56:37 -0800] "GET /?fileloc=//etc/fonts/conf.d/60-generic.conf&path=//etc/fonts/conf.d HTTP/1.1" 200 3677 "-" "Mozilla/5.0 (compatible; MJ12bot/v1.4.8; http://mj12bot.com/)"
51.77.218.191 - - [07/Nov/2025:09:56:41 -0800] "GET /?fileloc=//etc/fonts/conf.d/60-latin.conf&path=//etc/fonts/conf.d HTTP/1.1" 200 3475 "-" "Mozilla/5.0 (compatible; MJ12bot/v1.4.8; http://mj12bot.com/)"
51.77.218.191 - - [07/Nov/2025:09:56:45 -0800] "GET /?fileloc=//etc/fonts/conf.d/61-urw-bookman.conf&path=//etc/fonts/conf.d HTTP/1.1" 200 3098 "-" "Mozilla/5.0 (compatible; MJ12bot/v1.4.8; http://mj12bot.com/)"
51.77.218.191 - - [07/Nov/2025:09:56:49 -0800] "GET /?fileloc=//etc/fonts/conf.d/61-urw-c059.conf&path=//etc/fonts/conf.d HTTP/1.1" 200 3091 "-" "Mozilla/5.0 (compatible; MJ12bot/v1.4.8; http://mj12bot.com/)"
51.77.218.191 - - [07/Nov/2025:09:56:53 -0800] "GET /?fileloc=//etc/fonts/conf.d/61-urw-d050000l.conf&path=//etc/fonts/conf.d HTTP/1.1" 200 3085 "-" "Mozilla/5.0 (compatible; MJ12bot/v1.4.8; http://mj12bot.com/)"
51.77.218.191 - - [07/Nov/2025:09:56:58 -0800] "GET /?fileloc=//etc/fonts/conf.d/61-urw-fallback-backwards.conf&path=//etc/fonts/conf.d HTTP/1.1" 200 3589 "-" "Mozilla/5.0 (compatible; MJ12bot/v1.4.8; http://mj12bot.com/)"
51.77.218.191 - - [07/Nov/2025:09:57:02 -0800] "GET /?fileloc=//etc/fonts/conf.d/61-urw-fallback-generics.conf&path=//etc/fonts/conf.d HTTP/1.1" 200 3562 "-" "Mozilla/5.0 (compatible; MJ12bot/v1.4.8; http://mj12bot.com/)"
51.77.218.191 - - [07/Nov/2025:09:57:06 -0800] "GET /?fileloc=//etc/fonts/conf.d/61-urw-gothic.conf&path=//etc/fonts/conf.d HTTP/1.1" 200 3099 "-" "Mozilla/5.0 (compatible; MJ12bot/v1.4.8; http://mj12bot.com/)"
51.77.218.191 - - [07/Nov/2025:09:57:11 -0800] "GET /?fileloc=//etc/fonts/conf.d/61-urw-nimbus-mono-ps.conf&path=//etc/fonts/conf.d HTTP/1.1" 200 3090 "-" "Mozilla/5.0 (compatible; MJ12bot/v1.4.8; http://mj12bot.com/)"
51.77.218.191 - - [07/Nov/2025:09:57:15 -0800] "GET /?fileloc=//etc/fonts/conf.d/61-urw-nimbus-roman.conf&path=//etc/fonts/conf.d HTTP/1.1" 200 3080 "-" "Mozilla/5.0 (compatible; MJ12bot/v1.4.8; http://mj12bot.com/)"
51.77.218.191 - - [07/Nov/2025:09:57:19 -0800] "GET /?fileloc=//etc/fonts/conf.d/61-urw-nimbus-sans.conf&path=//etc/fonts/conf.d HTTP/1.1" 200 3149 "-" "Mozilla/5.0 (compatible; MJ12bot/v1.4.8; http://mj12bot.com/)"
51.77.218.191 - - [07/Nov/2025:09:57:23 -0800] "GET /?fileloc=//etc/fonts/conf.d/61-urw-p052.conf&path=//etc/fonts/conf.d HTTP/1.1" 200 3086 "-" "Mozilla/5.0 (compatible; MJ12bot/v1.4.8; http://mj12bot.com/)"
51.77.218.191 - - [07/Nov/2025:09:57:28 -0800] "GET /?fileloc=//etc/fonts/conf.d/61-urw-standard-symbols-ps.conf&path=//etc/fonts/conf.d HTTP/1.1" 200 3098 "-" "Mozilla/5.0 (compatible; MJ12bot/v1.4.8; http://mj12bot.com/)"
51.77.218.191 - - [07/Nov/2025:09:57:32 -0800] "GET /?fileloc=//etc/fonts/conf.d/61-urw-z003.conf&path=//etc/fonts/conf.d HTTP/1.1" 200 3086 "-" "Mozilla/5.0 (compatible; MJ12bot/v1.4.8; http://mj12bot.com/)"
51.77.218.191 - - [07/Nov/2025:09:57:36 -0800] "GET /?fileloc=//etc/fonts/conf.d/64-wqy-zenhei.conf&path=//etc/fonts/conf.d HTTP/1.1" 200 3004 "-" "Mozilla/5.0 (compatible; MJ12bot/v1.4.8; http://mj12bot.com/)"
51.77.218.191 - - [07/Nov/2025:09:57:41 -0800] "GET /?fileloc=//etc/fonts/conf.d/65-fonts-lmodern.conf&path=//etc/fonts/conf.d HTTP/1.1" 200 3136 "-" "Mozilla/5.0 (compatible; MJ12bot/v1.4.8; http://mj12bot.com/)"
51.77.218.191 - - [07/Nov/2025:09:57:45 -0800] "GET /?fileloc=//etc/fonts/conf.d/65-fonts-persian.conf&path=//etc/fonts/conf.d HTTP/1.1" 200 5403 "-" "Mozilla/5.0 (compatible; MJ12bot/v1.4.8; http://mj12bot.com/)"
51.77.218.191 - - [07/Nov/2025:09:57:49 -0800] "GET /?fileloc=//etc/fonts/conf.d/65-nonlatin.conf&path=//etc/fonts/conf.d HTTP/1.1" 200 4316 "-" "Mozilla/5.0 (compatible; MJ12bot/v1.4.8; http://mj12bot.com/)"
51.77.218.191 - - [07/Nov/2025:09:57:53 -0800] "GET /?fileloc=//etc/fonts/conf.d/69-unifont.conf&path=//etc/fonts/conf.d HTTP/1.1" 200 3134 "-" "Mozilla/5.0 (compatible; MJ12bot/v1.4.8; http://mj12bot.com/)"
51.77.218.191 - - [07/Nov/2025:09:57:57 -0800] "GET /?fileloc=//etc/fonts/conf.d/70-no-bitmaps.conf&path=//etc/fonts/conf.d HTTP/1.1" 200 3071 "-" "Mozilla/5.0 (compatible; MJ12bot/v1.4.8; http://mj12bot.com/)"
51.77.218.191 - - [07/Nov/2025:09:58:02 -0800] "GET /?fileloc=//etc/fonts/conf.d/80-delicious.conf&path=//etc/fonts/conf.d HTTP/1.1" 200 3155 "-" "Mozilla/5.0 (compatible; MJ12bot/v1.4.8; http://mj12bot.com/)"
51.77.218.191 - - [07/Nov/2025:09:58:06 -0800] "GET /?fileloc=//etc/fonts/conf.d/90-synthetic.conf&path=//etc/fonts/conf.d HTTP/1.1" 200 3576 "-" "Mozilla/5.0 (compatible; MJ12bot/v1.4.8; http://mj12bot.com/)"
51.77.218.191 - - [07/Nov/2025:09:58:10 -0800] "GET /?fileloc=//etc/fonts/conf.d/README&path=//etc/fonts/conf.d HTTP/1.1" 200 3321 "-" "Mozilla/5.0 (compatible; MJ12bot/v1.4.8; http://mj12bot.com/)"
51.77.218.191 - - [07/Nov/2025:09:58:47 -0800] "GET /?fileloc=//etc/fwupd/remotes.d/dell-esrt.conf&path=//etc/fwupd/remotes.d HTTP/1.1" 200 2952 "-" "Mozilla/5.0 (compatible; MJ12bot/v1.4.8; http://mj12bot.com/)"
51.77.218.191 - - [07/Nov/2025:09:58:51 -0800] "GET /?fileloc=//etc/fwupd/remotes.d/lvfs-testing.conf&path=//etc/fwupd/remotes.d HTTP/1.1" 200 3024 "-" "Mozilla/5.0 (compatible; MJ12bot/v1.4.8; http://mj12bot.com/)"
51.77.218.191 - - [07/Nov/2025:09:58:55 -0800] "GET /?fileloc=//etc/fwupd/remotes.d/lvfs.conf&path=//etc/fwupd/remotes.d HTTP/1.1" 200 3017 "-" "Mozilla/5.0 (compatible; MJ12bot/v1.4.8; http://mj12bot.com/)"
51.77.218.191 - - [07/Nov/2025:09:58:59 -0800] "GET /?fileloc=//etc/fwupd/remotes.d/vendor-directory.conf&path=//etc/fwupd/remotes.d HTTP/1.1" 200 2965 "-" "Mozilla/5.0 (compatible; MJ12bot/v1.4.8; http://mj12bot.com/)"
51.77.218.191 - - [07/Nov/2025:09:59:04 -0800] "GET /?fileloc=//etc/fwupd/remotes.d/vendor.conf&path=//etc/fwupd/remotes.d HTTP/1.1" 200 2953 "-" "Mozilla/5.0 (compatible; MJ12bot/v1.4.8; http://mj12bot.com/)"
144.76.19.157 - - [07/Nov/2025:09:59:18 -0800] "GET /rent/?path=/home/dh_hwg2wc/fnaluxury.com/wp-content/uploads HTTP/1.1" 200 3780 "-" "Mozilla/5.0 (compatible; BLEXBot/1.0; +https://help.seranking.com/en/blex-crawler)"
51.77.218.191 - - [07/Nov/2025:09:59:26 -0800] "GET /?fileloc=//etc/ghostscript/cidfmap.d/90gs-cjk-resource-cns1.conf&path=//etc/ghostscript/cidfmap.d HTTP/1.1" 200 2993 "-" "Mozilla/5.0 (compatible; MJ12bot/v1.4.8; http://mj12bot.com/)"
51.77.218.191 - - [07/Nov/2025:09:59:30 -0800] "GET /?fileloc=//etc/ghostscript/cidfmap.d/90gs-cjk-resource-gb1.conf&path=//etc/ghostscript/cidfmap.d HTTP/1.1" 200 3001 "-" "Mozilla/5.0 (compatible; MJ12bot/v1.4.8; http://mj12bot.com/)"
51.77.218.191 - - [07/Nov/2025:09:59:34 -0800] "GET /?fileloc=//etc/ghostscript/cidfmap.d/90gs-cjk-resource-japan1.conf&path=//etc/ghostscript/cidfmap.d HTTP/1.1" 200 3009 "-" "Mozilla/5.0 (compatible; MJ12bot/v1.4.8; http://mj12bot.com/)"
51.77.218.191 - - [07/Nov/2025:09:59:38 -0800] "GET /?fileloc=//etc/ghostscript/cidfmap.d/90gs-cjk-resource-japan2.conf&path=//etc/ghostscript/cidfmap.d HTTP/1.1" 200 2965 "-" "Mozilla/5.0 (compatible; MJ12bot/v1.4.8; http://mj12bot.com/)"
51.77.218.191 - - [07/Nov/2025:09:59:42 -0800] "GET /?fileloc=//etc/ghostscript/cidfmap.d/90gs-cjk-resource-korea1.conf&path=//etc/ghostscript/cidfmap.d HTTP/1.1" 200 3012 "-" "Mozilla/5.0 (compatible; MJ12bot/v1.4.8; http://mj12bot.com/)"
144.76.19.157 - - [07/Nov/2025:10:00:15 -0800] "GET /about/?path=/home/dh_hwg2wc/fnaluxury.com/wp-admin/includes HTTP/1.1" 200 7972 "-" "Mozilla/5.0 (compatible; BLEXBot/1.0; +https://help.seranking.com/en/blex-crawler)"
144.76.19.157 - - [07/Nov/2025:10:01:11 -0800] "GET /feature/laundry-room/?fileloc=/hs_err_pid1579381.log&path=/ HTTP/1.1" 200 10694 "-" "Mozilla/5.0 (compatible; BLEXBot/1.0; +https://help.seranking.com/en/blex-crawler)"
144.76.19.157 - - [07/Nov/2025:10:04:56 -0800] "GET /rent/?path=/home/dh_hwg2wc/fnaluxury.com/wp-includes/assets HTTP/1.1" 200 3583 "-" "Mozilla/5.0 (compatible; BLEXBot/1.0; +https://help.seranking.com/en/blex-crawler)"
144.76.19.157 - - [07/Nov/2025:10:06:50 -0800] "GET /feature/laundry-room/?fileloc=/hs_err_pid1666955.log&path=/ HTTP/1.1" 200 10698 "-" "Mozilla/5.0 (compatible; BLEXBot/1.0; +https://help.seranking.com/en/blex-crawler)"
144.76.19.157 - - [07/Nov/2025:10:08:44 -0800] "GET /about/?path=/home/dh_hwg2wc/fnaluxury.com/wp-content/themes HTTP/1.1" 200 3404 "-" "Mozilla/5.0 (compatible; BLEXBot/1.0; +https://help.seranking.com/en/blex-crawler)"
144.76.19.157 - - [07/Nov/2025:10:10:37 -0800] "GET /rent/?path=/home/dh_hwg2wc/fnaluxury.com/wp-includes/blocks HTTP/1.1" 200 9803 "-" "Mozilla/5.0 (compatible; BLEXBot/1.0; +https://help.seranking.com/en/blex-crawler)"
144.76.19.157 - - [07/Nov/2025:10:12:31 -0800] "GET /feature/laundry-room/?fileloc=/hs_err_pid2155801.log&path=/ HTTP/1.1" 200 11126 "-" "Mozilla/5.0 (compatible; BLEXBot/1.0; +https://help.seranking.com/en/blex-crawler)"
144.76.19.157 - - [07/Nov/2025:10:14:26 -0800] "GET /about/?path=/home/dh_hwg2wc/fnaluxury.com/wp-content/wflogs HTTP/1.1" 200 3662 "-" "Mozilla/5.0 (compatible; BLEXBot/1.0; +https://help.seranking.com/en/blex-crawler)"
108.167.157.155 - - [07/Nov/2025:10:15:26 -0800] "POST /xmlrpc.php HTTP/1.1" 429 438 "-" "Mozilla/5.0 (X11; Ubuntu; Linux x86_64; rv:85.0) Gecko/20100101 Firefox/91.0"
144.76.19.157 - - [07/Nov/2025:10:16:20 -0800] "GET /rent/?path=/home/dh_hwg2wc/fnaluxury.com/wp-includes/images HTTP/1.1" 200 4575 "-" "Mozilla/5.0 (compatible; BLEXBot/1.0; +https://help.seranking.com/en/blex-crawler)"
49.51.38.193 - - [07/Nov/2025:10:16:56 -0800] "GET /?fileloc=/home/dh_hwg2wc/fnaluxury.com/images/images/cache.php&path=/home/dh_hwg2wc/fnaluxury.com/images/images HTTP/1.1" 429 448 "-" "Mozilla/5.0 (iPhone; CPU iPhone OS 13_2_3 like Mac OS X) AppleWebKit/605.1.15 (KHTML, like Gecko) Version/13.0.3 Mobile/15E148 Safari/604.1"
144.76.19.157 - - [07/Nov/2025:10:17:18 -0800] "GET /about/?path=/home/dh_hwg2wc/fnaluxury.com/wp-includes/fonts HTTP/1.1" 200 3713 "-" "Mozilla/5.0 (compatible; BLEXBot/1.0; +https://help.seranking.com/en/blex-crawler)"
43.130.9.111 - - [07/Nov/2025:10:57:25 -0800] "GET / HTTP/1.1" 200 4456 "-" "Mozilla/5.0 (iPhone; CPU iPhone OS 13_2_3 like Mac OS X) AppleWebKit/605.1.15 (KHTML, like Gecko) Version/13.0.3 Mobile/15E148 Safari/604.1"
43.128.156.124 - - [07/Nov/2025:11:12:27 -0800] "GET /?fileloc=/home/dh_hwg2wc/fnaluxury.com/php.ini&path=/home/dh_hwg2wc/fnaluxury.com HTTP/1.1" 200 2826 "-" "Mozilla/5.0 (iPhone; CPU iPhone OS 13_2_3 like Mac OS X) AppleWebKit/605.1.15 (KHTML, like Gecko) Version/13.0.3 Mobile/15E148 Safari/604.1"
110.249.202.146 - - [07/Nov/2025:11:18:52 -0800] "GET /robots.txt HTTP/1.1" 200 484 "-" "Mozilla/5.0 (Linux; Android 5.0) AppleWebKit/537.36 (KHTML, like Gecko) Mobile Safari/537.36 (compatible; Bytespider; https://zhanzhang.toutiao.com/)"
54.36.179.226 - - [07/Nov/2025:11:19:35 -0800] "GET /robots.txt HTTP/1.1" 200 477 "-" "Mozilla/5.0 (compatible; MJ12bot/v1.4.8; http://mj12bot.com/)"
54.36.179.226 - - [07/Nov/2025:11:19:39 -0800] "GET /?fileloc=//hs_err_pid211711.log&path=/ HTTP/1.1" 200 10592 "-" "Mozilla/5.0 (compatible; MJ12bot/v1.4.8; http://mj12bot.com/)"
54.36.179.226 - - [07/Nov/2025:11:19:45 -0800] "GET /robots.txt HTTP/1.1" 200 477 "-" "Mozilla/5.0 (compatible; MJ12bot/v1.4.8; http://mj12bot.com/)"
54.36.179.226 - - [07/Nov/2025:11:19:49 -0800] "GET /?fileloc=//dh/var/localdata/backup.state&path=//dh/var/localdata HTTP/1.1" 200 2769 "-" "Mozilla/5.0 (compatible; MJ12bot/v1.4.8; http://mj12bot.com/)"
54.36.179.226 - - [07/Nov/2025:11:19:55 -0800] "GET /?fileloc=//etc/alternatives/ALTER_FOREIGN_DATA_WRAPPER.7.gz&path=//etc/alternatives HTTP/1.1" 200 4380 "-" "Mozilla/5.0 (compatible; MJ12bot/v1.4.8; http://mj12bot.com/)"
54.36.179.226 - - [07/Nov/2025:11:20:10 -0800] "GET /?fileloc=//etc/alternatives/rsh&path=//etc/alternatives HTTP/1.1" 200 341307 "-" "Mozilla/5.0 (compatible; MJ12bot/v1.4.8; http://mj12bot.com/)"
54.36.179.226 - - [07/Nov/2025:11:20:18 -0800] "GET /?fileloc=//etc/alternatives/rview&path=//etc/alternatives HTTP/1.1" 200 1713719 "-" "Mozilla/5.0 (compatible; MJ12bot/v1.4.8; http://mj12bot.com/)"
54.36.179.226 - - [07/Nov/2025:11:20:26 -0800] "GET /?fileloc=//etc/alternatives/rvim&path=//etc/alternatives HTTP/1.1" 200 1713799 "-" "Mozilla/5.0 (compatible; MJ12bot/v1.4.8; http://mj12bot.com/)"
54.36.179.226 - - [07/Nov/2025:11:20:34 -0800] "GET /?fileloc=//etc/alternatives/shcomp&path=//etc/alternatives HTTP/1.1" 200 627053 "-" "Mozilla/5.0 (compatible; MJ12bot/v1.4.8; http://mj12bot.com/)"
54.36.179.226 - - [07/Nov/2025:11:20:41 -0800] "GET /?fileloc=//etc/alternatives/vi&path=//etc/alternatives HTTP/1.1" 200 1713897 "-" "Mozilla/5.0 (compatible; MJ12bot/v1.4.8; http://mj12bot.com/)"
54.36.179.226 - - [07/Nov/2025:11:20:49 -0800] "GET /?fileloc=//etc/alternatives/view&path=//etc/alternatives HTTP/1.1" 200 1713587 "-" "Mozilla/5.0 (compatible; MJ12bot/v1.4.8; http://mj12bot.com/)"
185.241.208.77 - - [07/Nov/2025:11:20:57 -0800] "POST /wp-plain.php HTTP/1.1" 403 57328 "www.google.com" "Mozilla/5.0 (Linux; Android 7.0; SM-G892A Bulid/NRD90M; wv) AppleWebKit/537.36 (KHTML, like Gecko) Version/4.0 Chrome/60.0.3112.107 Moblie Safari/537.36"
185.241.208.77 - - [07/Nov/2025:11:20:57 -0800] "POST /ALFA_DATA/alfacgiapi/perl.alfa HTTP/1.1" 403 17382 "www.google.com" "Mozlila/5.0 (Linux; Android 7.0; SM-G892A Bulid/NRD90M; wv) AppleWebKit/537.36 (KHTML, like Gecko) Version/4.0 Chrome/60.0.3112.107 Moblie Safari/537.36"
185.241.208.77 - - [07/Nov/2025:11:20:57 -0800] "GET / HTTP/1.1" 403 17364 "-" "Mozlila/5.0 (Linux; Android 7.0; SM-G892A Bulid/NRD90M; wv) AppleWebKit/537.36 (KHTML, like Gecko) Version/4.0 Chrome/60.0.3112.107 Moblie Safari/537.36"
185.241.208.77 - - [07/Nov/2025:11:20:57 -0800] "GET /wp-content/plugins/fix/up.php HTTP/1.1" 200 57361 "-" "Mozilla/5.0 (Windows NT 10.0; Win64; x64) AppleWebKit/537.36 (KHTML, like Gecko) Chrome/85.0.4183.102 Safari/537.36"
185.241.208.77 - - [07/Nov/2025:11:21:00 -0800] "GET /clzubbcn.php?Fox=d3wL7 HTTP/1.1" 403 57305 "www.google.com" "Mozilla/5.0 (Linux; Android 7.0; SM-G892A Bulid/NRD90M; wv) AppleWebKit/537.36 (KHTML, like Gecko) Version/4.0 Chrome/60.0.3112.107 Moblie Safari/537.36"
185.241.208.77 - - [07/Nov/2025:11:21:03 -0800] "GET /wp-content/plugins/apikey/apikey.php?test=hello HTTP/1.1" 403 17359 "-" "Mozlila/5.0 (Linux; Android 7.0; SM-G892A Bulid/NRD90M; wv) AppleWebKit/537.36 (KHTML, like Gecko) Version/4.0 Chrome/60.0.3112.107 Moblie Safari/537.36"
185.241.208.77 - - [07/Nov/2025:11:20:57 -0800] "GET /wp-content/themes/seotheme/db.php?u HTTP/1.1" 403 17382 "www.google.com" "Mozlila/5.0 (Linux; Android 7.0; SM-G892A Bulid/NRD90M; wv) AppleWebKit/537.36 (KHTML, like Gecko) Version/4.0 Chrome/60.0.3112.107 Moblie Safari/537.36"
185.241.208.77 - - [07/Nov/2025:11:21:02 -0800] "POST /alfacgiapi/perl.alfa HTTP/1.1" 403 17359 "www.google.com" "Mozlila/5.0 (Linux; Android 7.0; SM-G892A Bulid/NRD90M; wv) AppleWebKit/537.36 (KHTML, like Gecko) Version/4.0 Chrome/60.0.3112.107 Moblie Safari/537.36"
54.36.179.226 - - [07/Nov/2025:11:20:57 -0800] "GET /?fileloc=//etc/alternatives/vim&path=//etc/alternatives HTTP/1.1" 200 1713538 "-" "Mozilla/5.0 (compatible; MJ12bot/v1.4.8; http://mj12bot.com/)"
185.241.208.77 - - [07/Nov/2025:11:21:05 -0800] "GET /wp-content/themes/seotheme/db.php?u HTTP/1.1" 403 17359 "www.google.com" "Mozlila/5.0 (Linux; Android 7.0; SM-G892A Bulid/NRD90M; wv) AppleWebKit/537.36 (KHTML, like Gecko) Version/4.0 Chrome/60.0.3112.107 Moblie Safari/537.36"
185.241.208.77 - - [07/Nov/2025:11:21:06 -0800] "GET /plugins/content/apismtp/apismtp.php?test=hello HTTP/1.1" 403 17359 "-" "Mozlila/5.0 (Linux; Android 7.0; SM-G892A Bulid/NRD90M; wv) AppleWebKit/537.36 (KHTML, like Gecko) Version/4.0 Chrome/60.0.3112.107 Moblie Safari/537.36"
185.241.208.77 - - [07/Nov/2025:11:21:13 -0800] "GET /wp-content/plugins/apikey/apikey.php.suspected?test=hello HTTP/1.1" 403 17323 "-" "Mozlila/5.0 (Linux; Android 7.0; SM-G892A Bulid/NRD90M; wv) AppleWebKit/537.36 (KHTML, like Gecko) Version/4.0 Chrome/60.0.3112.107 Moblie Safari/537.36"
54.36.179.226 - - [07/Nov/2025:11:21:12 -0800] "GET /?fileloc=//etc/alternatives/vimdiff&path=//etc/alternatives HTTP/1.1" 500 1666428 "-" "Mozilla/5.0 (compatible; MJ12bot/v1.4.8; http://mj12bot.com/)"
185.241.208.77 - - [07/Nov/2025:11:21:17 -0800] "GET /plugins/content/apismtp/apismtp.php.suspected?test=hello HTTP/1.1" 403 17323 "-" "Mozlila/5.0 (Linux; Android 7.0; SM-G892A Bulid/NRD90M; wv) AppleWebKit/537.36 (KHTML, like Gecko) Version/4.0 Chrome/60.0.3112.107 Moblie Safari/537.36"
54.36.179.226 - - [07/Nov/2025:11:21:21 -0800] "GET /?fileloc=//etc/alternatives/www-browser&path=//etc/alternatives HTTP/1.1" 200 727570 "-" "Mozilla/5.0 (compatible; MJ12bot/v1.4.8; http://mj12bot.com/)"
54.36.179.226 - - [07/Nov/2025:11:21:28 -0800] "GET /?fileloc=//etc/alternatives/xdvi.bin&path=//etc/alternatives HTTP/1.1" 200 296898 "-" "Mozilla/5.0 (compatible; MJ12bot/v1.4.8; http://mj12bot.com/)"
43.130.37.243 - - [07/Nov/2025:11:21:34 -0800] "GET /?fileloc=/home/dh_hwg2wc/fnaluxury.com/wp-am.php&path=/home/dh_hwg2wc/fnaluxury.com HTTP/1.1" 200 21982 "-" "Mozilla/5.0 (iPhone; CPU iPhone OS 13_2_3 like Mac OS X) AppleWebKit/605.1.15 (KHTML, like Gecko) Version/13.0.3 Mobile/15E148 Safari/604.1"
54.36.179.226 - - [07/Nov/2025:11:21:51 -0800] "GET /?fileloc=//etc/fail2ban/filter.d/guacamole.conf&path=//etc/fail2ban/filter.d HTTP/1.1" 200 3537 "-" "Mozilla/5.0 (compatible; MJ12bot/v1.4.8; http://mj12bot.com/)"
54.36.179.226 - - [07/Nov/2025:11:21:57 -0800] "GET /?fileloc=//etc/fail2ban/filter.d/portsentry.conf&path=//etc/fail2ban/filter.d HTTP/1.1" 200 2987 "-" "Mozilla/5.0 (compatible; MJ12bot/v1.4.8; http://mj12bot.com/)"
54.36.179.226 - - [07/Nov/2025:11:29:04 -0800] "GET /?fileloc=//etc/iproute2/rt_protos.d/README&path=//etc/iproute2/rt_protos.d HTTP/1.1" 200 2935 "-" "Mozilla/5.0 (compatible; MJ12bot/v1.4.8; http://mj12bot.com/)"
54.36.179.226 - - [07/Nov/2025:11:29:24 -0800] "GET /?fileloc=//etc/iproute2/rt_tables.d/README&path=//etc/iproute2/rt_tables.d HTTP/1.1" 200 2889 "-" "Mozilla/5.0 (compatible; MJ12bot/v1.4.8; http://mj12bot.com/)"
54.36.179.226 - - [07/Nov/2025:11:29:33 -0800] "GET /?fileloc=//etc/irc/script/local&path=//etc/irc/script HTTP/1.1" 200 3456 "-" "Mozilla/5.0 (compatible; MJ12bot/v1.4.8; http://mj12bot.com/)"
54.36.179.226 - - [07/Nov/2025:11:30:19 -0800] "GET /?fileloc=//etc/java-8-openjdk/management/jmxremote.access&path=//etc/java-8-openjdk/management HTTP/1.1" 200 4194 "-" "Mozilla/5.0 (compatible; MJ12bot/v1.4.8; http://mj12bot.com/)"
54.36.179.226 - - [07/Nov/2025:11:30:23 -0800] "GET /?fileloc=//etc/java-8-openjdk/management/jmxremote.password&path=//etc/java-8-openjdk/management HTTP/1.1" 200 3897 "-" "Mozilla/5.0 (compatible; MJ12bot/v1.4.8; http://mj12bot.com/)"
54.36.179.226 - - [07/Nov/2025:11:30:28 -0800] "GET /?fileloc=//etc/java-8-openjdk/management/management.properties&path=//etc/java-8-openjdk/management HTTP/1.1" 200 6125 "-" "Mozilla/5.0 (compatible; MJ12bot/v1.4.8; http://mj12bot.com/)"
54.36.179.226 - - [07/Nov/2025:11:30:32 -0800] "GET /?fileloc=//etc/java-8-openjdk/management/snmp.acl&path=//etc/java-8-openjdk/management HTTP/1.1" 200 3906 "-" "Mozilla/5.0 (compatible; MJ12bot/v1.4.8; http://mj12bot.com/)"
54.36.179.226 - - [07/Nov/2025:11:30:49 -0800] "GET /?fileloc=//etc/java-8-openjdk/security/blacklisted.certs&path=//etc/java-8-openjdk/security HTTP/1.1" 200 4363 "-" "Mozilla/5.0 (compatible; MJ12bot/v1.4.8; http://mj12bot.com/)"
54.36.179.226 - - [07/Nov/2025:11:30:53 -0800] "GET /?fileloc=//etc/java-8-openjdk/security/java.policy&path=//etc/java-8-openjdk/security HTTP/1.1" 200 3646 "-" "Mozilla/5.0 (compatible; MJ12bot/v1.4.8; http://mj12bot.com/)"
54.36.179.226 - - [07/Nov/2025:11:30:58 -0800] "GET /?fileloc=//etc/java-8-openjdk/security/java.security&path=//etc/java-8-openjdk/security HTTP/1.1" 200 19108 "-" "Mozilla/5.0 (compatible; MJ12bot/v1.4.8; http://mj12bot.com/)"
54.36.179.226 - - [07/Nov/2025:11:31:02 -0800] "GET /?fileloc=//etc/java-8-openjdk/security/nss.cfg&path=//etc/java-8-openjdk/security HTTP/1.1" 200 2885 "-" "Mozilla/5.0 (compatible; MJ12bot/v1.4.8; http://mj12bot.com/)"
54.36.179.226 - - [07/Nov/2025:11:32:15 -0800] "GET /?fileloc=//etc/kernel/header_postinst.d/dkms&path=//etc/kernel/header_postinst.d HTTP/1.1" 200 3326 "-" "Mozilla/5.0 (compatible; MJ12bot/v1.4.8; http://mj12bot.com/)"
54.36.179.226 - - [07/Nov/2025:11:32:20 -0800] "GET /?fileloc=//etc/kernel/install.d/dkms&path=//etc/kernel/install.d HTTP/1.1" 200 2875 "-" "Mozilla/5.0 (compatible; MJ12bot/v1.4.8; http://mj12bot.com/)"
54.36.179.226 - - [07/Nov/2025:11:32:24 -0800] "GET /?fileloc=//etc/kernel/postinst.d/dkms&path=//etc/kernel/postinst.d HTTP/1.1" 200 3324 "-" "Mozilla/5.0 (compatible; MJ12bot/v1.4.8; http://mj12bot.com/)"
54.36.179.226 - - [07/Nov/2025:11:32:28 -0800] "GET /?fileloc=//etc/kernel/postinst.d/initramfs-tools&path=//etc/kernel/postinst.d HTTP/1.1" 200 3351 "-" "Mozilla/5.0 (compatible; MJ12bot/v1.4.8; http://mj12bot.com/)"
54.36.179.226 - - [07/Nov/2025:11:32:32 -0800] "GET /?fileloc=//etc/kernel/postinst.d/unattended-upgrades&path=//etc/kernel/postinst.d HTTP/1.1" 200 3318 "-" "Mozilla/5.0 (compatible; MJ12bot/v1.4.8; http://mj12bot.com/)"
54.36.179.226 - - [07/Nov/2025:11:32:37 -0800] "GET /?fileloc=//etc/kernel/postinst.d/update-notifier&path=//etc/kernel/postinst.d HTTP/1.1" 200 3520 "-" "Mozilla/5.0 (compatible; MJ12bot/v1.4.8; http://mj12bot.com/)"
