4.241.170.137 - - [07/Nov/2025:04:51:15 -0800] "GET /html.php HTTP/1.1" 429 430 "-" "-"
4.241.170.137 - - [07/Nov/2025:04:51:16 -0800] "GET /goods.php HTTP/1.1" 429 430 "-" "-"
4.241.170.137 - - [07/Nov/2025:04:51:16 -0800] "GET /wp-gr.php HTTP/1.1" 429 430 "-" "-"
4.241.170.137 - - [07/Nov/2025:04:51:16 -0800] "GET /admin/upload/css.php HTTP/1.1" 429 430 "-" "-"
4.241.170.137 - - [07/Nov/2025:04:51:16 -0800] "GET /berlin.php HTTP/1.1" 429 430 "-" "-"
4.241.170.137 - - [07/Nov/2025:04:51:17 -0800] "GET /themes.php HTTP/1.1" 429 430 "-" "-"
4.241.170.137 - - [07/Nov/2025:04:51:17 -0800] "GET /css/index.php HTTP/1.1" 429 430 "-" "-"
4.241.170.137 - - [07/Nov/2025:04:51:17 -0800] "GET /wp-includes/Text/Diff/Engine/about.php HTTP/1.1" 429 430 "-" "-"
4.241.170.137 - - [07/Nov/2025:04:51:17 -0800] "GET /13k.php HTTP/1.1" 429 430 "-" "-"
4.241.170.137 - - [07/Nov/2025:04:51:18 -0800] "GET /web/wp-login.php HTTP/1.1" 429 430 "-" "-"
4.241.170.137 - - [07/Nov/2025:04:51:18 -0800] "GET /c.php HTTP/1.1" 429 430 "-" "-"
4.241.170.137 - - [07/Nov/2025:04:51:18 -0800] "GET /ioxi002.PhP7 HTTP/1.1" 429 430 "-" "-"
4.241.170.137 - - [07/Nov/2025:04:51:18 -0800] "GET /file.php? HTTP/1.1" 429 430 "-" "-"
4.241.170.137 - - [07/Nov/2025:04:51:18 -0800] "GET /info/info.php HTTP/1.1" 429 430 "-" "-"
4.241.170.137 - - [07/Nov/2025:04:51:19 -0800] "GET /.well-known/log.php HTTP/1.1" 429 430 "-" "-"
4.241.170.137 - - [07/Nov/2025:04:51:19 -0800] "GET /uwu2.php HTTP/1.1" 429 430 "-" "-"
4.241.170.137 - - [07/Nov/2025:04:51:19 -0800] "GET /filename.php HTTP/1.1" 429 430 "-" "-"
4.241.170.137 - - [07/Nov/2025:04:51:19 -0800] "GET /20.php HTTP/1.1" 429 430 "-" "-"
4.241.170.137 - - [07/Nov/2025:04:51:20 -0800] "GET /wp-includes/theme-compat/wp-login.php HTTP/1.1" 429 430 "-" "-"
4.241.170.137 - - [07/Nov/2025:04:51:20 -0800] "GET /wp-includes/widgets//include.php HTTP/1.1" 429 430 "-" "-"
4.241.170.137 - - [07/Nov/2025:04:51:20 -0800] "GET /jp.php HTTP/1.1" 429 430 "-" "-"
4.241.170.137 - - [07/Nov/2025:04:51:20 -0800] "GET /wp-2019.php? HTTP/1.1" 429 430 "-" "-"
4.241.170.137 - - [07/Nov/2025:04:51:20 -0800] "GET /fw.php HTTP/1.1" 429 430 "-" "-"
4.241.170.137 - - [07/Nov/2025:04:51:20 -0800] "GET /wp-content/plugins/index.php HTTP/1.1" 429 430 "-" "-"
4.241.170.137 - - [07/Nov/2025:04:51:21 -0800] "GET /a.php HTTP/1.1" 429 430 "-" "-"
4.241.170.137 - - [07/Nov/2025:04:51:21 -0800] "GET /manager.php?p= HTTP/1.1" 429 430 "-" "-"
4.241.170.137 - - [07/Nov/2025:04:51:21 -0800] "GET /a1.php HTTP/1.1" 429 430 "-" "-"
4.241.170.137 - - [07/Nov/2025:04:51:21 -0800] "GET /inputs.php HTTP/1.1" 429 430 "-" "-"
4.241.170.137 - - [07/Nov/2025:04:51:22 -0800] "GET /wp-includes/theme-compat/chosen.php HTTP/1.1" 429 430 "-" "-"
4.241.170.137 - - [07/Nov/2025:04:51:22 -0800] "GET /w.php HTTP/1.1" 429 430 "-" "-"
4.241.170.137 - - [07/Nov/2025:04:51:22 -0800] "GET /7.php HTTP/1.1" 429 430 "-" "-"
4.241.170.137 - - [07/Nov/2025:04:51:22 -0800] "GET /V3.php HTTP/1.1" 429 430 "-" "-"
4.241.170.137 - - [07/Nov/2025:04:51:23 -0800] "GET /config.php HTTP/1.1" 418 693 "-" "-"
144.76.19.157 - - [07/Nov/2025:04:51:59 -0800] "GET /property/1-bhk-fully-furnished-prime-location/?path=/boot HTTP/1.1" 200 2877 "-" "Mozilla/5.0 (compatible; BLEXBot/1.0; +https://help.seranking.com/en/blex-crawler)"
144.76.19.157 - - [07/Nov/2025:04:56:31 -0800] "GET /invoice/invoice-144/?fileloc=/hs_err_pid211711.log&path=/ HTTP/1.1" 200 10690 "-" "Mozilla/5.0 (compatible; BLEXBot/1.0; +https://help.seranking.com/en/blex-crawler)"
144.76.19.157 - - [07/Nov/2025:04:57:40 -0800] "GET /?path=/home/dh_hwg2wc/fnaluxury.com/wp-includes/PHPMailer HTTP/1.1" 200 3387 "-" "Mozilla/5.0 (compatible; BLEXBot/1.0; +https://help.seranking.com/en/blex-crawler)"
144.76.19.157 - - [07/Nov/2025:05:02:12 -0800] "GET /property/1-bhk-fully-furnished-prime-location/?path=/proc HTTP/1.1" 200 5268 "-" "Mozilla/5.0 (compatible; BLEXBot/1.0; +https://help.seranking.com/en/blex-crawler)"
144.76.19.157 - - [07/Nov/2025:05:04:29 -0800] "GET /?path=/home/dh_hwg2wc/fnaluxury.com/wp-includes/PHPMailer HTTP/1.1" 200 3387 "-" "Mozilla/5.0 (compatible; BLEXBot/1.0; +https://help.seranking.com/en/blex-crawler)"
144.76.19.157 - - [07/Nov/2025:05:05:38 -0800] "GET /property/1-bhk-fully-furnished-prime-location/?path=/root HTTP/1.1" 200 2876 "-" "Mozilla/5.0 (compatible; BLEXBot/1.0; +https://help.seranking.com/en/blex-crawler)"
144.76.19.157 - - [07/Nov/2025:05:06:46 -0800] "GET /invoice/invoice-144/?fileloc=/hs_err_pid758221.log&path=/ HTTP/1.1" 200 10483 "-" "Mozilla/5.0 (compatible; BLEXBot/1.0; +https://help.seranking.com/en/blex-crawler)"
217.76.58.3 - - [07/Nov/2025:05:10:06 -0800] "GET /wp-admin/css/ HTTP/1.1" 403 57328 "binance.com" "Mozilla/5.0 (Windows NT 10.0; Win64; x64) AppleWebKit/537.36 (KHTML, like Gecko) Chrome/90.0.4430.85 Safari/537.36"
144.76.19.157 - - [07/Nov/2025:05:11:18 -0800] "GET /?path=/home/dh_hwg2wc/fnaluxury.com/wp-includes/SimplePie HTTP/1.1" 200 3405 "-" "Mozilla/5.0 (compatible; BLEXBot/1.0; +https://help.seranking.com/en/blex-crawler)"
144.76.19.157 - - [07/Nov/2025:05:12:27 -0800] "GET /property/1-bhk-fully-furnished-prime-location/?path=/sbin HTTP/1.1" 200 24829 "-" "Mozilla/5.0 (compatible; BLEXBot/1.0; +https://help.seranking.com/en/blex-crawler)"
144.76.19.157 - - [07/Nov/2025:05:13:36 -0800] "GET /invoice/invoice-144/?fileloc=/hs_err_pid901582.log&path=/ HTTP/1.1" 200 10583 "-" "Mozilla/5.0 (compatible; BLEXBot/1.0; +https://help.seranking.com/en/blex-crawler)"
170.106.152.218 - - [07/Nov/2025:05:14:32 -0800] "GET / HTTP/1.1" 200 4456 "-" "Mozilla/5.0 (iPhone; CPU iPhone OS 13_2_3 like Mac OS X) AppleWebKit/605.1.15 (KHTML, like Gecko) Version/13.0.3 Mobile/15E148 Safari/604.1"
144.76.19.157 - - [07/Nov/2025:05:16:56 -0800] "GET /invoice/invoice-73/?fileloc=/hs_err_pid1155819.log&path=/ HTTP/1.1" 200 10488 "-" "Mozilla/5.0 (compatible; BLEXBot/1.0; +https://help.seranking.com/en/blex-crawler)"
144.76.19.157 - - [07/Nov/2025:05:19:11 -0800] "GET /property/?path=/home/dh_hwg2wc/fnaluxury.com/wp-admin/css HTTP/1.1" 200 7139 "-" "Mozilla/5.0 (compatible; BLEXBot/1.0; +https://help.seranking.com/en/blex-crawler)"
144.76.19.157 - - [07/Nov/2025:05:21:25 -0800] "GET /?path=/home/dh_hwg2wc/fnaluxury.com/wp-includes/SimplePie HTTP/1.1" 200 3405 "-" "Mozilla/5.0 (compatible; BLEXBot/1.0; +https://help.seranking.com/en/blex-crawler)"
144.76.19.157 - - [07/Nov/2025:05:23:39 -0800] "GET /invoice/invoice-73/?fileloc=/hs_err_pid1579381.log&path=/ HTTP/1.1" 200 10694 "-" "Mozilla/5.0 (compatible; BLEXBot/1.0; +https://help.seranking.com/en/blex-crawler)"
144.76.19.157 - - [07/Nov/2025:05:24:47 -0800] "GET /?path=/home/dh_hwg2wc/fnaluxury.com/wp-includes/customize HTTP/1.1" 200 4908 "-" "Mozilla/5.0 (compatible; BLEXBot/1.0; +https://help.seranking.com/en/blex-crawler)"
49.51.204.74 - - [07/Nov/2025:05:27:34 -0800] "GET /?path=/home/dh_hwg2wc/fnaluxury.com/wp-includes HTTP/1.1" 200 14935 "-" "Mozilla/5.0 (iPhone; CPU iPhone OS 13_2_3 like Mac OS X) AppleWebKit/605.1.15 (KHTML, like Gecko) Version/13.0.3 Mobile/15E148 Safari/604.1"
144.76.19.157 - - [07/Nov/2025:05:29:13 -0800] "GET /property/exclusive-hotel-for-sale-in-al-jaddaf/?path=/bin HTTP/1.1" 200 95981 "-" "Mozilla/5.0 (compatible; BLEXBot/1.0; +https://help.seranking.com/en/blex-crawler)"
144.76.19.157 - - [07/Nov/2025:05:30:22 -0800] "GET /invoice/invoice-73/?fileloc=/hs_err_pid1666955.log&path=/ HTTP/1.1" 200 10698 "-" "Mozilla/5.0 (compatible; BLEXBot/1.0; +https://help.seranking.com/en/blex-crawler)"
144.76.19.157 - - [07/Nov/2025:05:32:35 -0800] "GET /property/exclusive-hotel-for-sale-in-al-jaddaf/?path=/dev HTTP/1.1" 200 3744 "-" "Mozilla/5.0 (compatible; BLEXBot/1.0; +https://help.seranking.com/en/blex-crawler)"
144.76.19.157 - - [07/Nov/2025:05:34:49 -0800] "GET /?path=/home/dh_hwg2wc/fnaluxury.com/wp-includes/customize HTTP/1.1" 200 4908 "-" "Mozilla/5.0 (compatible; BLEXBot/1.0; +https://help.seranking.com/en/blex-crawler)"
144.76.19.157 - - [07/Nov/2025:05:37:02 -0800] "GET /invoice/invoice-73/?fileloc=/hs_err_pid2155801.log&path=/ HTTP/1.1" 200 11106 "-" "Mozilla/5.0 (compatible; BLEXBot/1.0; +https://help.seranking.com/en/blex-crawler)"
144.76.19.157 - - [07/Nov/2025:05:38:08 -0800] "GET /about/?path=/home/dh_hwg2wc/fnaluxury.com/wp-admin/backup HTTP/1.1" 200 3189 "-" "Mozilla/5.0 (compatible; BLEXBot/1.0; +https://help.seranking.com/en/blex-crawler)"
216.244.66.228 - - [07/Nov/2025:05:38:59 -0800] "GET /robots.txt HTTP/1.1" 200 433 "-" "Mozilla/5.0 (compatible; DotBot/1.2; +https://opensiteexplorer.org/dotbot; help@moz.com)"
144.76.19.157 - - [07/Nov/2025:05:39:15 -0800] "GET /property/exclusive-hotel-for-sale-in-al-jaddaf/?path=/etc HTTP/1.1" 200 16258 "-" "Mozilla/5.0 (compatible; BLEXBot/1.0; +https://help.seranking.com/en/blex-crawler)"
144.76.19.157 - - [07/Nov/2025:05:43:41 -0800] "GET /invoice/invoice-73/?fileloc=/hs_err_pid2251798.log&path=/ HTTP/1.1" 200 10710 "-" "Mozilla/5.0 (compatible; BLEXBot/1.0; +https://help.seranking.com/en/blex-crawler)"
144.76.19.157 - - [07/Nov/2025:05:44:48 -0800] "GET /about/?path=/home/dh_hwg2wc/fnaluxury.com/wp-admin/images HTTP/1.1" 200 6417 "-" "Mozilla/5.0 (compatible; BLEXBot/1.0; +https://help.seranking.com/en/blex-crawler)"
216.244.66.228 - - [07/Nov/2025:05:45:25 -0800] "GET /?path=/ HTTP/1.1" 200 60544 "-" "Mozilla/5.0 (compatible; DotBot/1.2; +https://opensiteexplorer.org/dotbot; help@moz.com)"
144.76.19.157 - - [07/Nov/2025:05:45:54 -0800] "GET /property/exclusive-hotel-for-sale-in-al-jaddaf/?path=/lib HTTP/1.1" 200 8316 "-" "Mozilla/5.0 (compatible; BLEXBot/1.0; +https://help.seranking.com/en/blex-crawler)"
43.134.186.61 - - [07/Nov/2025:05:48:27 -0800] "GET /?fileloc=/home/dh_hwg2wc/fnaluxury.com/wp-comments-post.php&path=/home/dh_hwg2wc/fnaluxury.com HTTP/1.1" 200 3903 "-" "Mozilla/5.0 (iPhone; CPU iPhone OS 13_2_3 like Mac OS X) AppleWebKit/605.1.15 (KHTML, like Gecko) Version/13.0.3 Mobile/15E148 Safari/604.1"
144.76.19.157 - - [07/Nov/2025:05:50:17 -0800] "GET /invoice/invoice-76/?fileloc=/hs_err_pid1155819.log&path=/ HTTP/1.1" 200 10467 "-" "Mozilla/5.0 (compatible; BLEXBot/1.0; +https://help.seranking.com/en/blex-crawler)"
144.76.19.157 - - [07/Nov/2025:05:51:24 -0800] "GET /about/?path=/home/dh_hwg2wc/fnaluxury.com/wp-includes/ID3 HTTP/1.1" 200 4072 "-" "Mozilla/5.0 (compatible; BLEXBot/1.0; +https://help.seranking.com/en/blex-crawler)"
144.76.19.157 - - [07/Nov/2025:05:52:29 -0800] "GET /property/exclusive-hotel-for-sale-in-al-jaddaf/?path=/mnt HTTP/1.1" 200 2876 "-" "Mozilla/5.0 (compatible; BLEXBot/1.0; +https://help.seranking.com/en/blex-crawler)"
144.76.19.157 - - [07/Nov/2025:05:56:56 -0800] "GET /invoice/invoice-76/?fileloc=/hs_err_pid1579381.log&path=/ HTTP/1.1" 200 10694 "-" "Mozilla/5.0 (compatible; BLEXBot/1.0; +https://help.seranking.com/en/blex-crawler)"
43.131.253.14 - - [07/Nov/2025:05:57:55 -0800] "GET /?fileloc=/home/dh_hwg2wc/fnaluxury.com/wp-blog-header.php&path=/home/dh_hwg2wc/fnaluxury.com HTTP/1.1" 200 3139 "-" "Mozilla/5.0 (iPhone; CPU iPhone OS 13_2_3 like Mac OS X) AppleWebKit/605.1.15 (KHTML, like Gecko) Version/13.0.3 Mobile/15E148 Safari/604.1"
144.76.19.157 - - [07/Nov/2025:06:01:19 -0800] "GET /about/?path=/home/dh_hwg2wc/fnaluxury.com/wp-includes/IXR HTTP/1.1" 200 3709 "-" "Mozilla/5.0 (compatible; BLEXBot/1.0; +https://help.seranking.com/en/blex-crawler)"
178.20.44.140 - - [07/Nov/2025:06:02:21 -0800] "GET /agent/samuel-palmer/ HTTP/1.0" 429 464 "http://fnaluxury.com/agent/samuel-palmer/" "Mozilla/5.0 (Windows NT 10.0; Win64; x64) AppleWebKit/537.36 (KHTML, like Gecko) Chrome/131.0.0.0 Safari/537.36"
178.20.44.140 - - [07/Nov/2025:06:02:21 -0800] "GET / HTTP/1.0" 429 464 "http://fnaluxury.com/" "Mozilla/5.0 (Windows NT 10.0; Win64; x64) AppleWebKit/537.36 (KHTML, like Gecko) Chrome/131.0.0.0 Safari/537.36"
144.76.19.157 - - [07/Nov/2025:06:02:27 -0800] "GET /property/exclusive-hotel-for-sale-in-al-jaddaf/?path=/opt HTTP/1.1" 200 3366 "-" "Mozilla/5.0 (compatible; BLEXBot/1.0; +https://help.seranking.com/en/blex-crawler)"
144.76.19.157 - - [07/Nov/2025:06:03:33 -0800] "GET /invoice/invoice-76/?fileloc=/hs_err_pid1666955.log&path=/ HTTP/1.1" 200 10698 "-" "Mozilla/5.0 (compatible; BLEXBot/1.0; +https://help.seranking.com/en/blex-crawler)"
144.76.19.157 - - [07/Nov/2025:06:04:38 -0800] "GET /about/?path=/home/dh_hwg2wc/fnaluxury.com/wp-includes/css HTTP/1.1" 200 5014 "-" "Mozilla/5.0 (compatible; BLEXBot/1.0; +https://help.seranking.com/en/blex-crawler)"
43.152.72.244 - - [07/Nov/2025:06:08:39 -0800] "GET /?fileloc=/home/dh_hwg2wc/fnaluxury.com/wp-signup.php&path=/home/dh_hwg2wc/fnaluxury.com HTTP/1.1" 200 11288 "-" "Mozilla/5.0 (iPhone; CPU iPhone OS 13_2_3 like Mac OS X) AppleWebKit/605.1.15 (KHTML, like Gecko) Version/13.0.3 Mobile/15E148 Safari/604.1"
144.76.19.157 - - [07/Nov/2025:06:08:58 -0800] "GET /property/exclusive-hotel-for-sale-in-al-jaddaf/?path=/run HTTP/1.1" 200 6128 "-" "Mozilla/5.0 (compatible; BLEXBot/1.0; +https://help.seranking.com/en/blex-crawler)"
144.76.19.157 - - [07/Nov/2025:06:10:03 -0800] "GET /invoice/invoice-76/?fileloc=/hs_err_pid2155801.log&path=/ HTTP/1.1" 200 11106 "-" "Mozilla/5.0 (compatible; BLEXBot/1.0; +https://help.seranking.com/en/blex-crawler)"
196.251.81.95 - - [07/Nov/2025:06:10:21 -0800] "GET /wp-login.php HTTP/1.1" 429 501 "https://www.linkedin.com/" "Mozilla/5.0 (X11; Linux x86_64) AppleWebKit/537.36 (KHTML, like Gecko) Chrome/119.0.6045.159 Safari/537.36"
144.76.19.157 - - [07/Nov/2025:06:11:08 -0800] "GET /agent/samuel-palmer/?fileloc=/hs_err_pid211711.log&path=/ HTTP/1.1" 200 10670 "-" "Mozilla/5.0 (compatible; BLEXBot/1.0; +https://help.seranking.com/en/blex-crawler)"
144.76.19.157 - - [07/Nov/2025:06:12:13 -0800] "GET /property/exclusive-hotel-for-sale-in-al-jaddaf/?path=/srv HTTP/1.1" 200 3124 "-" "Mozilla/5.0 (compatible; BLEXBot/1.0; +https://help.seranking.com/en/blex-crawler)"
144.76.19.157 - - [07/Nov/2025:06:16:33 -0800] "GET /invoice/invoice-76/?fileloc=/hs_err_pid2251798.log&path=/ HTTP/1.1" 200 10710 "-" "Mozilla/5.0 (compatible; BLEXBot/1.0; +https://help.seranking.com/en/blex-crawler)"
43.157.147.3 - - [07/Nov/2025:06:17:23 -0800] "GET /?fileloc=/home/dh_hwg2wc/fnaluxury.com/wp-settings.php&path=/home/dh_hwg2wc/fnaluxury.com HTTP/1.1" 200 9129 "-" "Mozilla/5.0 (iPhone; CPU iPhone OS 13_2_3 like Mac OS X) AppleWebKit/605.1.15 (KHTML, like Gecko) Version/13.0.3 Mobile/15E148 Safari/604.1"
144.76.19.157 - - [07/Nov/2025:06:17:40 -0800] "GET /agent/samuel-palmer/?fileloc=/hs_err_pid758221.log&path=/ HTTP/1.1" 200 10483 "-" "Mozilla/5.0 (compatible; BLEXBot/1.0; +https://help.seranking.com/en/blex-crawler)"
144.76.19.157 - - [07/Nov/2025:06:18:46 -0800] "GET /property/exclusive-hotel-for-sale-in-al-jaddaf/?path=/sys HTTP/1.1" 200 3412 "-" "Mozilla/5.0 (compatible; BLEXBot/1.0; +https://help.seranking.com/en/blex-crawler)"
144.76.19.157 - - [07/Nov/2025:06:24:09 -0800] "GET /agent/samuel-palmer/?fileloc=/hs_err_pid901582.log&path=/ HTTP/1.1" 200 10561 "-" "Mozilla/5.0 (compatible; BLEXBot/1.0; +https://help.seranking.com/en/blex-crawler)"
144.76.19.157 - - [07/Nov/2025:06:26:22 -0800] "GET /property-type/commercial-floor/?path=/home/dh_hwg2wc/.php HTTP/1.1" 200 3465 "-" "Mozilla/5.0 (compatible; BLEXBot/1.0; +https://help.seranking.com/en/blex-crawler)"
170.106.180.153 - - [07/Nov/2025:06:28:13 -0800] "GET /?path=/home/dh_hwg2wc/fnaluxury.com/wp-includes/Requests HTTP/1.1" 200 3301 "-" "Mozilla/5.0 (iPhone; CPU iPhone OS 13_2_3 like Mac OS X) AppleWebKit/605.1.15 (KHTML, like Gecko) Version/13.0.3 Mobile/15E148 Safari/604.1"
144.76.19.157 - - [07/Nov/2025:06:28:30 -0800] "GET /property/exclusive-hotel-for-sale-in-al-jaddaf/?path=/tmp HTTP/1.1" 500 530221 "-" "Mozilla/5.0 (compatible; BLEXBot/1.0; +https://help.seranking.com/en/blex-crawler)"
144.76.19.157 - - [07/Nov/2025:06:30:44 -0800] "GET /agents-2/?path=/home/dh_hwg2wc/fnaluxury.com/wp-admin/css HTTP/1.1" 200 7139 "-" "Mozilla/5.0 (compatible; BLEXBot/1.0; +https://help.seranking.com/en/blex-crawler)"
144.76.19.157 - - [07/Nov/2025:06:31:48 -0800] "GET /property/exclusive-hotel-for-sale-in-al-jaddaf/?path=/usr HTTP/1.1" 200 3514 "-" "Mozilla/5.0 (compatible; BLEXBot/1.0; +https://help.seranking.com/en/blex-crawler)"
144.76.19.157 - - [07/Nov/2025:06:32:52 -0800] "GET /property-type/commercial-floor/?path=/home/dh_hwg2wc/logs HTTP/1.1" 200 3152 "-" "Mozilla/5.0 (compatible; BLEXBot/1.0; +https://help.seranking.com/en/blex-crawler)"
144.76.19.157 - - [07/Nov/2025:06:37:11 -0800] "GET /property/exclusive-hotel-for-sale-in-al-jaddaf/?path=/var HTTP/1.1" 200 3637 "-" "Mozilla/5.0 (compatible; BLEXBot/1.0; +https://help.seranking.com/en/blex-crawler)"
144.76.19.157 - - [07/Nov/2025:06:38:16 -0800] "GET /property/furnished-1bhk-for-rent-in-jvc/?path=/lost+found HTTP/1.1" 200 2881 "-" "Mozilla/5.0 (compatible; BLEXBot/1.0; +https://help.seranking.com/en/blex-crawler)"
144.76.19.157 - - [07/Nov/2025:06:40:23 -0800] "GET /rent/?fileloc=/home/dh_hwg2wc/.alias&path=/home/dh_hwg2wc HTTP/1.1" 200 3016 "-" "Mozilla/5.0 (compatible; BLEXBot/1.0; +https://help.seranking.com/en/blex-crawler)"
43.153.54.138 - - [07/Nov/2025:06:41:52 -0800] "GET /?path=/home/dh_hwg2wc/fnaluxury.com/wp-includes/Requests/library HTTP/1.1" 200 3239 "-" "Mozilla/5.0 (iPhone; CPU iPhone OS 13_2_3 like Mac OS X) AppleWebKit/605.1.15 (KHTML, like Gecko) Version/13.0.3 Mobile/15E148 Safari/604.1"
144.76.19.157 - - [07/Nov/2025:06:42:33 -0800] "GET /rent/?fileloc=/home/dh_hwg2wc/.cshrc&path=/home/dh_hwg2wc HTTP/1.1" 200 3098 "-" "Mozilla/5.0 (compatible; BLEXBot/1.0; +https://help.seranking.com/en/blex-crawler)"
144.76.19.157 - - [07/Nov/2025:06:44:42 -0800] "GET /rent/?path=/home/dh_hwg2wc/fnaluxury.com/wp-admin/network HTTP/1.1" 200 4510 "-" "Mozilla/5.0 (compatible; BLEXBot/1.0; +https://help.seranking.com/en/blex-crawler)"
144.76.19.157 - - [07/Nov/2025:06:47:54 -0800] "GET /rent/?path=/home/dh_hwg2wc/fnaluxury.com/wp-includes/Text HTTP/1.1" 200 3411 "-" "Mozilla/5.0 (compatible; BLEXBot/1.0; +https://help.seranking.com/en/blex-crawler)"
144.76.19.157 - - [07/Nov/2025:06:50:03 -0800] "GET /rent/?path=/home/dh_hwg2wc/fnaluxury.com/wp-includes/l10n HTTP/1.1" 200 3479 "-" "Mozilla/5.0 (compatible; BLEXBot/1.0; +https://help.seranking.com/en/blex-crawler)"
144.76.19.157 - - [07/Nov/2025:06:51:08 -0800] "GET /rent/?path=/home/dh_hwg2wc/fnaluxury.com/wp-includes/pomo HTTP/1.1" 200 3520 "-" "Mozilla/5.0 (compatible; BLEXBot/1.0; +https://help.seranking.com/en/blex-crawler)"
144.76.19.157 - - [07/Nov/2025:06:53:17 -0800] "GET /feature/drivers-room/?fileloc=/hs_err_pid211711.log&path=/ HTTP/1.1" 200 10690 "-" "Mozilla/5.0 (compatible; BLEXBot/1.0; +https://help.seranking.com/en/blex-crawler)"
144.76.19.157 - - [07/Nov/2025:06:55:27 -0800] "GET /property/1-bhk-fully-furnished-prime-location/?path=/lib32 HTTP/1.1" 200 2878 "-" "Mozilla/5.0 (compatible; BLEXBot/1.0; +https://help.seranking.com/en/blex-crawler)"
144.76.19.157 - - [07/Nov/2025:06:57:36 -0800] "GET /2016/?fileloc=/home/dh_hwg2wc/.bashrc&path=/home/dh_hwg2wc HTTP/1.1" 200 2933 "-" "Mozilla/5.0 (compatible; BLEXBot/1.0; +https://help.seranking.com/en/blex-crawler)"
144.76.19.157 - - [07/Nov/2025:06:59:46 -0800] "GET /feature/drivers-room/?fileloc=/hs_err_pid758221.log&path=/ HTTP/1.1" 200 10483 "-" "Mozilla/5.0 (compatible; BLEXBot/1.0; +https://help.seranking.com/en/blex-crawler)"
144.76.19.157 - - [07/Nov/2025:07:00:51 -0800] "GET /2016/?path=/home/dh_hwg2wc/fnaluxury.com/wp-admin/includes HTTP/1.1" 200 7972 "-" "Mozilla/5.0 (compatible; BLEXBot/1.0; +https://help.seranking.com/en/blex-crawler)"
144.76.19.157 - - [07/Nov/2025:07:01:54 -0800] "GET /property/1-bhk-fully-furnished-prime-location/?path=/lib64 HTTP/1.1" 200 3162 "-" "Mozilla/5.0 (compatible; BLEXBot/1.0; +https://help.seranking.com/en/blex-crawler)"
95.217.109.26 - - [07/Nov/2025:07:04:06 -0800] "GET /robots.txt HTTP/1.1" 200 440 "-" "Mozilla/5.0 (compatible; MJ12bot/v1.4.8; http://mj12bot.com/)"
95.217.109.26 - - [07/Nov/2025:07:04:10 -0800] "GET /?fileloc=//etc/ImageMagick-6/log.xml&path=//etc/ImageMagick-6 HTTP/1.1" 200 3573 "-" "Mozilla/5.0 (compatible; MJ12bot/v1.4.8; http://mj12bot.com/)"
95.217.109.26 - - [07/Nov/2025:07:04:15 -0800] "GET /?fileloc=//etc/alternatives/ALTER_SCHEMA.7.gz&path=//etc/alternatives HTTP/1.1" 200 3865 "-" "Mozilla/5.0 (compatible; MJ12bot/v1.4.8; http://mj12bot.com/)"
95.217.109.26 - - [07/Nov/2025:07:04:19 -0800] "GET /?fileloc=//etc/alternatives/ALTER_TEXT_SEARCH_DICTIONARY.7.gz&path=//etc/alternatives HTTP/1.1" 200 4270 "-" "Mozilla/5.0 (compatible; MJ12bot/v1.4.8; http://mj12bot.com/)"
173.252.83.14 - - [07/Nov/2025:07:06:03 -0800] "GET / HTTP/1.1" 200 57387 "-" "facebookexternalhit/1.1 (+http://www.facebook.com/externalhit_uatext.php)"
95.217.109.26 - - [07/Nov/2025:07:06:37 -0800] "GET /?fileloc=//etc/dbus-1/system.d/com.ubuntu.LanguageSelector.conf&path=//etc/dbus-1/system.d HTTP/1.1" 200 3104 "-" "Mozilla/5.0 (compatible; MJ12bot/v1.4.8; http://mj12bot.com/)"
95.217.109.26 - - [07/Nov/2025:07:06:46 -0800] "GET /?fileloc=//etc/dbus-1/system.d/com.ubuntu.SoftwareProperties.conf&path=//etc/dbus-1/system.d HTTP/1.1" 200 3069 "-" "Mozilla/5.0 (compatible; MJ12bot/v1.4.8; http://mj12bot.com/)"
95.217.109.26 - - [07/Nov/2025:07:06:54 -0800] "GET /?fileloc=//etc/dbus-1/system.d/org.freedesktop.ModemManager1.conf&path=//etc/dbus-1/system.d HTTP/1.1" 200 4093 "-" "Mozilla/5.0 (compatible; MJ12bot/v1.4.8; http://mj12bot.com/)"
95.217.109.26 - - [07/Nov/2025:07:07:03 -0800] "GET /?fileloc=//etc/dbus-1/system.d/org.freedesktop.PackageKit.conf&path=//etc/dbus-1/system.d HTTP/1.1" 200 3277 "-" "Mozilla/5.0 (compatible; MJ12bot/v1.4.8; http://mj12bot.com/)"
144.76.19.157 - - [07/Nov/2025:07:07:12 -0800] "GET /2016/?path=/home/dh_hwg2wc/fnaluxury.com/wp-content/themes HTTP/1.1" 200 3404 "-" "Mozilla/5.0 (compatible; BLEXBot/1.0; +https://help.seranking.com/en/blex-crawler)"
95.217.109.26 - - [07/Nov/2025:07:08:10 -0800] "GET /?fileloc=//etc/default/grub.d/50-cloudimg-settings.cfg&path=//etc/default/grub.d HTTP/1.1" 200 3057 "-" "Mozilla/5.0 (compatible; MJ12bot/v1.4.8; http://mj12bot.com/)"
95.217.109.26 - - [07/Nov/2025:07:08:14 -0800] "GET /?fileloc=//etc/default/grub.d/60-dreamhost-defaults.cfg&path=//etc/default/grub.d HTTP/1.1" 200 3231 "-" "Mozilla/5.0 (compatible; MJ12bot/v1.4.8; http://mj12bot.com/)"
95.217.109.26 - - [07/Nov/2025:07:08:18 -0800] "GET /?fileloc=//etc/default/grub.d/61-dreamhost-defaults.cfg&path=//etc/default/grub.d HTTP/1.1" 200 2821 "-" "Mozilla/5.0 (compatible; MJ12bot/v1.4.8; http://mj12bot.com/)"
95.217.109.26 - - [07/Nov/2025:07:08:22 -0800] "GET /?fileloc=//etc/default/grub.d/init-select.cfg&path=//etc/default/grub.d HTTP/1.1" 200 2967 "-" "Mozilla/5.0 (compatible; MJ12bot/v1.4.8; http://mj12bot.com/)"
144.76.19.157 - - [07/Nov/2025:07:09:19 -0800] "GET /feature/drivers-room/?fileloc=/hs_err_pid901582.log&path=/ HTTP/1.1" 200 10583 "-" "Mozilla/5.0 (compatible; BLEXBot/1.0; +https://help.seranking.com/en/blex-crawler)"
144.76.19.157 - - [07/Nov/2025:07:11:25 -0800] "GET /property/1-bhk-fully-furnished-prime-location/?path=/media HTTP/1.1" 200 2876 "-" "Mozilla/5.0 (compatible; BLEXBot/1.0; +https://help.seranking.com/en/blex-crawler)"
95.217.109.26 - - [07/Nov/2025:07:11:25 -0800] "GET /?fileloc=//etc/dhcp/dhclient-enter-hooks.d/debug&path=//etc/dhcp/dhclient-enter-hooks.d HTTP/1.1" 200 3523 "-" "Mozilla/5.0 (compatible; MJ12bot/v1.4.8; http://mj12bot.com/)"
95.217.109.26 - - [07/Nov/2025:07:11:31 -0800] "GET /?fileloc=//etc/dhcp/dhclient-enter-hooks.d/resolved-enter&path=//etc/dhcp/dhclient-enter-hooks.d HTTP/1.1" 200 3063 "-" "Mozilla/5.0 (compatible; MJ12bot/v1.4.8; http://mj12bot.com/)"
95.217.109.26 - - [07/Nov/2025:07:11:35 -0800] "GET /?fileloc=//etc/dhcp/dhclient-exit-hooks.d/debug&path=//etc/dhcp/dhclient-exit-hooks.d HTTP/1.1" 200 3522 "-" "Mozilla/5.0 (compatible; MJ12bot/v1.4.8; http://mj12bot.com/)"
95.217.109.26 - - [07/Nov/2025:07:11:39 -0800] "GET /?fileloc=//etc/dhcp/dhclient-exit-hooks.d/ntp&path=//etc/dhcp/dhclient-exit-hooks.d HTTP/1.1" 200 3480 "-" "Mozilla/5.0 (compatible; MJ12bot/v1.4.8; http://mj12bot.com/)"
95.217.109.26 - - [07/Nov/2025:07:11:43 -0800] "GET /?fileloc=//etc/dhcp/dhclient-exit-hooks.d/ntpdate&path=//etc/dhcp/dhclient-exit-hooks.d HTTP/1.1" 200 3193 "-" "Mozilla/5.0 (compatible; MJ12bot/v1.4.8; http://mj12bot.com/)"
95.217.109.26 - - [07/Nov/2025:07:11:47 -0800] "GET /?fileloc=//etc/dhcp/dhclient-exit-hooks.d/resolved&path=//etc/dhcp/dhclient-exit-hooks.d HTTP/1.1" 200 4413 "-" "Mozilla/5.0 (compatible; MJ12bot/v1.4.8; http://mj12bot.com/)"
95.217.109.26 - - [07/Nov/2025:07:11:52 -0800] "GET /?fileloc=//etc/dhcp/dhclient-exit-hooks.d/rfc3442-classless-routes&path=//etc/dhcp/dhclient-exit-hooks.d HTTP/1.1" 200 3545 "-" "Mozilla/5.0 (compatible; MJ12bot/v1.4.8; http://mj12bot.com/)"
95.217.109.26 - - [07/Nov/2025:07:11:56 -0800] "GET /?fileloc=//etc/dhcp/dhclient-exit-hooks.d/timesyncd&path=//etc/dhcp/dhclient-exit-hooks.d HTTP/1.1" 200 3206 "-" "Mozilla/5.0 (compatible; MJ12bot/v1.4.8; http://mj12bot.com/)"
95.217.109.26 - - [07/Nov/2025:07:12:47 -0800] "GET /?fileloc=//etc/dkms/template-dkms-mkbmdeb/Makefile&path=//etc/dkms/template-dkms-mkbmdeb HTTP/1.1" 200 3062 "-" "Mozilla/5.0 (compatible; MJ12bot/v1.4.8; http://mj12bot.com/)"
95.217.109.26 - - [07/Nov/2025:07:12:51 -0800] "GET /?fileloc=//etc/dkms/template-dkms-mkdeb/Makefile&path=//etc/dkms/template-dkms-mkdeb HTTP/1.1" 200 3123 "-" "Mozilla/5.0 (compatible; MJ12bot/v1.4.8; http://mj12bot.com/)"
95.217.109.26 - - [07/Nov/2025:07:12:55 -0800] "GET /?fileloc=//etc/dkms/template-dkms-mkdsc/Makefile&path=//etc/dkms/template-dkms-mkdsc HTTP/1.1" 200 3123 "-" "Mozilla/5.0 (compatible; MJ12bot/v1.4.8; http://mj12bot.com/)"
95.217.109.26 - - [07/Nov/2025:07:13:00 -0800] "GET /?fileloc=//etc/libblockdev/conf.d/00-default.cfg&path=//etc/libblockdev/conf.d HTTP/1.1" 200 3209 "-" "Mozilla/5.0 (compatible; MJ12bot/v1.4.8; http://mj12bot.com/)"
95.217.109.26 - - [07/Nov/2025:07:13:26 -0800] "GET /?path=//dev/shm/acme_syria.k47.co HTTP/1.1" 418 712 "-" "Mozilla/5.0 (compatible; MJ12bot/v1.4.8; http://mj12bot.com/)"
95.217.109.26 - - [07/Nov/2025:07:13:29 -0800] "GET /?path=//dev/shm/acme_tech.libresinn.com HTTP/1.1" 418 712 "-" "Mozilla/5.0 (compatible; MJ12bot/v1.4.8; http://mj12bot.com/)"
144.76.19.157 - - [07/Nov/2025:07:13:32 -0800] "GET /2016/?path=/home/dh_hwg2wc/fnaluxury.com/wp-content/wflogs HTTP/1.1" 200 3662 "-" "Mozilla/5.0 (compatible; BLEXBot/1.0; +https://help.seranking.com/en/blex-crawler)"
95.217.109.26 - - [07/Nov/2025:07:13:42 -0800] "GET /?path=//dh/analog/analog/images/orig HTTP/1.1" 200 3443 "-" "Mozilla/5.0 (compatible; MJ12bot/v1.4.8; http://mj12bot.com/)"
95.217.109.26 - - [07/Nov/2025:07:13:55 -0800] "GET /?path=//dh/etc/skel/default/Maildir HTTP/1.1" 200 2879 "-" "Mozilla/5.0 (compatible; MJ12bot/v1.4.8; http://mj12bot.com/)"
95.217.109.26 - - [07/Nov/2025:07:13:59 -0800] "GET /?path=//dh/etc/skel/default/logs HTTP/1.1" 200 2877 "-" "Mozilla/5.0 (compatible; MJ12bot/v1.4.8; http://mj12bot.com/)"
95.217.109.26 - - [07/Nov/2025:07:14:08 -0800] "GET /?path=//dh/etc/skel/mail/Maildir HTTP/1.1" 200 3221 "-" "Mozilla/5.0 (compatible; MJ12bot/v1.4.8; http://mj12bot.com/)"
95.217.109.26 - - [07/Nov/2025:07:14:17 -0800] "GET /?path=//dh/web/diag/diag/diag HTTP/1.1" 200 3235 "-" "Mozilla/5.0 (compatible; MJ12bot/v1.4.8; http://mj12bot.com/)"
95.217.109.26 - - [07/Nov/2025:07:14:26 -0800] "GET /?path=//dh/web/parking/.dh-diag/diag HTTP/1.1" 200 3250 "-" "Mozilla/5.0 (compatible; MJ12bot/v1.4.8; http://mj12bot.com/)"
95.217.109.26 - - [07/Nov/2025:07:15:19 -0800] "GET /?path=//etc/dkms/template-dkms-mkbmdeb/debian HTTP/1.1" 200 3449 "-" "Mozilla/5.0 (compatible; MJ12bot/v1.4.8; http://mj12bot.com/)"
95.217.109.26 - - [07/Nov/2025:07:15:28 -0800] "GET /?path=//etc/dkms/template-dkms-mkdeb/debian HTTP/1.1" 200 3582 "-" "Mozilla/5.0 (compatible; MJ12bot/v1.4.8; http://mj12bot.com/)"
95.217.109.26 - - [07/Nov/2025:07:15:37 -0800] "GET /?path=//etc/dkms/template-dkms-mkdsc/debian HTTP/1.1" 200 3583 "-" "Mozilla/5.0 (compatible; MJ12bot/v1.4.8; http://mj12bot.com/)"
144.76.19.157 - - [07/Nov/2025:07:15:38 -0800] "GET /feature/laundry-room/?fileloc=/hs_err_pid211711.log&path=/ HTTP/1.1" 200 10690 "-" "Mozilla/5.0 (compatible; BLEXBot/1.0; +https://help.seranking.com/en/blex-crawler)"
95.217.109.26 - - [07/Nov/2025:07:15:45 -0800] "GET /?path=//etc/dpkg/dpkg.cfg.d HTTP/1.1" 200 3146 "-" "Mozilla/5.0 (compatible; MJ12bot/v1.4.8; http://mj12bot.com/)"
95.217.109.26 - - [07/Nov/2025:07:15:50 -0800] "GET /?path=//etc/dpkg/dselect.cfg.d HTTP/1.1" 200 2867 "-" "Mozilla/5.0 (compatible; MJ12bot/v1.4.8; http://mj12bot.com/)"
95.217.109.26 - - [07/Nov/2025:07:15:54 -0800] "GET /?path=//etc/dpkg/origins HTTP/1.1" 200 3233 "-" "Mozilla/5.0 (compatible; MJ12bot/v1.4.8; http://mj12bot.com/)"
95.217.109.26 - - [07/Nov/2025:07:16:07 -0800] "GET /?path=//etc/emacs/site-start.d HTTP/1.1" 200 3363 "-" "Mozilla/5.0 (compatible; MJ12bot/v1.4.8; http://mj12bot.com/)"
95.217.109.26 - - [07/Nov/2025:07:16:16 -0800] "GET /?path=//etc/fail2ban/action.d HTTP/1.1" 200 5857 "-" "Mozilla/5.0 (compatible; MJ12bot/v1.4.8; http://mj12bot.com/)"
95.217.109.26 - - [07/Nov/2025:07:16:20 -0800] "GET /?path=//etc/fail2ban/fail2ban.d HTTP/1.1" 200 2863 "-" "Mozilla/5.0 (compatible; MJ12bot/v1.4.8; http://mj12bot.com/)"
95.217.109.26 - - [07/Nov/2025:07:16:25 -0800] "GET /?path=//etc/fail2ban/filter.d HTTP/1.1" 200 7273 "-" "Mozilla/5.0 (compatible; MJ12bot/v1.4.8; http://mj12bot.com/)"
95.217.109.26 - - [07/Nov/2025:07:16:29 -0800] "GET /?path=//etc/fail2ban/jail.d HTTP/1.1" 200 3148 "-" "Mozilla/5.0 (compatible; MJ12bot/v1.4.8; http://mj12bot.com/)"
95.217.109.26 - - [07/Nov/2025:07:16:39 -0800] "GET /?path=//etc/fonts/conf.avail HTTP/1.1" 200 5724 "-" "Mozilla/5.0 (compatible; MJ12bot/v1.4.8; http://mj12bot.com/)"
95.217.109.26 - - [07/Nov/2025:07:16:43 -0800] "GET /?path=//etc/fonts/conf.d HTTP/1.1" 200 5162 "-" "Mozilla/5.0 (compatible; MJ12bot/v1.4.8; http://mj12bot.com/)"
95.217.109.26 - - [07/Nov/2025:07:16:57 -0800] "GET /?path=//etc/fwupd/remotes.d HTTP/1.1" 200 3334 "-" "Mozilla/5.0 (compatible; MJ12bot/v1.4.8; http://mj12bot.com/)"
95.217.109.26 - - [07/Nov/2025:07:17:10 -0800] "GET /?path=//etc/gdb/gdbinit.d HTTP/1.1" 200 2862 "-" "Mozilla/5.0 (compatible; MJ12bot/v1.4.8; http://mj12bot.com/)"
95.217.109.26 - - [07/Nov/2025:07:17:23 -0800] "GET /?path=//etc/ghostscript/cidfmap.d HTTP/1.1" 200 3359 "-" "Mozilla/5.0 (compatible; MJ12bot/v1.4.8; http://mj12bot.com/)"
95.217.109.26 - - [07/Nov/2025:07:17:27 -0800] "GET /?path=//etc/ghostscript/fontmap.d HTTP/1.1" 200 2868 "-" "Mozilla/5.0 (compatible; MJ12bot/v1.4.8; http://mj12bot.com/)"
95.217.109.26 - - [07/Nov/2025:07:17:36 -0800] "GET /?path=//etc/glvnd/egl_vendor.d HTTP/1.1" 200 2868 "-" "Mozilla/5.0 (compatible; MJ12bot/v1.4.8; http://mj12bot.com/)"
144.76.19.157 - - [07/Nov/2025:07:17:43 -0800] "GET /?path=/home/dh_hwg2wc/fnaluxury.com/wp-includes/sitemaps HTTP/1.1" 200 3605 "-" "Mozilla/5.0 (compatible; BLEXBot/1.0; +https://help.seranking.com/en/blex-crawler)"
95.217.109.26 - - [07/Nov/2025:07:17:58 -0800] "GET /?path=//etc/gss/mech.d HTTP/1.1" 200 2861 "-" "Mozilla/5.0 (compatible; MJ12bot/v1.4.8; http://mj12bot.com/)"
95.217.109.26 - - [07/Nov/2025:07:18:26 -0800] "GET /?path=//etc/initramfs-tools/conf.d HTTP/1.1" 200 2871 "-" "Mozilla/5.0 (compatible; MJ12bot/v1.4.8; http://mj12bot.com/)"
95.217.109.26 - - [07/Nov/2025:07:18:30 -0800] "GET /?path=//etc/initramfs-tools/hooks HTTP/1.1" 200 2870 "-" "Mozilla/5.0 (compatible; MJ12bot/v1.4.8; http://mj12bot.com/)"
95.217.109.26 - - [07/Nov/2025:07:18:35 -0800] "GET /?path=//etc/initramfs-tools/scripts HTTP/1.1" 200 3478 "-" "Mozilla/5.0 (compatible; MJ12bot/v1.4.8; http://mj12bot.com/)"
95.217.109.26 - - [07/Nov/2025:07:18:48 -0800] "GET /?path=//etc/iproute2/rt_protos.d HTTP/1.1" 200 3144 "-" "Mozilla/5.0 (compatible; MJ12bot/v1.4.8; http://mj12bot.com/)"
95.217.109.26 - - [07/Nov/2025:07:18:53 -0800] "GET /?path=//etc/iproute2/rt_tables.d HTTP/1.1" 200 3142 "-" "Mozilla/5.0 (compatible; MJ12bot/v1.4.8; http://mj12bot.com/)"
95.217.109.26 - - [07/Nov/2025:07:19:02 -0800] "GET /?path=//etc/irc/script HTTP/1.1" 200 3128 "-" "Mozilla/5.0 (compatible; MJ12bot/v1.4.8; http://mj12bot.com/)"
95.217.109.26 - - [07/Nov/2025:07:19:16 -0800] "GET /?path=//etc/java-8-openjdk/images HTTP/1.1" 200 3122 "-" "Mozilla/5.0 (compatible; MJ12bot/v1.4.8; http://mj12bot.com/)"
95.217.109.26 - - [07/Nov/2025:07:19:20 -0800] "GET /?path=//etc/java-8-openjdk/management HTTP/1.1" 200 3339 "-" "Mozilla/5.0 (compatible; MJ12bot/v1.4.8; http://mj12bot.com/)"
95.217.109.26 - - [07/Nov/2025:07:19:24 -0800] "GET /?path=//etc/java-8-openjdk/security HTTP/1.1" 200 3329 "-" "Mozilla/5.0 (compatible; MJ12bot/v1.4.8; http://mj12bot.com/)"
95.217.109.26 - - [07/Nov/2025:07:19:42 -0800] "GET /?path=//etc/kernel/header_postinst.d HTTP/1.1" 200 3140 "-" "Mozilla/5.0 (compatible; MJ12bot/v1.4.8; http://mj12bot.com/)"
95.217.109.26 - - [07/Nov/2025:07:19:47 -0800] "GET /?path=//etc/kernel/install.d HTTP/1.1" 200 3135 "-" "Mozilla/5.0 (compatible; MJ12bot/v1.4.8; http://mj12bot.com/)"
95.217.109.26 - - [07/Nov/2025:07:19:51 -0800] "GET /?path=//etc/kernel/postinst.d HTTP/1.1" 200 3472 "-" "Mozilla/5.0 (compatible; MJ12bot/v1.4.8; http://mj12bot.com/)"
95.217.109.26 - - [07/Nov/2025:07:19:55 -0800] "GET /?path=//etc/kernel/postrm.d HTTP/1.1" 200 3212 "-" "Mozilla/5.0 (compatible; MJ12bot/v1.4.8; http://mj12bot.com/)"
95.217.109.26 - - [07/Nov/2025:07:19:59 -0800] "GET /?path=//etc/kernel/prerm.d HTTP/1.1" 200 3135 "-" "Mozilla/5.0 (compatible; MJ12bot/v1.4.8; http://mj12bot.com/)"
95.217.109.26 - - [07/Nov/2025:07:20:41 -0800] "GET /?path=//etc/mail/domains/0 HTTP/1.1" 200 2869 "-" "Mozilla/5.0 (compatible; MJ12bot/v1.4.8; http://mj12bot.com/)"
95.217.109.26 - - [07/Nov/2025:07:20:45 -0800] "GET /?path=//etc/mail/domains/1 HTTP/1.1" 200 2869 "-" "Mozilla/5.0 (compatible; MJ12bot/v1.4.8; http://mj12bot.com/)"
95.217.109.26 - - [07/Nov/2025:07:20:50 -0800] "GET /?path=//etc/mail/domains/2 HTTP/1.1" 200 2869 "-" "Mozilla/5.0 (compatible; MJ12bot/v1.4.8; http://mj12bot.com/)"
144.76.19.157 - - [07/Nov/2025:07:20:52 -0800] "GET /property/?path=/home/dh_hwg2wc/fnaluxury.com/.dh-diag/diag HTTP/1.1" 200 3293 "-" "Mozilla/5.0 (compatible; BLEXBot/1.0; +https://help.seranking.com/en/blex-crawler)"
95.217.109.26 - - [07/Nov/2025:07:20:54 -0800] "GET /?path=//etc/mail/domains/3 HTTP/1.1" 200 2869 "-" "Mozilla/5.0 (compatible; MJ12bot/v1.4.8; http://mj12bot.com/)"
95.217.109.26 - - [07/Nov/2025:07:20:58 -0800] "GET /?path=//etc/mail/domains/4 HTTP/1.1" 200 2869 "-" "Mozilla/5.0 (compatible; MJ12bot/v1.4.8; http://mj12bot.com/)"
95.217.109.26 - - [07/Nov/2025:07:21:03 -0800] "GET /?path=//etc/mail/domains/5 HTTP/1.1" 200 2869 "-" "Mozilla/5.0 (compatible; MJ12bot/v1.4.8; http://mj12bot.com/)"
95.217.109.26 - - [07/Nov/2025:07:21:07 -0800] "GET /?path=//etc/mail/domains/6 HTTP/1.1" 200 2869 "-" "Mozilla/5.0 (compatible; MJ12bot/v1.4.8; http://mj12bot.com/)"
95.217.109.26 - - [07/Nov/2025:07:21:11 -0800] "GET /?path=//etc/mail/domains/7 HTTP/1.1" 200 2869 "-" "Mozilla/5.0 (compatible; MJ12bot/v1.4.8; http://mj12bot.com/)"
95.217.109.26 - - [07/Nov/2025:07:21:16 -0800] "GET /?path=//etc/mail/domains/8 HTTP/1.1" 200 2868 "-" "Mozilla/5.0 (compatible; MJ12bot/v1.4.8; http://mj12bot.com/)"
95.217.109.26 - - [07/Nov/2025:07:21:20 -0800] "GET /?path=//etc/mail/domains/9 HTTP/1.1" 200 2869 "-" "Mozilla/5.0 (compatible; MJ12bot/v1.4.8; http://mj12bot.com/)"
95.217.109.26 - - [07/Nov/2025:07:21:24 -0800] "GET /?path=//etc/mail/domains/a HTTP/1.1" 200 2868 "-" "Mozilla/5.0 (compatible; MJ12bot/v1.4.8; http://mj12bot.com/)"
95.217.109.26 - - [07/Nov/2025:07:21:29 -0800] "GET /?path=//etc/mail/domains/b HTTP/1.1" 200 2868 "-" "Mozilla/5.0 (compatible; MJ12bot/v1.4.8; http://mj12bot.com/)"
95.217.109.26 - - [07/Nov/2025:07:21:33 -0800] "GET /?path=//etc/mail/domains/c HTTP/1.1" 200 3293 "-" "Mozilla/5.0 (compatible; MJ12bot/v1.4.8; http://mj12bot.com/)"
95.217.109.26 - - [07/Nov/2025:07:21:37 -0800] "GET /?path=//etc/mail/domains/d HTTP/1.1" 200 2868 "-" "Mozilla/5.0 (compatible; MJ12bot/v1.4.8; http://mj12bot.com/)"
95.217.109.26 - - [07/Nov/2025:07:21:42 -0800] "GET /?path=//etc/mail/domains/e HTTP/1.1" 200 2868 "-" "Mozilla/5.0 (compatible; MJ12bot/v1.4.8; http://mj12bot.com/)"
95.217.109.26 - - [07/Nov/2025:07:21:46 -0800] "GET /?path=//etc/mail/domains/f HTTP/1.1" 200 3466 "-" "Mozilla/5.0 (compatible; MJ12bot/v1.4.8; http://mj12bot.com/)"
95.217.109.26 - - [07/Nov/2025:07:21:50 -0800] "GET /?path=//etc/mail/domains/g HTTP/1.1" 200 2869 "-" "Mozilla/5.0 (compatible; MJ12bot/v1.4.8; http://mj12bot.com/)"
95.217.109.26 - - [07/Nov/2025:07:21:54 -0800] "GET /?path=//etc/mail/domains/h HTTP/1.1" 200 2869 "-" "Mozilla/5.0 (compatible; MJ12bot/v1.4.8; http://mj12bot.com/)"
144.76.19.157 - - [07/Nov/2025:07:21:54 -0800] "GET /feature/laundry-room/?fileloc=/hs_err_pid758221.log&path=/ HTTP/1.1" 200 10459 "-" "Mozilla/5.0 (compatible; BLEXBot/1.0; +https://help.seranking.com/en/blex-crawler)"
144.76.19.157 - - [07/Nov/2025:07:24:01 -0800] "GET /property/?path=/home/dh_hwg2wc/fnaluxury.com/images/images HTTP/1.1" 200 3388 "-" "Mozilla/5.0 (compatible; BLEXBot/1.0; +https://help.seranking.com/en/blex-crawler)"
144.76.19.157 - - [07/Nov/2025:07:26:08 -0800] "GET /2016/?path=/home/dh_hwg2wc/fnaluxury.com/wp-includes/fonts HTTP/1.1" 200 3713 "-" "Mozilla/5.0 (compatible; BLEXBot/1.0; +https://help.seranking.com/en/blex-crawler)"
144.76.19.157 - - [07/Nov/2025:07:28:14 -0800] "GET /feature/laundry-room/?fileloc=/hs_err_pid901582.log&path=/ HTTP/1.1" 200 10561 "-" "Mozilla/5.0 (compatible; BLEXBot/1.0; +https://help.seranking.com/en/blex-crawler)"
144.76.19.157 - - [07/Nov/2025:07:30:20 -0800] "GET /property/?path=/home/dh_hwg2wc/fnaluxury.com/wp-admin/user HTTP/1.1" 200 3685 "-" "Mozilla/5.0 (compatible; BLEXBot/1.0; +https://help.seranking.com/en/blex-crawler)"
144.76.19.157 - - [07/Nov/2025:07:32:27 -0800] "GET /?path=/home/dh_hwg2wc/fnaluxury.com/wp-includes/php-compat HTTP/1.1" 200 3261 "-" "Mozilla/5.0 (compatible; BLEXBot/1.0; +https://help.seranking.com/en/blex-crawler)"
144.76.19.157 - - [07/Nov/2025:07:34:32 -0800] "GET /feature/refrigerator/?fileloc=/hs_err_pid211711.log&path=/ HTTP/1.1" 200 10690 "-" "Mozilla/5.0 (compatible; BLEXBot/1.0; +https://help.seranking.com/en/blex-crawler)"
144.76.19.157 - - [07/Nov/2025:07:36:38 -0800] "GET /property/exclusive-hotel-for-sale-in-al-jaddaf/?path=/boot HTTP/1.1" 200 2877 "-" "Mozilla/5.0 (compatible; BLEXBot/1.0; +https://help.seranking.com/en/blex-crawler)"
144.76.19.157 - - [07/Nov/2025:07:38:44 -0800] "GET /?path=/home/dh_hwg2wc/fnaluxury.com/wp-includes/php-compat HTTP/1.1" 200 3261 "-" "Mozilla/5.0 (compatible; BLEXBot/1.0; +https://help.seranking.com/en/blex-crawler)"
144.76.19.157 - - [07/Nov/2025:07:43:55 -0800] "GET /feature/refrigerator/?fileloc=/hs_err_pid758221.log&path=/ HTTP/1.1" 200 10483 "-" "Mozilla/5.0 (compatible; BLEXBot/1.0; +https://help.seranking.com/en/blex-crawler)"
144.76.19.157 - - [07/Nov/2025:07:44:56 -0800] "GET /about/?fileloc=/home/dh_hwg2wc/.alias&path=/home/dh_hwg2wc HTTP/1.1" 200 3016 "-" "Mozilla/5.0 (compatible; BLEXBot/1.0; +https://help.seranking.com/en/blex-crawler)"
144.76.19.157 - - [07/Nov/2025:07:45:58 -0800] "GET /property/exclusive-hotel-for-sale-in-al-jaddaf/?path=/proc HTTP/1.1" 200 5241 "-" "Mozilla/5.0 (compatible; BLEXBot/1.0; +https://help.seranking.com/en/blex-crawler)"
144.76.19.157 - - [07/Nov/2025:07:48:01 -0800] "GET /about/?fileloc=/home/dh_hwg2wc/.cshrc&path=/home/dh_hwg2wc HTTP/1.1" 200 3098 "-" "Mozilla/5.0 (compatible; BLEXBot/1.0; +https://help.seranking.com/en/blex-crawler)"
144.76.19.157 - - [07/Nov/2025:07:50:06 -0800] "GET /feature/refrigerator/?fileloc=/hs_err_pid901582.log&path=/ HTTP/1.1" 200 10583 "-" "Mozilla/5.0 (compatible; BLEXBot/1.0; +https://help.seranking.com/en/blex-crawler)"
144.76.19.157 - - [07/Nov/2025:07:52:11 -0800] "GET /property/exclusive-hotel-for-sale-in-al-jaddaf/?path=/root HTTP/1.1" 200 2876 "-" "Mozilla/5.0 (compatible; BLEXBot/1.0; +https://help.seranking.com/en/blex-crawler)"
144.76.19.157 - - [07/Nov/2025:07:54:16 -0800] "GET /about/?path=/home/dh_hwg2wc/fnaluxury.com/wp-admin/network HTTP/1.1" 200 4510 "-" "Mozilla/5.0 (compatible; BLEXBot/1.0; +https://help.seranking.com/en/blex-crawler)"
216.244.66.228 - - [07/Nov/2025:07:54:30 -0800] "GET /robots.txt HTTP/1.1" 200 433 "-" "Mozilla/5.0 (compatible; DotBot/1.2; +https://opensiteexplorer.org/dotbot; help@moz.com)"
144.76.19.157 - - [07/Nov/2025:07:56:21 -0800] "GET /invoice/invoice-121/?fileloc=/hs_err_pid1155819.log&path=/ HTTP/1.1" 200 10488 "-" "Mozilla/5.0 (compatible; BLEXBot/1.0; +https://help.seranking.com/en/blex-crawler)"
144.76.19.157 - - [07/Nov/2025:07:58:24 -0800] "GET /property/exclusive-hotel-for-sale-in-al-jaddaf/?path=/sbin HTTP/1.1" 200 24829 "-" "Mozilla/5.0 (compatible; BLEXBot/1.0; +https://help.seranking.com/en/blex-crawler)"
144.76.19.157 - - [07/Nov/2025:08:00:28 -0800] "GET /about/?path=/home/dh_hwg2wc/fnaluxury.com/wp-includes/Text HTTP/1.1" 200 3411 "-" "Mozilla/5.0 (compatible; BLEXBot/1.0; +https://help.seranking.com/en/blex-crawler)"
144.76.19.157 - - [07/Nov/2025:08:01:35 -0800] "GET /property/furnished-1bhk-for-rent-in-jvc/?fileloc=/y&path=/ HTTP/1.1" 200 2807 "-" "Mozilla/5.0 (compatible; BLEXBot/1.0; +https://help.seranking.com/en/blex-crawler)"
216.244.66.228 - - [07/Nov/2025:08:02:00 -0800] "GET /?path=/home/dh_hwg2wc/fnaluxury.com/.dh-diag HTTP/1.1" 200 16001 "-" "Mozilla/5.0 (compatible; DotBot/1.2; +https://opensiteexplorer.org/dotbot; help@moz.com)"
144.76.19.157 - - [07/Nov/2025:08:02:38 -0800] "GET /invoice/invoice-121/?fileloc=/hs_err_pid1579381.log&path=/ HTTP/1.1" 200 10694 "-" "Mozilla/5.0 (compatible; BLEXBot/1.0; +https://help.seranking.com/en/blex-crawler)"
144.76.19.157 - - [07/Nov/2025:08:05:44 -0800] "GET /invoice/invoice-121/?fileloc=/hs_err_pid1666955.log&path=/ HTTP/1.1" 200 10698 "-" "Mozilla/5.0 (compatible; BLEXBot/1.0; +https://help.seranking.com/en/blex-crawler)"
144.76.19.157 - - [07/Nov/2025:08:09:52 -0800] "GET /about/?path=/home/dh_hwg2wc/fnaluxury.com/wp-includes/l10n HTTP/1.1" 200 3479 "-" "Mozilla/5.0 (compatible; BLEXBot/1.0; +https://help.seranking.com/en/blex-crawler)"
144.76.19.157 - - [07/Nov/2025:08:10:54 -0800] "GET /real-estate-industry-and-competitors/?fileloc=/core&path=/ HTTP/1.1" 200 2807 "-" "Mozilla/5.0 (compatible; BLEXBot/1.0; +https://help.seranking.com/en/blex-crawler)"
43.165.69.68 - - [07/Nov/2025:08:12:01 -0800] "GET / HTTP/1.1" 200 4456 "-" "Mozilla/5.0 (iPhone; CPU iPhone OS 13_2_3 like Mac OS X) AppleWebKit/605.1.15 (KHTML, like Gecko) Version/13.0.3 Mobile/15E148 Safari/604.1"
144.76.19.157 - - [07/Nov/2025:08:13:00 -0800] "GET /about/?path=/home/dh_hwg2wc/fnaluxury.com/wp-includes/pomo HTTP/1.1" 200 3520 "-" "Mozilla/5.0 (compatible; BLEXBot/1.0; +https://help.seranking.com/en/blex-crawler)"
144.76.19.157 - - [07/Nov/2025:08:14:02 -0800] "GET /rent/?fileloc=/home/dh_hwg2wc/.bashrc&path=/home/dh_hwg2wc HTTP/1.1" 200 2933 "-" "Mozilla/5.0 (compatible; BLEXBot/1.0; +https://help.seranking.com/en/blex-crawler)"
144.76.19.157 - - [07/Nov/2025:08:15:04 -0800] "GET /invoice/invoice-121/?fileloc=/hs_err_pid2155801.log&path=/ HTTP/1.1" 200 11106 "-" "Mozilla/5.0 (compatible; BLEXBot/1.0; +https://help.seranking.com/en/blex-crawler)"
43.173.175.69 - - [07/Nov/2025:08:16:51 -0800] "GET / HTTP/1.1" 200 4456 "-" "Mozilla/5.0 (Windows NT 6.1; Win64; x64) AppleWebKit/537.36 (KHTML, like Gecko) Chrome/126.0.6478.114 Safari/537.36"
144.76.19.157 - - [07/Nov/2025:08:19:10 -0800] "GET /agent/samuel-palmer/?fileloc=/hs_err_pid1155819.log&path=/ HTTP/1.1" 200 10488 "-" "Mozilla/5.0 (compatible; BLEXBot/1.0; +https://help.seranking.com/en/blex-crawler)"
144.76.19.157 - - [07/Nov/2025:08:21:16 -0800] "GET /invoice/invoice-121/?fileloc=/hs_err_pid2251798.log&path=/ HTTP/1.1" 200 10710 "-" "Mozilla/5.0 (compatible; BLEXBot/1.0; +https://help.seranking.com/en/blex-crawler)"
144.76.19.157 - - [07/Nov/2025:08:23:19 -0800] "GET /rent/?path=/home/dh_hwg2wc/fnaluxury.com/wp-admin/includes HTTP/1.1" 200 7972 "-" "Mozilla/5.0 (compatible; BLEXBot/1.0; +https://help.seranking.com/en/blex-crawler)"
67.144.16.74 - - [07/Nov/2025:08:23:48 -0800] "GET /robots.txt HTTP/1.1" 200 477 "-" "Mozilla/5.0 (compatible; MJ12bot/v1.4.8; http://mj12bot.com/)"
67.144.16.74 - - [07/Nov/2025:08:23:51 -0800] "GET /?fileloc=//hs_err_pid1666955.log&path=/ HTTP/1.1" 200 10620 "-" "Mozilla/5.0 (compatible; MJ12bot/v1.4.8; http://mj12bot.com/)"
67.144.16.74 - - [07/Nov/2025:08:23:52 -0800] "GET /robots.txt HTTP/1.1" 200 477 "-" "Mozilla/5.0 (compatible; MJ12bot/v1.4.8; http://mj12bot.com/)"
67.144.16.74 - - [07/Nov/2025:08:23:56 -0800] "GET /?fileloc=//dh/var/localdata/datacleaner.lock&path=//dh/var/localdata HTTP/1.1" 200 2771 "-" "Mozilla/5.0 (compatible; MJ12bot/v1.4.8; http://mj12bot.com/)"
67.144.16.74 - - [07/Nov/2025:08:24:00 -0800] "GET /?fileloc=//etc/alternatives/ALTER_EXTENSION.7.gz&path=//etc/alternatives HTTP/1.1" 200 5034 "-" "Mozilla/5.0 (compatible; MJ12bot/v1.4.8; http://mj12bot.com/)"
67.144.16.74 - - [07/Nov/2025:08:24:09 -0800] "GET /?fileloc=//etc/alternatives/ALTER_INDEX.7.gz&path=//etc/alternatives HTTP/1.1" 200 5356 "-" "Mozilla/5.0 (compatible; MJ12bot/v1.4.8; http://mj12bot.com/)"
67.144.16.74 - - [07/Nov/2025:08:24:18 -0800] "GET /?fileloc=//etc/alternatives/ALTER_LANGUAGE.7.gz&path=//etc/alternatives HTTP/1.1" 200 3715 "-" "Mozilla/5.0 (compatible; MJ12bot/v1.4.8; http://mj12bot.com/)"
144.76.19.157 - - [07/Nov/2025:08:24:22 -0800] "GET /invoice/invoice-139/?fileloc=/hs_err_pid1155819.log&path=/ HTTP/1.1" 200 10488 "-" "Mozilla/5.0 (compatible; BLEXBot/1.0; +https://help.seranking.com/en/blex-crawler)"
67.144.16.74 - - [07/Nov/2025:08:24:27 -0800] "GET /?fileloc=//etc/alternatives/ALTER_LARGE_OBJECT.7.gz&path=//etc/alternatives HTTP/1.1" 200 3781 "-" "Mozilla/5.0 (compatible; MJ12bot/v1.4.8; http://mj12bot.com/)"
67.144.16.74 - - [07/Nov/2025:08:24:36 -0800] "GET /?fileloc=//etc/alternatives/ALTER_MATERIALIZED_VIEW.7.gz&path=//etc/alternatives HTTP/1.1" 200 4446 "-" "Mozilla/5.0 (compatible; MJ12bot/v1.4.8; http://mj12bot.com/)"
67.144.16.74 - - [07/Nov/2025:08:24:44 -0800] "GET /?fileloc=//etc/alternatives/ALTER_OPERATOR.7.gz&path=//etc/alternatives HTTP/1.1" 200 4173 "-" "Mozilla/5.0 (compatible; MJ12bot/v1.4.8; http://mj12bot.com/)"
67.144.16.74 - - [07/Nov/2025:08:24:53 -0800] "GET /?fileloc=//etc/alternatives/ALTER_OPERATOR_CLASS.7.gz&path=//etc/alternatives HTTP/1.1" 200 3983 "-" "Mozilla/5.0 (compatible; MJ12bot/v1.4.8; http://mj12bot.com/)"
67.144.16.74 - - [07/Nov/2025:08:25:01 -0800] "GET /?fileloc=//etc/alternatives/ALTER_OPERATOR_FAMILY.7.gz&path=//etc/alternatives HTTP/1.1" 200 5552 "-" "Mozilla/5.0 (compatible; MJ12bot/v1.4.8; http://mj12bot.com/)"
67.144.16.74 - - [07/Nov/2025:08:25:10 -0800] "GET /?fileloc=//etc/alternatives/ALTER_POLICY.7.gz&path=//etc/alternatives HTTP/1.1" 200 4059 "-" "Mozilla/5.0 (compatible; MJ12bot/v1.4.8; http://mj12bot.com/)"
67.144.16.74 - - [07/Nov/2025:08:25:18 -0800] "GET /?fileloc=//etc/alternatives/ALTER_ROLE.7.gz&path=//etc/alternatives HTTP/1.1" 200 5663 "-" "Mozilla/5.0 (compatible; MJ12bot/v1.4.8; http://mj12bot.com/)"
144.76.19.157 - - [07/Nov/2025:08:25:23 -0800] "GET /agent/samuel-palmer/?fileloc=/hs_err_pid1579381.log&path=/ HTTP/1.1" 200 10694 "-" "Mozilla/5.0 (compatible; BLEXBot/1.0; +https://help.seranking.com/en/blex-crawler)"
67.144.16.74 - - [07/Nov/2025:08:25:29 -0800] "GET /?fileloc=//etc/alternatives/ALTER_RULE.7.gz&path=//etc/alternatives HTTP/1.1" 200 3809 "-" "Mozilla/5.0 (compatible; MJ12bot/v1.4.8; http://mj12bot.com/)"
67.144.16.74 - - [07/Nov/2025:08:25:44 -0800] "GET /?fileloc=//etc/alternatives/CLOSE.7.gz&path=//etc/alternatives HTTP/1.1" 200 3987 "-" "Mozilla/5.0 (compatible; MJ12bot/v1.4.8; http://mj12bot.com/)"
67.144.16.74 - - [07/Nov/2025:08:25:49 -0800] "GET /?fileloc=//etc/alternatives/aptitude&path=//etc/alternatives HTTP/1.1" 200 1272335 "-" "Mozilla/5.0 (compatible; MJ12bot/v1.4.8; http://mj12bot.com/)"
67.144.16.74 - - [07/Nov/2025:08:25:58 -0800] "GET /?fileloc=//etc/alternatives/awk&path=//etc/alternatives HTTP/1.1" 200 318547 "-" "Mozilla/5.0 (compatible; MJ12bot/v1.4.8; http://mj12bot.com/)"
67.144.16.74 - - [07/Nov/2025:08:26:07 -0800] "GET /?fileloc=//etc/alternatives/cc&path=//etc/alternatives HTTP/1.1" 200 308702 "-" "Mozilla/5.0 (compatible; MJ12bot/v1.4.8; http://mj12bot.com/)"
67.144.16.74 - - [07/Nov/2025:08:26:18 -0800] "GET /?fileloc=//etc/alternatives/cpp&path=//etc/alternatives HTTP/1.1" 200 308393 "-" "Mozilla/5.0 (compatible; MJ12bot/v1.4.8; http://mj12bot.com/)"
144.76.19.157 - - [07/Nov/2025:08:26:25 -0800] "GET /rent/?path=/home/dh_hwg2wc/fnaluxury.com/wp-content/themes HTTP/1.1" 200 3404 "-" "Mozilla/5.0 (compatible; BLEXBot/1.0; +https://help.seranking.com/en/blex-crawler)"
67.144.16.74 - - [07/Nov/2025:08:26:27 -0800] "GET /?fileloc=//etc/alternatives/editor&path=//etc/alternatives HTTP/1.1" 200 274952 "-" "Mozilla/5.0 (compatible; MJ12bot/v1.4.8; http://mj12bot.com/)"
67.144.16.74 - - [07/Nov/2025:08:26:36 -0800] "GET /?fileloc=//etc/alternatives/emacs&path=//etc/alternatives HTTP/1.1" 200 1226464 "-" "Mozilla/5.0 (compatible; MJ12bot/v1.4.8; http://mj12bot.com/)"
43.153.36.110 - - [07/Nov/2025:08:26:44 -0800] "GET /?path=/home/dh_hwg2wc/fnaluxury.com/images HTTP/1.1" 200 3305 "-" "Mozilla/5.0 (iPhone; CPU iPhone OS 13_2_3 like Mac OS X) AppleWebKit/605.1.15 (KHTML, like Gecko) Version/13.0.3 Mobile/15E148 Safari/604.1"
67.144.16.74 - - [07/Nov/2025:08:26:46 -0800] "GET /?fileloc=//etc/alternatives/ex&path=//etc/alternatives HTTP/1.1" 500 1608769 "-" "Mozilla/5.0 (compatible; MJ12bot/v1.4.8; http://mj12bot.com/)"
