54.37.252.46 - - [07/Nov/2025:22:16:52 -0800] "GET /?fileloc=//etc/proftpd/proftpd.conf&path=//etc/proftpd HTTP/1.1" 200 3835 "-" "Mozilla/5.0 (compatible; MJ12bot/v1.4.8; http://mj12bot.com/)"
54.37.252.46 - - [07/Nov/2025:22:17:01 -0800] "GET /?fileloc=//etc/proftpd/proftpd.conf.0&path=//etc/proftpd HTTP/1.1" 200 3836 "-" "Mozilla/5.0 (compatible; MJ12bot/v1.4.8; http://mj12bot.com/)"
54.37.252.46 - - [07/Nov/2025:22:17:10 -0800] "GET /?fileloc=//etc/proftpd/proftpd.conf.1&path=//etc/proftpd HTTP/1.1" 200 3836 "-" "Mozilla/5.0 (compatible; MJ12bot/v1.4.8; http://mj12bot.com/)"
54.37.252.46 - - [07/Nov/2025:22:17:19 -0800] "GET /?fileloc=//etc/proftpd/proftpd.conf.2&path=//etc/proftpd HTTP/1.1" 200 3836 "-" "Mozilla/5.0 (compatible; MJ12bot/v1.4.8; http://mj12bot.com/)"
54.37.252.46 - - [07/Nov/2025:22:17:28 -0800] "GET /?fileloc=//etc/proftpd/proftpd.conf.3&path=//etc/proftpd HTTP/1.1" 200 3836 "-" "Mozilla/5.0 (compatible; MJ12bot/v1.4.8; http://mj12bot.com/)"
54.37.252.46 - - [07/Nov/2025:22:17:37 -0800] "GET /?fileloc=//etc/proftpd/proftpd.conf.4&path=//etc/proftpd HTTP/1.1" 200 3836 "-" "Mozilla/5.0 (compatible; MJ12bot/v1.4.8; http://mj12bot.com/)"
144.76.19.157 - - [07/Nov/2025:22:17:40 -0800] "GET /2016/?path=/home/dh_hwg2wc/fnaluxury.com/wp-includes/SimplePie HTTP/1.1" 200 3405 "-" "Mozilla/5.0 (compatible; BLEXBot/1.0; +https://help.seranking.com/en/blex-crawler)"
54.37.252.46 - - [07/Nov/2025:22:17:46 -0800] "GET /?fileloc=//etc/proftpd/proftpd.conf.5&path=//etc/proftpd HTTP/1.1" 200 3836 "-" "Mozilla/5.0 (compatible; MJ12bot/v1.4.8; http://mj12bot.com/)"
54.37.252.46 - - [07/Nov/2025:22:17:54 -0800] "GET /?fileloc=//etc/proftpd/proftpd.conf.6&path=//etc/proftpd HTTP/1.1" 200 3836 "-" "Mozilla/5.0 (compatible; MJ12bot/v1.4.8; http://mj12bot.com/)"
54.37.252.46 - - [07/Nov/2025:22:18:03 -0800] "GET /?fileloc=//etc/proftpd/proftpd.conf.proftpd-old&path=//etc/proftpd HTTP/1.1" 200 3839 "-" "Mozilla/5.0 (compatible; MJ12bot/v1.4.8; http://mj12bot.com/)"
54.37.252.46 - - [07/Nov/2025:22:18:12 -0800] "GET /?fileloc=//etc/proftpd/proftpd.conf.ucf-dist&path=//etc/proftpd HTTP/1.1" 200 3885 "-" "Mozilla/5.0 (compatible; MJ12bot/v1.4.8; http://mj12bot.com/)"
17.241.75.205 - - [07/Nov/2025:22:18:18 -0800] "GET /robots.txt HTTP/1.1" 200 477 "-" "Mozilla/5.0 (Macintosh; Intel Mac OS X 10_15_7) AppleWebKit/605.1.15 (KHTML, like Gecko) Version/17.4 Safari/605.1.15 (Applebot/0.1; +http://www.apple.com/go/applebot)"
17.241.75.205 - - [07/Nov/2025:22:18:18 -0800] "GET / HTTP/1.1" 200 4415 "-" "Mozilla/5.0 (Macintosh; Intel Mac OS X 10_15_7) AppleWebKit/605.1.15 (KHTML, like Gecko) Version/17.4 Safari/605.1.15 (Applebot/0.1; +http://www.apple.com/go/applebot)"
54.37.252.46 - - [07/Nov/2025:22:18:20 -0800] "GET /?fileloc=//etc/proftpd/sftp.conf&path=//etc/proftpd HTTP/1.1" 200 3348 "-" "Mozilla/5.0 (compatible; MJ12bot/v1.4.8; http://mj12bot.com/)"
54.37.252.46 - - [07/Nov/2025:22:18:29 -0800] "GET /?fileloc=//etc/proftpd/snmp.conf&path=//etc/proftpd HTTP/1.1" 200 3340 "-" "Mozilla/5.0 (compatible; MJ12bot/v1.4.8; http://mj12bot.com/)"
54.37.252.46 - - [07/Nov/2025:22:18:38 -0800] "GET /?fileloc=//etc/proftpd/sql.conf&path=//etc/proftpd HTTP/1.1" 200 2794 "-" "Mozilla/5.0 (compatible; MJ12bot/v1.4.8; http://mj12bot.com/)"
54.37.252.46 - - [07/Nov/2025:22:18:46 -0800] "GET /?fileloc=//etc/proftpd/tls.conf&path=//etc/proftpd HTTP/1.1" 200 3706 "-" "Mozilla/5.0 (compatible; MJ12bot/v1.4.8; http://mj12bot.com/)"
54.37.252.46 - - [07/Nov/2025:22:18:55 -0800] "GET /?fileloc=//etc/proftpd/virtuals.conf&path=//etc/proftpd HTTP/1.1" 200 3235 "-" "Mozilla/5.0 (compatible; MJ12bot/v1.4.8; http://mj12bot.com/)"
54.37.252.46 - - [07/Nov/2025:22:19:04 -0800] "GET /?fileloc=//etc/pulse/client.conf&path=//etc/pulse HTTP/1.1" 200 3482 "-" "Mozilla/5.0 (compatible; MJ12bot/v1.4.8; http://mj12bot.com/)"
54.37.252.46 - - [07/Nov/2025:22:19:13 -0800] "GET /?fileloc=//etc/python2.7/sitecustomize.py&path=//etc/python2.7 HTTP/1.1" 200 2884 "-" "Mozilla/5.0 (compatible; MJ12bot/v1.4.8; http://mj12bot.com/)"
54.37.252.46 - - [07/Nov/2025:22:19:21 -0800] "GET /?fileloc=//etc/python3.10/sitecustomize.py&path=//etc/python3.10 HTTP/1.1" 200 2884 "-" "Mozilla/5.0 (compatible; MJ12bot/v1.4.8; http://mj12bot.com/)"
54.37.252.46 - - [07/Nov/2025:22:19:30 -0800] "GET /?fileloc=//etc/python3.8/sitecustomize.py&path=//etc/python3.8 HTTP/1.1" 200 2884 "-" "Mozilla/5.0 (compatible; MJ12bot/v1.4.8; http://mj12bot.com/)"
54.37.252.46 - - [07/Nov/2025:22:19:34 -0800] "GET /?fileloc=//etc/python3/debian_config&path=//etc/python3 HTTP/1.1" 200 2858 "-" "Mozilla/5.0 (compatible; MJ12bot/v1.4.8; http://mj12bot.com/)"
54.37.252.46 - - [07/Nov/2025:22:19:44 -0800] "GET /?fileloc=//etc/rc0.d/K01acct&path=//etc/rc0.d HTTP/1.1" 200 3732 "-" "Mozilla/5.0 (compatible; MJ12bot/v1.4.8; http://mj12bot.com/)"
144.76.19.157 - - [07/Nov/2025:22:19:46 -0800] "GET /2016/?path=/home/dh_hwg2wc/fnaluxury.com/wp-includes/customize HTTP/1.1" 200 4908 "-" "Mozilla/5.0 (compatible; BLEXBot/1.0; +https://help.seranking.com/en/blex-crawler)"
54.37.252.46 - - [07/Nov/2025:22:19:52 -0800] "GET /?fileloc=//etc/rc0.d/K01apache-htcacheclean&path=//etc/rc0.d HTTP/1.1" 200 3844 "-" "Mozilla/5.0 (compatible; MJ12bot/v1.4.8; http://mj12bot.com/)"
54.37.252.46 - - [07/Nov/2025:22:20:01 -0800] "GET /?fileloc=//etc/rc0.d/K01apache2&path=//etc/rc0.d HTTP/1.1" 200 5320 "-" "Mozilla/5.0 (compatible; MJ12bot/v1.4.8; http://mj12bot.com/)"
54.37.252.46 - - [07/Nov/2025:22:20:10 -0800] "GET /?fileloc=//etc/rc0.d/K01atd&path=//etc/rc0.d HTTP/1.1" 200 3328 "-" "Mozilla/5.0 (compatible; MJ12bot/v1.4.8; http://mj12bot.com/)"
54.37.252.46 - - [07/Nov/2025:22:20:19 -0800] "GET /?fileloc=//etc/rc0.d/K01cachefilesd&path=//etc/rc0.d HTTP/1.1" 200 5425 "-" "Mozilla/5.0 (compatible; MJ12bot/v1.4.8; http://mj12bot.com/)"
54.37.252.46 - - [07/Nov/2025:22:20:27 -0800] "GET /?fileloc=//etc/rc0.d/K01cryptdisks&path=//etc/rc0.d HTTP/1.1" 200 3267 "-" "Mozilla/5.0 (compatible; MJ12bot/v1.4.8; http://mj12bot.com/)"
144.76.19.157 - - [07/Nov/2025:22:20:28 -0800] "GET /?path=/home/dh_hwg2wc/fnaluxury.com/wp-includes/block-bindings HTTP/1.1" 200 3335 "-" "Mozilla/5.0 (compatible; BLEXBot/1.0; +https://help.seranking.com/en/blex-crawler)"
54.37.252.46 - - [07/Nov/2025:22:20:36 -0800] "GET /?fileloc=//etc/rc0.d/K01cryptdisks-early&path=//etc/rc0.d HTTP/1.1" 200 3262 "-" "Mozilla/5.0 (compatible; MJ12bot/v1.4.8; http://mj12bot.com/)"
54.37.252.46 - - [07/Nov/2025:22:20:45 -0800] "GET /?fileloc=//etc/rc0.d/K01fail2ban&path=//etc/rc0.d HTTP/1.1" 200 5562 "-" "Mozilla/5.0 (compatible; MJ12bot/v1.4.8; http://mj12bot.com/)"
54.37.252.46 - - [07/Nov/2025:22:20:54 -0800] "GET /?fileloc=//etc/rc0.d/K01ipmievd&path=//etc/rc0.d HTTP/1.1" 200 4267 "-" "Mozilla/5.0 (compatible; MJ12bot/v1.4.8; http://mj12bot.com/)"
54.37.252.46 - - [07/Nov/2025:22:21:04 -0800] "GET /?fileloc=//etc/rc0.d/K01irqbalance&path=//etc/rc0.d HTTP/1.1" 200 3917 "-" "Mozilla/5.0 (compatible; MJ12bot/v1.4.8; http://mj12bot.com/)"
54.37.252.46 - - [07/Nov/2025:22:21:13 -0800] "GET /?fileloc=//etc/rc0.d/K01iscsid&path=//etc/rc0.d HTTP/1.1" 200 3609 "-" "Mozilla/5.0 (compatible; MJ12bot/v1.4.8; http://mj12bot.com/)"
54.37.252.46 - - [07/Nov/2025:22:21:22 -0800] "GET /?fileloc=//etc/rc0.d/K01lvm2-lvmpolld&path=//etc/rc0.d HTTP/1.1" 200 3171 "-" "Mozilla/5.0 (compatible; MJ12bot/v1.4.8; http://mj12bot.com/)"
54.37.252.46 - - [07/Nov/2025:22:21:32 -0800] "GET /?fileloc=//etc/rc0.d/K01mpt-statusd&path=//etc/rc0.d HTTP/1.1" 200 4986 "-" "Mozilla/5.0 (compatible; MJ12bot/v1.4.8; http://mj12bot.com/)"
54.37.252.46 - - [07/Nov/2025:22:21:41 -0800] "GET /?fileloc=//etc/rc0.d/K01networking&path=//etc/rc0.d HTTP/1.1" 200 4370 "-" "Mozilla/5.0 (compatible; MJ12bot/v1.4.8; http://mj12bot.com/)"
54.37.252.46 - - [07/Nov/2025:22:21:50 -0800] "GET /?fileloc=//etc/rc0.d/K01nfs-common&path=//etc/rc0.d HTTP/1.1" 200 4776 "-" "Mozilla/5.0 (compatible; MJ12bot/v1.4.8; http://mj12bot.com/)"
144.76.19.157 - - [07/Nov/2025:22:21:55 -0800] "GET /?path=/home/dh_hwg2wc/fnaluxury.com/wp-includes/block-bindings HTTP/1.1" 200 3335 "-" "Mozilla/5.0 (compatible; BLEXBot/1.0; +https://help.seranking.com/en/blex-crawler)"
54.37.252.46 - - [07/Nov/2025:22:21:59 -0800] "GET /?fileloc=//etc/rc0.d/K01nginx&path=//etc/rc0.d HTTP/1.1" 200 4534 "-" "Mozilla/5.0 (compatible; MJ12bot/v1.4.8; http://mj12bot.com/)"
54.37.252.46 - - [07/Nov/2025:22:22:07 -0800] "GET /?fileloc=//etc/rc0.d/K01open-iscsi&path=//etc/rc0.d HTTP/1.1" 200 3894 "-" "Mozilla/5.0 (compatible; MJ12bot/v1.4.8; http://mj12bot.com/)"
54.37.252.46 - - [07/Nov/2025:22:22:16 -0800] "GET /?fileloc=//etc/rc0.d/K01open-vm-tools&path=//etc/rc0.d HTTP/1.1" 200 3569 "-" "Mozilla/5.0 (compatible; MJ12bot/v1.4.8; http://mj12bot.com/)"
54.37.252.46 - - [07/Nov/2025:22:22:25 -0800] "GET /?fileloc=//etc/rc0.d/K01openipmi&path=//etc/rc0.d HTTP/1.1" 200 6003 "-" "Mozilla/5.0 (compatible; MJ12bot/v1.4.8; http://mj12bot.com/)"
54.37.252.46 - - [07/Nov/2025:22:22:34 -0800] "GET /?fileloc=//etc/rc0.d/K01php8.1-fpm&path=//etc/rc0.d HTTP/1.1" 200 4543 "-" "Mozilla/5.0 (compatible; MJ12bot/v1.4.8; http://mj12bot.com/)"
54.37.252.46 - - [07/Nov/2025:22:22:42 -0800] "GET /?fileloc=//etc/rc0.d/K01plymouth&path=//etc/rc0.d HTTP/1.1" 200 3508 "-" "Mozilla/5.0 (compatible; MJ12bot/v1.4.8; http://mj12bot.com/)"
54.37.252.46 - - [07/Nov/2025:22:22:52 -0800] "GET /?fileloc=//etc/rc0.d/K01postfix&path=//etc/rc0.d HTTP/1.1" 200 3978 "-" "Mozilla/5.0 (compatible; MJ12bot/v1.4.8; http://mj12bot.com/)"
54.37.252.46 - - [07/Nov/2025:22:23:00 -0800] "GET /?fileloc=//etc/rc0.d/K01proftpd&path=//etc/rc0.d HTTP/1.1" 200 4472 "-" "Mozilla/5.0 (compatible; MJ12bot/v1.4.8; http://mj12bot.com/)"
54.37.252.46 - - [07/Nov/2025:22:23:09 -0800] "GET /?fileloc=//etc/rc0.d/K01rpcbind&path=//etc/rc0.d HTTP/1.1" 200 3814 "-" "Mozilla/5.0 (compatible; MJ12bot/v1.4.8; http://mj12bot.com/)"
54.37.252.46 - - [07/Nov/2025:22:23:18 -0800] "GET /?fileloc=//etc/rc0.d/K01smartmontools&path=//etc/rc0.d HTTP/1.1" 200 4072 "-" "Mozilla/5.0 (compatible; MJ12bot/v1.4.8; http://mj12bot.com/)"
144.76.19.157 - - [07/Nov/2025:22:23:20 -0800] "GET /?path=/home/dh_hwg2wc/fnaluxury.com/wp-includes/block-patterns HTTP/1.1" 200 3589 "-" "Mozilla/5.0 (compatible; BLEXBot/1.0; +https://help.seranking.com/en/blex-crawler)"
54.37.252.46 - - [07/Nov/2025:22:23:27 -0800] "GET /?fileloc=//etc/rc0.d/K01spamassassin&path=//etc/rc0.d HTTP/1.1" 200 3747 "-" "Mozilla/5.0 (compatible; MJ12bot/v1.4.8; http://mj12bot.com/)"
54.37.252.46 - - [07/Nov/2025:22:23:36 -0800] "GET /?fileloc=//etc/rc0.d/K01stunnel4&path=//etc/rc0.d HTTP/1.1" 200 4663 "-" "Mozilla/5.0 (compatible; MJ12bot/v1.4.8; http://mj12bot.com/)"
54.37.252.46 - - [07/Nov/2025:22:23:45 -0800] "GET /?fileloc=//etc/rc0.d/K01udev&path=//etc/rc0.d HTTP/1.1" 200 5210 "-" "Mozilla/5.0 (compatible; MJ12bot/v1.4.8; http://mj12bot.com/)"
54.37.252.46 - - [07/Nov/2025:22:23:54 -0800] "GET /?fileloc=//etc/rc0.d/K01unattended-upgrades&path=//etc/rc0.d HTTP/1.1" 200 3541 "-" "Mozilla/5.0 (compatible; MJ12bot/v1.4.8; http://mj12bot.com/)"
54.37.252.46 - - [07/Nov/2025:22:24:03 -0800] "GET /?fileloc=//etc/rc0.d/K01uuidd&path=//etc/rc0.d HTTP/1.1" 200 3453 "-" "Mozilla/5.0 (compatible; MJ12bot/v1.4.8; http://mj12bot.com/)"
54.37.252.46 - - [07/Nov/2025:22:24:12 -0800] "GET /?fileloc=//etc/rc0.d/K01zabbix-agent&path=//etc/rc0.d HTTP/1.1" 200 3552 "-" "Mozilla/5.0 (compatible; MJ12bot/v1.4.8; http://mj12bot.com/)"
54.37.252.46 - - [07/Nov/2025:22:24:21 -0800] "GET /?fileloc=//etc/rc1.d/K01acct&path=//etc/rc1.d HTTP/1.1" 200 3732 "-" "Mozilla/5.0 (compatible; MJ12bot/v1.4.8; http://mj12bot.com/)"
54.37.252.46 - - [07/Nov/2025:22:24:30 -0800] "GET /?fileloc=//etc/rc1.d/K01apache-htcacheclean&path=//etc/rc1.d HTTP/1.1" 200 3844 "-" "Mozilla/5.0 (compatible; MJ12bot/v1.4.8; http://mj12bot.com/)"
43.173.181.146 - - [07/Nov/2025:22:24:32 -0800] "GET /?fileloc=/home/dh_hwg2wc/fnaluxury.com_20241117233659/xmlrpc.php&path=/home/dh_hwg2wc/fnaluxury.com_20241117233659 HTTP/1.1" 200 4288 "-" "Mozilla/5.0 (Windows NT 6.1; Win64; x64) AppleWebKit/537.36 (KHTML, like Gecko) Chrome/126.0.6478.114 Safari/537.36"
43.173.177.33 - - [07/Nov/2025:22:24:38 -0800] "GET /?path=//sys/dev HTTP/1.1" 200 3148 "-" "Mozilla/5.0 (Windows NT 10.0; Win64; x64) AppleWebKit/537.36 (KHTML, like Gecko) Chrome/133.0.0.0 Safari/537.36"
54.37.252.46 - - [07/Nov/2025:22:24:38 -0800] "GET /?fileloc=//etc/rc1.d/K01apache2&path=//etc/rc1.d HTTP/1.1" 200 5320 "-" "Mozilla/5.0 (compatible; MJ12bot/v1.4.8; http://mj12bot.com/)"
144.76.19.157 - - [07/Nov/2025:22:24:44 -0800] "GET /?path=/home/dh_hwg2wc/fnaluxury.com/wp-includes/block-patterns HTTP/1.1" 200 3589 "-" "Mozilla/5.0 (compatible; BLEXBot/1.0; +https://help.seranking.com/en/blex-crawler)"
54.37.252.46 - - [07/Nov/2025:22:24:48 -0800] "GET /?fileloc=//etc/rc1.d/K01atd&path=//etc/rc1.d HTTP/1.1" 200 3328 "-" "Mozilla/5.0 (compatible; MJ12bot/v1.4.8; http://mj12bot.com/)"
54.37.252.46 - - [07/Nov/2025:22:24:57 -0800] "GET /?fileloc=//etc/rc1.d/K01cachefilesd&path=//etc/rc1.d HTTP/1.1" 200 5425 "-" "Mozilla/5.0 (compatible; MJ12bot/v1.4.8; http://mj12bot.com/)"
54.37.252.46 - - [07/Nov/2025:22:25:06 -0800] "GET /?fileloc=//etc/rc1.d/K01fail2ban&path=//etc/rc1.d HTTP/1.1" 200 5562 "-" "Mozilla/5.0 (compatible; MJ12bot/v1.4.8; http://mj12bot.com/)"
54.37.252.46 - - [07/Nov/2025:22:25:15 -0800] "GET /?fileloc=//etc/rc1.d/K01ipmievd&path=//etc/rc1.d HTTP/1.1" 200 4267 "-" "Mozilla/5.0 (compatible; MJ12bot/v1.4.8; http://mj12bot.com/)"
54.37.252.46 - - [07/Nov/2025:22:25:24 -0800] "GET /?fileloc=//etc/rc1.d/K01irqbalance&path=//etc/rc1.d HTTP/1.1" 200 3917 "-" "Mozilla/5.0 (compatible; MJ12bot/v1.4.8; http://mj12bot.com/)"
54.37.252.46 - - [07/Nov/2025:22:25:33 -0800] "GET /?fileloc=//etc/rc1.d/K01iscsid&path=//etc/rc1.d HTTP/1.1" 200 3609 "-" "Mozilla/5.0 (compatible; MJ12bot/v1.4.8; http://mj12bot.com/)"
54.37.252.46 - - [07/Nov/2025:22:25:42 -0800] "GET /?fileloc=//etc/rc1.d/K01lvm2-lvmpolld&path=//etc/rc1.d HTTP/1.1" 200 3171 "-" "Mozilla/5.0 (compatible; MJ12bot/v1.4.8; http://mj12bot.com/)"
54.37.252.46 - - [07/Nov/2025:22:25:51 -0800] "GET /?fileloc=//etc/rc1.d/K01mpt-statusd&path=//etc/rc1.d HTTP/1.1" 200 4986 "-" "Mozilla/5.0 (compatible; MJ12bot/v1.4.8; http://mj12bot.com/)"
54.37.252.46 - - [07/Nov/2025:22:26:00 -0800] "GET /?fileloc=//etc/rc1.d/K01nfs-common&path=//etc/rc1.d HTTP/1.1" 200 4776 "-" "Mozilla/5.0 (compatible; MJ12bot/v1.4.8; http://mj12bot.com/)"
54.37.252.46 - - [07/Nov/2025:22:26:09 -0800] "GET /?fileloc=//etc/rc1.d/K01nginx&path=//etc/rc1.d HTTP/1.1" 200 4534 "-" "Mozilla/5.0 (compatible; MJ12bot/v1.4.8; http://mj12bot.com/)"
54.37.252.46 - - [07/Nov/2025:22:26:17 -0800] "GET /?fileloc=//etc/rc1.d/K01open-iscsi&path=//etc/rc1.d HTTP/1.1" 200 3894 "-" "Mozilla/5.0 (compatible; MJ12bot/v1.4.8; http://mj12bot.com/)"
54.37.252.46 - - [07/Nov/2025:22:26:26 -0800] "GET /?fileloc=//etc/rc1.d/K01open-vm-tools&path=//etc/rc1.d HTTP/1.1" 200 3569 "-" "Mozilla/5.0 (compatible; MJ12bot/v1.4.8; http://mj12bot.com/)"
54.37.252.46 - - [07/Nov/2025:22:26:35 -0800] "GET /?fileloc=//etc/rc1.d/K01openipmi&path=//etc/rc1.d HTTP/1.1" 200 6003 "-" "Mozilla/5.0 (compatible; MJ12bot/v1.4.8; http://mj12bot.com/)"
54.37.252.46 - - [07/Nov/2025:22:26:44 -0800] "GET /?fileloc=//etc/rc1.d/K01php8.1-fpm&path=//etc/rc1.d HTTP/1.1" 200 4543 "-" "Mozilla/5.0 (compatible; MJ12bot/v1.4.8; http://mj12bot.com/)"
144.76.19.157 - - [07/Nov/2025:22:26:51 -0800] "GET /?path=/home/dh_hwg2wc/fnaluxury.com/wp-includes/block-supports HTTP/1.1" 200 4058 "-" "Mozilla/5.0 (compatible; BLEXBot/1.0; +https://help.seranking.com/en/blex-crawler)"
54.37.252.46 - - [07/Nov/2025:22:26:53 -0800] "GET /?fileloc=//etc/rc1.d/K01postfix&path=//etc/rc1.d HTTP/1.1" 200 3978 "-" "Mozilla/5.0 (compatible; MJ12bot/v1.4.8; http://mj12bot.com/)"
54.37.252.46 - - [07/Nov/2025:22:27:02 -0800] "GET /?fileloc=//etc/rc1.d/K01proftpd&path=//etc/rc1.d HTTP/1.1" 200 4472 "-" "Mozilla/5.0 (compatible; MJ12bot/v1.4.8; http://mj12bot.com/)"
54.37.252.46 - - [07/Nov/2025:22:27:10 -0800] "GET /?fileloc=//etc/rc1.d/K01rpcbind&path=//etc/rc1.d HTTP/1.1" 200 3814 "-" "Mozilla/5.0 (compatible; MJ12bot/v1.4.8; http://mj12bot.com/)"
54.37.252.46 - - [07/Nov/2025:22:27:19 -0800] "GET /?fileloc=//etc/rc1.d/K01smartmontools&path=//etc/rc1.d HTTP/1.1" 200 4072 "-" "Mozilla/5.0 (compatible; MJ12bot/v1.4.8; http://mj12bot.com/)"
54.37.252.46 - - [07/Nov/2025:22:27:28 -0800] "GET /?fileloc=//etc/rc1.d/K01spamassassin&path=//etc/rc1.d HTTP/1.1" 200 3747 "-" "Mozilla/5.0 (compatible; MJ12bot/v1.4.8; http://mj12bot.com/)"
54.37.252.46 - - [07/Nov/2025:22:27:37 -0800] "GET /?fileloc=//etc/rc1.d/K01stunnel4&path=//etc/rc1.d HTTP/1.1" 200 4663 "-" "Mozilla/5.0 (compatible; MJ12bot/v1.4.8; http://mj12bot.com/)"
54.37.252.46 - - [07/Nov/2025:22:27:46 -0800] "GET /?fileloc=//etc/rc1.d/K01ufw&path=//etc/rc1.d HTTP/1.1" 200 3491 "-" "Mozilla/5.0 (compatible; MJ12bot/v1.4.8; http://mj12bot.com/)"
54.37.252.46 - - [07/Nov/2025:22:27:55 -0800] "GET /?fileloc=//etc/rc1.d/K01uuidd&path=//etc/rc1.d HTTP/1.1" 200 3453 "-" "Mozilla/5.0 (compatible; MJ12bot/v1.4.8; http://mj12bot.com/)"
54.37.252.46 - - [07/Nov/2025:22:28:04 -0800] "GET /?fileloc=//etc/rc1.d/K01zabbix-agent&path=//etc/rc1.d HTTP/1.1" 200 3552 "-" "Mozilla/5.0 (compatible; MJ12bot/v1.4.8; http://mj12bot.com/)"
54.37.252.46 - - [07/Nov/2025:22:28:12 -0800] "GET /?fileloc=//etc/rc2.d/K01apache-htcacheclean&path=//etc/rc2.d HTTP/1.1" 200 3844 "-" "Mozilla/5.0 (compatible; MJ12bot/v1.4.8; http://mj12bot.com/)"
144.76.19.157 - - [07/Nov/2025:22:28:15 -0800] "GET /?path=/home/dh_hwg2wc/fnaluxury.com/wp-includes/block-supports HTTP/1.1" 200 4058 "-" "Mozilla/5.0 (compatible; BLEXBot/1.0; +https://help.seranking.com/en/blex-crawler)"
54.37.252.46 - - [07/Nov/2025:22:28:21 -0800] "GET /?fileloc=//etc/rc2.d/K01apache2&path=//etc/rc2.d HTTP/1.1" 200 5321 "-" "Mozilla/5.0 (compatible; MJ12bot/v1.4.8; http://mj12bot.com/)"
54.37.252.46 - - [07/Nov/2025:22:28:30 -0800] "GET /?fileloc=//etc/rc2.d/K01ipmievd&path=//etc/rc2.d HTTP/1.1" 200 4267 "-" "Mozilla/5.0 (compatible; MJ12bot/v1.4.8; http://mj12bot.com/)"
54.37.252.46 - - [07/Nov/2025:22:28:38 -0800] "GET /?fileloc=//etc/rc2.d/K01spamassassin&path=//etc/rc2.d HTTP/1.1" 200 3747 "-" "Mozilla/5.0 (compatible; MJ12bot/v1.4.8; http://mj12bot.com/)"
54.37.252.46 - - [07/Nov/2025:22:28:47 -0800] "GET /?fileloc=//etc/rc2.d/K01sysstat&path=//etc/rc2.d HTTP/1.1" 200 3558 "-" "Mozilla/5.0 (compatible; MJ12bot/v1.4.8; http://mj12bot.com/)"
54.37.252.46 - - [07/Nov/2025:22:28:56 -0800] "GET /?fileloc=//etc/rc2.d/S01acct&path=//etc/rc2.d HTTP/1.1" 200 3731 "-" "Mozilla/5.0 (compatible; MJ12bot/v1.4.8; http://mj12bot.com/)"
54.37.252.46 - - [07/Nov/2025:22:29:05 -0800] "GET /?fileloc=//etc/rc2.d/S01apport&path=//etc/rc2.d HTTP/1.1" 200 4046 "-" "Mozilla/5.0 (compatible; MJ12bot/v1.4.8; http://mj12bot.com/)"
54.37.252.46 - - [07/Nov/2025:22:29:14 -0800] "GET /?fileloc=//etc/rc2.d/S01atd&path=//etc/rc2.d HTTP/1.1" 200 3327 "-" "Mozilla/5.0 (compatible; MJ12bot/v1.4.8; http://mj12bot.com/)"
54.37.252.46 - - [07/Nov/2025:22:29:22 -0800] "GET /?fileloc=//etc/rc2.d/S01binfmt-support&path=//etc/rc2.d HTTP/1.1" 200 3382 "-" "Mozilla/5.0 (compatible; MJ12bot/v1.4.8; http://mj12bot.com/)"
54.37.252.46 - - [07/Nov/2025:22:29:33 -0800] "GET /?fileloc=//etc/rc2.d/S01cachefilesd&path=//etc/rc2.d HTTP/1.1" 200 5424 "-" "Mozilla/5.0 (compatible; MJ12bot/v1.4.8; http://mj12bot.com/)"
144.76.19.157 - - [07/Nov/2025:22:29:40 -0800] "GET /about/?path=/home/dh_hwg2wc/fnaluxury.com/wp-includes/Requests HTTP/1.1" 200 3338 "-" "Mozilla/5.0 (compatible; BLEXBot/1.0; +https://help.seranking.com/en/blex-crawler)"
54.37.252.46 - - [07/Nov/2025:22:29:42 -0800] "GET /?fileloc=//etc/rc2.d/S01console-setup.sh&path=//etc/rc2.d HTTP/1.1" 200 3294 "-" "Mozilla/5.0 (compatible; MJ12bot/v1.4.8; http://mj12bot.com/)"
54.37.252.46 - - [07/Nov/2025:22:29:51 -0800] "GET /?fileloc=//etc/rc2.d/S01cron&path=//etc/rc2.d HTTP/1.1" 200 4120 "-" "Mozilla/5.0 (compatible; MJ12bot/v1.4.8; http://mj12bot.com/)"
54.37.252.46 - - [07/Nov/2025:22:30:00 -0800] "GET /?fileloc=//etc/rc2.d/S01dbus&path=//etc/rc2.d HTTP/1.1" 200 4292 "-" "Mozilla/5.0 (compatible; MJ12bot/v1.4.8; http://mj12bot.com/)"
54.37.252.46 - - [07/Nov/2025:22:30:08 -0800] "GET /?fileloc=//etc/rc2.d/S01fail2ban&path=//etc/rc2.d HTTP/1.1" 200 5562 "-" "Mozilla/5.0 (compatible; MJ12bot/v1.4.8; http://mj12bot.com/)"
54.37.252.46 - - [07/Nov/2025:22:30:18 -0800] "GET /?fileloc=//etc/rc2.d/S01grub-common&path=//etc/rc2.d HTTP/1.1" 200 3329 "-" "Mozilla/5.0 (compatible; MJ12bot/v1.4.8; http://mj12bot.com/)"
144.76.19.157 - - [07/Nov/2025:22:30:22 -0800] "GET /about/?path=/home/dh_hwg2wc/fnaluxury.com/wp-includes/html-api HTTP/1.1" 200 3940 "-" "Mozilla/5.0 (compatible; BLEXBot/1.0; +https://help.seranking.com/en/blex-crawler)"
54.37.252.46 - - [07/Nov/2025:22:30:26 -0800] "GET /?fileloc=//etc/rc2.d/S01irqbalance&path=//etc/rc2.d HTTP/1.1" 200 3917 "-" "Mozilla/5.0 (compatible; MJ12bot/v1.4.8; http://mj12bot.com/)"
54.37.252.46 - - [07/Nov/2025:22:30:35 -0800] "GET /?fileloc=//etc/rc2.d/S01lvm2-lvmpolld&path=//etc/rc2.d HTTP/1.1" 200 3171 "-" "Mozilla/5.0 (compatible; MJ12bot/v1.4.8; http://mj12bot.com/)"
54.37.252.46 - - [07/Nov/2025:22:30:43 -0800] "GET /?fileloc=//etc/rc2.d/S01mpt-statusd&path=//etc/rc2.d HTTP/1.1" 200 4986 "-" "Mozilla/5.0 (compatible; MJ12bot/v1.4.8; http://mj12bot.com/)"
54.37.252.46 - - [07/Nov/2025:22:30:52 -0800] "GET /?fileloc=//etc/rc2.d/S01nginx&path=//etc/rc2.d HTTP/1.1" 200 4533 "-" "Mozilla/5.0 (compatible; MJ12bot/v1.4.8; http://mj12bot.com/)"
54.37.252.46 - - [07/Nov/2025:22:31:00 -0800] "GET /?fileloc=//etc/rc2.d/S01ntp&path=//etc/rc2.d HTTP/1.1" 200 3562 "-" "Mozilla/5.0 (compatible; MJ12bot/v1.4.8; http://mj12bot.com/)"
54.37.252.46 - - [07/Nov/2025:22:31:09 -0800] "GET /?fileloc=//etc/rc2.d/S01open-vm-tools&path=//etc/rc2.d HTTP/1.1" 200 3569 "-" "Mozilla/5.0 (compatible; MJ12bot/v1.4.8; http://mj12bot.com/)"
54.37.252.46 - - [07/Nov/2025:22:31:18 -0800] "GET /?fileloc=//etc/rc2.d/S01openipmi&path=//etc/rc2.d HTTP/1.1" 200 6002 "-" "Mozilla/5.0 (compatible; MJ12bot/v1.4.8; http://mj12bot.com/)"
54.37.252.46 - - [07/Nov/2025:22:31:26 -0800] "GET /?fileloc=//etc/rc2.d/S01php8.1-fpm&path=//etc/rc2.d HTTP/1.1" 200 4542 "-" "Mozilla/5.0 (compatible; MJ12bot/v1.4.8; http://mj12bot.com/)"
54.37.252.46 - - [07/Nov/2025:22:31:35 -0800] "GET /?fileloc=//etc/rc2.d/S01plymouth&path=//etc/rc2.d HTTP/1.1" 200 3507 "-" "Mozilla/5.0 (compatible; MJ12bot/v1.4.8; http://mj12bot.com/)"
54.37.252.46 - - [07/Nov/2025:22:31:44 -0800] "GET /?fileloc=//etc/rc2.d/S01postfix&path=//etc/rc2.d HTTP/1.1" 200 3977 "-" "Mozilla/5.0 (compatible; MJ12bot/v1.4.8; http://mj12bot.com/)"
54.37.252.46 - - [07/Nov/2025:22:31:53 -0800] "GET /?fileloc=//etc/rc2.d/S01proftpd&path=//etc/rc2.d HTTP/1.1" 200 4471 "-" "Mozilla/5.0 (compatible; MJ12bot/v1.4.8; http://mj12bot.com/)"
54.37.252.46 - - [07/Nov/2025:22:32:01 -0800] "GET /?fileloc=//etc/rc2.d/S01rsync&path=//etc/rc2.d HTTP/1.1" 200 4352 "-" "Mozilla/5.0 (compatible; MJ12bot/v1.4.8; http://mj12bot.com/)"
54.37.252.46 - - [07/Nov/2025:22:32:10 -0800] "GET /?fileloc=//etc/rc2.d/S01smartmontools&path=//etc/rc2.d HTTP/1.1" 200 4071 "-" "Mozilla/5.0 (compatible; MJ12bot/v1.4.8; http://mj12bot.com/)"
54.37.252.46 - - [07/Nov/2025:22:32:19 -0800] "GET /?fileloc=//etc/rc2.d/S01ssh&path=//etc/rc2.d HTTP/1.1" 200 4001 "-" "Mozilla/5.0 (compatible; MJ12bot/v1.4.8; http://mj12bot.com/)"
54.37.252.46 - - [07/Nov/2025:22:32:29 -0800] "GET /?fileloc=//etc/rc2.d/S01stunnel4&path=//etc/rc2.d HTTP/1.1" 200 4663 "-" "Mozilla/5.0 (compatible; MJ12bot/v1.4.8; http://mj12bot.com/)"
144.76.19.157 - - [07/Nov/2025:22:32:29 -0800] "GET /about/?path=/home/dh_hwg2wc/fnaluxury.com/wp-includes/rest-api HTTP/1.1" 200 3564 "-" "Mozilla/5.0 (compatible; BLEXBot/1.0; +https://help.seranking.com/en/blex-crawler)"
54.37.252.46 - - [07/Nov/2025:22:32:39 -0800] "GET /?fileloc=//etc/rc2.d/S01unattended-upgrades&path=//etc/rc2.d HTTP/1.1" 200 3540 "-" "Mozilla/5.0 (compatible; MJ12bot/v1.4.8; http://mj12bot.com/)"
54.37.252.46 - - [07/Nov/2025:22:32:47 -0800] "GET /?fileloc=//etc/rc2.d/S01uuidd&path=//etc/rc2.d HTTP/1.1" 200 3453 "-" "Mozilla/5.0 (compatible; MJ12bot/v1.4.8; http://mj12bot.com/)"
54.37.252.46 - - [07/Nov/2025:22:32:56 -0800] "GET /?fileloc=//etc/rc2.d/S01zabbix-agent&path=//etc/rc2.d HTTP/1.1" 200 3552 "-" "Mozilla/5.0 (compatible; MJ12bot/v1.4.8; http://mj12bot.com/)"
54.37.252.46 - - [07/Nov/2025:22:33:05 -0800] "GET /?fileloc=//etc/rc3.d/K01apache-htcacheclean&path=//etc/rc3.d HTTP/1.1" 200 3844 "-" "Mozilla/5.0 (compatible; MJ12bot/v1.4.8; http://mj12bot.com/)"
54.37.252.46 - - [07/Nov/2025:22:33:13 -0800] "GET /?fileloc=//etc/rc3.d/K01apache2&path=//etc/rc3.d HTTP/1.1" 200 5321 "-" "Mozilla/5.0 (compatible; MJ12bot/v1.4.8; http://mj12bot.com/)"
54.37.252.46 - - [07/Nov/2025:22:33:23 -0800] "GET /?fileloc=//etc/rc3.d/K01ipmievd&path=//etc/rc3.d HTTP/1.1" 200 4267 "-" "Mozilla/5.0 (compatible; MJ12bot/v1.4.8; http://mj12bot.com/)"
54.37.252.46 - - [07/Nov/2025:22:33:32 -0800] "GET /?fileloc=//etc/rc3.d/K01spamassassin&path=//etc/rc3.d HTTP/1.1" 200 3747 "-" "Mozilla/5.0 (compatible; MJ12bot/v1.4.8; http://mj12bot.com/)"
54.37.252.46 - - [07/Nov/2025:22:33:40 -0800] "GET /?fileloc=//etc/rc3.d/K01sysstat&path=//etc/rc3.d HTTP/1.1" 200 3558 "-" "Mozilla/5.0 (compatible; MJ12bot/v1.4.8; http://mj12bot.com/)"
54.37.252.46 - - [07/Nov/2025:22:33:49 -0800] "GET /?fileloc=//etc/rc3.d/S01acct&path=//etc/rc3.d HTTP/1.1" 200 3731 "-" "Mozilla/5.0 (compatible; MJ12bot/v1.4.8; http://mj12bot.com/)"
144.76.19.157 - - [07/Nov/2025:22:33:55 -0800] "GET /about/?path=/home/dh_hwg2wc/fnaluxury.com/wp-includes/sitemaps HTTP/1.1" 200 3605 "-" "Mozilla/5.0 (compatible; BLEXBot/1.0; +https://help.seranking.com/en/blex-crawler)"
54.37.252.46 - - [07/Nov/2025:22:33:57 -0800] "GET /?fileloc=//etc/rc3.d/S01apport&path=//etc/rc3.d HTTP/1.1" 200 4046 "-" "Mozilla/5.0 (compatible; MJ12bot/v1.4.8; http://mj12bot.com/)"
54.37.252.46 - - [07/Nov/2025:22:34:06 -0800] "GET /?fileloc=//etc/rc3.d/S01atd&path=//etc/rc3.d HTTP/1.1" 200 3327 "-" "Mozilla/5.0 (compatible; MJ12bot/v1.4.8; http://mj12bot.com/)"
54.37.252.46 - - [07/Nov/2025:22:34:14 -0800] "GET /?fileloc=//etc/rc3.d/S01binfmt-support&path=//etc/rc3.d HTTP/1.1" 200 3382 "-" "Mozilla/5.0 (compatible; MJ12bot/v1.4.8; http://mj12bot.com/)"
144.76.19.157 - - [07/Nov/2025:22:34:37 -0800] "GET /agents-2/?fileloc=/home/dh_hwg2wc/.bashrc&path=/home/dh_hwg2wc HTTP/1.1" 200 2933 "-" "Mozilla/5.0 (compatible; BLEXBot/1.0; +https://help.seranking.com/en/blex-crawler)"
144.76.19.157 - - [07/Nov/2025:22:36:03 -0800] "GET /agents-2/?path=/home/dh_hwg2wc/fnaluxury.com/wp-admin/includes HTTP/1.1" 200 7972 "-" "Mozilla/5.0 (compatible; BLEXBot/1.0; +https://help.seranking.com/en/blex-crawler)"
144.76.19.157 - - [07/Nov/2025:22:38:11 -0800] "GET /agents-2/?path=/home/dh_hwg2wc/fnaluxury.com/wp-content/themes HTTP/1.1" 200 3404 "-" "Mozilla/5.0 (compatible; BLEXBot/1.0; +https://help.seranking.com/en/blex-crawler)"
144.76.19.157 - - [07/Nov/2025:22:38:53 -0800] "GET /agents-2/?path=/home/dh_hwg2wc/fnaluxury.com/wp-content/wflogs HTTP/1.1" 200 3662 "-" "Mozilla/5.0 (compatible; BLEXBot/1.0; +https://help.seranking.com/en/blex-crawler)"
144.76.19.157 - - [07/Nov/2025:22:40:17 -0800] "GET /agents-2/?path=/home/dh_hwg2wc/fnaluxury.com/wp-includes/fonts HTTP/1.1" 200 3713 "-" "Mozilla/5.0 (compatible; BLEXBot/1.0; +https://help.seranking.com/en/blex-crawler)"
144.76.19.157 - - [07/Nov/2025:22:41:43 -0800] "GET /author/fnaluxury_xmua30/?fileloc=/hs_err_pid1155819.log&path=/ HTTP/1.1" 200 10488 "-" "Mozilla/5.0 (compatible; BLEXBot/1.0; +https://help.seranking.com/en/blex-crawler)"
144.76.19.157 - - [07/Nov/2025:22:43:08 -0800] "GET /author/fnaluxury_xmua30/?fileloc=/hs_err_pid1579381.log&path=/ HTTP/1.1" 200 10694 "-" "Mozilla/5.0 (compatible; BLEXBot/1.0; +https://help.seranking.com/en/blex-crawler)"
40.122.52.254 - - [07/Nov/2025:22:46:07 -0800] "GET /wp-content/plugins/hellopress/wp_filemanager.php HTTP/1.1" 429 430 "-" "-"
40.122.52.254 - - [07/Nov/2025:22:46:07 -0800] "GET /qa.php HTTP/1.1" 429 430 "-" "-"
40.122.52.254 - - [07/Nov/2025:22:46:07 -0800] "GET /wp-content/plugins/edaewni/index.php HTTP/1.1" 429 430 "-" "-"
40.122.52.254 - - [07/Nov/2025:22:46:07 -0800] "GET /chosen.php HTTP/1.1" 429 430 "-" "-"
40.122.52.254 - - [07/Nov/2025:22:46:08 -0800] "GET /.well-known/acme-challenge/index.php HTTP/1.1" 429 430 "-" "-"
40.122.52.254 - - [07/Nov/2025:22:46:08 -0800] "GET /wxo.php HTTP/1.1" 429 430 "-" "-"
40.122.52.254 - - [07/Nov/2025:22:46:08 -0800] "GET /wp-admin/includes/xmrlpc.php?p= HTTP/1.1" 429 430 "-" "-"
40.122.52.254 - - [07/Nov/2025:22:46:08 -0800] "GET /wp-includes/fonts/index.php HTTP/1.1" 429 430 "-" "-"
40.122.52.254 - - [07/Nov/2025:22:46:08 -0800] "GET /wp-includes/images/wp-login.php HTTP/1.1" 429 430 "-" "-"
40.122.52.254 - - [07/Nov/2025:22:46:08 -0800] "GET /02.php HTTP/1.1" 429 430 "-" "-"
40.122.52.254 - - [07/Nov/2025:22:46:08 -0800] "GET /abcd.php HTTP/1.1" 429 430 "-" "-"
40.122.52.254 - - [07/Nov/2025:22:46:08 -0800] "GET /error.php HTTP/1.1" 429 430 "-" "-"
40.122.52.254 - - [07/Nov/2025:22:46:09 -0800] "GET /yy.php HTTP/1.1" 429 430 "-" "-"
40.122.52.254 - - [07/Nov/2025:22:46:09 -0800] "GET /.well-known/index.php HTTP/1.1" 429 430 "-" "-"
40.122.52.254 - - [07/Nov/2025:22:46:09 -0800] "GET /.well-known/acme-challenge/LA.php HTTP/1.1" 429 430 "-" "-"
40.122.52.254 - - [07/Nov/2025:22:46:09 -0800] "GET /6.php HTTP/1.1" 429 430 "-" "-"
40.122.52.254 - - [07/Nov/2025:22:46:09 -0800] "GET /class.php HTTP/1.1" 429 430 "-" "-"
40.122.52.254 - - [07/Nov/2025:22:46:09 -0800] "GET /mail.php HTTP/1.1" 429 430 "-" "-"
40.122.52.254 - - [07/Nov/2025:22:46:09 -0800] "GET /lv.php HTTP/1.1" 429 430 "-" "-"
40.122.52.254 - - [07/Nov/2025:22:46:10 -0800] "GET /zwso.php HTTP/1.1" 429 430 "-" "-"
40.122.52.254 - - [07/Nov/2025:22:46:10 -0800] "GET /filemanager/dialog.php HTTP/1.1" 429 430 "-" "-"
40.122.52.254 - - [07/Nov/2025:22:46:10 -0800] "GET /r.php HTTP/1.1" 429 430 "-" "-"
40.122.52.254 - - [07/Nov/2025:22:46:10 -0800] "GET /admin/function.php HTTP/1.1" 429 430 "-" "-"
40.122.52.254 - - [07/Nov/2025:22:46:10 -0800] "GET /js/fm.php HTTP/1.1" 429 430 "-" "-"
40.122.52.254 - - [07/Nov/2025:22:46:10 -0800] "GET /buy.php HTTP/1.1" 429 430 "-" "-"
40.122.52.254 - - [07/Nov/2025:22:46:10 -0800] "GET /s.php HTTP/1.1" 429 430 "-" "-"
40.122.52.254 - - [07/Nov/2025:22:46:10 -0800] "GET /akcc.php HTTP/1.1" 429 430 "-" "-"
40.122.52.254 - - [07/Nov/2025:22:46:10 -0800] "GET /qing.php HTTP/1.1" 429 430 "-" "-"
40.122.52.254 - - [07/Nov/2025:22:46:11 -0800] "GET /w.php?p= HTTP/1.1" 429 430 "-" "-"
40.122.52.254 - - [07/Nov/2025:22:46:11 -0800] "GET /wp-admin/images/singlep.php HTTP/1.1" 429 430 "-" "-"
40.122.52.254 - - [07/Nov/2025:22:46:11 -0800] "GET /.well-known/pki-validation/alfacgiapi/wawe_gH298.php HTTP/1.1" 429 430 "-" "-"
40.122.52.254 - - [07/Nov/2025:22:46:11 -0800] "GET /class20.php HTTP/1.1" 429 430 "-" "-"
40.122.52.254 - - [07/Nov/2025:22:46:11 -0800] "GET /vendor/nikic/php-parser/parser.php HTTP/1.1" 429 430 "-" "-"
40.122.52.254 - - [07/Nov/2025:22:46:11 -0800] "GET /upload/wp-info.php HTTP/1.1" 429 430 "-" "-"
40.122.52.254 - - [07/Nov/2025:22:46:11 -0800] "GET /wp-content/themes/about.php HTTP/1.1" 429 430 "-" "-"
40.122.52.254 - - [07/Nov/2025:22:46:11 -0800] "GET /wp-includes/assets/index.php HTTP/1.1" 429 430 "-" "-"
40.122.52.254 - - [07/Nov/2025:22:46:12 -0800] "GET /cf.php HTTP/1.1" 429 430 "-" "-"
40.122.52.254 - - [07/Nov/2025:22:46:12 -0800] "GET /bak.php HTTP/1.1" 429 430 "-" "-"
40.122.52.254 - - [07/Nov/2025:22:46:12 -0800] "GET /AxAo.php HTTP/1.1" 429 430 "-" "-"
40.122.52.254 - - [07/Nov/2025:22:46:12 -0800] "GET /worksec.php HTTP/1.1" 429 430 "-" "-"
40.122.52.254 - - [07/Nov/2025:22:46:12 -0800] "GET /chosen.php? HTTP/1.1" 429 430 "-" "-"
40.122.52.254 - - [07/Nov/2025:22:46:12 -0800] "GET /sx.php HTTP/1.1" 429 430 "-" "-"
40.122.52.254 - - [07/Nov/2025:22:46:12 -0800] "GET /minik.php HTTP/1.1" 429 430 "-" "-"
40.122.52.254 - - [07/Nov/2025:22:46:12 -0800] "GET /d2.php HTTP/1.1" 429 430 "-" "-"
40.122.52.254 - - [07/Nov/2025:22:46:13 -0800] "GET /wp-content/about.php HTTP/1.1" 429 430 "-" "-"
40.122.52.254 - - [07/Nov/2025:22:46:13 -0800] "GET /index/function.php HTTP/1.1" 429 430 "-" "-"
40.122.52.254 - - [07/Nov/2025:22:46:13 -0800] "GET /456.php HTTP/1.1" 429 430 "-" "-"
40.122.52.254 - - [07/Nov/2025:22:46:13 -0800] "GET /wp-includes/block-patterns/index.php HTTP/1.1" 429 430 "-" "-"
40.122.52.254 - - [07/Nov/2025:22:46:13 -0800] "GET /wp-gr.php HTTP/1.1" 429 430 "-" "-"
40.122.52.254 - - [07/Nov/2025:22:46:13 -0800] "GET /admin/upload/css.php HTTP/1.1" 429 430 "-" "-"
40.122.52.254 - - [07/Nov/2025:22:46:13 -0800] "GET /berlin.php HTTP/1.1" 429 430 "-" "-"
40.122.52.254 - - [07/Nov/2025:22:46:13 -0800] "GET /themes.php HTTP/1.1" 429 430 "-" "-"
40.122.52.254 - - [07/Nov/2025:22:46:13 -0800] "GET /css/index.php HTTP/1.1" 429 430 "-" "-"
40.122.52.254 - - [07/Nov/2025:22:46:14 -0800] "GET /wp-includes/Text/Diff/Engine/about.php HTTP/1.1" 429 430 "-" "-"
40.122.52.254 - - [07/Nov/2025:22:46:14 -0800] "GET /13k.php HTTP/1.1" 429 430 "-" "-"
40.122.52.254 - - [07/Nov/2025:22:46:14 -0800] "GET /web/wp-login.php HTTP/1.1" 429 430 "-" "-"
40.122.52.254 - - [07/Nov/2025:22:46:14 -0800] "GET /c.php HTTP/1.1" 429 430 "-" "-"
40.122.52.254 - - [07/Nov/2025:22:46:14 -0800] "GET /ioxi002.PhP7 HTTP/1.1" 429 430 "-" "-"
40.122.52.254 - - [07/Nov/2025:22:46:14 -0800] "GET /file.php? HTTP/1.1" 429 430 "-" "-"
40.122.52.254 - - [07/Nov/2025:22:46:14 -0800] "GET /info/info.php HTTP/1.1" 429 430 "-" "-"
40.122.52.254 - - [07/Nov/2025:22:46:14 -0800] "GET /.well-known/log.php HTTP/1.1" 429 430 "-" "-"
40.122.52.254 - - [07/Nov/2025:22:46:14 -0800] "GET /uwu2.php HTTP/1.1" 429 430 "-" "-"
40.122.52.254 - - [07/Nov/2025:22:46:14 -0800] "GET /filename.php HTTP/1.1" 429 430 "-" "-"
40.122.52.254 - - [07/Nov/2025:22:46:14 -0800] "GET /20.php HTTP/1.1" 429 430 "-" "-"
40.122.52.254 - - [07/Nov/2025:22:46:15 -0800] "GET /wp-includes/theme-compat/wp-login.php HTTP/1.1" 429 430 "-" "-"
40.122.52.254 - - [07/Nov/2025:22:46:15 -0800] "GET /wp-includes/widgets//include.php HTTP/1.1" 429 430 "-" "-"
40.122.52.254 - - [07/Nov/2025:22:46:15 -0800] "GET /jp.php HTTP/1.1" 429 430 "-" "-"
40.122.52.254 - - [07/Nov/2025:22:46:15 -0800] "GET /wp-2019.php? HTTP/1.1" 429 430 "-" "-"
40.122.52.254 - - [07/Nov/2025:22:46:15 -0800] "GET /fw.php HTTP/1.1" 429 430 "-" "-"
40.122.52.254 - - [07/Nov/2025:22:46:15 -0800] "GET /wp-content/plugins/index.php HTTP/1.1" 429 430 "-" "-"
40.122.52.254 - - [07/Nov/2025:22:46:15 -0800] "GET /a.php HTTP/1.1" 429 430 "-" "-"
40.122.52.254 - - [07/Nov/2025:22:46:15 -0800] "GET /manager.php?p= HTTP/1.1" 429 430 "-" "-"
40.122.52.254 - - [07/Nov/2025:22:46:15 -0800] "GET /a1.php HTTP/1.1" 429 430 "-" "-"
40.122.52.254 - - [07/Nov/2025:22:46:15 -0800] "GET /inputs.php HTTP/1.1" 429 430 "-" "-"
40.122.52.254 - - [07/Nov/2025:22:46:15 -0800] "GET /wp-includes/theme-compat/chosen.php HTTP/1.1" 429 430 "-" "-"
40.122.52.254 - - [07/Nov/2025:22:46:16 -0800] "GET /w.php HTTP/1.1" 429 430 "-" "-"
40.122.52.254 - - [07/Nov/2025:22:46:16 -0800] "GET /7.php HTTP/1.1" 429 430 "-" "-"
40.122.52.254 - - [07/Nov/2025:22:46:16 -0800] "GET /V3.php HTTP/1.1" 429 430 "-" "-"
40.122.52.254 - - [07/Nov/2025:22:46:16 -0800] "GET /config.php HTTP/1.1" 418 693 "-" "-"
144.76.19.157 - - [07/Nov/2025:22:46:40 -0800] "GET /author/fnaluxury_xmua30/?fileloc=/hs_err_pid1666955.log&path=/ HTTP/1.1" 200 10698 "-" "Mozilla/5.0 (compatible; BLEXBot/1.0; +https://help.seranking.com/en/blex-crawler)"
144.76.19.157 - - [07/Nov/2025:22:48:06 -0800] "GET /author/fnaluxury_xmua30/?fileloc=/hs_err_pid2155801.log&path=/ HTTP/1.1" 200 11126 "-" "Mozilla/5.0 (compatible; BLEXBot/1.0; +https://help.seranking.com/en/blex-crawler)"
144.76.19.157 - - [07/Nov/2025:22:49:31 -0800] "GET /author/fnaluxury_xmua30/?fileloc=/hs_err_pid2251798.log&path=/ HTTP/1.1" 200 10710 "-" "Mozilla/5.0 (compatible; BLEXBot/1.0; +https://help.seranking.com/en/blex-crawler)"
49.51.233.95 - - [07/Nov/2025:22:50:09 -0800] "GET / HTTP/1.1" 200 4456 "-" "Mozilla/5.0 (iPhone; CPU iPhone OS 13_2_3 like Mac OS X) AppleWebKit/605.1.15 (KHTML, like Gecko) Version/13.0.3 Mobile/15E148 Safari/604.1"
144.76.19.157 - - [07/Nov/2025:22:50:56 -0800] "GET /feature/air-conditioning/?fileloc=/hs_err_pid211711.log&path=/ HTTP/1.1" 200 10670 "-" "Mozilla/5.0 (compatible; BLEXBot/1.0; +https://help.seranking.com/en/blex-crawler)"
144.76.19.157 - - [07/Nov/2025:22:52:20 -0800] "GET /feature/air-conditioning/?fileloc=/hs_err_pid758221.log&path=/ HTTP/1.1" 200 10483 "-" "Mozilla/5.0 (compatible; BLEXBot/1.0; +https://help.seranking.com/en/blex-crawler)"
144.76.19.157 - - [07/Nov/2025:22:53:46 -0800] "GET /feature/air-conditioning/?fileloc=/hs_err_pid901582.log&path=/ HTTP/1.1" 200 10583 "-" "Mozilla/5.0 (compatible; BLEXBot/1.0; +https://help.seranking.com/en/blex-crawler)"
144.76.19.157 - - [07/Nov/2025:22:56:37 -0800] "GET /14-common-misconceptions-about-business-development/?path=/boot HTTP/1.1" 200 2877 "-" "Mozilla/5.0 (compatible; BLEXBot/1.0; +https://help.seranking.com/en/blex-crawler)"
144.76.19.157 - - [07/Nov/2025:22:57:20 -0800] "GET /property/1-bhk-fully-furnished-prime-location/?path=/lost+found HTTP/1.1" 200 2881 "-" "Mozilla/5.0 (compatible; BLEXBot/1.0; +https://help.seranking.com/en/blex-crawler)"
144.76.19.157 - - [07/Nov/2025:22:58:02 -0800] "GET /feature/built-in-wardrobe/?fileloc=/hs_err_pid211711.log&path=/ HTTP/1.1" 200 10690 "-" "Mozilla/5.0 (compatible; BLEXBot/1.0; +https://help.seranking.com/en/blex-crawler)"
144.76.19.157 - - [07/Nov/2025:23:00:09 -0800] "GET /feature/built-in-wardrobe/?fileloc=/hs_err_pid758221.log&path=/ HTTP/1.1" 200 10459 "-" "Mozilla/5.0 (compatible; BLEXBot/1.0; +https://help.seranking.com/en/blex-crawler)"
144.76.19.157 - - [07/Nov/2025:23:00:52 -0800] "GET /14-common-misconceptions-about-business-development/?path=/proc HTTP/1.1" 200 5268 "-" "Mozilla/5.0 (compatible; BLEXBot/1.0; +https://help.seranking.com/en/blex-crawler)"
144.76.19.157 - - [07/Nov/2025:23:01:34 -0800] "GET /property/?path=/home/dh_hwg2wc/fnaluxury.com/wp-content/plugins HTTP/1.1" 200 4638 "-" "Mozilla/5.0 (compatible; BLEXBot/1.0; +https://help.seranking.com/en/blex-crawler)"
144.76.19.157 - - [07/Nov/2025:23:03:40 -0800] "GET /property/?path=/home/dh_hwg2wc/fnaluxury.com/wp-content/upgrade HTTP/1.1" 200 2914 "-" "Mozilla/5.0 (compatible; BLEXBot/1.0; +https://help.seranking.com/en/blex-crawler)"
170.106.193.108 - - [07/Nov/2025:23:03:45 -0800] "GET /?fileloc=/home/dh_hwg2wc/fnaluxury.com/wp-config.php&path=/home/dh_hwg2wc/fnaluxury.com HTTP/1.1" 418 712 "-" "Mozilla/5.0 (iPhone; CPU iPhone OS 13_2_3 like Mac OS X) AppleWebKit/605.1.15 (KHTML, like Gecko) Version/13.0.3 Mobile/15E148 Safari/604.1"
144.76.19.157 - - [07/Nov/2025:23:04:23 -0800] "GET /feature/built-in-wardrobe/?fileloc=/hs_err_pid901582.log&path=/ HTTP/1.1" 200 10561 "-" "Mozilla/5.0 (compatible; BLEXBot/1.0; +https://help.seranking.com/en/blex-crawler)"
144.76.19.157 - - [07/Nov/2025:23:05:06 -0800] "GET /14-common-misconceptions-about-business-development/?path=/root HTTP/1.1" 200 2876 "-" "Mozilla/5.0 (compatible; BLEXBot/1.0; +https://help.seranking.com/en/blex-crawler)"
144.76.19.157 - - [07/Nov/2025:23:07:56 -0800] "GET /property/?path=/home/dh_hwg2wc/fnaluxury.com/wp-content/uploads HTTP/1.1" 200 3780 "-" "Mozilla/5.0 (compatible; BLEXBot/1.0; +https://help.seranking.com/en/blex-crawler)"
144.76.19.157 - - [07/Nov/2025:23:08:39 -0800] "GET /feature/dryer/?path=/home/dh_hwg2wc/fnaluxury.com/.dh-diag/diag HTTP/1.1" 200 3293 "-" "Mozilla/5.0 (compatible; BLEXBot/1.0; +https://help.seranking.com/en/blex-crawler)"
144.76.19.157 - - [07/Nov/2025:23:09:22 -0800] "GET /14-common-misconceptions-about-business-development/?path=/sbin HTTP/1.1" 200 24829 "-" "Mozilla/5.0 (compatible; BLEXBot/1.0; +https://help.seranking.com/en/blex-crawler)"
144.76.19.157 - - [07/Nov/2025:23:12:55 -0800] "GET /feature/dryer/?path=/home/dh_hwg2wc/fnaluxury.com/images/images HTTP/1.1" 200 3388 "-" "Mozilla/5.0 (compatible; BLEXBot/1.0; +https://help.seranking.com/en/blex-crawler)"
144.76.19.157 - - [07/Nov/2025:23:13:38 -0800] "GET /2016/?path=/home/dh_hwg2wc/fnaluxury.com/wp-includes/php-compat HTTP/1.1" 200 3261 "-" "Mozilla/5.0 (compatible; BLEXBot/1.0; +https://help.seranking.com/en/blex-crawler)"
144.76.19.157 - - [07/Nov/2025:23:14:20 -0800] "GET /property/?path=/home/dh_hwg2wc/fnaluxury.com/wp-includes/assets HTTP/1.1" 200 3583 "-" "Mozilla/5.0 (compatible; BLEXBot/1.0; +https://help.seranking.com/en/blex-crawler)"
144.76.19.157 - - [07/Nov/2025:23:16:27 -0800] "GET /property/?path=/home/dh_hwg2wc/fnaluxury.com/wp-includes/blocks HTTP/1.1" 200 9803 "-" "Mozilla/5.0 (compatible; BLEXBot/1.0; +https://help.seranking.com/en/blex-crawler)"
144.76.19.157 - - [07/Nov/2025:23:17:10 -0800] "GET /feature/dryer/?path=/home/dh_hwg2wc/fnaluxury.com/wp-admin/user HTTP/1.1" 200 3685 "-" "Mozilla/5.0 (compatible; BLEXBot/1.0; +https://help.seranking.com/en/blex-crawler)"
144.76.19.157 - - [07/Nov/2025:23:17:52 -0800] "GET /about/?path=/home/dh_hwg2wc/fnaluxury.com/wp-includes/PHPMailer HTTP/1.1" 200 3387 "-" "Mozilla/5.0 (compatible; BLEXBot/1.0; +https://help.seranking.com/en/blex-crawler)"
144.76.19.157 - - [07/Nov/2025:23:22:11 -0800] "GET /about/?path=/home/dh_hwg2wc/fnaluxury.com/wp-includes/SimplePie HTTP/1.1" 200 3405 "-" "Mozilla/5.0 (compatible; BLEXBot/1.0; +https://help.seranking.com/en/blex-crawler)"
144.76.19.157 - - [07/Nov/2025:23:22:53 -0800] "GET /property/?path=/home/dh_hwg2wc/fnaluxury.com/wp-includes/images HTTP/1.1" 200 4575 "-" "Mozilla/5.0 (compatible; BLEXBot/1.0; +https://help.seranking.com/en/blex-crawler)"
144.76.19.157 - - [07/Nov/2025:23:23:34 -0800] "GET /feature/laundry/?path=/home/dh_hwg2wc/fnaluxury.com/wp-admin/js HTTP/1.1" 200 7437 "-" "Mozilla/5.0 (compatible; BLEXBot/1.0; +https://help.seranking.com/en/blex-crawler)"
43.130.37.243 - - [07/Nov/2025:23:23:59 -0800] "GET /?fileloc=/home/dh_hwg2wc/fnaluxury.com/wp-signup.php&path=/home/dh_hwg2wc/fnaluxury.com HTTP/1.1" 200 11288 "-" "Mozilla/5.0 (iPhone; CPU iPhone OS 13_2_3 like Mac OS X) AppleWebKit/605.1.15 (KHTML, like Gecko) Version/13.0.3 Mobile/15E148 Safari/604.1"
144.76.19.157 - - [07/Nov/2025:23:25:42 -0800] "GET /feature/lawn/?path=/home/dh_hwg2wc/fnaluxury.com/wp-admin/maint HTTP/1.1" 200 3268 "-" "Mozilla/5.0 (compatible; BLEXBot/1.0; +https://help.seranking.com/en/blex-crawler)"
144.76.19.157 - - [07/Nov/2025:23:26:25 -0800] "GET /about/?path=/home/dh_hwg2wc/fnaluxury.com/wp-includes/customize HTTP/1.1" 200 4908 "-" "Mozilla/5.0 (compatible; BLEXBot/1.0; +https://help.seranking.com/en/blex-crawler)"
144.76.19.157 - - [07/Nov/2025:23:27:07 -0800] "GET /real-estate-industry-and-competitors/?path=/home/dh_hwg2wc/.php HTTP/1.1" 200 3465 "-" "Mozilla/5.0 (compatible; BLEXBot/1.0; +https://help.seranking.com/en/blex-crawler)"
144.76.19.157 - - [07/Nov/2025:23:29:56 -0800] "GET /feature/lawn/?path=/home/dh_hwg2wc/fnaluxury.com/wp-includes/js HTTP/1.1" 200 7953 "-" "Mozilla/5.0 (compatible; BLEXBot/1.0; +https://help.seranking.com/en/blex-crawler)"
144.76.19.157 - - [07/Nov/2025:23:31:21 -0800] "GET /real-estate-industry-and-competitors/?path=/home/dh_hwg2wc/logs HTTP/1.1" 200 3152 "-" "Mozilla/5.0 (compatible; BLEXBot/1.0; +https://help.seranking.com/en/blex-crawler)"
144.76.19.157 - - [07/Nov/2025:23:32:46 -0800] "GET /agents-2/?path=/home/dh_hwg2wc/fnaluxury.com/wp-content/plugins HTTP/1.1" 200 4638 "-" "Mozilla/5.0 (compatible; BLEXBot/1.0; +https://help.seranking.com/en/blex-crawler)"
144.76.19.157 - - [07/Nov/2025:23:33:29 -0800] "GET /rent/?path=/home/dh_hwg2wc/fnaluxury.com/wp-includes/php-compat HTTP/1.1" 200 3261 "-" "Mozilla/5.0 (compatible; BLEXBot/1.0; +https://help.seranking.com/en/blex-crawler)"
144.76.19.157 - - [07/Nov/2025:23:34:53 -0800] "GET /agents-2/?path=/home/dh_hwg2wc/fnaluxury.com/wp-content/upgrade HTTP/1.1" 200 2914 "-" "Mozilla/5.0 (compatible; BLEXBot/1.0; +https://help.seranking.com/en/blex-crawler)"
43.159.145.153 - - [07/Nov/2025:23:35:03 -0800] "GET /?fileloc=/home/dh_hwg2wc/fnaluxury.com/wp-trackback.php&path=/home/dh_hwg2wc/fnaluxury.com HTTP/1.1" 200 4717 "-" "Mozilla/5.0 (iPhone; CPU iPhone OS 13_2_3 like Mac OS X) AppleWebKit/605.1.15 (KHTML, like Gecko) Version/13.0.3 Mobile/15E148 Safari/604.1"
144.76.19.157 - - [07/Nov/2025:23:36:16 -0800] "GET /feature/lawn/?path=/home/dh_hwg2wc/fnaluxury.com_20241117233659 HTTP/1.1" 200 4463 "-" "Mozilla/5.0 (compatible; BLEXBot/1.0; +https://help.seranking.com/en/blex-crawler)"
144.76.19.157 - - [07/Nov/2025:23:37:40 -0800] "GET /status/for-rent/?path=/home/dh_hwg2wc/fnaluxury.com/wp-admin/js HTTP/1.1" 200 7437 "-" "Mozilla/5.0 (compatible; BLEXBot/1.0; +https://help.seranking.com/en/blex-crawler)"
144.76.19.157 - - [07/Nov/2025:23:39:06 -0800] "GET /agents-2/?path=/home/dh_hwg2wc/fnaluxury.com/wp-content/uploads HTTP/1.1" 200 3780 "-" "Mozilla/5.0 (compatible; BLEXBot/1.0; +https://help.seranking.com/en/blex-crawler)"
144.76.19.157 - - [07/Nov/2025:23:40:29 -0800] "GET /feature/pantry/?path=/home/dh_hwg2wc/fnaluxury.com/wp-admin/css HTTP/1.1" 200 7139 "-" "Mozilla/5.0 (compatible; BLEXBot/1.0; +https://help.seranking.com/en/blex-crawler)"
144.76.19.157 - - [07/Nov/2025:23:42:36 -0800] "GET /hello-world/?path=/home/dh_hwg2wc/fnaluxury.com/wp-admin/backup HTTP/1.1" 200 3189 "-" "Mozilla/5.0 (compatible; BLEXBot/1.0; +https://help.seranking.com/en/blex-crawler)"
144.76.19.157 - - [07/Nov/2025:23:43:19 -0800] "GET /agents-2/?path=/home/dh_hwg2wc/fnaluxury.com/wp-includes/assets HTTP/1.1" 200 3583 "-" "Mozilla/5.0 (compatible; BLEXBot/1.0; +https://help.seranking.com/en/blex-crawler)"