67.144.16.74 - - [07/Nov/2025:08:26:55 -0800] "GET /?fileloc=//etc/alternatives/gnuplot&path=//etc/alternatives HTTP/1.1" 200 820323 "-" "Mozilla/5.0 (compatible; MJ12bot/v1.4.8; http://mj12bot.com/)"
67.144.16.74 - - [07/Nov/2025:08:27:00 -0800] "GET /?fileloc=//etc/alternatives/ksh&path=//etc/alternatives HTTP/1.1" 200 627286 "-" "Mozilla/5.0 (compatible; MJ12bot/v1.4.8; http://mj12bot.com/)"
67.144.16.74 - - [07/Nov/2025:08:27:09 -0800] "GET /?fileloc=//etc/alternatives/libblas.so.3-x86_64-linux-gnu&path=//etc/alternatives HTTP/1.1" 200 241261 "-" "Mozilla/5.0 (compatible; MJ12bot/v1.4.8; http://mj12bot.com/)"
222.79.104.23 - - [07/Nov/2025:08:27:18 -0800] "GET / HTTP/1.1" 429 448 "-" "Mozilla/5.0 (iPhone; CPU iPhone OS 13_2_3 like Mac OS X) AppleWebKit/605.1.15 (KHTML, like Gecko) Version/13.0.3 Mobile/15E148 Safari/604.1"
67.144.16.74 - - [07/Nov/2025:08:27:19 -0800] "GET /?fileloc=//etc/alternatives/liblapack.so.3-x86_64-linux-gnu&path=//etc/alternatives HTTP/1.1" 500 1586638 "-" "Mozilla/5.0 (compatible; MJ12bot/v1.4.8; http://mj12bot.com/)"
67.144.16.74 - - [07/Nov/2025:08:27:28 -0800] "GET /?fileloc=//etc/alternatives/nawk&path=//etc/alternatives HTTP/1.1" 200 318590 "-" "Mozilla/5.0 (compatible; MJ12bot/v1.4.8; http://mj12bot.com/)"
144.76.19.157 - - [07/Nov/2025:08:30:31 -0800] "GET /invoice/invoice-139/?fileloc=/hs_err_pid1579381.log&path=/ HTTP/1.1" 200 10694 "-" "Mozilla/5.0 (compatible; BLEXBot/1.0; +https://help.seranking.com/en/blex-crawler)"
67.144.16.74 - - [07/Nov/2025:08:30:44 -0800] "GET /?fileloc=//etc/dkms/template-dkms-mkbmdeb/debian/README.Debian&path=//etc/dkms/template-dkms-mkbmdeb/debian HTTP/1.1" 200 2966 "-" "Mozilla/5.0 (compatible; MJ12bot/v1.4.8; http://mj12bot.com/)"
67.144.16.74 - - [07/Nov/2025:08:30:48 -0800] "GET /?fileloc=//etc/dkms/template-dkms-mkbmdeb/debian/changelog&path=//etc/dkms/template-dkms-mkbmdeb/debian HTTP/1.1" 200 2943 "-" "Mozilla/5.0 (compatible; MJ12bot/v1.4.8; http://mj12bot.com/)"
67.144.16.74 - - [07/Nov/2025:08:30:52 -0800] "GET /?fileloc=//etc/dkms/template-dkms-mkbmdeb/debian/compat&path=//etc/dkms/template-dkms-mkbmdeb/debian HTTP/1.1" 200 2786 "-" "Mozilla/5.0 (compatible; MJ12bot/v1.4.8; http://mj12bot.com/)"
67.144.16.74 - - [07/Nov/2025:08:30:56 -0800] "GET /?fileloc=//etc/dkms/template-dkms-mkbmdeb/debian/control&path=//etc/dkms/template-dkms-mkbmdeb/debian HTTP/1.1" 200 3115 "-" "Mozilla/5.0 (compatible; MJ12bot/v1.4.8; http://mj12bot.com/)"
67.144.16.74 - - [07/Nov/2025:08:31:00 -0800] "GET /?fileloc=//etc/dkms/template-dkms-mkbmdeb/debian/copyright&path=//etc/dkms/template-dkms-mkbmdeb/debian HTTP/1.1" 200 2829 "-" "Mozilla/5.0 (compatible; MJ12bot/v1.4.8; http://mj12bot.com/)"
67.144.16.74 - - [07/Nov/2025:08:31:05 -0800] "GET /?fileloc=//etc/dkms/template-dkms-mkbmdeb/debian/rules&path=//etc/dkms/template-dkms-mkbmdeb/debian HTTP/1.1" 200 3238 "-" "Mozilla/5.0 (compatible; MJ12bot/v1.4.8; http://mj12bot.com/)"
67.144.16.74 - - [07/Nov/2025:08:31:14 -0800] "GET /?fileloc=//etc/dkms/template-dkms-mkdeb/debian/README.Debian&path=//etc/dkms/template-dkms-mkdeb/debian HTTP/1.1" 200 2920 "-" "Mozilla/5.0 (compatible; MJ12bot/v1.4.8; http://mj12bot.com/)"
67.144.16.74 - - [07/Nov/2025:08:31:18 -0800] "GET /?fileloc=//etc/dkms/template-dkms-mkdeb/debian/changelog&path=//etc/dkms/template-dkms-mkdeb/debian HTTP/1.1" 200 2939 "-" "Mozilla/5.0 (compatible; MJ12bot/v1.4.8; http://mj12bot.com/)"
67.144.16.74 - - [07/Nov/2025:08:31:23 -0800] "GET /?fileloc=//etc/dkms/template-dkms-mkdeb/debian/compat&path=//etc/dkms/template-dkms-mkdeb/debian HTTP/1.1" 200 2785 "-" "Mozilla/5.0 (compatible; MJ12bot/v1.4.8; http://mj12bot.com/)"
67.144.16.74 - - [07/Nov/2025:08:31:27 -0800] "GET /?fileloc=//etc/dkms/template-dkms-mkdeb/debian/control&path=//etc/dkms/template-dkms-mkdeb/debian HTTP/1.1" 200 3052 "-" "Mozilla/5.0 (compatible; MJ12bot/v1.4.8; http://mj12bot.com/)"
67.144.16.74 - - [07/Nov/2025:08:31:31 -0800] "GET /?fileloc=//etc/dkms/template-dkms-mkdeb/debian/copyright&path=//etc/dkms/template-dkms-mkdeb/debian HTTP/1.1" 200 2827 "-" "Mozilla/5.0 (compatible; MJ12bot/v1.4.8; http://mj12bot.com/)"
144.76.19.157 - - [07/Nov/2025:08:31:34 -0800] "GET /agent/samuel-palmer/?fileloc=/hs_err_pid1666955.log&path=/ HTTP/1.1" 200 10698 "-" "Mozilla/5.0 (compatible; BLEXBot/1.0; +https://help.seranking.com/en/blex-crawler)"
67.144.16.74 - - [07/Nov/2025:08:31:35 -0800] "GET /?fileloc=//etc/dkms/template-dkms-mkdeb/debian/dirs&path=//etc/dkms/template-dkms-mkdeb/debian HTTP/1.1" 200 2786 "-" "Mozilla/5.0 (compatible; MJ12bot/v1.4.8; http://mj12bot.com/)"
67.144.16.74 - - [07/Nov/2025:08:31:39 -0800] "GET /?fileloc=//etc/dkms/template-dkms-mkdeb/debian/postinst&path=//etc/dkms/template-dkms-mkdeb/debian HTTP/1.1" 200 3547 "-" "Mozilla/5.0 (compatible; MJ12bot/v1.4.8; http://mj12bot.com/)"
67.144.16.74 - - [07/Nov/2025:08:31:43 -0800] "GET /?fileloc=//etc/dkms/template-dkms-mkdeb/debian/prerm&path=//etc/dkms/template-dkms-mkdeb/debian HTTP/1.1" 200 3017 "-" "Mozilla/5.0 (compatible; MJ12bot/v1.4.8; http://mj12bot.com/)"
67.144.16.74 - - [07/Nov/2025:08:31:47 -0800] "GET /?fileloc=//etc/dkms/template-dkms-mkdeb/debian/rules&path=//etc/dkms/template-dkms-mkdeb/debian HTTP/1.1" 200 3193 "-" "Mozilla/5.0 (compatible; MJ12bot/v1.4.8; http://mj12bot.com/)"
67.144.16.74 - - [07/Nov/2025:08:31:56 -0800] "GET /?fileloc=//etc/dkms/template-dkms-mkdsc/debian/README.Debian&path=//etc/dkms/template-dkms-mkdsc/debian HTTP/1.1" 200 2921 "-" "Mozilla/5.0 (compatible; MJ12bot/v1.4.8; http://mj12bot.com/)"
67.144.16.74 - - [07/Nov/2025:08:32:00 -0800] "GET /?fileloc=//etc/dkms/template-dkms-mkdsc/debian/changelog&path=//etc/dkms/template-dkms-mkdsc/debian HTTP/1.1" 200 2940 "-" "Mozilla/5.0 (compatible; MJ12bot/v1.4.8; http://mj12bot.com/)"
67.144.16.74 - - [07/Nov/2025:08:32:05 -0800] "GET /?fileloc=//etc/dkms/template-dkms-mkdsc/debian/compat&path=//etc/dkms/template-dkms-mkdsc/debian HTTP/1.1" 200 2785 "-" "Mozilla/5.0 (compatible; MJ12bot/v1.4.8; http://mj12bot.com/)"
67.144.16.74 - - [07/Nov/2025:08:32:09 -0800] "GET /?fileloc=//etc/dkms/template-dkms-mkdsc/debian/control&path=//etc/dkms/template-dkms-mkdsc/debian HTTP/1.1" 200 3054 "-" "Mozilla/5.0 (compatible; MJ12bot/v1.4.8; http://mj12bot.com/)"
67.144.16.74 - - [07/Nov/2025:08:32:13 -0800] "GET /?fileloc=//etc/dkms/template-dkms-mkdsc/debian/copyright&path=//etc/dkms/template-dkms-mkdsc/debian HTTP/1.1" 200 2828 "-" "Mozilla/5.0 (compatible; MJ12bot/v1.4.8; http://mj12bot.com/)"
67.144.16.74 - - [07/Nov/2025:08:32:17 -0800] "GET /?fileloc=//etc/dkms/template-dkms-mkdsc/debian/dirs&path=//etc/dkms/template-dkms-mkdsc/debian HTTP/1.1" 200 2787 "-" "Mozilla/5.0 (compatible; MJ12bot/v1.4.8; http://mj12bot.com/)"
67.144.16.74 - - [07/Nov/2025:08:32:21 -0800] "GET /?fileloc=//etc/dkms/template-dkms-mkdsc/debian/postinst&path=//etc/dkms/template-dkms-mkdsc/debian HTTP/1.1" 200 3547 "-" "Mozilla/5.0 (compatible; MJ12bot/v1.4.8; http://mj12bot.com/)"
67.144.16.74 - - [07/Nov/2025:08:32:25 -0800] "GET /?fileloc=//etc/dkms/template-dkms-mkdsc/debian/prerm&path=//etc/dkms/template-dkms-mkdsc/debian HTTP/1.1" 200 3017 "-" "Mozilla/5.0 (compatible; MJ12bot/v1.4.8; http://mj12bot.com/)"
67.144.16.74 - - [07/Nov/2025:08:32:29 -0800] "GET /?fileloc=//etc/dkms/template-dkms-mkdsc/debian/rules&path=//etc/dkms/template-dkms-mkdsc/debian HTTP/1.1" 200 3195 "-" "Mozilla/5.0 (compatible; MJ12bot/v1.4.8; http://mj12bot.com/)"
144.76.19.157 - - [07/Nov/2025:08:32:36 -0800] "GET /rent/?path=/home/dh_hwg2wc/fnaluxury.com/wp-content/wflogs HTTP/1.1" 200 3662 "-" "Mozilla/5.0 (compatible; BLEXBot/1.0; +https://help.seranking.com/en/blex-crawler)"
67.144.16.74 - - [07/Nov/2025:08:32:38 -0800] "GET /?fileloc=//etc/dpkg/dpkg.cfg.d/pkg-config-hook-config&path=//etc/dpkg/dpkg.cfg.d HTTP/1.1" 200 2920 "-" "Mozilla/5.0 (compatible; MJ12bot/v1.4.8; http://mj12bot.com/)"
67.144.16.74 - - [07/Nov/2025:08:32:46 -0800] "GET /?fileloc=//etc/dpkg/origins/debian&path=//etc/dpkg/origins HTTP/1.1" 200 2848 "-" "Mozilla/5.0 (compatible; MJ12bot/v1.4.8; http://mj12bot.com/)"
67.144.16.74 - - [07/Nov/2025:08:32:50 -0800] "GET /?fileloc=//etc/dpkg/origins/default&path=//etc/dpkg/origins HTTP/1.1" 200 2842 "-" "Mozilla/5.0 (compatible; MJ12bot/v1.4.8; http://mj12bot.com/)"
67.144.16.74 - - [07/Nov/2025:08:32:54 -0800] "GET /?fileloc=//etc/dpkg/origins/ubuntu&path=//etc/dpkg/origins HTTP/1.1" 200 2838 "-" "Mozilla/5.0 (compatible; MJ12bot/v1.4.8; http://mj12bot.com/)"
50.116.93.245 - - [07/Nov/2025:08:32:58 -0800] "POST /xmlrpc.php HTTP/1.1" 429 438 "-" "Mozilla/5.0 (X11; Ubuntu; Linux x86_64; rv:85.0) Gecko/20100101 Firefox/91.0"
67.144.16.74 - - [07/Nov/2025:08:33:11 -0800] "GET /?fileloc=//etc/emacs/site-start.d/00debian.el&path=//etc/emacs/site-start.d HTTP/1.1" 200 3051 "-" "Mozilla/5.0 (compatible; MJ12bot/v1.4.8; http://mj12bot.com/)"
67.144.16.74 - - [07/Nov/2025:08:33:15 -0800] "GET /?fileloc=//etc/emacs/site-start.d/50autoconf.el&path=//etc/emacs/site-start.d HTTP/1.1" 200 3176 "-" "Mozilla/5.0 (compatible; MJ12bot/v1.4.8; http://mj12bot.com/)"
67.144.16.74 - - [07/Nov/2025:08:33:20 -0800] "GET /?fileloc=//etc/emacs/site-start.d/50dictionaries-common.el&path=//etc/emacs/site-start.d HTTP/1.1" 200 3653 "-" "Mozilla/5.0 (compatible; MJ12bot/v1.4.8; http://mj12bot.com/)"
67.144.16.74 - - [07/Nov/2025:08:33:24 -0800] "GET /?fileloc=//etc/emacs/site-start.d/50psvn.el&path=//etc/emacs/site-start.d HTTP/1.1" 200 2843 "-" "Mozilla/5.0 (compatible; MJ12bot/v1.4.8; http://mj12bot.com/)"
67.144.16.74 - - [07/Nov/2025:08:33:28 -0800] "GET /?fileloc=//etc/emacs/site-start.d/50tcsh.el&path=//etc/emacs/site-start.d HTTP/1.1" 200 3403 "-" "Mozilla/5.0 (compatible; MJ12bot/v1.4.8; http://mj12bot.com/)"
67.144.16.74 - - [07/Nov/2025:08:33:34 -0800] "GET /?fileloc=//etc/fail2ban/action.d/abuseipdb.conf&path=//etc/fail2ban/action.d HTTP/1.1" 200 4517 "-" "Mozilla/5.0 (compatible; MJ12bot/v1.4.8; http://mj12bot.com/)"
67.144.16.74 - - [07/Nov/2025:08:33:38 -0800] "GET /?fileloc=//etc/fail2ban/action.d/apf.conf&path=//etc/fail2ban/action.d HTTP/1.1" 200 3149 "-" "Mozilla/5.0 (compatible; MJ12bot/v1.4.8; http://mj12bot.com/)"
67.144.16.74 - - [07/Nov/2025:08:33:42 -0800] "GET /?fileloc=//etc/fail2ban/action.d/badips.conf&path=//etc/fail2ban/action.d HTTP/1.1" 200 3160 "-" "Mozilla/5.0 (compatible; MJ12bot/v1.4.8; http://mj12bot.com/)"
67.144.16.74 - - [07/Nov/2025:08:33:47 -0800] "GET /?fileloc=//etc/fail2ban/action.d/badips.py&path=//etc/fail2ban/action.d HTTP/1.1" 200 6578 "-" "Mozilla/5.0 (compatible; MJ12bot/v1.4.8; http://mj12bot.com/)"
67.144.16.74 - - [07/Nov/2025:08:33:51 -0800] "GET /?fileloc=//etc/fail2ban/action.d/blocklist_de.conf&path=//etc/fail2ban/action.d HTTP/1.1" 200 3929 "-" "Mozilla/5.0 (compatible; MJ12bot/v1.4.8; http://mj12bot.com/)"
67.144.16.74 - - [07/Nov/2025:08:33:55 -0800] "GET /?fileloc=//etc/fail2ban/action.d/bsd-ipfw.conf&path=//etc/fail2ban/action.d HTTP/1.1" 200 4163 "-" "Mozilla/5.0 (compatible; MJ12bot/v1.4.8; http://mj12bot.com/)"
67.144.16.74 - - [07/Nov/2025:08:33:59 -0800] "GET /?fileloc=//etc/fail2ban/action.d/cloudflare.conf&path=//etc/fail2ban/action.d HTTP/1.1" 200 4031 "-" "Mozilla/5.0 (compatible; MJ12bot/v1.4.8; http://mj12bot.com/)"
67.144.16.74 - - [07/Nov/2025:08:34:03 -0800] "GET /?fileloc=//etc/fail2ban/action.d/complain.conf&path=//etc/fail2ban/action.d HTTP/1.1" 200 4891 "-" "Mozilla/5.0 (compatible; MJ12bot/v1.4.8; http://mj12bot.com/)"
67.144.16.74 - - [07/Nov/2025:08:34:07 -0800] "GET /?fileloc=//etc/fail2ban/action.d/dshield.conf&path=//etc/fail2ban/action.d HTTP/1.1" 200 5635 "-" "Mozilla/5.0 (compatible; MJ12bot/v1.4.8; http://mj12bot.com/)"
67.144.16.74 - - [07/Nov/2025:08:34:11 -0800] "GET /?fileloc=//etc/fail2ban/action.d/dummy.conf&path=//etc/fail2ban/action.d HTTP/1.1" 200 3388 "-" "Mozilla/5.0 (compatible; MJ12bot/v1.4.8; http://mj12bot.com/)"
67.144.16.74 - - [07/Nov/2025:08:34:16 -0800] "GET /?fileloc=//etc/fail2ban/action.d/failcentral-dreamhost.conf&path=//etc/fail2ban/action.d HTTP/1.1" 200 3053 "-" "Mozilla/5.0 (compatible; MJ12bot/v1.4.8; http://mj12bot.com/)"
67.144.16.74 - - [07/Nov/2025:08:34:20 -0800] "GET /?fileloc=//etc/fail2ban/action.d/firewallcmd-allports.conf&path=//etc/fail2ban/action.d HTTP/1.1" 200 3272 "-" "Mozilla/5.0 (compatible; MJ12bot/v1.4.8; http://mj12bot.com/)"
67.144.16.74 - - [07/Nov/2025:08:34:25 -0800] "GET /?fileloc=//etc/fail2ban/action.d/firewallcmd-common.conf&path=//etc/fail2ban/action.d HTTP/1.1" 200 3782 "-" "Mozilla/5.0 (compatible; MJ12bot/v1.4.8; http://mj12bot.com/)"
67.144.16.74 - - [07/Nov/2025:08:34:29 -0800] "GET /?fileloc=//etc/fail2ban/action.d/firewallcmd-ipset.conf&path=//etc/fail2ban/action.d HTTP/1.1" 200 3951 "-" "Mozilla/5.0 (compatible; MJ12bot/v1.4.8; http://mj12bot.com/)"
67.144.16.74 - - [07/Nov/2025:08:34:33 -0800] "GET /?fileloc=//etc/fail2ban/action.d/firewallcmd-multiport.conf&path=//etc/fail2ban/action.d HTTP/1.1" 200 3240 "-" "Mozilla/5.0 (compatible; MJ12bot/v1.4.8; http://mj12bot.com/)"
67.144.16.74 - - [07/Nov/2025:08:34:37 -0800] "GET /?fileloc=//etc/fail2ban/action.d/firewallcmd-new.conf&path=//etc/fail2ban/action.d HTTP/1.1" 200 3433 "-" "Mozilla/5.0 (compatible; MJ12bot/v1.4.8; http://mj12bot.com/)"
67.144.16.74 - - [07/Nov/2025:08:34:43 -0800] "GET /?fileloc=//etc/fail2ban/action.d/firewallcmd-rich-logging.conf&path=//etc/fail2ban/action.d HTTP/1.1" 200 3439 "-" "Mozilla/5.0 (compatible; MJ12bot/v1.4.8; http://mj12bot.com/)"
67.144.16.74 - - [07/Nov/2025:08:34:48 -0800] "GET /?fileloc=//etc/fail2ban/action.d/firewallcmd-rich-rules.conf&path=//etc/fail2ban/action.d HTTP/1.1" 200 3590 "-" "Mozilla/5.0 (compatible; MJ12bot/v1.4.8; http://mj12bot.com/)"
67.144.16.74 - - [07/Nov/2025:08:34:52 -0800] "GET /?fileloc=//etc/fail2ban/action.d/helpers-common.conf&path=//etc/fail2ban/action.d HTTP/1.1" 200 3151 "-" "Mozilla/5.0 (compatible; MJ12bot/v1.4.8; http://mj12bot.com/)"
67.144.16.74 - - [07/Nov/2025:08:34:56 -0800] "GET /?fileloc=//etc/fail2ban/action.d/hostsdeny.conf&path=//etc/fail2ban/action.d HTTP/1.1" 200 3494 "-" "Mozilla/5.0 (compatible; MJ12bot/v1.4.8; http://mj12bot.com/)"
67.144.16.74 - - [07/Nov/2025:08:35:00 -0800] "GET /?fileloc=//etc/fail2ban/action.d/ipfilter.conf&path=//etc/fail2ban/action.d HTTP/1.1" 200 3437 "-" "Mozilla/5.0 (compatible; MJ12bot/v1.4.8; http://mj12bot.com/)"
67.144.16.74 - - [07/Nov/2025:08:35:04 -0800] "GET /?fileloc=//etc/fail2ban/action.d/ipfw.conf&path=//etc/fail2ban/action.d HTTP/1.1" 200 3409 "-" "Mozilla/5.0 (compatible; MJ12bot/v1.4.8; http://mj12bot.com/)"
67.144.16.74 - - [07/Nov/2025:08:35:08 -0800] "GET /?fileloc=//etc/fail2ban/action.d/iptables-allports.conf&path=//etc/fail2ban/action.d HTTP/1.1" 200 3366 "-" "Mozilla/5.0 (compatible; MJ12bot/v1.4.8; http://mj12bot.com/)"
67.144.16.74 - - [07/Nov/2025:08:35:13 -0800] "GET /?fileloc=//etc/fail2ban/action.d/iptables-common.conf&path=//etc/fail2ban/action.d HTTP/1.1" 200 3833 "-" "Mozilla/5.0 (compatible; MJ12bot/v1.4.8; http://mj12bot.com/)"
67.144.16.74 - - [07/Nov/2025:08:35:17 -0800] "GET /?fileloc=//etc/fail2ban/action.d/iptables-ipset-proto4.conf&path=//etc/fail2ban/action.d HTTP/1.1" 200 3627 "-" "Mozilla/5.0 (compatible; MJ12bot/v1.4.8; http://mj12bot.com/)"
67.144.16.74 - - [07/Nov/2025:08:35:21 -0800] "GET /?fileloc=//etc/fail2ban/action.d/iptables-ipset-proto6-allports.conf&path=//etc/fail2ban/action.d HTTP/1.1" 200 3932 "-" "Mozilla/5.0 (compatible; MJ12bot/v1.4.8; http://mj12bot.com/)"
67.144.16.74 - - [07/Nov/2025:08:35:25 -0800] "GET /?fileloc=//etc/fail2ban/action.d/iptables-ipset-proto6.conf&path=//etc/fail2ban/action.d HTTP/1.1" 200 3926 "-" "Mozilla/5.0 (compatible; MJ12bot/v1.4.8; http://mj12bot.com/)"
67.144.16.74 - - [07/Nov/2025:08:35:29 -0800] "GET /?fileloc=//etc/fail2ban/action.d/iptables-multiport-log.conf&path=//etc/fail2ban/action.d HTTP/1.1" 200 3552 "-" "Mozilla/5.0 (compatible; MJ12bot/v1.4.8; http://mj12bot.com/)"
67.144.16.74 - - [07/Nov/2025:08:35:33 -0800] "GET /?fileloc=//etc/fail2ban/action.d/iptables-multiport.conf&path=//etc/fail2ban/action.d HTTP/1.1" 200 3332 "-" "Mozilla/5.0 (compatible; MJ12bot/v1.4.8; http://mj12bot.com/)"
67.144.16.74 - - [07/Nov/2025:08:35:37 -0800] "GET /?fileloc=//etc/fail2ban/action.d/iptables-new.conf&path=//etc/fail2ban/action.d HTTP/1.1" 200 3383 "-" "Mozilla/5.0 (compatible; MJ12bot/v1.4.8; http://mj12bot.com/)"
67.144.16.74 - - [07/Nov/2025:08:35:41 -0800] "GET /?fileloc=//etc/fail2ban/action.d/iptables-string.conf&path=//etc/fail2ban/action.d HTTP/1.1" 200 3239 "-" "Mozilla/5.0 (compatible; MJ12bot/v1.4.8; http://mj12bot.com/)"
67.144.16.74 - - [07/Nov/2025:08:35:46 -0800] "GET /?fileloc=//etc/fail2ban/action.d/iptables-xt_recent-echo.conf&path=//etc/fail2ban/action.d HTTP/1.1" 200 3918 "-" "Mozilla/5.0 (compatible; MJ12bot/v1.4.8; http://mj12bot.com/)"
67.144.16.74 - - [07/Nov/2025:08:35:50 -0800] "GET /?fileloc=//etc/fail2ban/action.d/iptables.conf&path=//etc/fail2ban/action.d HTTP/1.1" 200 3289 "-" "Mozilla/5.0 (compatible; MJ12bot/v1.4.8; http://mj12bot.com/)"
67.144.16.74 - - [07/Nov/2025:08:35:54 -0800] "GET /?fileloc=//etc/fail2ban/action.d/mail-buffered.conf&path=//etc/fail2ban/action.d HTTP/1.1" 200 3616 "-" "Mozilla/5.0 (compatible; MJ12bot/v1.4.8; http://mj12bot.com/)"
43.131.23.154 - - [07/Nov/2025:08:35:56 -0800] "GET /?path=/home/dh_hwg2wc/fnaluxury.com/wp-includes HTTP/1.1" 429 448 "-" "Mozilla/5.0 (iPhone; CPU iPhone OS 13_2_3 like Mac OS X) AppleWebKit/605.1.15 (KHTML, like Gecko) Version/13.0.3 Mobile/15E148 Safari/604.1"
67.144.16.74 - - [07/Nov/2025:08:35:58 -0800] "GET /?fileloc=//etc/fail2ban/action.d/mail-whois-common.conf&path=//etc/fail2ban/action.d HTTP/1.1" 200 3321 "-" "Mozilla/5.0 (compatible; MJ12bot/v1.4.8; http://mj12bot.com/)"
67.144.16.74 - - [07/Nov/2025:08:36:02 -0800] "GET /?fileloc=//etc/fail2ban/action.d/mail-whois-lines.conf&path=//etc/fail2ban/action.d HTTP/1.1" 200 3732 "-" "Mozilla/5.0 (compatible; MJ12bot/v1.4.8; http://mj12bot.com/)"
67.144.16.74 - - [07/Nov/2025:08:36:06 -0800] "GET /?fileloc=//etc/fail2ban/action.d/mail-whois.conf&path=//etc/fail2ban/action.d HTTP/1.1" 200 3452 "-" "Mozilla/5.0 (compatible; MJ12bot/v1.4.8; http://mj12bot.com/)"
67.144.16.74 - - [07/Nov/2025:08:36:11 -0800] "GET /?fileloc=//etc/fail2ban/action.d/mail.conf&path=//etc/fail2ban/action.d HTTP/1.1" 200 3383 "-" "Mozilla/5.0 (compatible; MJ12bot/v1.4.8; http://mj12bot.com/)"
67.144.16.74 - - [07/Nov/2025:08:36:15 -0800] "GET /?fileloc=//etc/fail2ban/action.d/mynetwatchman.conf&path=//etc/fail2ban/action.d HTTP/1.1" 200 5049 "-" "Mozilla/5.0 (compatible; MJ12bot/v1.4.8; http://mj12bot.com/)"
67.144.16.74 - - [07/Nov/2025:08:36:19 -0800] "GET /?fileloc=//etc/fail2ban/action.d/ndn-central-action.conf&path=//etc/fail2ban/action.d HTTP/1.1" 200 2918 "-" "Mozilla/5.0 (compatible; MJ12bot/v1.4.8; http://mj12bot.com/)"
67.144.16.74 - - [07/Nov/2025:08:36:23 -0800] "GET /?fileloc=//etc/fail2ban/action.d/ndn-fail2ban-central.pl&path=//etc/fail2ban/action.d HTTP/1.1" 200 4524 "-" "Mozilla/5.0 (compatible; MJ12bot/v1.4.8; http://mj12bot.com/)"
67.144.16.74 - - [07/Nov/2025:08:36:27 -0800] "GET /?fileloc=//etc/fail2ban/action.d/netscaler.conf&path=//etc/fail2ban/action.d HTTP/1.1" 200 3540 "-" "Mozilla/5.0 (compatible; MJ12bot/v1.4.8; http://mj12bot.com/)"
67.144.16.74 - - [07/Nov/2025:08:36:31 -0800] "GET /?fileloc=//etc/fail2ban/action.d/nftables-allports.conf&path=//etc/fail2ban/action.d HTTP/1.1" 200 3013 "-" "Mozilla/5.0 (compatible; MJ12bot/v1.4.8; http://mj12bot.com/)"
67.144.16.74 - - [07/Nov/2025:08:36:35 -0800] "GET /?fileloc=//etc/fail2ban/action.d/nftables-multiport.conf&path=//etc/fail2ban/action.d HTTP/1.1" 200 3012 "-" "Mozilla/5.0 (compatible; MJ12bot/v1.4.8; http://mj12bot.com/)"
67.144.16.74 - - [07/Nov/2025:08:36:39 -0800] "GET /?fileloc=//etc/fail2ban/action.d/nftables.conf&path=//etc/fail2ban/action.d HTTP/1.1" 200 4937 "-" "Mozilla/5.0 (compatible; MJ12bot/v1.4.8; http://mj12bot.com/)"
144.76.19.157 - - [07/Nov/2025:08:36:40 -0800] "GET /invoice/invoice-139/?fileloc=/hs_err_pid1666955.log&path=/ HTTP/1.1" 200 10698 "-" "Mozilla/5.0 (compatible; BLEXBot/1.0; +https://help.seranking.com/en/blex-crawler)"
67.144.16.74 - - [07/Nov/2025:08:36:44 -0800] "GET /?fileloc=//etc/fail2ban/action.d/nginx-block-map.conf&path=//etc/fail2ban/action.d HTTP/1.1" 200 4386 "-" "Mozilla/5.0 (compatible; MJ12bot/v1.4.8; http://mj12bot.com/)"
67.144.16.74 - - [07/Nov/2025:08:36:48 -0800] "GET /?fileloc=//etc/fail2ban/action.d/npf.conf&path=//etc/fail2ban/action.d HTTP/1.1" 200 3341 "-" "Mozilla/5.0 (compatible; MJ12bot/v1.4.8; http://mj12bot.com/)"
67.144.16.74 - - [07/Nov/2025:08:36:52 -0800] "GET /?fileloc=//etc/fail2ban/action.d/nsupdate.conf&path=//etc/fail2ban/action.d HTTP/1.1" 200 4034 "-" "Mozilla/5.0 (compatible; MJ12bot/v1.4.8; http://mj12bot.com/)"
67.144.16.74 - - [07/Nov/2025:08:36:56 -0800] "GET /?fileloc=//etc/fail2ban/action.d/osx-afctl.conf&path=//etc/fail2ban/action.d HTTP/1.1" 200 3082 "-" "Mozilla/5.0 (compatible; MJ12bot/v1.4.8; http://mj12bot.com/)"
67.144.16.74 - - [07/Nov/2025:08:37:00 -0800] "GET /?fileloc=//etc/fail2ban/action.d/osx-ipfw.conf&path=//etc/fail2ban/action.d HTTP/1.1" 200 3780 "-" "Mozilla/5.0 (compatible; MJ12bot/v1.4.8; http://mj12bot.com/)"
67.144.16.74 - - [07/Nov/2025:08:37:04 -0800] "GET /?fileloc=//etc/fail2ban/action.d/pf.conf&path=//etc/fail2ban/action.d HTTP/1.1" 200 4274 "-" "Mozilla/5.0 (compatible; MJ12bot/v1.4.8; http://mj12bot.com/)"
67.144.16.74 - - [07/Nov/2025:08:37:08 -0800] "GET /?fileloc=//etc/fail2ban/action.d/route.conf&path=//etc/fail2ban/action.d HTTP/1.1" 200 3348 "-" "Mozilla/5.0 (compatible; MJ12bot/v1.4.8; http://mj12bot.com/)"
67.144.16.74 - - [07/Nov/2025:08:37:12 -0800] "GET /?fileloc=//etc/fail2ban/action.d/sendmail-buffered.conf&path=//etc/fail2ban/action.d HTTP/1.1" 200 3679 "-" "Mozilla/5.0 (compatible; MJ12bot/v1.4.8; http://mj12bot.com/)"
67.144.16.74 - - [07/Nov/2025:08:37:17 -0800] "GET /?fileloc=//etc/fail2ban/action.d/sendmail-common.conf&path=//etc/fail2ban/action.d HTTP/1.1" 200 3472 "-" "Mozilla/5.0 (compatible; MJ12bot/v1.4.8; http://mj12bot.com/)"
67.144.16.74 - - [07/Nov/2025:08:37:21 -0800] "GET /?fileloc=//etc/fail2ban/action.d/sendmail-geoip-lines.conf&path=//etc/fail2ban/action.d HTTP/1.1" 200 3702 "-" "Mozilla/5.0 (compatible; MJ12bot/v1.4.8; http://mj12bot.com/)"
67.144.16.74 - - [07/Nov/2025:08:37:25 -0800] "GET /?fileloc=//etc/fail2ban/action.d/sendmail-whois-ipjailmatches.conf&path=//etc/fail2ban/action.d HTTP/1.1" 200 3379 "-" "Mozilla/5.0 (compatible; MJ12bot/v1.4.8; http://mj12bot.com/)"
67.144.16.74 - - [07/Nov/2025:08:37:29 -0800] "GET /?fileloc=//etc/fail2ban/action.d/sendmail-whois-ipmatches.conf&path=//etc/fail2ban/action.d HTTP/1.1" 200 3371 "-" "Mozilla/5.0 (compatible; MJ12bot/v1.4.8; http://mj12bot.com/)"
67.144.16.74 - - [07/Nov/2025:08:37:33 -0800] "GET /?fileloc=//etc/fail2ban/action.d/sendmail-whois-lines.conf&path=//etc/fail2ban/action.d HTTP/1.1" 200 3491 "-" "Mozilla/5.0 (compatible; MJ12bot/v1.4.8; http://mj12bot.com/)"
67.144.16.74 - - [07/Nov/2025:08:37:37 -0800] "GET /?fileloc=//etc/fail2ban/action.d/sendmail-whois-matches.conf&path=//etc/fail2ban/action.d HTTP/1.1" 200 3357 "-" "Mozilla/5.0 (compatible; MJ12bot/v1.4.8; http://mj12bot.com/)"
144.76.19.157 - - [07/Nov/2025:08:37:41 -0800] "GET /agent/samuel-palmer/?fileloc=/hs_err_pid2155801.log&path=/ HTTP/1.1" 200 11126 "-" "Mozilla/5.0 (compatible; BLEXBot/1.0; +https://help.seranking.com/en/blex-crawler)"
67.144.16.74 - - [07/Nov/2025:08:37:41 -0800] "GET /?fileloc=//etc/fail2ban/action.d/sendmail-whois.conf&path=//etc/fail2ban/action.d HTTP/1.1" 200 3337 "-" "Mozilla/5.0 (compatible; MJ12bot/v1.4.8; http://mj12bot.com/)"
67.144.16.74 - - [07/Nov/2025:08:37:46 -0800] "GET /?fileloc=//etc/fail2ban/action.d/sendmail.conf&path=//etc/fail2ban/action.d HTTP/1.1" 200 3290 "-" "Mozilla/5.0 (compatible; MJ12bot/v1.4.8; http://mj12bot.com/)"
67.144.16.74 - - [07/Nov/2025:08:37:50 -0800] "GET /?fileloc=//etc/fail2ban/action.d/shorewall-ipset-proto6.conf&path=//etc/fail2ban/action.d HTTP/1.1" 200 4240 "-" "Mozilla/5.0 (compatible; MJ12bot/v1.4.8; http://mj12bot.com/)"
67.144.16.74 - - [07/Nov/2025:08:37:54 -0800] "GET /?fileloc=//etc/fail2ban/action.d/shorewall.conf&path=//etc/fail2ban/action.d HTTP/1.1" 200 3616 "-" "Mozilla/5.0 (compatible; MJ12bot/v1.4.8; http://mj12bot.com/)"
67.144.16.74 - - [07/Nov/2025:08:37:58 -0800] "GET /?fileloc=//etc/fail2ban/action.d/smtp.py&path=//etc/fail2ban/action.d HTTP/1.1" 200 5170 "-" "Mozilla/5.0 (compatible; MJ12bot/v1.4.8; http://mj12bot.com/)"
67.144.16.74 - - [07/Nov/2025:08:38:03 -0800] "GET /?fileloc=//etc/fail2ban/action.d/symbiosis-blacklist-allports.conf&path=//etc/fail2ban/action.d HTTP/1.1" 200 3368 "-" "Mozilla/5.0 (compatible; MJ12bot/v1.4.8; http://mj12bot.com/)"
67.144.16.74 - - [07/Nov/2025:08:38:08 -0800] "GET /?fileloc=//etc/fail2ban/action.d/ufw.conf&path=//etc/fail2ban/action.d HTTP/1.1" 200 3296 "-" "Mozilla/5.0 (compatible; MJ12bot/v1.4.8; http://mj12bot.com/)"
67.144.16.74 - - [07/Nov/2025:08:38:13 -0800] "GET /?fileloc=//etc/fail2ban/action.d/xarf-login-attack.conf&path=//etc/fail2ban/action.d HTTP/1.1" 200 5648 "-" "Mozilla/5.0 (compatible; MJ12bot/v1.4.8; http://mj12bot.com/)"
67.144.16.74 - - [07/Nov/2025:08:38:23 -0800] "GET /?fileloc=//etc/fail2ban/filter.d/3proxy.conf&path=//etc/fail2ban/filter.d HTTP/1.1" 200 3172 "-" "Mozilla/5.0 (compatible; MJ12bot/v1.4.8; http://mj12bot.com/)"
67.144.16.74 - - [07/Nov/2025:08:38:28 -0800] "GET /?fileloc=//etc/fail2ban/filter.d/418.conf&path=//etc/fail2ban/filter.d HTTP/1.1" 200 3201 "-" "Mozilla/5.0 (compatible; MJ12bot/v1.4.8; http://mj12bot.com/)"
67.144.16.74 - - [07/Nov/2025:08:38:32 -0800] "GET /?fileloc=//etc/fail2ban/filter.d/503.conf&path=//etc/fail2ban/filter.d HTTP/1.1" 200 3116 "-" "Mozilla/5.0 (compatible; MJ12bot/v1.4.8; http://mj12bot.com/)"
67.144.16.74 - - [07/Nov/2025:08:38:37 -0800] "GET /?fileloc=//etc/fail2ban/filter.d/apache-auth.conf&path=//etc/fail2ban/filter.d HTTP/1.1" 200 4335 "-" "Mozilla/5.0 (compatible; MJ12bot/v1.4.8; http://mj12bot.com/)"
144.76.19.157 - - [07/Nov/2025:08:38:41 -0800] "GET /rent/?path=/home/dh_hwg2wc/fnaluxury.com/wp-includes/fonts HTTP/1.1" 200 3713 "-" "Mozilla/5.0 (compatible; BLEXBot/1.0; +https://help.seranking.com/en/blex-crawler)"
67.144.16.74 - - [07/Nov/2025:08:38:42 -0800] "GET /?fileloc=//etc/fail2ban/filter.d/apache-badbots.conf&path=//etc/fail2ban/filter.d HTTP/1.1" 200 4274 "-" "Mozilla/5.0 (compatible; MJ12bot/v1.4.8; http://mj12bot.com/)"
67.144.16.74 - - [07/Nov/2025:08:38:47 -0800] "GET /?fileloc=//etc/fail2ban/filter.d/apache-botsearch.conf&path=//etc/fail2ban/filter.d HTTP/1.1" 200 3451 "-" "Mozilla/5.0 (compatible; MJ12bot/v1.4.8; http://mj12bot.com/)"
67.144.16.74 - - [07/Nov/2025:08:38:52 -0800] "GET /?fileloc=//etc/fail2ban/filter.d/apache-common.conf&path=//etc/fail2ban/filter.d HTTP/1.1" 200 3654 "-" "Mozilla/5.0 (compatible; MJ12bot/v1.4.8; http://mj12bot.com/)"
67.144.16.74 - - [07/Nov/2025:08:38:57 -0800] "GET /?fileloc=//etc/fail2ban/filter.d/apache-fakegooglebot.conf&path=//etc/fail2ban/filter.d HTTP/1.1" 200 3010 "-" "Mozilla/5.0 (compatible; MJ12bot/v1.4.8; http://mj12bot.com/)"
67.144.16.74 - - [07/Nov/2025:08:39:03 -0800] "GET /?fileloc=//etc/fail2ban/filter.d/apache-modsecurity.conf&path=//etc/fail2ban/filter.d HTTP/1.1" 200 3124 "-" "Mozilla/5.0 (compatible; MJ12bot/v1.4.8; http://mj12bot.com/)"
67.144.16.74 - - [07/Nov/2025:08:39:09 -0800] "GET /?fileloc=//etc/fail2ban/filter.d/apache-nohome.conf&path=//etc/fail2ban/filter.d HTTP/1.1" 200 3177 "-" "Mozilla/5.0 (compatible; MJ12bot/v1.4.8; http://mj12bot.com/)"
67.144.16.74 - - [07/Nov/2025:08:39:15 -0800] "GET /?fileloc=//etc/fail2ban/filter.d/apache-noscript.conf&path=//etc/fail2ban/filter.d HTTP/1.1" 200 3515 "-" "Mozilla/5.0 (compatible; MJ12bot/v1.4.8; http://mj12bot.com/)"
67.144.16.74 - - [07/Nov/2025:08:39:20 -0800] "GET /?fileloc=//etc/fail2ban/filter.d/apache-overflows.conf&path=//etc/fail2ban/filter.d HTTP/1.1" 200 3627 "-" "Mozilla/5.0 (compatible; MJ12bot/v1.4.8; http://mj12bot.com/)"
67.144.16.74 - - [07/Nov/2025:08:39:25 -0800] "GET /?fileloc=//etc/fail2ban/filter.d/apache-pass.conf&path=//etc/fail2ban/filter.d HTTP/1.1" 200 3045 "-" "Mozilla/5.0 (compatible; MJ12bot/v1.4.8; http://mj12bot.com/)"
67.144.16.74 - - [07/Nov/2025:08:39:30 -0800] "GET /?fileloc=//etc/fail2ban/filter.d/apache-shellshock.conf&path=//etc/fail2ban/filter.d HTTP/1.1" 200 3343 "-" "Mozilla/5.0 (compatible; MJ12bot/v1.4.8; http://mj12bot.com/)"
67.144.16.74 - - [07/Nov/2025:08:39:34 -0800] "GET /?fileloc=//etc/fail2ban/filter.d/assp.conf&path=//etc/fail2ban/filter.d HTTP/1.1" 200 4125 "-" "Mozilla/5.0 (compatible; MJ12bot/v1.4.8; http://mj12bot.com/)"
67.144.16.74 - - [07/Nov/2025:08:39:39 -0800] "GET /?fileloc=//etc/fail2ban/filter.d/asterisk.conf&path=//etc/fail2ban/filter.d HTTP/1.1" 200 4071 "-" "Mozilla/5.0 (compatible; MJ12bot/v1.4.8; http://mj12bot.com/)"
67.144.16.74 - - [07/Nov/2025:08:39:43 -0800] "GET /?fileloc=//etc/fail2ban/filter.d/bitwarden.conf&path=//etc/fail2ban/filter.d HTTP/1.1" 200 3065 "-" "Mozilla/5.0 (compatible; MJ12bot/v1.4.8; http://mj12bot.com/)"
67.144.16.74 - - [07/Nov/2025:08:39:48 -0800] "GET /?fileloc=//etc/fail2ban/filter.d/bot-shells.conf&path=//etc/fail2ban/filter.d HTTP/1.1" 200 3122 "-" "Mozilla/5.0 (compatible; MJ12bot/v1.4.8; http://mj12bot.com/)"
67.144.16.74 - - [07/Nov/2025:08:39:52 -0800] "GET /?fileloc=//etc/fail2ban/filter.d/botsearch-common.conf&path=//etc/fail2ban/filter.d HTTP/1.1" 200 3152 "-" "Mozilla/5.0 (compatible; MJ12bot/v1.4.8; http://mj12bot.com/)"
67.144.16.74 - - [07/Nov/2025:08:39:57 -0800] "GET /?fileloc=//etc/fail2ban/filter.d/centreon.conf&path=//etc/fail2ban/filter.d HTTP/1.1" 200 3002 "-" "Mozilla/5.0 (compatible; MJ12bot/v1.4.8; http://mj12bot.com/)"
67.144.16.74 - - [07/Nov/2025:08:40:01 -0800] "GET /?fileloc=//etc/fail2ban/filter.d/common.conf&path=//etc/fail2ban/filter.d HTTP/1.1" 200 4166 "-" "Mozilla/5.0 (compatible; MJ12bot/v1.4.8; http://mj12bot.com/)"
67.144.16.74 - - [07/Nov/2025:08:40:06 -0800] "GET /?fileloc=//etc/fail2ban/filter.d/counter-strike.conf&path=//etc/fail2ban/filter.d HTTP/1.1" 200 2967 "-" "Mozilla/5.0 (compatible; MJ12bot/v1.4.8; http://mj12bot.com/)"
67.144.16.74 - - [07/Nov/2025:08:40:10 -0800] "GET /?fileloc=//etc/fail2ban/filter.d/courier-auth.conf&path=//etc/fail2ban/filter.d HTTP/1.1" 200 3129 "-" "Mozilla/5.0 (compatible; MJ12bot/v1.4.8; http://mj12bot.com/)"
67.144.16.74 - - [07/Nov/2025:08:40:15 -0800] "GET /?fileloc=//etc/fail2ban/filter.d/courier-smtp.conf&path=//etc/fail2ban/filter.d HTTP/1.1" 200 3156 "-" "Mozilla/5.0 (compatible; MJ12bot/v1.4.8; http://mj12bot.com/)"
67.144.16.74 - - [07/Nov/2025:08:40:19 -0800] "GET /?fileloc=//etc/fail2ban/filter.d/cyrus-imap.conf&path=//etc/fail2ban/filter.d HTTP/1.1" 200 3095 "-" "Mozilla/5.0 (compatible; MJ12bot/v1.4.8; http://mj12bot.com/)"
67.144.16.74 - - [07/Nov/2025:08:40:23 -0800] "GET /?fileloc=//etc/fail2ban/filter.d/directadmin.conf&path=//etc/fail2ban/filter.d HTTP/1.1" 200 3006 "-" "Mozilla/5.0 (compatible; MJ12bot/v1.4.8; http://mj12bot.com/)"
67.144.16.74 - - [07/Nov/2025:08:40:28 -0800] "GET /?fileloc=//etc/fail2ban/filter.d/domino-smtp.conf&path=//etc/fail2ban/filter.d HTTP/1.1" 200 3791 "-" "Mozilla/5.0 (compatible; MJ12bot/v1.4.8; http://mj12bot.com/)"
67.144.16.74 - - [07/Nov/2025:08:40:32 -0800] "GET /?fileloc=//etc/fail2ban/filter.d/dovecot.conf&path=//etc/fail2ban/filter.d HTTP/1.1" 200 4067 "-" "Mozilla/5.0 (compatible; MJ12bot/v1.4.8; http://mj12bot.com/)"
67.144.16.74 - - [07/Nov/2025:08:40:36 -0800] "GET /?fileloc=//etc/fail2ban/filter.d/dropbear.conf&path=//etc/fail2ban/filter.d HTTP/1.1" 200 3726 "-" "Mozilla/5.0 (compatible; MJ12bot/v1.4.8; http://mj12bot.com/)"
67.144.16.74 - - [07/Nov/2025:08:40:40 -0800] "GET /?fileloc=//etc/fail2ban/filter.d/drupal-auth.conf&path=//etc/fail2ban/filter.d HTTP/1.1" 200 3176 "-" "Mozilla/5.0 (compatible; MJ12bot/v1.4.8; http://mj12bot.com/)"
67.144.16.74 - - [07/Nov/2025:08:40:44 -0800] "GET /?fileloc=//etc/fail2ban/filter.d/ejabberd-auth.conf&path=//etc/fail2ban/filter.d HTTP/1.1" 200 3637 "-" "Mozilla/5.0 (compatible; MJ12bot/v1.4.8; http://mj12bot.com/)"
67.144.16.74 - - [07/Nov/2025:08:40:49 -0800] "GET /?fileloc=//etc/fail2ban/filter.d/exim-common.conf&path=//etc/fail2ban/filter.d HTTP/1.1" 200 3126 "-" "Mozilla/5.0 (compatible; MJ12bot/v1.4.8; http://mj12bot.com/)"
67.144.16.74 - - [07/Nov/2025:08:40:54 -0800] "GET /?fileloc=//etc/fail2ban/filter.d/exim-spam.conf&path=//etc/fail2ban/filter.d HTTP/1.1" 200 3833 "-" "Mozilla/5.0 (compatible; MJ12bot/v1.4.8; http://mj12bot.com/)"
67.144.16.74 - - [07/Nov/2025:08:40:59 -0800] "GET /?fileloc=//etc/fail2ban/filter.d/exim.conf&path=//etc/fail2ban/filter.d HTTP/1.1" 200 4156 "-" "Mozilla/5.0 (compatible; MJ12bot/v1.4.8; http://mj12bot.com/)"
67.144.16.74 - - [07/Nov/2025:08:41:03 -0800] "GET /?fileloc=//etc/fail2ban/filter.d/freeswitch.conf&path=//etc/fail2ban/filter.d HTTP/1.1" 200 3844 "-" "Mozilla/5.0 (compatible; MJ12bot/v1.4.8; http://mj12bot.com/)"
67.144.16.74 - - [07/Nov/2025:08:41:08 -0800] "GET /?fileloc=//etc/fail2ban/filter.d/froxlor-auth.conf&path=//etc/fail2ban/filter.d HTTP/1.1" 200 3433 "-" "Mozilla/5.0 (compatible; MJ12bot/v1.4.8; http://mj12bot.com/)"
67.144.16.74 - - [07/Nov/2025:08:41:12 -0800] "GET /?fileloc=//etc/fail2ban/filter.d/gitlab.conf&path=//etc/fail2ban/filter.d HTTP/1.1" 200 2935 "-" "Mozilla/5.0 (compatible; MJ12bot/v1.4.8; http://mj12bot.com/)"
67.144.16.74 - - [07/Nov/2025:08:41:17 -0800] "GET /?fileloc=//etc/fail2ban/filter.d/grafana.conf&path=//etc/fail2ban/filter.d HTTP/1.1" 200 3062 "-" "Mozilla/5.0 (compatible; MJ12bot/v1.4.8; http://mj12bot.com/)"
67.144.16.74 - - [07/Nov/2025:08:41:21 -0800] "GET /?fileloc=//etc/fail2ban/filter.d/groupoffice.conf&path=//etc/fail2ban/filter.d HTTP/1.1" 200 2960 "-" "Mozilla/5.0 (compatible; MJ12bot/v1.4.8; http://mj12bot.com/)"
67.144.16.74 - - [07/Nov/2025:08:41:25 -0800] "GET /?fileloc=//etc/fail2ban/filter.d/gssftpd.conf&path=//etc/fail2ban/filter.d HTTP/1.1" 200 3002 "-" "Mozilla/5.0 (compatible; MJ12bot/v1.4.8; http://mj12bot.com/)"
144.76.19.157 - - [07/Nov/2025:08:42:45 -0800] "GET /invoice/invoice-139/?fileloc=/hs_err_pid2155801.log&path=/ HTTP/1.1" 200 11126 "-" "Mozilla/5.0 (compatible; BLEXBot/1.0; +https://help.seranking.com/en/blex-crawler)"
144.76.19.157 - - [07/Nov/2025:08:43:46 -0800] "GET /agent/samuel-palmer/?fileloc=/hs_err_pid2251798.log&path=/ HTTP/1.1" 200 10710 "-" "Mozilla/5.0 (compatible; BLEXBot/1.0; +https://help.seranking.com/en/blex-crawler)"
144.76.19.157 - - [07/Nov/2025:08:46:48 -0800] "GET /invoice/invoice-139/?fileloc=/hs_err_pid2251798.log&path=/ HTTP/1.1" 200 10710 "-" "Mozilla/5.0 (compatible; BLEXBot/1.0; +https://help.seranking.com/en/blex-crawler)"
144.76.19.157 - - [07/Nov/2025:08:47:49 -0800] "GET /agents-2/?path=/home/dh_hwg2wc/fnaluxury.com/.dh-diag/diag HTTP/1.1" 200 3293 "-" "Mozilla/5.0 (compatible; BLEXBot/1.0; +https://help.seranking.com/en/blex-crawler)"
144.76.19.157 - - [07/Nov/2025:08:50:49 -0800] "GET /invoice/invoice-144/?fileloc=/hs_err_pid1155819.log&path=/ HTTP/1.1" 200 10488 "-" "Mozilla/5.0 (compatible; BLEXBot/1.0; +https://help.seranking.com/en/blex-crawler)"
144.76.19.157 - - [07/Nov/2025:08:51:50 -0800] "GET /agents-2/?path=/home/dh_hwg2wc/fnaluxury.com/images/images HTTP/1.1" 200 3388 "-" "Mozilla/5.0 (compatible; BLEXBot/1.0; +https://help.seranking.com/en/blex-crawler)"
144.76.19.157 - - [07/Nov/2025:08:54:51 -0800] "GET /invoice/invoice-144/?fileloc=/hs_err_pid1579381.log&path=/ HTTP/1.1" 200 10694 "-" "Mozilla/5.0 (compatible; BLEXBot/1.0; +https://help.seranking.com/en/blex-crawler)"
144.76.19.157 - - [07/Nov/2025:08:55:50 -0800] "GET /agents-2/?path=/home/dh_hwg2wc/fnaluxury.com/wp-admin/user HTTP/1.1" 200 3685 "-" "Mozilla/5.0 (compatible; BLEXBot/1.0; +https://help.seranking.com/en/blex-crawler)"
170.106.140.110 - - [07/Nov/2025:08:57:28 -0800] "GET /?fileloc=/home/dh_hwg2wc/fnaluxury.com/robots.txt&path=/home/dh_hwg2wc/fnaluxury.com HTTP/1.1" 200 2847 "-" "Mozilla/5.0 (iPhone; CPU iPhone OS 13_2_3 like Mac OS X) AppleWebKit/605.1.15 (KHTML, like Gecko) Version/13.0.3 Mobile/15E148 Safari/604.1"
51.68.111.243 - - [07/Nov/2025:08:58:26 -0800] "GET /robots.txt HTTP/1.1" 200 521 "-" "Mozilla/5.0 (compatible; MJ12bot/v2.0.4; http://mj12bot.com/)"
51.68.111.243 - - [07/Nov/2025:08:58:26 -0800] "GET / HTTP/1.1" 200 4470 "-" "Mozilla/5.0 (compatible; MJ12bot/v2.0.4; http://mj12bot.com/)"
144.76.19.157 - - [07/Nov/2025:08:59:46 -0800] "GET /invoice/invoice-144/?fileloc=/hs_err_pid1666955.log&path=/ HTTP/1.1" 200 10698 "-" "Mozilla/5.0 (compatible; BLEXBot/1.0; +https://help.seranking.com/en/blex-crawler)"
144.76.19.157 - - [07/Nov/2025:09:00:46 -0800] "GET /invoice/invoice-144/?fileloc=/hs_err_pid2155801.log&path=/ HTTP/1.1" 200 11126 "-" "Mozilla/5.0 (compatible; BLEXBot/1.0; +https://help.seranking.com/en/blex-crawler)"
144.76.19.157 - - [07/Nov/2025:09:02:43 -0800] "GET /invoice/invoice-144/?fileloc=/hs_err_pid2251798.log&path=/ HTTP/1.1" 200 10688 "-" "Mozilla/5.0 (compatible; BLEXBot/1.0; +https://help.seranking.com/en/blex-crawler)"
144.76.19.157 - - [07/Nov/2025:09:04:43 -0800] "GET /property-type/commercial-floor/?fileloc=/_buffer%20&path=/ HTTP/1.1" 200 2811 "-" "Mozilla/5.0 (compatible; BLEXBot/1.0; +https://help.seranking.com/en/blex-crawler)"
144.76.19.157 - - [07/Nov/2025:09:06:42 -0800] "GET /property/1-bhk-fully-furnished-prime-location/?path=/libx32 HTTP/1.1" 200 2879 "-" "Mozilla/5.0 (compatible; BLEXBot/1.0; +https://help.seranking.com/en/blex-crawler)"
43.128.156.124 - - [07/Nov/2025:09:06:54 -0800] "GET /?fileloc=/home/dh_hwg2wc/fnaluxury.com/wp-cron.php&path=/home/dh_hwg2wc/fnaluxury.com HTTP/1.1" 200 4926 "-" "Mozilla/5.0 (iPhone; CPU iPhone OS 13_2_3 like Mac OS X) AppleWebKit/605.1.15 (KHTML, like Gecko) Version/13.0.3 Mobile/15E148 Safari/604.1"
144.76.19.157 - - [07/Nov/2025:09:08:42 -0800] "GET /feature/barbecue-area/?fileloc=/hs_err_pid211711.log&path=/ HTTP/1.1" 200 10670 "-" "Mozilla/5.0 (compatible; BLEXBot/1.0; +https://help.seranking.com/en/blex-crawler)"
144.76.19.157 - - [07/Nov/2025:09:10:44 -0800] "GET /2016/?path=/home/dh_hwg2wc/fnaluxury.com/wp-content/plugins HTTP/1.1" 200 4638 "-" "Mozilla/5.0 (compatible; BLEXBot/1.0; +https://help.seranking.com/en/blex-crawler)"
144.76.19.157 - - [07/Nov/2025:09:12:47 -0800] "GET /property/?path=/home/dh_hwg2wc/fnaluxury.com/wp-admin/maint HTTP/1.1" 200 3268 "-" "Mozilla/5.0 (compatible; BLEXBot/1.0; +https://help.seranking.com/en/blex-crawler)"
144.76.19.157 - - [07/Nov/2025:09:13:50 -0800] "GET /2016/?path=/home/dh_hwg2wc/fnaluxury.com/wp-content/upgrade HTTP/1.1" 200 2914 "-" "Mozilla/5.0 (compatible; BLEXBot/1.0; +https://help.seranking.com/en/blex-crawler)"
144.76.19.157 - - [07/Nov/2025:09:14:51 -0800] "GET /feature/barbecue-area/?fileloc=/hs_err_pid758221.log&path=/ HTTP/1.1" 200 10483 "-" "Mozilla/5.0 (compatible; BLEXBot/1.0; +https://help.seranking.com/en/blex-crawler)"
43.135.142.7 - - [07/Nov/2025:09:17:57 -0800] "GET /?fileloc=/home/dh_hwg2wc/fnaluxury.com/wp-settings.php&path=/home/dh_hwg2wc/fnaluxury.com HTTP/1.1" 200 9129 "-" "Mozilla/5.0 (iPhone; CPU iPhone OS 13_2_3 like Mac OS X) AppleWebKit/605.1.15 (KHTML, like Gecko) Version/13.0.3 Mobile/15E148 Safari/604.1"
144.76.19.157 - - [07/Nov/2025:09:18:44 -0800] "GET /property/?path=/home/dh_hwg2wc/fnaluxury.com/wp-includes/js HTTP/1.1" 200 7953 "-" "Mozilla/5.0 (compatible; BLEXBot/1.0; +https://help.seranking.com/en/blex-crawler)"
144.76.19.157 - - [07/Nov/2025:09:19:43 -0800] "GET /2016/?path=/home/dh_hwg2wc/fnaluxury.com/wp-content/uploads HTTP/1.1" 200 3780 "-" "Mozilla/5.0 (compatible; BLEXBot/1.0; +https://help.seranking.com/en/blex-crawler)"
144.76.19.157 - - [07/Nov/2025:09:20:41 -0800] "GET /feature/barbecue-area/?fileloc=/hs_err_pid901582.log&path=/ HTTP/1.1" 200 10583 "-" "Mozilla/5.0 (compatible; BLEXBot/1.0; +https://help.seranking.com/en/blex-crawler)"
144.76.19.157 - - [07/Nov/2025:09:24:34 -0800] "GET /property/?path=/home/dh_hwg2wc/fnaluxury.com_20241117233659 HTTP/1.1" 200 4463 "-" "Mozilla/5.0 (compatible; BLEXBot/1.0; +https://help.seranking.com/en/blex-crawler)"
144.76.19.157 - - [07/Nov/2025:09:25:33 -0800] "GET /2016/?path=/home/dh_hwg2wc/fnaluxury.com/wp-includes/assets HTTP/1.1" 200 3583 "-" "Mozilla/5.0 (compatible; BLEXBot/1.0; +https://help.seranking.com/en/blex-crawler)"
216.244.66.228 - - [07/Nov/2025:09:26:02 -0800] "GET /robots.txt HTTP/1.1" 200 433 "-" "Mozilla/5.0 (compatible; DotBot/1.2; +https://opensiteexplorer.org/dotbot; help@moz.com)"
43.130.116.87 - - [07/Nov/2025:09:27:30 -0800] "GET /?path=/home/dh_hwg2wc/fnaluxury.com/images/images HTTP/1.1" 200 3351 "-" "Mozilla/5.0 (iPhone; CPU iPhone OS 13_2_3 like Mac OS X) AppleWebKit/605.1.15 (KHTML, like Gecko) Version/13.0.3 Mobile/15E148 Safari/604.1"
144.76.19.157 - - [07/Nov/2025:09:29:23 -0800] "GET /feature/drivers-room/?fileloc=/hs_err_pid1155819.log&path=/ HTTP/1.1" 200 10488 "-" "Mozilla/5.0 (compatible; BLEXBot/1.0; +https://help.seranking.com/en/blex-crawler)"
144.76.19.157 - - [07/Nov/2025:09:30:20 -0800] "GET /property/exclusive-hotel-for-sale-in-al-jaddaf/?path=/lib32 HTTP/1.1" 200 2878 "-" "Mozilla/5.0 (compatible; BLEXBot/1.0; +https://help.seranking.com/en/blex-crawler)"
144.76.19.157 - - [07/Nov/2025:09:31:18 -0800] "GET /2016/?path=/home/dh_hwg2wc/fnaluxury.com/wp-includes/blocks HTTP/1.1" 200 9803 "-" "Mozilla/5.0 (compatible; BLEXBot/1.0; +https://help.seranking.com/en/blex-crawler)"
216.244.66.228 - - [07/Nov/2025:09:33:55 -0800] "GET /?path=/home/dh_hwg2wc/fnaluxury.com/images HTTP/1.1" 200 17514 "-" "Mozilla/5.0 (compatible; DotBot/1.2; +https://opensiteexplorer.org/dotbot; help@moz.com)"
51.77.218.191 - - [07/Nov/2025:09:34:15 -0800] "GET /robots.txt HTTP/1.1" 200 477 "-" "Mozilla/5.0 (compatible; MJ12bot/v1.4.8; http://mj12bot.com/)"
51.77.218.191 - - [07/Nov/2025:09:34:19 -0800] "GET /?fileloc=//dh/var/localdata/datacleaner.log&path=//dh/var/localdata HTTP/1.1" 200 47561 "-" "Mozilla/5.0 (compatible; MJ12bot/v1.4.8; http://mj12bot.com/)"
51.77.218.191 - - [07/Nov/2025:09:34:24 -0800] "GET /?fileloc=//etc/alternatives/ALTER_FOREIGN_TABLE.7.gz&path=//etc/alternatives HTTP/1.1" 200 6365 "-" "Mozilla/5.0 (compatible; MJ12bot/v1.4.8; http://mj12bot.com/)"
51.77.218.191 - - [07/Nov/2025:09:34:57 -0800] "GET /?fileloc=//etc/alternatives/rksh&path=//etc/alternatives HTTP/1.1" 200 627255 "-" "Mozilla/5.0 (compatible; MJ12bot/v1.4.8; http://mj12bot.com/)"
144.76.19.157 - - [07/Nov/2025:09:35:11 -0800] "GET /feature/drivers-room/?fileloc=/hs_err_pid1579381.log&path=/ HTTP/1.1" 200 10694 "-" "Mozilla/5.0 (compatible; BLEXBot/1.0; +https://help.seranking.com/en/blex-crawler)"
144.76.19.157 - - [07/Nov/2025:09:36:10 -0800] "GET /property/exclusive-hotel-for-sale-in-al-jaddaf/?path=/lib64 HTTP/1.1" 200 3162 "-" "Mozilla/5.0 (compatible; BLEXBot/1.0; +https://help.seranking.com/en/blex-crawler)"
51.77.218.191 - - [07/Nov/2025:09:36:39 -0800] "GET /?fileloc=//etc/alternatives/rlogin&path=//etc/alternatives HTTP/1.1" 200 341391 "-" "Mozilla/5.0 (compatible; MJ12bot/v1.4.8; http://mj12bot.com/)"
144.76.19.157 - - [07/Nov/2025:09:37:08 -0800] "GET /2016/?path=/home/dh_hwg2wc/fnaluxury.com/wp-includes/images HTTP/1.1" 200 4575 "-" "Mozilla/5.0 (compatible; BLEXBot/1.0; +https://help.seranking.com/en/blex-crawler)"
51.77.218.191 - - [07/Nov/2025:09:37:49 -0800] "GET /?fileloc=//etc/fail2ban/filter.d/haproxy-http-auth.conf&path=//etc/fail2ban/filter.d HTTP/1.1" 200 3512 "-" "Mozilla/5.0 (compatible; MJ12bot/v1.4.8; http://mj12bot.com/)"
51.77.218.191 - - [07/Nov/2025:09:37:53 -0800] "GET /?fileloc=//etc/fail2ban/filter.d/horde.conf&path=//etc/fail2ban/filter.d HTTP/1.1" 200 3059 "-" "Mozilla/5.0 (compatible; MJ12bot/v1.4.8; http://mj12bot.com/)"
51.77.218.191 - - [07/Nov/2025:09:37:57 -0800] "GET /?fileloc=//etc/fail2ban/filter.d/kerio.conf&path=//etc/fail2ban/filter.d HTTP/1.1" 200 3299 "-" "Mozilla/5.0 (compatible; MJ12bot/v1.4.8; http://mj12bot.com/)"
51.77.218.191 - - [07/Nov/2025:09:38:01 -0800] "GET /?fileloc=//etc/fail2ban/filter.d/lighttpd-auth.conf&path=//etc/fail2ban/filter.d HTTP/1.1" 200 3041 "-" "Mozilla/5.0 (compatible; MJ12bot/v1.4.8; http://mj12bot.com/)"
51.77.218.191 - - [07/Nov/2025:09:38:06 -0800] "GET /?fileloc=//etc/fail2ban/filter.d/mongodb-auth.conf&path=//etc/fail2ban/filter.d HTTP/1.1" 200 3792 "-" "Mozilla/5.0 (compatible; MJ12bot/v1.4.8; http://mj12bot.com/)"
51.77.218.191 - - [07/Nov/2025:09:38:10 -0800] "GET /?fileloc=//etc/fail2ban/filter.d/monit.conf&path=//etc/fail2ban/filter.d HTTP/1.1" 200 3300 "-" "Mozilla/5.0 (compatible; MJ12bot/v1.4.8; http://mj12bot.com/)"
51.77.218.191 - - [07/Nov/2025:09:38:15 -0800] "GET /?fileloc=//etc/fail2ban/filter.d/murmur.conf&path=//etc/fail2ban/filter.d HTTP/1.1" 200 3396 "-" "Mozilla/5.0 (compatible; MJ12bot/v1.4.8; http://mj12bot.com/)"
51.77.218.191 - - [07/Nov/2025:09:38:19 -0800] "GET /?fileloc=//etc/fail2ban/filter.d/mysqld-auth.conf&path=//etc/fail2ban/filter.d HTTP/1.1" 200 3440 "-" "Mozilla/5.0 (compatible; MJ12bot/v1.4.8; http://mj12bot.com/)"
51.77.218.191 - - [07/Nov/2025:09:38:24 -0800] "GET /?fileloc=//etc/fail2ban/filter.d/nagios.conf&path=//etc/fail2ban/filter.d HTTP/1.1" 200 3084 "-" "Mozilla/5.0 (compatible; MJ12bot/v1.4.8; http://mj12bot.com/)"
51.77.218.191 - - [07/Nov/2025:09:38:29 -0800] "GET /?fileloc=//etc/fail2ban/filter.d/named-refused.conf&path=//etc/fail2ban/filter.d HTTP/1.1" 200 3638 "-" "Mozilla/5.0 (compatible; MJ12bot/v1.4.8; http://mj12bot.com/)"
51.77.218.191 - - [07/Nov/2025:09:38:33 -0800] "GET /?fileloc=//etc/fail2ban/filter.d/nginx-botsearch.conf&path=//etc/fail2ban/filter.d HTTP/1.1" 200 3294 "-" "Mozilla/5.0 (compatible; MJ12bot/v1.4.8; http://mj12bot.com/)"
51.77.218.191 - - [07/Nov/2025:09:38:37 -0800] "GET /?fileloc=//etc/fail2ban/filter.d/nginx-http-auth.conf&path=//etc/fail2ban/filter.d HTTP/1.1" 200 3172 "-" "Mozilla/5.0 (compatible; MJ12bot/v1.4.8; http://mj12bot.com/)"
51.77.218.191 - - [07/Nov/2025:09:38:41 -0800] "GET /?fileloc=//etc/fail2ban/filter.d/nginx-limit-req.conf&path=//etc/fail2ban/filter.d HTTP/1.1" 200 3528 "-" "Mozilla/5.0 (compatible; MJ12bot/v1.4.8; http://mj12bot.com/)"
51.77.218.191 - - [07/Nov/2025:09:38:46 -0800] "GET /?fileloc=//etc/fail2ban/filter.d/nsd.conf&path=//etc/fail2ban/filter.d HTTP/1.1" 200 3303 "-" "Mozilla/5.0 (compatible; MJ12bot/v1.4.8; http://mj12bot.com/)"
51.77.218.191 - - [07/Nov/2025:09:38:50 -0800] "GET /?fileloc=//etc/fail2ban/filter.d/openhab.conf&path=//etc/fail2ban/filter.d HTTP/1.1" 200 3106 "-" "Mozilla/5.0 (compatible; MJ12bot/v1.4.8; http://mj12bot.com/)"
51.77.218.191 - - [07/Nov/2025:09:38:55 -0800] "GET /?fileloc=//etc/fail2ban/filter.d/openwebmail.conf&path=//etc/fail2ban/filter.d HTTP/1.1" 200 3112 "-" "Mozilla/5.0 (compatible; MJ12bot/v1.4.8; http://mj12bot.com/)"
51.77.218.191 - - [07/Nov/2025:09:38:59 -0800] "GET /?fileloc=//etc/fail2ban/filter.d/oracleims.conf&path=//etc/fail2ban/filter.d HTTP/1.1" 200 3982 "-" "Mozilla/5.0 (compatible; MJ12bot/v1.4.8; http://mj12bot.com/)"
51.77.218.191 - - [07/Nov/2025:09:39:03 -0800] "GET /?fileloc=//etc/fail2ban/filter.d/pam-generic.conf&path=//etc/fail2ban/filter.d HTTP/1.1" 200 3382 "-" "Mozilla/5.0 (compatible; MJ12bot/v1.4.8; http://mj12bot.com/)"
51.77.218.191 - - [07/Nov/2025:09:39:08 -0800] "GET /?fileloc=//etc/fail2ban/filter.d/perdition.conf&path=//etc/fail2ban/filter.d HTTP/1.1" 200 3139 "-" "Mozilla/5.0 (compatible; MJ12bot/v1.4.8; http://mj12bot.com/)"
51.77.218.191 - - [07/Nov/2025:09:39:13 -0800] "GET /?fileloc=//etc/fail2ban/filter.d/php-url-fopen.conf&path=//etc/fail2ban/filter.d HTTP/1.1" 200 3459 "-" "Mozilla/5.0 (compatible; MJ12bot/v1.4.8; http://mj12bot.com/)"
51.77.218.191 - - [07/Nov/2025:09:39:18 -0800] "GET /?fileloc=//etc/fail2ban/filter.d/phpmyadmin-auth.conf&path=//etc/fail2ban/filter.d HTTP/1.1" 200 3046 "-" "Mozilla/5.0 (compatible; MJ12bot/v1.4.8; http://mj12bot.com/)"
51.77.218.191 - - [07/Nov/2025:09:39:24 -0800] "GET /?fileloc=//etc/fail2ban/filter.d/phpmyadmin-syslog.conf&path=//etc/fail2ban/filter.d HTTP/1.1" 200 3017 "-" "Mozilla/5.0 (compatible; MJ12bot/v1.4.8; http://mj12bot.com/)"
144.76.19.157 - - [07/Nov/2025:09:41:00 -0800] "GET /feature/drivers-room/?fileloc=/hs_err_pid1666955.log&path=/ HTTP/1.1" 200 10698 "-" "Mozilla/5.0 (compatible; BLEXBot/1.0; +https://help.seranking.com/en/blex-crawler)"
144.76.19.157 - - [07/Nov/2025:09:42:59 -0800] "GET /?fileloc=/home/dh_hwg2wc/.bash_profile&path=/home/dh_hwg2wc HTTP/1.1" 200 2891 "-" "Mozilla/5.0 (compatible; BLEXBot/1.0; +https://help.seranking.com/en/blex-crawler)"
144.76.19.157 - - [07/Nov/2025:09:44:56 -0800] "GET /property/exclusive-hotel-for-sale-in-al-jaddaf/?path=/media HTTP/1.1" 200 2876 "-" "Mozilla/5.0 (compatible; BLEXBot/1.0; +https://help.seranking.com/en/blex-crawler)"
51.77.218.191 - - [07/Nov/2025:09:45:04 -0800] "GET /?fileloc=//etc/fail2ban/filter.d/postfix.conf&path=//etc/fail2ban/filter.d HTTP/1.1" 200 4202 "-" "Mozilla/5.0 (compatible; MJ12bot/v1.4.8; http://mj12bot.com/)"
51.77.218.191 - - [07/Nov/2025:09:45:08 -0800] "GET /?fileloc=//etc/fail2ban/filter.d/proftpd.conf&path=//etc/fail2ban/filter.d HTTP/1.1" 200 3515 "-" "Mozilla/5.0 (compatible; MJ12bot/v1.4.8; http://mj12bot.com/)"
51.77.218.191 - - [07/Nov/2025:09:45:15 -0800] "GET /?fileloc=//etc/fail2ban/filter.d/pure-ftpd.conf&path=//etc/fail2ban/filter.d HTTP/1.1" 200 4144 "-" "Mozilla/5.0 (compatible; MJ12bot/v1.4.8; http://mj12bot.com/)"
51.77.218.191 - - [07/Nov/2025:09:45:20 -0800] "GET /?fileloc=//etc/fail2ban/filter.d/qmail.conf&path=//etc/fail2ban/filter.d HTTP/1.1" 200 3286 "-" "Mozilla/5.0 (compatible; MJ12bot/v1.4.8; http://mj12bot.com/)"
51.77.218.191 - - [07/Nov/2025:09:45:24 -0800] "GET /?fileloc=//etc/fail2ban/filter.d/ratelimited.conf&path=//etc/fail2ban/filter.d HTTP/1.1" 200 2952 "-" "Mozilla/5.0 (compatible; MJ12bot/v1.4.8; http://mj12bot.com/)"
